403Webshell
Server IP : 104.21.58.74  /  Your IP : 216.73.216.10
Web Server : LiteSpeed
System : Linux s12482.usc1.stableserver.net 5.14.0-570.32.1.el9_6.x86_64 #1 SMP PREEMPT_DYNAMIC Wed Aug 6 11:30:41 EDT 2025 x86_64
User : snownico ( 1231)
PHP Version : 8.2.32
Disable Function : NONE
MySQL : OFF  |  cURL : ON  |  WGET : ON  |  Perl : ON  |  Python : OFF  |  Sudo : OFF  |  Pkexec : OFF
Directory :  /home/snownico/access-logs/

Upload File :
current_dir [ Writeable ] document_root [ Writeable ]

 

Command :


[ Back ]     

Current File : /home/snownico/access-logs/biscofy.com.snowni.com
2a06:98c0:3600::103 - - [24/Jul/2026:12:08:34 +0000] "GET /wp-admin/install.php?step=1 HTTP/1.1" 403 1242 "-" "http://biscofy.com/wp-admin/install.php?step=1"
65.181.116.207 - - [24/Jul/2026:12:14:11 +0000] "POST /wp-cron.php?doing_wp_cron=1784895251.6442658901214599609375 HTTP/1.1" 200 0 "-" "WordPress/7.0.1; https://www.biscofy.com"
35.172.91.99 - - [24/Jul/2026:12:14:10 +0000] "GET / HTTP/1.1" 301 0 "-" "Mozilla/5.0 (Macintosh; Intel Mac OS X 10_15_7) AppleWebKit/537.36 (KHTML, like Gecko) Chrome/135.0.0.0 Safari/537.36"
65.181.116.207 - - [24/Jul/2026:12:20:56 +0000] "POST /wp-cron.php?doing_wp_cron=1784895656.8700249195098876953125 HTTP/1.1" 200 0 "-" "WordPress/7.0.1; https://www.biscofy.com"
213.152.162.74 - - [24/Jul/2026:12:20:56 +0000] "POST /xmlrpc.php HTTP/1.1" 200 210 "-" "Go-http-client/1.1"
65.181.116.207 - - [24/Jul/2026:12:46:06 +0000] "POST /wp-cron.php?doing_wp_cron=1784897166.0681760311126708984375 HTTP/1.1" 200 0 "-" "WordPress/7.0.1; https://www.biscofy.com"
178.18.207.85 - - [24/Jul/2026:12:46:05 +0000] "GET /wp-json/wp/v2/posts HTTP/1.1" 200 741 "-" "Mozilla/5.0 (Windows NT 10.0; Win64; x64) AppleWebKit/537.36 (KHTML, like Gecko) Chrome/120.0.0.0 Safari/537.36"
65.181.116.207 - - [24/Jul/2026:13:11:19 +0000] "POST /wp-cron.php?doing_wp_cron=1784898679.1367650032043457031250 HTTP/1.1" 200 0 "-" "WordPress/7.0.1; https://www.biscofy.com"
213.152.186.163 - - [24/Jul/2026:13:11:18 +0000] "POST /xmlrpc.php HTTP/1.1" 200 210 "-" "Go-http-client/1.1"
20.205.10.143 - - [24/Jul/2026:13:20:04 +0000] "GET /wp-content/plugins/hellopress/wp_filemanager.php HTTP/1.1" 403 19352 "-" "-"
65.181.116.207 - - [24/Jul/2026:13:20:05 +0000] "POST /wp-cron.php?doing_wp_cron=1784899205.8196959495544433593750 HTTP/1.1" 200 0 "-" "WordPress/7.0.1; https://www.biscofy.com"
20.205.10.143 - - [24/Jul/2026:13:20:04 +0000] "GET /this_is_a_new_hello_world.php HTTP/1.1" 404 114979 "-" "-"
20.205.10.143 - - [24/Jul/2026:13:20:06 +0000] "GET /x.php HTTP/1.1" 403 19352 "-" "-"
20.205.10.143 - - [24/Jul/2026:13:20:06 +0000] "GET /mgrr.php HTTP/1.1" 404 114979 "-" "-"
20.205.10.143 - - [24/Jul/2026:13:20:08 +0000] "GET /stdin.php HTTP/1.1" 404 114979 "-" "-"
20.205.10.143 - - [24/Jul/2026:13:20:09 +0000] "GET /BDKR28.php HTTP/1.1" 404 114979 "-" "-"
20.205.10.143 - - [24/Jul/2026:13:20:11 +0000] "GET /001.php HTTP/1.1" 404 114979 "-" "-"
20.205.10.143 - - [24/Jul/2026:13:20:12 +0000] "GET /dZ3wP5.php HTTP/1.1" 404 114979 "-" "-"
20.205.10.143 - - [24/Jul/2026:13:20:14 +0000] "GET /yup.php HTTP/1.1" 404 114979 "-" "-"
20.205.10.143 - - [24/Jul/2026:13:20:15 +0000] "GET /X.php HTTP/1.1" 403 19352 "-" "-"
20.205.10.143 - - [24/Jul/2026:13:20:15 +0000] "GET /1polka.php HTTP/1.1" 404 114979 "-" "-"
20.205.10.143 - - [24/Jul/2026:13:20:17 +0000] "GET /gec.php HTTP/1.1" 404 114979 "-" "-"
20.205.10.143 - - [24/Jul/2026:13:20:18 +0000] "GET /sky.php HTTP/1.1" 404 114979 "-" "-"
65.181.116.207 - - [24/Jul/2026:13:20:21 +0000] "POST /wp-cron.php?doing_wp_cron=1784899221.1181139945983886718750 HTTP/1.1" 200 0 "-" "WordPress/7.0.1; https://www.biscofy.com"
20.205.10.143 - - [24/Jul/2026:13:20:20 +0000] "GET /fffm.php HTTP/1.1" 404 114979 "-" "-"
20.205.10.143 - - [24/Jul/2026:13:20:21 +0000] "GET /sixxis.php HTTP/1.1" 404 114979 "-" "-"
20.205.10.143 - - [24/Jul/2026:13:20:23 +0000] "GET /yj09.php HTTP/1.1" 404 114979 "-" "-"
20.205.10.143 - - [24/Jul/2026:13:20:24 +0000] "GET /f900.php HTTP/1.1" 404 114979 "-" "-"
20.205.10.143 - - [24/Jul/2026:13:20:25 +0000] "GET /ups.php HTTP/1.1" 404 114979 "-" "-"
20.205.10.143 - - [24/Jul/2026:13:20:27 +0000] "GET /k.php HTTP/1.1" 403 19352 "-" "-"
20.205.10.143 - - [24/Jul/2026:13:20:27 +0000] "GET /k2.php HTTP/1.1" 404 114979 "-" "-"
20.205.10.143 - - [24/Jul/2026:13:20:28 +0000] "GET /w.php HTTP/1.1" 403 19352 "-" "-"
20.205.10.143 - - [24/Jul/2026:13:20:29 +0000] "GET /fpwch.php HTTP/1.1" 404 114979 "-" "-"
20.205.10.143 - - [24/Jul/2026:13:20:30 +0000] "GET /w2025.php HTTP/1.1" 404 114979 "-" "-"
20.205.10.143 - - [24/Jul/2026:13:20:31 +0000] "GET /FWAZ.php HTTP/1.1" 404 114979 "-" "-"
20.205.10.143 - - [24/Jul/2026:13:20:33 +0000] "GET /qterm.php?p= HTTP/1.1" 301 0 "-" "-"
20.205.10.143 - - [24/Jul/2026:13:20:34 +0000] "GET /qterm.php HTTP/1.1" 404 114979 "-" "-"
20.205.10.143 - - [24/Jul/2026:13:20:35 +0000] "GET /blurbs.php HTTP/1.1" 404 114979 "-" "-"
20.205.10.143 - - [24/Jul/2026:13:20:37 +0000] "GET /v543.php HTTP/1.1" 404 114979 "-" "-"
20.205.10.143 - - [24/Jul/2026:13:20:38 +0000] "GET /w3lls.php HTTP/1.1" 404 114979 "-" "-"
20.205.10.143 - - [24/Jul/2026:13:20:40 +0000] "GET /wp-ws68.php?p= HTTP/1.1" 301 0 "-" "-"
20.205.10.143 - - [24/Jul/2026:13:20:41 +0000] "GET /wp-ws68.php HTTP/1.1" 404 114979 "-" "-"
20.205.10.143 - - [24/Jul/2026:13:20:42 +0000] "GET /xyn.php HTTP/1.1" 404 114979 "-" "-"
20.205.10.143 - - [24/Jul/2026:13:20:44 +0000] "GET /green3.php?p= HTTP/1.1" 301 0 "-" "-"
20.205.10.143 - - [24/Jul/2026:13:20:45 +0000] "GET /green3.php HTTP/1.1" 404 114979 "-" "-"
20.205.10.143 - - [24/Jul/2026:13:20:47 +0000] "GET /ccc.php?p= HTTP/1.1" 301 0 "-" "-"
20.205.10.143 - - [24/Jul/2026:13:20:48 +0000] "GET /ccc.php HTTP/1.1" 404 114979 "-" "-"
65.181.116.207 - - [24/Jul/2026:13:20:50 +0000] "POST /wp-cron.php?doing_wp_cron=1784899250.7718551158905029296875 HTTP/1.1" 200 0 "-" "WordPress/7.0.1; https://www.biscofy.com"
20.205.10.143 - - [24/Jul/2026:13:20:49 +0000] "GET /get.php HTTP/1.1" 404 114979 "-" "-"
20.205.10.143 - - [24/Jul/2026:13:20:51 +0000] "GET /images.php HTTP/1.1" 404 114979 "-" "-"
20.205.10.143 - - [24/Jul/2026:13:20:52 +0000] "GET /alls.php HTTP/1.1" 404 114979 "-" "-"
20.205.10.143 - - [24/Jul/2026:13:20:54 +0000] "GET /coffexium.php HTTP/1.1" 404 114979 "-" "-"
20.205.10.143 - - [24/Jul/2026:13:20:55 +0000] "GET /red.php HTTP/1.1" 404 114979 "-" "-"
20.205.10.143 - - [24/Jul/2026:13:20:56 +0000] "GET /wp-includes/sodium_compat/ HTTP/1.1" 404 1251 "-" "-"
20.205.10.143 - - [24/Jul/2026:13:20:57 +0000] "GET /wp-admin/css/colors/coffee/wp-adochan.php HTTP/1.1" 302 0 "-" "-"
20.205.10.143 - - [24/Jul/2026:13:21:00 +0000] "GET /wp-includes/Text/ HTTP/1.1" 404 1251 "-" "-"
20.205.10.143 - - [24/Jul/2026:13:21:00 +0000] "GET /wp-content/uploads/ HTTP/1.1" 404 1251 "-" "-"
20.205.10.143 - - [24/Jul/2026:13:21:00 +0000] "GET /wp-content/index.php HTTP/1.1" 200 0 "-" "-"
20.205.10.143 - - [24/Jul/2026:13:21:01 +0000] "GET ///admin.php HTTP/1.1" 301 0 "-" "-"
20.205.10.143 - - [24/Jul/2026:13:21:02 +0000] "GET /admin.php HTTP/1.1" 404 114979 "-" "-"
65.181.116.207 - - [24/Jul/2026:13:21:04 +0000] "POST /wp-cron.php?doing_wp_cron=1784899264.4924540519714355468750 HTTP/1.1" 200 0 "-" "WordPress/7.0.1; https://www.biscofy.com"
20.205.10.143 - - [24/Jul/2026:13:21:03 +0000] "GET /177.php HTTP/1.1" 404 114979 "-" "-"
20.205.10.143 - - [24/Jul/2026:13:21:05 +0000] "GET /199.php HTTP/1.1" 404 114979 "-" "-"
20.205.10.143 - - [24/Jul/2026:13:21:06 +0000] "GET /file52.php HTTP/1.1" 404 114979 "-" "-"
20.205.10.143 - - [24/Jul/2026:13:21:07 +0000] "GET /geck.php HTTP/1.1" 404 114979 "-" "-"
20.205.10.143 - - [24/Jul/2026:13:21:09 +0000] "GET /biufile.php HTTP/1.1" 404 114979 "-" "-"
20.205.10.143 - - [24/Jul/2026:13:21:10 +0000] "GET /mosty.php HTTP/1.1" 404 114979 "-" "-"
20.205.10.143 - - [24/Jul/2026:13:21:12 +0000] "GET /dejavu.php HTTP/1.1" 404 114979 "-" "-"
20.205.10.143 - - [24/Jul/2026:13:21:13 +0000] "GET /aaf.php HTTP/1.1" 404 114979 "-" "-"
20.205.10.143 - - [24/Jul/2026:13:21:15 +0000] "GET /ha.php HTTP/1.1" 404 114979 "-" "-"
20.205.10.143 - - [24/Jul/2026:13:21:16 +0000] "GET /hur.php HTTP/1.1" 404 114979 "-" "-"
20.205.10.143 - - [24/Jul/2026:13:21:17 +0000] "GET /h02ugyh.php HTTP/1.1" 404 114979 "-" "-"
65.181.116.207 - - [24/Jul/2026:13:21:20 +0000] "POST /wp-cron.php?doing_wp_cron=1784899280.3253951072692871093750 HTTP/1.1" 200 0 "-" "WordPress/7.0.1; https://www.biscofy.com"
20.205.10.143 - - [24/Jul/2026:13:21:19 +0000] "GET /155.php HTTP/1.1" 404 114979 "-" "-"
20.205.10.143 - - [24/Jul/2026:13:21:20 +0000] "GET /pp.php HTTP/1.1" 404 114979 "-" "-"
20.205.10.143 - - [24/Jul/2026:13:21:22 +0000] "GET /ops.php HTTP/1.1" 404 114979 "-" "-"
20.205.10.143 - - [24/Jul/2026:13:21:23 +0000] "GET /ingfo.php HTTP/1.1" 404 114979 "-" "-"
20.205.10.143 - - [24/Jul/2026:13:21:25 +0000] "GET /error_log.php HTTP/1.1" 404 114979 "-" "-"
20.205.10.143 - - [24/Jul/2026:13:21:26 +0000] "GET /test10.php HTTP/1.1" 404 114979 "-" "-"
20.205.10.143 - - [24/Jul/2026:13:21:29 +0000] "GET /koala.php HTTP/1.1" 404 114979 "-" "-"
20.205.10.143 - - [24/Jul/2026:13:21:31 +0000] "GET /mac.php HTTP/1.1" 404 114979 "-" "-"
20.205.10.143 - - [24/Jul/2026:13:21:32 +0000] "GET /wefile.php HTTP/1.1" 404 114979 "-" "-"
20.205.10.143 - - [24/Jul/2026:13:21:34 +0000] "GET /wp-includes/blocks/post-comments-form/ HTTP/1.1" 404 1251 "-" "-"
20.205.10.143 - - [24/Jul/2026:13:21:34 +0000] "GET /wp-admin/js/ HTTP/1.1" 404 1251 "-" "-"
20.205.10.143 - - [24/Jul/2026:13:21:34 +0000] "GET /makeasmtp.php?p= HTTP/1.1" 301 0 "-" "-"
20.205.10.143 - - [24/Jul/2026:13:21:35 +0000] "GET /makeasmtp.php HTTP/1.1" 404 114979 "-" "-"
20.205.10.143 - - [24/Jul/2026:13:21:37 +0000] "GET /2P.php HTTP/1.1" 404 114979 "-" "-"
20.205.10.143 - - [24/Jul/2026:13:21:38 +0000] "GET /.well-known/about.php HTTP/1.1" 403 19352 "-" "-"
20.205.10.143 - - [24/Jul/2026:13:21:38 +0000] "GET /wp-includes/ID3/about.php HTTP/1.1" 404 1251 "-" "-"
20.205.10.143 - - [24/Jul/2026:13:21:39 +0000] "GET /system_log.php HTTP/1.1" 404 114979 "-" "-"
20.205.10.143 - - [24/Jul/2026:13:21:40 +0000] "GET /wp-admin/css/ HTTP/1.1" 404 1251 "-" "-"
20.205.10.143 - - [24/Jul/2026:13:21:40 +0000] "GET /wp-admin/css/colors/modern/ HTTP/1.1" 404 1251 "-" "-"
20.205.10.143 - - [24/Jul/2026:13:21:40 +0000] "GET /crgio.php HTTP/1.1" 404 114979 "-" "-"
20.205.10.143 - - [24/Jul/2026:13:21:42 +0000] "GET /pucci.php HTTP/1.1" 404 114979 "-" "-"
20.205.10.143 - - [24/Jul/2026:13:21:43 +0000] "GET /wp-includes/blocks/details/ HTTP/1.1" 404 1251 "-" "-"
20.205.10.143 - - [24/Jul/2026:13:21:43 +0000] "GET /wp-includes/blocks/audio/ HTTP/1.1" 404 1251 "-" "-"
20.205.10.143 - - [24/Jul/2026:13:21:43 +0000] "GET /wp-temp.php HTTP/1.1" 404 114979 "-" "-"
20.205.10.143 - - [24/Jul/2026:13:21:45 +0000] "GET //wp-admin/js/index.php HTTP/1.1" 302 0 "-" "-"
20.205.10.143 - - [24/Jul/2026:13:21:48 +0000] "GET /puc.php HTTP/1.1" 404 114979 "-" "-"
65.181.116.207 - - [24/Jul/2026:13:21:50 +0000] "POST /wp-cron.php?doing_wp_cron=1784899310.7879850864410400390625 HTTP/1.1" 200 0 "-" "WordPress/7.0.1; https://www.biscofy.com"
20.205.10.143 - - [24/Jul/2026:13:21:49 +0000] "GET /dx.php HTTP/1.1" 404 114979 "-" "-"
20.205.10.143 - - [24/Jul/2026:13:21:51 +0000] "GET //wp-includes/Requests/ HTTP/1.1" 404 1251 "-" "-"
20.205.10.143 - - [24/Jul/2026:13:21:51 +0000] "GET /bthil.php HTTP/1.1" 404 114979 "-" "-"
20.205.10.143 - - [24/Jul/2026:13:21:53 +0000] "GET /7.php HTTP/1.1" 403 19352 "-" "-"
20.205.10.143 - - [24/Jul/2026:13:21:53 +0000] "GET /8.php HTTP/1.1" 403 19352 "-" "-"
20.205.10.143 - - [24/Jul/2026:13:21:53 +0000] "GET /1.php HTTP/1.1" 403 19352 "-" "-"
20.205.10.143 - - [24/Jul/2026:13:21:53 +0000] "GET /100.php HTTP/1.1" 404 114979 "-" "-"
20.205.10.143 - - [24/Jul/2026:13:21:55 +0000] "GET /about.php HTTP/1.1" 403 19352 "-" "-"
20.205.10.143 - - [24/Jul/2026:13:21:55 +0000] "GET //admin.php HTTP/1.1" 301 0 "-" "-"
20.205.10.143 - - [24/Jul/2026:13:21:56 +0000] "GET /admin.php HTTP/1.1" 404 114979 "-" "-"
20.205.10.143 - - [24/Jul/2026:13:21:58 +0000] "GET //edit.php HTTP/1.1" 301 0 "-" "-"
20.205.10.143 - - [24/Jul/2026:13:21:58 +0000] "GET /edit.php HTTP/1.1" 404 114979 "-" "-"
20.205.10.143 - - [24/Jul/2026:13:22:00 +0000] "GET /wp-content/admin.php HTTP/1.1" 200 0 "-" "-"
20.205.10.143 - - [24/Jul/2026:13:22:00 +0000] "GET /ss.php HTTP/1.1" 404 114979 "-" "-"
65.181.116.207 - - [24/Jul/2026:13:22:04 +0000] "POST /wp-cron.php?doing_wp_cron=1784899324.5494968891143798828125 HTTP/1.1" 200 0 "-" "WordPress/7.0.1; https://www.biscofy.com"
20.205.10.143 - - [24/Jul/2026:13:22:03 +0000] "GET /inputs.php HTTP/1.1" 404 114979 "-" "-"
20.205.10.143 - - [24/Jul/2026:13:22:05 +0000] "GET //av.php HTTP/1.1" 301 0 "-" "-"
20.205.10.143 - - [24/Jul/2026:13:22:06 +0000] "GET /av.php HTTP/1.1" 404 114979 "-" "-"
20.205.10.143 - - [24/Jul/2026:13:22:07 +0000] "GET /classwithtostring.php?p= HTTP/1.1" 301 0 "-" "-"
20.205.10.143 - - [24/Jul/2026:13:22:08 +0000] "GET /classwithtostring.php HTTP/1.1" 404 114979 "-" "-"
20.205.10.143 - - [24/Jul/2026:13:22:10 +0000] "GET /wp-content/themes/index.php HTTP/1.1" 403 1242 "-" "-"
20.205.10.143 - - [24/Jul/2026:13:22:10 +0000] "GET /wp-blog.php HTTP/1.1" 404 114979 "-" "-"
20.205.10.143 - - [24/Jul/2026:13:22:11 +0000] "GET //wp-includes/js/jquery/ HTTP/1.1" 404 1251 "-" "-"
20.205.10.143 - - [24/Jul/2026:13:22:12 +0000] "GET //wp-content/admin.php HTTP/1.1" 200 0 "-" "-"
20.205.10.143 - - [24/Jul/2026:13:22:12 +0000] "GET //adminfuns.php HTTP/1.1" 301 0 "-" "-"
20.205.10.143 - - [24/Jul/2026:13:22:13 +0000] "GET /adminfuns.php HTTP/1.1" 404 114979 "-" "-"
20.205.10.143 - - [24/Jul/2026:13:22:14 +0000] "GET //goods.php HTTP/1.1" 301 0 "-" "-"
20.205.10.143 - - [24/Jul/2026:13:22:15 +0000] "GET /goods.php HTTP/1.1" 404 114979 "-" "-"
20.205.10.143 - - [24/Jul/2026:13:22:17 +0000] "GET /ms-edit.php HTTP/1.1" 404 114979 "-" "-"
20.205.10.143 - - [24/Jul/2026:13:22:18 +0000] "GET /222.php HTTP/1.1" 404 114979 "-" "-"
20.205.10.143 - - [24/Jul/2026:13:22:19 +0000] "GET //cgi-bin/index.php HTTP/1.1" 404 1251 "-" "-"
20.205.10.143 - - [24/Jul/2026:13:22:20 +0000] "GET //wp-includes/css/dist/ HTTP/1.1" 404 1251 "-" "-"
65.181.116.207 - - [24/Jul/2026:13:22:21 +0000] "POST /wp-cron.php?doing_wp_cron=1784899341.0878150463104248046875 HTTP/1.1" 200 0 "-" "WordPress/7.0.1; https://www.biscofy.com"
20.205.10.143 - - [24/Jul/2026:13:22:20 +0000] "GET /BDKR28WP.php HTTP/1.1" 404 114979 "-" "-"
20.205.10.143 - - [24/Jul/2026:13:22:21 +0000] "GET //wp-includes/l10n/ HTTP/1.1" 404 1251 "-" "-"
20.205.10.143 - - [24/Jul/2026:13:22:21 +0000] "GET /wp-content/uploads/ HTTP/1.1" 404 1251 "-" "-"
20.205.10.143 - - [24/Jul/2026:13:22:22 +0000] "GET /wp.php HTTP/1.1" 404 114979 "-" "-"
20.205.10.143 - - [24/Jul/2026:13:22:23 +0000] "GET //abcd.php HTTP/1.1" 301 0 "-" "-"
20.205.10.143 - - [24/Jul/2026:13:22:24 +0000] "GET /abcd.php HTTP/1.1" 404 114979 "-" "-"
20.205.10.143 - - [24/Jul/2026:13:22:25 +0000] "GET //a1.php HTTP/1.1" 301 0 "-" "-"
20.205.10.143 - - [24/Jul/2026:13:22:26 +0000] "GET /a1.php HTTP/1.1" 404 114979 "-" "-"
20.205.10.143 - - [24/Jul/2026:13:22:28 +0000] "GET /wp-includes/Text/Diff/Engine/about.php HTTP/1.1" 404 1251 "-" "-"
20.205.10.143 - - [24/Jul/2026:13:22:28 +0000] "GET //cgi-bin/admin.php HTTP/1.1" 404 1251 "-" "-"
20.205.10.143 - - [24/Jul/2026:13:22:28 +0000] "GET /gettest.php HTTP/1.1" 404 114979 "-" "-"
20.205.10.143 - - [24/Jul/2026:13:22:30 +0000] "GET /wp-content/ HTTP/1.1" 200 0 "-" "-"
20.205.10.143 - - [24/Jul/2026:13:22:30 +0000] "GET /simple.php HTTP/1.1" 404 114979 "-" "-"
20.205.10.143 - - [24/Jul/2026:13:22:31 +0000] "GET /xxx.php HTTP/1.1" 403 19352 "-" "-"
20.205.10.143 - - [24/Jul/2026:13:22:31 +0000] "GET /hypo.php HTTP/1.1" 404 114979 "-" "-"
20.205.10.143 - - [24/Jul/2026:13:22:33 +0000] "GET /wp-admin/css/colors/blue/ HTTP/1.1" 404 1251 "-" "-"
20.205.10.143 - - [24/Jul/2026:13:22:33 +0000] "GET /chosen.php HTTP/1.1" 403 19352 "-" "-"
20.205.10.143 - - [24/Jul/2026:13:22:33 +0000] "GET //wp-includes/block-bindings/ HTTP/1.1" 404 1251 "-" "-"
20.205.10.143 - - [24/Jul/2026:13:22:33 +0000] "GET /als.php HTTP/1.1" 404 114979 "-" "-"
20.205.10.143 - - [24/Jul/2026:13:22:35 +0000] "GET /pol.php HTTP/1.1" 404 114979 "-" "-"
20.205.10.143 - - [24/Jul/2026:13:22:36 +0000] "GET /file5.php HTTP/1.1" 404 114979 "-" "-"
20.205.10.143 - - [24/Jul/2026:13:22:37 +0000] "GET /file.php? HTTP/1.1" 404 114979 "-" "-"
20.205.10.143 - - [24/Jul/2026:13:22:39 +0000] "GET /cfile.php HTTP/1.1" 404 114979 "-" "-"
20.205.10.143 - - [24/Jul/2026:13:22:40 +0000] "GET /admin.php? HTTP/1.1" 404 114979 "-" "-"
20.205.10.143 - - [24/Jul/2026:13:22:42 +0000] "GET /aa2.php HTTP/1.1" 404 114979 "-" "-"
20.205.10.143 - - [24/Jul/2026:13:22:43 +0000] "GET /ccou.php HTTP/1.1" 404 114979 "-" "-"
20.205.10.143 - - [24/Jul/2026:13:22:45 +0000] "GET /dr.php HTTP/1.1" 404 114979 "-" "-"
20.205.10.143 - - [24/Jul/2026:13:22:46 +0000] "GET /xamp.php HTTP/1.1" 404 114979 "-" "-"
20.205.10.143 - - [24/Jul/2026:13:22:47 +0000] "GET /bless.php HTTP/1.1" 403 19352 "-" "-"
20.205.10.143 - - [24/Jul/2026:13:22:48 +0000] "GET /file25.php HTTP/1.1" 404 114979 "-" "-"
65.181.116.207 - - [24/Jul/2026:13:22:50 +0000] "POST /wp-cron.php?doing_wp_cron=1784899370.3778560161590576171875 HTTP/1.1" 200 0 "-" "WordPress/7.0.1; https://www.biscofy.com"
20.205.10.143 - - [24/Jul/2026:13:22:49 +0000] "GET /file6.php HTTP/1.1" 404 114979 "-" "-"
20.205.10.143 - - [24/Jul/2026:13:22:50 +0000] "GET /a2.php HTTP/1.1" 404 114979 "-" "-"
20.205.10.143 - - [24/Jul/2026:13:22:52 +0000] "GET /file15.php HTTP/1.1" 404 114979 "-" "-"
20.205.10.143 - - [24/Jul/2026:13:22:53 +0000] "GET /f35.php HTTP/1.1" 404 114979 "-" "-"
20.205.10.143 - - [24/Jul/2026:13:22:54 +0000] "GET /wp-load.php HTTP/1.1" 200 0 "-" "-"
20.205.10.143 - - [24/Jul/2026:13:22:55 +0000] "GET //xwpg.php HTTP/1.1" 301 0 "-" "-"
20.205.10.143 - - [24/Jul/2026:13:22:56 +0000] "GET /xwpg.php HTTP/1.1" 404 114979 "-" "-"
20.205.10.143 - - [24/Jul/2026:13:22:58 +0000] "GET //wp-includes/assets/ HTTP/1.1" 404 1251 "-" "-"
20.205.10.143 - - [24/Jul/2026:13:22:58 +0000] "GET /wp-admin/css/colors/sunrise/ HTTP/1.1" 404 1251 "-" "-"
20.205.10.143 - - [24/Jul/2026:13:22:58 +0000] "GET /xstelth.php HTTP/1.1" 404 114979 "-" "-"
20.205.10.143 - - [24/Jul/2026:13:22:59 +0000] "GET /wp-admin/network/plugins.php HTTP/1.1" 302 0 "-" "-"
65.181.116.207 - - [24/Jul/2026:13:23:03 +0000] "POST /wp-cron.php?doing_wp_cron=1784899383.7639400959014892578125 HTTP/1.1" 200 0 "-" "WordPress/7.0.1; https://www.biscofy.com"
20.205.10.143 - - [24/Jul/2026:13:23:02 +0000] "GET /aaa.php HTTP/1.1" 404 114979 "-" "-"
20.205.10.143 - - [24/Jul/2026:13:23:04 +0000] "GET /gecko.php HTTP/1.1" 403 19352 "-" "-"
20.205.10.143 - - [24/Jul/2026:13:23:04 +0000] "GET /sh3ll.php HTTP/1.1" 403 19352 "-" "-"
20.205.10.143 - - [24/Jul/2026:13:23:04 +0000] "GET /pbck.php HTTP/1.1" 404 114979 "-" "-"
20.205.10.143 - - [24/Jul/2026:13:23:06 +0000] "GET /xiugai.php?p= HTTP/1.1" 301 0 "-" "-"
20.205.10.143 - - [24/Jul/2026:13:23:07 +0000] "GET /xiugai.php HTTP/1.1" 404 114979 "-" "-"
20.205.10.143 - - [24/Jul/2026:13:23:08 +0000] "GET /e.php HTTP/1.1" 403 19352 "-" "-"
20.205.10.143 - - [24/Jul/2026:13:23:08 +0000] "GET /for.php HTTP/1.1" 404 114979 "-" "-"
20.205.10.143 - - [24/Jul/2026:13:23:10 +0000] "GET /ssh3ll.php HTTP/1.1" 403 19352 "-" "-"
20.205.10.143 - - [24/Jul/2026:13:23:10 +0000] "GET /adminner.php HTTP/1.1" 404 114979 "-" "-"
20.205.10.143 - - [24/Jul/2026:13:23:12 +0000] "GET /82.php HTTP/1.1" 404 114979 "-" "-"
20.205.10.143 - - [24/Jul/2026:13:23:14 +0000] "GET /kir.php HTTP/1.1" 404 114979 "-" "-"
20.205.10.143 - - [24/Jul/2026:13:23:15 +0000] "GET /up4.php HTTP/1.1" 404 114979 "-" "-"
20.205.10.143 - - [24/Jul/2026:13:23:16 +0000] "GET /xhar.php HTTP/1.1" 404 114979 "-" "-"
20.205.10.143 - - [24/Jul/2026:13:23:18 +0000] "GET /file1221.php HTTP/1.1" 404 114979 "-" "-"
20.205.10.143 - - [24/Jul/2026:13:23:19 +0000] "GET /inx.php HTTP/1.1" 404 114979 "-" "-"
20.205.10.143 - - [24/Jul/2026:13:23:21 +0000] "GET /qqqa.php HTTP/1.1" 404 114979 "-" "-"
20.205.10.143 - - [24/Jul/2026:13:23:22 +0000] "GET /ffffile.php HTTP/1.1" 404 114979 "-" "-"
20.205.10.143 - - [24/Jul/2026:13:23:24 +0000] "GET /wp-firewall.php HTTP/1.1" 404 114979 "-" "-"
20.205.10.143 - - [24/Jul/2026:13:23:25 +0000] "GET /reviall.php HTTP/1.1" 404 114979 "-" "-"
20.205.10.143 - - [24/Jul/2026:13:23:27 +0000] "GET /2larp.php HTTP/1.1" 404 114979 "-" "-"
213.152.186.163 - - [24/Jul/2026:13:30:44 +0000] "POST /xmlrpc.php HTTP/1.1" 200 210 "-" "Go-http-client/1.1"
65.181.116.207 - - [24/Jul/2026:13:33:41 +0000] "POST /wp-cron.php?doing_wp_cron=1784900021.1592850685119628906250 HTTP/1.1" 200 0 "-" "WordPress/7.0.1; https://www.biscofy.com"
198.44.159.34 - - [24/Jul/2026:13:33:40 +0000] "POST /xmlrpc.php HTTP/1.1" 200 210 "-" "Go-http-client/1.1"
65.181.116.207 - - [24/Jul/2026:13:39:23 +0000] "POST /wp-cron.php?doing_wp_cron=1784900363.0639851093292236328125 HTTP/1.1" 200 0 "-" "WordPress/7.0.1; https://www.biscofy.com"
129.28.84.30 - - [24/Jul/2026:13:39:22 +0000] "GET / HTTP/1.1" 301 0 "-" "Mozilla/5.0 (iPhone; CPU iPhone OS 13_2_3 like Mac OS X) AppleWebKit/605.1.15 (KHTML, like Gecko) Version/13.0.3 Mobile/15E148 Safari/604.1"
2a06:98c0:3600::103 - - [24/Jul/2026:13:56:07 +0000] "GET /wp-admin/install.php?step=1 HTTP/1.1" 403 1242 "-" "http://biscofy.com/wp-admin/install.php?step=1"
65.181.116.207 - - [24/Jul/2026:13:58:44 +0000] "POST /wp-cron.php?doing_wp_cron=1784901524.2400760650634765625000 HTTP/1.1" 200 0 "-" "WordPress/7.0.1; https://www.biscofy.com"
213.152.161.85 - - [24/Jul/2026:13:58:43 +0000] "POST /xmlrpc.php HTTP/1.1" 200 210 "-" "Go-http-client/1.1"
65.181.116.207 - - [24/Jul/2026:14:07:57 +0000] "POST /wp-cron.php?doing_wp_cron=1784902077.0206100940704345703125 HTTP/1.1" 200 0 "-" "WordPress/7.0.1; https://www.biscofy.com"
128.127.105.184 - - [24/Jul/2026:14:07:56 +0000] "POST /xmlrpc.php HTTP/1.1" 200 210 "-" "Go-http-client/1.1"
65.181.116.207 - - [24/Jul/2026:14:09:22 +0000] "POST /wp-cron.php?doing_wp_cron=1784902162.8989429473876953125000 HTTP/1.1" 200 0 "-" "WordPress/7.0.1; https://www.biscofy.com"
134.19.179.163 - - [24/Jul/2026:14:09:22 +0000] "POST /xmlrpc.php HTTP/1.1" 200 210 "-" "Go-http-client/1.1"
65.181.116.207 - - [24/Jul/2026:14:30:42 +0000] "POST /wp-cron.php?doing_wp_cron=1784903442.8627469539642333984375 HTTP/1.1" 200 0 "-" "WordPress/7.0.1; https://www.biscofy.com"
104.254.90.195 - - [24/Jul/2026:14:30:42 +0000] "POST /xmlrpc.php HTTP/1.1" 200 210 "-" "Go-http-client/1.1"
65.181.116.207 - - [24/Jul/2026:14:34:01 +0000] "POST /wp-cron.php?doing_wp_cron=1784903641.3093090057373046875000 HTTP/1.1" 200 0 "-" "WordPress/7.0.1; https://www.biscofy.com"
213.152.162.104 - - [24/Jul/2026:14:34:00 +0000] "POST /xmlrpc.php HTTP/1.1" 200 210 "-" "Go-http-client/1.1"
65.181.116.207 - - [24/Jul/2026:14:35:00 +0000] "POST /wp-cron.php?doing_wp_cron=1784903700.3463959693908691406250 HTTP/1.1" 200 0 "-" "WordPress/7.0.1; https://www.biscofy.com"
198.54.129.44 - - [24/Jul/2026:14:34:59 +0000] "POST /xmlrpc.php HTTP/1.1" 200 210 "-" "Go-http-client/1.1"
65.181.116.207 - - [24/Jul/2026:14:49:43 +0000] "POST /wp-cron.php?doing_wp_cron=1784904583.2972939014434814453125 HTTP/1.1" 200 0 "-" "WordPress/7.0.1; https://www.biscofy.com"
62.102.148.158 - - [24/Jul/2026:14:49:42 +0000] "POST /xmlrpc.php HTTP/1.1" 200 210 "-" "Go-http-client/1.1"
65.181.116.207 - - [24/Jul/2026:14:56:18 +0000] "POST /wp-cron.php?doing_wp_cron=1784904978.5056309700012207031250 HTTP/1.1" 200 0 "-" "WordPress/7.0.1; https://www.biscofy.com"
173.249.217.23 - - [24/Jul/2026:14:56:17 +0000] "POST /xmlrpc.php HTTP/1.1" 200 210 "-" "Go-http-client/1.1"
65.181.116.207 - - [24/Jul/2026:15:00:38 +0000] "POST /wp-cron.php?doing_wp_cron=1784905238.6178970336914062500000 HTTP/1.1" 200 0 "-" "WordPress/7.0.1; https://www.biscofy.com"
43.157.158.178 - - [24/Jul/2026:15:00:38 +0000] "GET / HTTP/1.1" 301 0 "-" "Mozilla/5.0 (iPhone; CPU iPhone OS 13_2_3 like Mac OS X) AppleWebKit/605.1.15 (KHTML, like Gecko) Version/13.0.3 Mobile/15E148 Safari/604.1"
65.181.116.207 - - [24/Jul/2026:15:08:17 +0000] "POST /wp-cron.php?doing_wp_cron=1784905697.1831939220428466796875 HTTP/1.1" 200 0 "-" "WordPress/7.0.1; https://www.biscofy.com"
141.98.102.179 - - [24/Jul/2026:15:08:16 +0000] "POST /xmlrpc.php HTTP/1.1" 200 210 "-" "Go-http-client/1.1"
65.181.116.207 - - [24/Jul/2026:15:16:55 +0000] "POST /wp-cron.php?doing_wp_cron=1784906215.0373361110687255859375 HTTP/1.1" 200 0 "-" "WordPress/7.0.1; https://www.biscofy.com"
94.228.209.182 - - [24/Jul/2026:15:16:54 +0000] "POST /xmlrpc.php HTTP/1.1" 200 210 "-" "Go-http-client/1.1"
65.181.116.207 - - [24/Jul/2026:15:29:07 +0000] "POST /wp-cron.php?doing_wp_cron=1784906947.8699600696563720703125 HTTP/1.1" 200 0 "-" "WordPress/7.0.1; https://www.biscofy.com"
141.98.102.179 - - [24/Jul/2026:15:29:07 +0000] "POST /xmlrpc.php HTTP/1.1" 200 210 "-" "Go-http-client/1.1"
65.181.116.207 - - [24/Jul/2026:15:32:55 +0000] "POST /wp-cron.php?doing_wp_cron=1784907175.4134159088134765625000 HTTP/1.1" 200 0 "-" "WordPress/7.0.1; https://www.biscofy.com"
141.98.102.179 - - [24/Jul/2026:15:32:54 +0000] "POST /xmlrpc.php HTTP/1.1" 200 210 "-" "Go-http-client/1.1"
184.75.221.35 - - [24/Jul/2026:15:36:12 +0000] "POST /xmlrpc.php HTTP/1.1" 200 210 "-" "Go-http-client/1.1"
65.181.116.207 - - [24/Jul/2026:15:38:21 +0000] "POST /wp-cron.php?doing_wp_cron=1784907501.6216969490051269531250 HTTP/1.1" 200 0 "-" "WordPress/7.0.1; https://www.biscofy.com"
184.75.221.35 - - [24/Jul/2026:15:38:21 +0000] "POST /xmlrpc.php HTTP/1.1" 200 210 "-" "Go-http-client/1.1"
2a06:98c0:3600::103 - - [24/Jul/2026:15:43:43 +0000] "GET /wp-admin/install.php?step=1 HTTP/1.1" 403 1242 "-" "http://biscofy.com/wp-admin/install.php?step=1"
2a06:98c0:3600::103 - - [24/Jul/2026:15:44:39 +0000] "GET /wp-admin/install.php?step=1 HTTP/1.1" 403 1242 "-" "http://biscofy.com/wp-admin/install.php?step=1"
2a06:98c0:3600::103 - - [24/Jul/2026:15:44:49 +0000] "GET /wp-admin/install.php?step=1 HTTP/1.1" 403 1242 "-" "http://biscofy.com/wp-admin/install.php?step=1"
65.181.116.207 - - [24/Jul/2026:15:47:40 +0000] "POST /wp-cron.php?doing_wp_cron=1784908060.2772629261016845703125 HTTP/1.1" 200 0 "-" "WordPress/7.0.1; https://www.biscofy.com"
204.8.98.75 - - [24/Jul/2026:15:47:39 +0000] "POST /xmlrpc.php HTTP/1.1" 200 210 "-" "Go-http-client/1.1"
65.181.116.207 - - [24/Jul/2026:15:52:42 +0000] "POST /wp-cron.php?doing_wp_cron=1784908362.4592139720916748046875 HTTP/1.1" 200 0 "-" "WordPress/7.0.1; https://www.biscofy.com"
43.153.73.200 - - [24/Jul/2026:15:52:41 +0000] "GET / HTTP/1.1" 301 0 "-" "Mozilla/5.0 (iPhone; CPU iPhone OS 13_2_3 like Mac OS X) AppleWebKit/605.1.15 (KHTML, like Gecko) Version/13.0.3 Mobile/15E148 Safari/604.1"
65.181.116.207 - - [24/Jul/2026:15:55:03 +0000] "POST /wp-cron.php?doing_wp_cron=1784908503.0805149078369140625000 HTTP/1.1" 200 0 "-" "WordPress/7.0.1; https://www.biscofy.com"
213.152.161.165 - - [24/Jul/2026:15:55:02 +0000] "POST /xmlrpc.php HTTP/1.1" 200 210 "-" "Go-http-client/1.1"
65.181.116.207 - - [24/Jul/2026:15:55:20 +0000] "POST /wp-cron.php?doing_wp_cron=1784908520.9334590435028076171875 HTTP/1.1" 200 0 "-" "WordPress/7.0.1; https://www.biscofy.com"
213.152.161.165 - - [24/Jul/2026:15:55:20 +0000] "POST /xmlrpc.php HTTP/1.1" 200 210 "-" "Go-http-client/1.1"
65.181.116.207 - - [24/Jul/2026:15:58:36 +0000] "POST /wp-cron.php?doing_wp_cron=1784908716.4633579254150390625000 HTTP/1.1" 200 0 "-" "WordPress/7.0.1; https://www.biscofy.com"
213.152.161.234 - - [24/Jul/2026:15:58:35 +0000] "POST /xmlrpc.php HTTP/1.1" 200 210 "-" "Go-http-client/1.1"
65.181.116.207 - - [24/Jul/2026:16:00:51 +0000] "POST /wp-cron.php?doing_wp_cron=1784908851.7835249900817871093750 HTTP/1.1" 200 0 "-" "WordPress/7.0.1; https://www.biscofy.com"
213.152.161.234 - - [24/Jul/2026:16:00:51 +0000] "POST /xmlrpc.php HTTP/1.1" 200 210 "-" "Go-http-client/1.1"
65.181.116.207 - - [24/Jul/2026:16:30:40 +0000] "POST /wp-cron.php?doing_wp_cron=1784910640.1852691173553466796875 HTTP/1.1" 200 0 "-" "WordPress/7.0.1; https://www.biscofy.com"
213.152.162.74 - - [24/Jul/2026:16:30:39 +0000] "POST /xmlrpc.php HTTP/1.1" 200 210 "-" "Go-http-client/1.1"
52.165.196.84 - - [24/Jul/2026:16:43:45 +0000] "GET /wp-content/plugins/hellopress/wp_filemanager.php HTTP/1.1" 403 19352 "-" "-"
52.165.196.84 - - [24/Jul/2026:16:43:45 +0000] "GET /this_is_a_new_hello_world.php HTTP/1.1" 404 114979 "-" "-"
65.181.116.207 - - [24/Jul/2026:16:43:47 +0000] "POST /wp-cron.php?doing_wp_cron=1784911427.9021630287170410156250 HTTP/1.1" 200 0 "-" "WordPress/7.0.1; https://www.biscofy.com"
52.165.196.84 - - [24/Jul/2026:16:43:46 +0000] "GET /wicked.php HTTP/1.1" 404 114979 "-" "-"
52.165.196.84 - - [24/Jul/2026:16:43:48 +0000] "GET /fpwch.php HTTP/1.1" 404 114979 "-" "-"
52.165.196.84 - - [24/Jul/2026:16:43:49 +0000] "GET /black.php HTTP/1.1" 403 19352 "-" "-"
65.181.116.207 - - [24/Jul/2026:16:43:50 +0000] "POST /wp-cron.php?doing_wp_cron=1784911430.4627969264984130859375 HTTP/1.1" 200 0 "-" "WordPress/7.0.1; https://www.biscofy.com"
52.165.196.84 - - [24/Jul/2026:16:43:49 +0000] "GET /loader.php HTTP/1.1" 404 114979 "-" "-"
52.165.196.84 - - [24/Jul/2026:16:43:50 +0000] "GET /file61.php HTTP/1.1" 404 114979 "-" "-"
52.165.196.84 - - [24/Jul/2026:16:43:51 +0000] "GET /wp-css.php HTTP/1.1" 404 114979 "-" "-"
52.165.196.84 - - [24/Jul/2026:16:43:52 +0000] "GET /wp-blink.php HTTP/1.1" 404 114979 "-" "-"
52.165.196.84 - - [24/Jul/2026:16:43:53 +0000] "GET /txets.php HTTP/1.1" 404 114979 "-" "-"
52.165.196.84 - - [24/Jul/2026:16:43:54 +0000] "GET /pucci.php HTTP/1.1" 404 114979 "-" "-"
52.165.196.84 - - [24/Jul/2026:16:43:55 +0000] "GET /xwpg.php HTTP/1.1" 404 114979 "-" "-"
52.165.196.84 - - [24/Jul/2026:16:43:56 +0000] "GET /ops.php HTTP/1.1" 404 114979 "-" "-"
52.165.196.84 - - [24/Jul/2026:16:43:57 +0000] "GET /dex.php HTTP/1.1" 404 114979 "-" "-"
52.165.196.84 - - [24/Jul/2026:16:43:58 +0000] "GET /mac.php HTTP/1.1" 404 114979 "-" "-"
52.165.196.84 - - [24/Jul/2026:16:43:59 +0000] "GET /aa.php HTTP/1.1" 404 114979 "-" "-"
52.165.196.84 - - [24/Jul/2026:16:44:00 +0000] "GET /xyn.php HTTP/1.1" 404 114979 "-" "-"
52.165.196.84 - - [24/Jul/2026:16:44:02 +0000] "GET /1.php HTTP/1.1" 403 19352 "-" "-"
65.181.116.207 - - [24/Jul/2026:16:44:03 +0000] "POST /wp-cron.php?doing_wp_cron=1784911443.0344240665435791015625 HTTP/1.1" 200 0 "-" "WordPress/7.0.1; https://www.biscofy.com"
52.165.196.84 - - [24/Jul/2026:16:44:02 +0000] "GET /sx.php HTTP/1.1" 404 114979 "-" "-"
52.165.196.84 - - [24/Jul/2026:16:44:03 +0000] "GET /classwithtostring.php HTTP/1.1" 404 114979 "-" "-"
52.165.196.84 - - [24/Jul/2026:16:44:04 +0000] "GET /yawa.php HTTP/1.1" 404 114979 "-" "-"
52.165.196.84 - - [24/Jul/2026:16:44:05 +0000] "GET /sym403.php HTTP/1.1" 403 19352 "-" "-"
52.165.196.84 - - [24/Jul/2026:16:44:05 +0000] "GET /aa2.php HTTP/1.1" 404 114979 "-" "-"
52.165.196.84 - - [24/Jul/2026:16:44:06 +0000] "GET /k.php HTTP/1.1" 403 19352 "-" "-"
52.165.196.84 - - [24/Jul/2026:16:44:06 +0000] "GET //f6.php HTTP/1.1" 301 0 "-" "-"
52.165.196.84 - - [24/Jul/2026:16:44:07 +0000] "GET /f6.php HTTP/1.1" 404 114979 "-" "-"
52.165.196.84 - - [24/Jul/2026:16:44:08 +0000] "GET //wp-includes/block-bindings/ HTTP/1.1" 404 1251 "-" "-"
52.165.196.84 - - [24/Jul/2026:16:44:08 +0000] "GET /ms-edit.php HTTP/1.1" 404 114979 "-" "-"
52.165.196.84 - - [24/Jul/2026:16:44:09 +0000] "GET /zz.php?p= HTTP/1.1" 301 0 "-" "-"
52.165.196.84 - - [24/Jul/2026:16:44:10 +0000] "GET /zz.php HTTP/1.1" 404 114979 "-" "-"
52.165.196.84 - - [24/Jul/2026:16:44:11 +0000] "GET /xxx.php HTTP/1.1" 403 19352 "-" "-"
52.165.196.84 - - [24/Jul/2026:16:44:11 +0000] "GET //2.php HTTP/1.1" 403 19352 "-" "-"
52.165.196.84 - - [24/Jul/2026:16:44:11 +0000] "GET /memberfuns.php HTTP/1.1" 404 114979 "-" "-"
52.165.196.84 - - [24/Jul/2026:16:44:12 +0000] "GET /wp-includes/blocks/audio/ HTTP/1.1" 404 1251 "-" "-"
52.165.196.84 - - [24/Jul/2026:16:44:12 +0000] "GET //wp-includes/css/dist/ HTTP/1.1" 404 1251 "-" "-"
52.165.196.84 - - [24/Jul/2026:16:44:12 +0000] "GET /insc.php HTTP/1.1" 404 114979 "-" "-"
52.165.196.84 - - [24/Jul/2026:16:44:13 +0000] "GET /wp-content/uploads/ HTTP/1.1" 404 1251 "-" "-"
52.165.196.84 - - [24/Jul/2026:16:44:13 +0000] "GET /2P.update.php HTTP/1.1" 404 114979 "-" "-"
52.165.196.84 - - [24/Jul/2026:16:44:14 +0000] "GET /wefile.php HTTP/1.1" 404 114979 "-" "-"
52.165.196.84 - - [24/Jul/2026:16:44:15 +0000] "GET /dr.php HTTP/1.1" 404 114979 "-" "-"
52.165.196.84 - - [24/Jul/2026:16:44:16 +0000] "GET /f35.php HTTP/1.1" 404 114979 "-" "-"
52.165.196.84 - - [24/Jul/2026:16:44:16 +0000] "GET /xmrl.php HTTP/1.1" 404 114979 "-" "-"
52.165.196.84 - - [24/Jul/2026:16:44:17 +0000] "GET /wp-temp.php HTTP/1.1" 404 114979 "-" "-"
52.165.196.84 - - [24/Jul/2026:16:44:19 +0000] "GET //aa.php HTTP/1.1" 301 0 "-" "-"
65.181.116.207 - - [24/Jul/2026:16:44:21 +0000] "POST /wp-cron.php?doing_wp_cron=1784911461.0356419086456298828125 HTTP/1.1" 200 0 "-" "WordPress/7.0.1; https://www.biscofy.com"
52.165.196.84 - - [24/Jul/2026:16:44:20 +0000] "GET /aa.php HTTP/1.1" 404 114979 "-" "-"
52.165.196.84 - - [24/Jul/2026:16:44:21 +0000] "GET /82.php HTTP/1.1" 404 114979 "-" "-"
52.165.196.84 - - [24/Jul/2026:16:44:22 +0000] "GET /222.php HTTP/1.1" 404 114979 "-" "-"
52.165.196.84 - - [24/Jul/2026:16:44:23 +0000] "GET //wp-content/BypassBest.php HTTP/1.1" 403 19352 "-" "-"
52.165.196.84 - - [24/Jul/2026:16:44:23 +0000] "GET /f900.php HTTP/1.1" 404 114979 "-" "-"
52.165.196.84 - - [24/Jul/2026:16:44:24 +0000] "GET /wp-admin/css/colors/sunrise/ HTTP/1.1" 404 1251 "-" "-"
52.165.196.84 - - [24/Jul/2026:16:44:24 +0000] "GET /adminner.php HTTP/1.1" 404 114979 "-" "-"
52.165.196.84 - - [24/Jul/2026:16:44:25 +0000] "GET /simple.php HTTP/1.1" 404 114979 "-" "-"
52.165.196.84 - - [24/Jul/2026:16:44:26 +0000] "GET /w.php HTTP/1.1" 403 19352 "-" "-"
52.165.196.84 - - [24/Jul/2026:16:44:26 +0000] "GET /ms.php HTTP/1.1" 404 114979 "-" "-"
52.165.196.84 - - [24/Jul/2026:16:44:27 +0000] "GET /wp-admin/css/colors/blue/ HTTP/1.1" 404 1251 "-" "-"
52.165.196.84 - - [24/Jul/2026:16:44:27 +0000] "GET /8.php HTTP/1.1" 403 19352 "-" "-"
52.165.196.84 - - [24/Jul/2026:16:44:27 +0000] "GET /wp-admin/css/ HTTP/1.1" 404 1251 "-" "-"
52.165.196.84 - - [24/Jul/2026:16:44:27 +0000] "GET /wp-includes/Text/Diff/Engine/about.php HTTP/1.1" 404 1251 "-" "-"
52.165.196.84 - - [24/Jul/2026:16:44:27 +0000] "GET //cgi-bin/admin.php HTTP/1.1" 404 1251 "-" "-"
52.165.196.84 - - [24/Jul/2026:16:44:27 +0000] "GET /sss.php?p= HTTP/1.1" 301 0 "-" "-"
52.165.196.84 - - [24/Jul/2026:16:44:28 +0000] "GET /sss.php HTTP/1.1" 404 114979 "-" "-"
52.165.196.84 - - [24/Jul/2026:16:44:29 +0000] "GET /.well-known/about.php HTTP/1.1" 403 19352 "-" "-"
52.165.196.84 - - [24/Jul/2026:16:44:29 +0000] "GET /file.php? HTTP/1.1" 404 114979 "-" "-"
52.165.196.84 - - [24/Jul/2026:16:44:30 +0000] "GET /coffexium.php HTTP/1.1" 404 114979 "-" "-"
52.165.196.84 - - [24/Jul/2026:16:44:31 +0000] "GET /k2.php HTTP/1.1" 404 114979 "-" "-"
52.165.196.84 - - [24/Jul/2026:16:44:32 +0000] "GET /BDKR28.php HTTP/1.1" 404 114979 "-" "-"
52.165.196.84 - - [24/Jul/2026:16:44:33 +0000] "GET //cgi-bin/index.php HTTP/1.1" 404 1251 "-" "-"
52.165.196.84 - - [24/Jul/2026:16:44:33 +0000] "GET /raw.php HTTP/1.1" 404 114979 "-" "-"
52.165.196.84 - - [24/Jul/2026:16:44:34 +0000] "GET /wp-links.php HTTP/1.1" 403 19352 "-" "-"
52.165.196.84 - - [24/Jul/2026:16:44:34 +0000] "GET /gecko.php HTTP/1.1" 403 19352 "-" "-"
52.165.196.84 - - [24/Jul/2026:16:44:34 +0000] "GET /for.php HTTP/1.1" 404 114979 "-" "-"
52.165.196.84 - - [24/Jul/2026:16:44:35 +0000] "GET /wp-admin/css/colors/midnight/about.php HTTP/1.1" 403 19352 "-" "-"
52.165.196.84 - - [24/Jul/2026:16:44:35 +0000] "GET /4PJcpMFsD8B.php HTTP/1.1" 404 114979 "-" "-"
52.165.196.84 - - [24/Jul/2026:16:44:36 +0000] "GET /wp-admin/css/colors/modern/ HTTP/1.1" 404 1251 "-" "-"
52.165.196.84 - - [24/Jul/2026:16:44:36 +0000] "GET /media.php HTTP/1.1" 404 114979 "-" "-"
52.165.196.84 - - [24/Jul/2026:16:44:37 +0000] "GET /wp-load.php HTTP/1.1" 200 0 "-" "-"
52.165.196.84 - - [24/Jul/2026:16:44:38 +0000] "GET /ops.php HTTP/1.1" 404 114979 "-" "-"
52.165.196.84 - - [24/Jul/2026:16:44:38 +0000] "GET /wp-content/ HTTP/1.1" 200 0 "-" "-"
52.165.196.84 - - [24/Jul/2026:16:44:38 +0000] "GET //wp-includes/l10n/ HTTP/1.1" 404 1251 "-" "-"
52.165.196.84 - - [24/Jul/2026:16:44:38 +0000] "GET /images.php HTTP/1.1" 404 114979 "-" "-"
52.165.196.84 - - [24/Jul/2026:16:44:39 +0000] "GET /a.php HTTP/1.1" 403 19352 "-" "-"
52.165.196.84 - - [24/Jul/2026:16:44:39 +0000] "GET /xmu.php HTTP/1.1" 404 114979 "-" "-"
52.165.196.84 - - [24/Jul/2026:16:44:40 +0000] "GET //a1.php HTTP/1.1" 301 0 "-" "-"
52.165.196.84 - - [24/Jul/2026:16:44:41 +0000] "GET /a1.php HTTP/1.1" 404 114979 "-" "-"
52.165.196.84 - - [24/Jul/2026:16:44:43 +0000] "GET /ccou.php HTTP/1.1" 404 114979 "-" "-"
52.165.196.84 - - [24/Jul/2026:16:44:44 +0000] "GET /wp-content/admin.php HTTP/1.1" 200 0 "-" "-"
52.165.196.84 - - [24/Jul/2026:16:44:44 +0000] "GET /177.php HTTP/1.1" 404 114979 "-" "-"
52.165.196.84 - - [24/Jul/2026:16:44:45 +0000] "GET /0.php HTTP/1.1" 403 19352 "-" "-"
52.165.196.84 - - [24/Jul/2026:16:44:45 +0000] "GET ///wpxml.php HTTP/1.1" 301 0 "-" "-"
52.165.196.84 - - [24/Jul/2026:16:44:46 +0000] "GET /wpxml.php HTTP/1.1" 404 114979 "-" "-"
52.165.196.84 - - [24/Jul/2026:16:44:46 +0000] "GET //wp-admin/js/index.php HTTP/1.1" 302 0 "-" "-"
65.181.116.207 - - [24/Jul/2026:16:44:50 +0000] "POST /wp-cron.php?doing_wp_cron=1784911490.0831511020660400390625 HTTP/1.1" 200 0 "-" "WordPress/7.0.1; https://www.biscofy.com"
52.165.196.84 - - [24/Jul/2026:16:44:49 +0000] "GET /fffm.php?p= HTTP/1.1" 301 0 "-" "-"
52.165.196.84 - - [24/Jul/2026:16:44:50 +0000] "GET /fffm.php HTTP/1.1" 404 114979 "-" "-"
52.165.196.84 - - [24/Jul/2026:16:44:51 +0000] "GET /wp-content/themes/index.php HTTP/1.1" 403 1242 "-" "-"
52.165.196.84 - - [24/Jul/2026:16:44:51 +0000] "GET //wp-includes/assets/ HTTP/1.1" 404 1251 "-" "-"
52.165.196.84 - - [24/Jul/2026:16:44:51 +0000] "GET /f35.update.php HTTP/1.1" 404 114979 "-" "-"
52.165.196.84 - - [24/Jul/2026:16:44:52 +0000] "GET /config.json.php HTTP/1.1" 403 19352 "-" "-"
52.165.196.84 - - [24/Jul/2026:16:44:52 +0000] "GET /wp-includes/ID3/about.php HTTP/1.1" 404 1251 "-" "-"
52.165.196.84 - - [24/Jul/2026:16:44:52 +0000] "GET /yup.php HTTP/1.1" 404 114979 "-" "-"
52.165.196.84 - - [24/Jul/2026:16:44:53 +0000] "GET ///admin.php HTTP/1.1" 301 0 "-" "-"
52.165.196.84 - - [24/Jul/2026:16:44:54 +0000] "GET /admin.php HTTP/1.1" 404 114979 "-" "-"
52.165.196.84 - - [24/Jul/2026:16:44:55 +0000] "GET /hur.php HTTP/1.1" 404 114979 "-" "-"
65.181.116.207 - - [24/Jul/2026:17:02:50 +0000] "POST /wp-cron.php?doing_wp_cron=1784912570.1840310096740722656250 HTTP/1.1" 200 0 "-" "WordPress/7.0.1; https://www.biscofy.com"
35.179.159.197 - - [24/Jul/2026:17:02:49 +0000] "HEAD / HTTP/1.1" 301 0 "-" "SupportAgent-Diagnostic/1.0"
65.181.116.207 - - [24/Jul/2026:17:16:37 +0000] "POST /wp-cron.php?doing_wp_cron=1784913397.3491079807281494140625 HTTP/1.1" 200 0 "-" "WordPress/7.0.1; https://www.biscofy.com"
213.152.162.94 - - [24/Jul/2026:17:16:36 +0000] "POST /xmlrpc.php HTTP/1.1" 200 210 "-" "Go-http-client/1.1"
65.181.116.207 - - [24/Jul/2026:17:23:10 +0000] "POST /wp-cron.php?doing_wp_cron=1784913790.9017729759216308593750 HTTP/1.1" 200 0 "-" "WordPress/7.0.1; https://www.biscofy.com"
213.152.161.149 - - [24/Jul/2026:17:23:10 +0000] "POST /xmlrpc.php HTTP/1.1" 200 210 "-" "Go-http-client/1.1"
2a06:98c0:3600::103 - - [24/Jul/2026:17:26:35 +0000] "GET /wp-admin/install.php?step=1 HTTP/1.1" 403 1242 "-" "http://biscofy.com/wp-admin/install.php?step=1"
62.102.148.164 - - [24/Jul/2026:17:42:33 +0000] "POST /xmlrpc.php HTTP/1.1" 200 210 "-" "Go-http-client/1.1"
65.181.116.207 - - [24/Jul/2026:17:52:24 +0000] "POST /wp-cron.php?doing_wp_cron=1784915543.9600949287414550781250 HTTP/1.1" 200 0 "-" "WordPress/7.0.1; https://www.biscofy.com"
213.152.161.30 - - [24/Jul/2026:17:52:23 +0000] "POST /xmlrpc.php HTTP/1.1" 200 210 "-" "Go-http-client/1.1"
104.64.212.158 - - [24/Jul/2026:18:52:22 +0000] "GET /wp-login.php HTTP/1.1" 302 0 "-" "Mozilla/5.0 (Windows NT 10.0; Win64; x64) AppleWebKit/537.36 (KHTML, like Gecko) Chrome/121.0.0.0 Safari/537.36"
104.64.212.158 - - [24/Jul/2026:18:53:15 +0000] "GET /wp-login.php HTTP/1.1" 302 0 "https://t.co/" "Mozilla/5.0 (Macintosh; Intel Mac OS X 10_15_7) AppleWebKit/605.1.15 (KHTML, like Gecko) Version/17.1 Safari/605.1.15"
2a06:98c0:3600::103 - - [24/Jul/2026:19:15:42 +0000] "GET /wp-admin/install.php?step=1 HTTP/1.1" 403 1242 "-" "http://biscofy.com/wp-admin/install.php?step=1"
49.233.45.47 - - [24/Jul/2026:19:21:26 +0000] "GET / HTTP/1.1" 301 0 "-" "Mozilla/5.0 (iPhone; CPU iPhone OS 13_2_3 like Mac OS X) AppleWebKit/605.1.15 (KHTML, like Gecko) Version/13.0.3 Mobile/15E148 Safari/604.1"
2a06:98c0:3600::103 - - [24/Jul/2026:21:01:45 +0000] "GET /wp-admin/install.php?step=1 HTTP/1.1" 403 1242 "-" "http://biscofy.com/wp-admin/install.php?step=1"

Youez - 2016 - github.com/yon3zu
LinuXploit