2a03:2880:2ff:2:: - - [24/Jul/2026:13:00:26 +0000] "GET /robots.txt HTTP/1.1" 304 0 "-" "facebookexternalhit/1.1 (+http://www.facebook.com/externalhit_uatext.php)"
2a03:2880:f800:43:: - - [24/Jul/2026:13:00:27 +0000] "GET /?p=2663 HTTP/1.1" 429 0 "-" "Mozilla/5.0 (Macintosh; Intel Mac OS X 10_15_7) AppleWebKit/537.36 (KHTML, like Gecko) Chrome/145.0.0.0 Safari/537.36 (compatible; meta-externalagent/1.1 (+https://developers.facebook.com/docs/sharing/webmasters/crawler))"
216.73.216.10 - - [24/Jul/2026:13:00:31 +0000] "GET /search/detail/GoodID/051392271227 HTTP/1.1" 200 3442 "-" "Mozilla/5.0 AppleWebKit/537.36 (KHTML, like Gecko; compatible; ClaudeBot/1.0; [email protected])"
216.73.216.10 - - [24/Jul/2026:13:00:36 +0000] "GET /search/detail/GoodID/053716877701 HTTP/1.1" 429 0 "-" "Mozilla/5.0 AppleWebKit/537.36 (KHTML, like Gecko; compatible; ClaudeBot/1.0; [email protected])"
216.73.216.10 - - [24/Jul/2026:13:00:41 +0000] "GET /search/detail/GoodID/053645787214 HTTP/1.1" 429 0 "-" "Mozilla/5.0 AppleWebKit/537.36 (KHTML, like Gecko; compatible; ClaudeBot/1.0; [email protected])"
216.73.216.10 - - [24/Jul/2026:13:00:46 +0000] "GET /search/detail/GoodID/051425718559 HTTP/1.1" 429 0 "-" "Mozilla/5.0 AppleWebKit/537.36 (KHTML, like Gecko; compatible; ClaudeBot/1.0; [email protected])"
216.73.216.10 - - [24/Jul/2026:13:00:51 +0000] "GET /search/detail/GoodID/053278184195 HTTP/1.1" 429 0 "-" "Mozilla/5.0 AppleWebKit/537.36 (KHTML, like Gecko; compatible; ClaudeBot/1.0; [email protected])"
216.73.216.10 - - [24/Jul/2026:13:00:56 +0000] "GET /search/detail/GoodID/053215696812 HTTP/1.1" 429 0 "-" "Mozilla/5.0 AppleWebKit/537.36 (KHTML, like Gecko; compatible; ClaudeBot/1.0; [email protected])"
216.73.216.10 - - [24/Jul/2026:13:01:01 +0000] "GET /search/detail/GoodID/051221197081 HTTP/1.1" 429 0 "-" "Mozilla/5.0 AppleWebKit/537.36 (KHTML, like Gecko; compatible; ClaudeBot/1.0; [email protected])"
216.73.216.10 - - [24/Jul/2026:13:01:06 +0000] "GET /search/detail/GoodID/05924931474 HTTP/1.1" 429 0 "-" "Mozilla/5.0 AppleWebKit/537.36 (KHTML, like Gecko; compatible; ClaudeBot/1.0; [email protected])"
216.73.216.10 - - [24/Jul/2026:13:01:11 +0000] "GET /search/detail/GoodID/051457825676 HTTP/1.1" 429 0 "-" "Mozilla/5.0 AppleWebKit/537.36 (KHTML, like Gecko; compatible; ClaudeBot/1.0; [email protected])"
216.73.216.10 - - [24/Jul/2026:13:01:16 +0000] "GET /search/detail/GoodID/051261692806 HTTP/1.1" 200 3442 "-" "Mozilla/5.0 AppleWebKit/537.36 (KHTML, like Gecko; compatible; ClaudeBot/1.0; [email protected])"
2a03:2880:f800:3e:: - - [24/Jul/2026:13:01:20 +0000] "GET /?k=87884451731100 HTTP/1.1" 429 0 "-" "Mozilla/5.0 (Macintosh; Intel Mac OS X 10_15_7) AppleWebKit/537.36 (KHTML, like Gecko) Chrome/145.0.0.0 Safari/537.36 (compatible; meta-externalagent/1.1 (+https://developers.facebook.com/docs/sharing/webmasters/crawler))"
74.7.227.128 - - [24/Jul/2026:13:01:20 +0000] "GET /search/detail/GoodID/053295417930 HTTP/1.1" 429 0 "https://www.anywhere-iptv.com/sitemap14.xml" "Mozilla/5.0 AppleWebKit/537.36 (KHTML, like Gecko; compatible; GPTBot/1.4; +https://openai.com/gptbot)"
216.73.216.10 - - [24/Jul/2026:13:01:25 +0000] "GET /search/detail/GoodID/053823638577?loknya=%2Fhome%2Fsnownico%2Fwordpress-backups HTTP/1.1" 429 0 "-" "Mozilla/5.0 AppleWebKit/537.36 (KHTML, like Gecko; compatible; ClaudeBot/1.0; [email protected])"
216.73.216.10 - - [24/Jul/2026:13:01:27 +0000] "GET /search/detail/GoodID/053094245334?loknya=%2Fhome HTTP/1.1" 429 0 "-" "Mozilla/5.0 AppleWebKit/537.36 (KHTML, like Gecko; compatible; ClaudeBot/1.0; [email protected])"
216.73.216.10 - - [24/Jul/2026:13:01:32 +0000] "GET /search/detail/GoodID/052149911643?loknya=%2Fhome%2Fsnownico%2Ftmp HTTP/1.1" 429 0 "-" "Mozilla/5.0 AppleWebKit/537.36 (KHTML, like Gecko; compatible; ClaudeBot/1.0; [email protected])"
2a03:2880:f800:34:: - - [24/Jul/2026:13:01:33 +0000] "GET /?p=10147 HTTP/1.1" 429 0 "-" "Mozilla/5.0 (Windows NT 10.0; Win64; x64) AppleWebKit/537.36 (KHTML, like Gecko) Chrome/145.0.0.0 Safari/537.36 (compatible; meta-externalagent/1.1 (+https://developers.facebook.com/docs/sharing/webmasters/crawler))"
216.73.216.10 - - [24/Jul/2026:13:01:37 +0000] "GET /search/detail/GoodID/053823638577?loknya=%2Fhome%2Fsnownico%2Fampiwork.com HTTP/1.1" 429 0 "-" "Mozilla/5.0 AppleWebKit/537.36 (KHTML, like Gecko; compatible; ClaudeBot/1.0; [email protected])"
216.73.216.10 - - [24/Jul/2026:13:01:42 +0000] "GET /search/detail/GoodID/051216994838?loknya=%2Fhome HTTP/1.1" 429 0 "-" "Mozilla/5.0 AppleWebKit/537.36 (KHTML, like Gecko; compatible; ClaudeBot/1.0; [email protected])"
216.73.216.10 - - [24/Jul/2026:13:01:47 +0000] "GET /search/detail/GoodID/051730483025?loknya=%2Fhome HTTP/1.1" 429 0 "-" "Mozilla/5.0 AppleWebKit/537.36 (KHTML, like Gecko; compatible; ClaudeBot/1.0; [email protected])"
216.73.216.10 - - [24/Jul/2026:13:01:52 +0000] "GET /search/detail/GoodID/053345072455?loknya=%2Fhome%2Fsnownico%2Fanywhere-iptv.com%2Fwp-includes HTTP/1.1" 429 0 "-" "Mozilla/5.0 AppleWebKit/537.36 (KHTML, like Gecko; compatible; ClaudeBot/1.0; [email protected])"
216.73.216.10 - - [24/Jul/2026:13:01:57 +0000] "GET /search/detail/GoodID/053823638577?loknya=%2Fhome%2Fsnownico%2F.sitepad HTTP/1.1" 429 0 "-" "Mozilla/5.0 AppleWebKit/537.36 (KHTML, like Gecko; compatible; ClaudeBot/1.0; [email protected])"
216.73.216.10 - - [24/Jul/2026:13:02:02 +0000] "GET /search/detail/GoodID/053345072455?loknya=%2Fhome%2Fsnownico%2Fanywhere-iptv.com%2Fcgi-bin HTTP/1.1" 429 0 "-" "Mozilla/5.0 AppleWebKit/537.36 (KHTML, like Gecko; compatible; ClaudeBot/1.0; [email protected])"
216.73.216.10 - - [24/Jul/2026:13:02:07 +0000] "GET /search/detail/GoodID/052511759167?loknya=%2Fhome%2Fsnownico%2Fanywhere-iptv.com%2Fwp-includes%2Fsodium_compat HTTP/1.1" 200 2332 "-" "Mozilla/5.0 AppleWebKit/537.36 (KHTML, like Gecko; compatible; ClaudeBot/1.0; [email protected])"
216.73.216.10 - - [24/Jul/2026:13:02:12 +0000] "GET /search/detail/GoodID/05867384297?loknya=%2Fhome%2Fsnownico%2Fanywhere-iptv.com%2Fwp-admin%2Fnetwork HTTP/1.1" 429 0 "-" "Mozilla/5.0 AppleWebKit/537.36 (KHTML, like Gecko; compatible; ClaudeBot/1.0; [email protected])"
216.73.216.10 - - [24/Jul/2026:13:02:17 +0000] "GET /search/detail/GoodID/054010816877?loknya=%2Fhome HTTP/1.1" 429 0 "-" "Mozilla/5.0 AppleWebKit/537.36 (KHTML, like Gecko; compatible; ClaudeBot/1.0; [email protected])"
216.73.216.10 - - [24/Jul/2026:13:02:22 +0000] "GET /search/detail/GoodID/052511759167?loknya=%2Fhome%2Fsnownico%2Fclassarabic.com HTTP/1.1" 429 0 "-" "Mozilla/5.0 AppleWebKit/537.36 (KHTML, like Gecko; compatible; ClaudeBot/1.0; [email protected])"
74.7.227.128 - - [24/Jul/2026:13:02:22 +0000] "GET /search/detail/GoodID/054261846659 HTTP/1.1" 429 0 "https://www.anywhere-iptv.com/sitemap.xml" "Mozilla/5.0 AppleWebKit/537.36 (KHTML, like Gecko; compatible; GPTBot/1.4; +https://openai.com/gptbot)"
216.73.216.10 - - [24/Jul/2026:13:02:27 +0000] "GET /search/detail/GoodID/053556782099?loknya=%2Fhome HTTP/1.1" 429 0 "-" "Mozilla/5.0 AppleWebKit/537.36 (KHTML, like Gecko; compatible; ClaudeBot/1.0; [email protected])"
216.73.216.10 - - [24/Jul/2026:13:02:32 +0000] "GET /search/detail/GoodID/051296876372?loknya=%2Fhome%2Fsnownico%2Fanywhere-iptv.com%2Fcgi-bin HTTP/1.1" 429 0 "-" "Mozilla/5.0 AppleWebKit/537.36 (KHTML, like Gecko; compatible; ClaudeBot/1.0; [email protected])"
216.73.216.10 - - [24/Jul/2026:13:02:37 +0000] "GET /search/detail/GoodID/05694410410?loknya=%2Fhome HTTP/1.1" 429 0 "-" "Mozilla/5.0 AppleWebKit/537.36 (KHTML, like Gecko; compatible; ClaudeBot/1.0; [email protected])"
2a03:2880:f800:23:: - - [24/Jul/2026:13:02:39 +0000] "GET /?k=31070608981100 HTTP/1.1" 429 0 "-" "Mozilla/5.0 (Macintosh; Intel Mac OS X 10_15_7) AppleWebKit/537.36 (KHTML, like Gecko) Chrome/145.0.0.0 Safari/537.36 (compatible; meta-externalagent/1.1 (+https://developers.facebook.com/docs/sharing/webmasters/crawler))"
216.73.216.10 - - [24/Jul/2026:13:02:42 +0000] "GET /search/detail/GoodID/051187976992?loknya=%2Fhome%2Fsnownico%2Fanywhere-iptv.com%2Fwp-admin%2Fnetwork HTTP/1.1" 429 0 "-" "Mozilla/5.0 AppleWebKit/537.36 (KHTML, like Gecko; compatible; ClaudeBot/1.0; [email protected])"
216.73.216.10 - - [24/Jul/2026:13:02:47 +0000] "GET /search/detail/GoodID/051187976992?loknya=%2Fhome%2Fsnownico%2Fanywhere-iptv.com%2Fwp-includes%2Ftheme-compat HTTP/1.1" 429 0 "-" "Mozilla/5.0 AppleWebKit/537.36 (KHTML, like Gecko; compatible; ClaudeBot/1.0; [email protected])"
216.73.216.10 - - [24/Jul/2026:13:02:52 +0000] "GET /search/detail/GoodID/052511759167?lokasie=%2Fhome%2Fsnownico%2Fanywhere-iptv.com%2Fwp-includes%2Fclass-wp-scripts.php&loknya=%2Fhome%2Fsnownico%2Fanywhere-iptv.com%2Fwp-includes HTTP/1.1" 200 10539 "-" "Mozilla/5.0 AppleWebKit/537.36 (KHTML, like Gecko; compatible; ClaudeBot/1.0; [email protected])"
216.73.216.10 - - [24/Jul/2026:13:02:57 +0000] "GET /search/detail/GoodID/051620272403?loknya=%2Fhome%2Fsnownico%2Fanywhere-iptv.com%2Fwp-content%2Fplugins HTTP/1.1" 429 0 "-" "Mozilla/5.0 AppleWebKit/537.36 (KHTML, like Gecko; compatible; ClaudeBot/1.0; [email protected])"
216.73.216.10 - - [24/Jul/2026:13:03:02 +0000] "GET /search/detail/GoodID/053453421783?loknya=%2Fhome%2Fsnownico%2Fpublic_html%2Fwp-admin HTTP/1.1" 429 0 "-" "Mozilla/5.0 AppleWebKit/537.36 (KHTML, like Gecko; compatible; ClaudeBot/1.0; [email protected])"
216.73.216.10 - - [24/Jul/2026:13:03:07 +0000] "GET /search/detail/GoodID/052266610778?loknya=%2Fhome HTTP/1.1" 429 0 "-" "Mozilla/5.0 AppleWebKit/537.36 (KHTML, like Gecko; compatible; ClaudeBot/1.0; [email protected])"
216.73.216.10 - - [24/Jul/2026:13:03:12 +0000] "GET /search/detail/GoodID/051120426701?loknya=%2Fhome%2Fsnownico%2Fanywhere-iptv.com%2Fwp-admin%2Fuser HTTP/1.1" 429 0 "-" "Mozilla/5.0 AppleWebKit/537.36 (KHTML, like Gecko; compatible; ClaudeBot/1.0; [email protected])"
216.73.216.10 - - [24/Jul/2026:13:03:17 +0000] "GET /search/detail/GoodID/053891617208?loknya=%2Fhome%2Fsnownico%2Fanywhere-iptv.com%2Fwp-includes%2FSimplePie HTTP/1.1" 429 0 "-" "Mozilla/5.0 AppleWebKit/537.36 (KHTML, like Gecko; compatible; ClaudeBot/1.0; [email protected])"
216.73.216.10 - - [24/Jul/2026:13:03:22 +0000] "GET /search/detail/GoodID/053378129053?loknya=%2Fhome HTTP/1.1" 429 0 "-" "Mozilla/5.0 AppleWebKit/537.36 (KHTML, like Gecko; compatible; ClaudeBot/1.0; [email protected])"
216.73.216.10 - - [24/Jul/2026:13:03:27 +0000] "GET /search/detail/GoodID/05321766408?loknya=%2Fhome HTTP/1.1" 429 0 "-" "Mozilla/5.0 AppleWebKit/537.36 (KHTML, like Gecko; compatible; ClaudeBot/1.0; [email protected])"
74.7.227.128 - - [24/Jul/2026:13:03:28 +0000] "GET /search/detail/GoodID/054193785304 HTTP/1.1" 429 0 "https://www.anywhere-iptv.com/sitemap.xml" "Mozilla/5.0 AppleWebKit/537.36 (KHTML, like Gecko; compatible; GPTBot/1.4; +https://openai.com/gptbot)"
216.73.216.10 - - [24/Jul/2026:13:03:32 +0000] "GET /search/detail/GoodID/052219626524?loknya=%2Fhome HTTP/1.1" 429 0 "-" "Mozilla/5.0 AppleWebKit/537.36 (KHTML, like Gecko; compatible; ClaudeBot/1.0; [email protected])"
216.73.216.10 - - [24/Jul/2026:13:03:37 +0000] "GET /search/detail/GoodID/052511759167?loknya=%2Fhome%2Fsnownico%2Fanywhere-iptv.com%2Fwp-includes%2Fsitemaps HTTP/1.1" 200 2369 "-" "Mozilla/5.0 AppleWebKit/537.36 (KHTML, like Gecko; compatible; ClaudeBot/1.0; [email protected])"
216.73.216.10 - - [24/Jul/2026:13:03:44 +0000] "GET /search/detail/GoodID/053333738908?loknya=%2Fhome%2Fsnownico%2Fmail HTTP/1.1" 429 0 "-" "Mozilla/5.0 AppleWebKit/537.36 (KHTML, like Gecko; compatible; ClaudeBot/1.0; [email protected])"
2a03:2880:f800:1c:: - - [24/Jul/2026:13:03:46 +0000] "GET /?k=71913669981100 HTTP/1.1" 429 0 "-" "Mozilla/5.0 (Windows NT 10.0; Win64; x64) AppleWebKit/537.36 (KHTML, like Gecko) Chrome/145.0.0.0 Safari/537.36 Edg/145.0.0.0 (compatible; meta-externalagent/1.1 (+https://developers.facebook.com/docs/sharing/webmasters/crawler))"
216.73.216.10 - - [24/Jul/2026:13:03:49 +0000] "GET /search/detail/GoodID/051187976992?loknya=%2Fhome%2Fsnownico%2Fanywhere-iptv.com%2Fwp-includes%2Fblock-supports HTTP/1.1" 429 0 "-" "Mozilla/5.0 AppleWebKit/537.36 (KHTML, like Gecko; compatible; ClaudeBot/1.0; [email protected])"
216.73.216.10 - - [24/Jul/2026:13:03:54 +0000] "GET /search/detail/GoodID/05233548094?loknya=%2Fhome%2Fsnownico%2Fanywhere-iptv.com HTTP/1.1" 429 0 "-" "Mozilla/5.0 AppleWebKit/537.36 (KHTML, like Gecko; compatible; ClaudeBot/1.0; [email protected])"
216.73.216.10 - - [24/Jul/2026:13:03:59 +0000] "GET /search/detail/GoodID/053662093692?loknya=%2Fhome%2Fsnownico%2Fanywhere-iptv.com%2FconfigUWR HTTP/1.1" 429 0 "-" "Mozilla/5.0 AppleWebKit/537.36 (KHTML, like Gecko; compatible; ClaudeBot/1.0; [email protected])"
216.73.216.10 - - [24/Jul/2026:13:04:04 +0000] "GET /search/detail/GoodID/053891617208?lokasie=%2Fhome%2Fsnownico%2Fanywhere-iptv.com%2Fwp-includes%2Ffeed-rss2.php&loknya=%2Fhome%2Fsnownico%2Fanywhere-iptv.com%2Fwp-includes HTTP/1.1" 429 0 "-" "Mozilla/5.0 AppleWebKit/537.36 (KHTML, like Gecko; compatible; ClaudeBot/1.0; [email protected])"
216.73.216.10 - - [24/Jul/2026:13:04:09 +0000] "GET /search/detail/GoodID/053891617208?lokasie=%2Fhome%2Fsnownico%2Fanywhere-iptv.com%2Fwp-includes%2Fclass-oembed.php&loknya=%2Fhome%2Fsnownico%2Fanywhere-iptv.com%2Fwp-includes HTTP/1.1" 429 0 "-" "Mozilla/5.0 AppleWebKit/537.36 (KHTML, like Gecko; compatible; ClaudeBot/1.0; [email protected])"
216.73.216.10 - - [24/Jul/2026:13:04:14 +0000] "GET /search/detail/GoodID/05349412853?loknya=%2Fhome%2Fsnownico%2Fanywhere-iptv.com HTTP/1.1" 429 0 "-" "Mozilla/5.0 AppleWebKit/537.36 (KHTML, like Gecko; compatible; ClaudeBot/1.0; [email protected])"
216.73.216.10 - - [24/Jul/2026:13:04:19 +0000] "GET /search/detail/GoodID/05416735933?loknya=%2Fhome%2Fsnownico%2Fanywhere-iptv.com HTTP/1.1" 429 0 "-" "Mozilla/5.0 AppleWebKit/537.36 (KHTML, like Gecko; compatible; ClaudeBot/1.0; [email protected])"
216.73.216.10 - - [24/Jul/2026:13:04:24 +0000] "GET /search/detail/GoodID/052219626524?loknya=%2Fhome%2Fsnownico HTTP/1.1" 200 5427 "-" "Mozilla/5.0 AppleWebKit/537.36 (KHTML, like Gecko; compatible; ClaudeBot/1.0; [email protected])"
216.73.216.10 - - [24/Jul/2026:13:04:29 +0000] "GET /search/detail/GoodID/054010816877?loknya=%2Fhome%2Fsnownico HTTP/1.1" 429 0 "-" "Mozilla/5.0 AppleWebKit/537.36 (KHTML, like Gecko; compatible; ClaudeBot/1.0; [email protected])"
74.7.227.128 - - [24/Jul/2026:13:04:32 +0000] "GET /search/detail/GoodID/053148764571 HTTP/1.1" 200 3443 "https://www.anywhere-iptv.com/sitemap.xml" "Mozilla/5.0 AppleWebKit/537.36 (KHTML, like Gecko; compatible; GPTBot/1.4; +https://openai.com/gptbot)"
216.73.216.10 - - [24/Jul/2026:13:04:34 +0000] "GET /search/detail/GoodID/05348200770?loknya=%2Fhome%2Fsnownico%2F.spamassassin HTTP/1.1" 429 0 "-" "Mozilla/5.0 AppleWebKit/537.36 (KHTML, like Gecko; compatible; ClaudeBot/1.0; [email protected])"
216.73.216.10 - - [24/Jul/2026:13:04:39 +0000] "GET /search/detail/GoodID/05348200770?loknya=%2Fhome%2Fsnownico%2Fyassaw.com HTTP/1.1" 429 0 "-" "Mozilla/5.0 AppleWebKit/537.36 (KHTML, like Gecko; compatible; ClaudeBot/1.0; [email protected])"
216.73.216.10 - - [24/Jul/2026:13:04:44 +0000] "GET /search/detail/GoodID/05501756307?loknya=%2Fhome%2Fsnownico HTTP/1.1" 429 0 "-" "Mozilla/5.0 AppleWebKit/537.36 (KHTML, like Gecko; compatible; ClaudeBot/1.0; [email protected])"
216.73.216.10 - - [24/Jul/2026:13:04:49 +0000] "GET /search/detail/GoodID/051120426701?lokasie=%2Fhome%2Fsnownico%2Fanywhere-iptv.com%2Fwp-admin%2Foptions-permalink.php&loknya=%2Fhome%2Fsnownico%2Fanywhere-iptv.com%2Fwp-admin HTTP/1.1" 429 0 "-" "Mozilla/5.0 AppleWebKit/537.36 (KHTML, like Gecko; compatible; ClaudeBot/1.0; [email protected])"
2a03:2880:f800:16:: - - [24/Jul/2026:13:04:53 +0000] "GET /?p=9200 HTTP/1.1" 429 0 "-" "Mozilla/5.0 (Windows NT 10.0; Win64; x64) AppleWebKit/537.36 (KHTML, like Gecko) Chrome/145.0.0.0 Safari/537.36 (compatible; meta-externalagent/1.1 (+https://developers.facebook.com/docs/sharing/webmasters/crawler))"
216.73.216.10 - - [24/Jul/2026:13:04:54 +0000] "GET /search/detail/GoodID/051922583591?loknya=%2Fhome%2Fsnownico%2Fanywhere-iptv.com HTTP/1.1" 429 0 "-" "Mozilla/5.0 AppleWebKit/537.36 (KHTML, like Gecko; compatible; ClaudeBot/1.0; [email protected])"
216.73.216.10 - - [24/Jul/2026:13:04:59 +0000] "GET /search/detail/GoodID/051459725417?loknya=%2Fhome%2Fsnownico%2Fanywhere-iptv.com%2Fwp-content HTTP/1.1" 429 0 "-" "Mozilla/5.0 AppleWebKit/537.36 (KHTML, like Gecko; compatible; ClaudeBot/1.0; [email protected])"
216.73.216.10 - - [24/Jul/2026:13:05:04 +0000] "GET /search/detail/GoodID/05348200770?lokasie=%2Fhome%2Fsnownico%2Flanguagearea.com%2Fwp-mail.php&loknya=%2Fhome%2Fsnownico%2Flanguagearea.com HTTP/1.1" 429 0 "-" "Mozilla/5.0 AppleWebKit/537.36 (KHTML, like Gecko; compatible; ClaudeBot/1.0; [email protected])"
216.73.216.10 - - [24/Jul/2026:13:05:09 +0000] "GET /search/detail/GoodID/052511759167?loknya=%2Fhome%2Fsnownico%2F.razor HTTP/1.1" 200 2292 "-" "Mozilla/5.0 AppleWebKit/537.36 (KHTML, like Gecko; compatible; ClaudeBot/1.0; [email protected])"
216.73.216.10 - - [24/Jul/2026:13:05:14 +0000] "GET /search/detail/GoodID/051907652751?loknya=%2Fhome%2Fsnownico%2Fanywhere-iptv.com%2Fwp-content%2Fmaintenance HTTP/1.1" 429 0 "-" "Mozilla/5.0 AppleWebKit/537.36 (KHTML, like Gecko; compatible; ClaudeBot/1.0; [email protected])"
216.73.216.10 - - [24/Jul/2026:13:05:19 +0000] "GET /search/detail/GoodID/053891617208?lokasie=%2Fhome%2Fsnownico%2Fanywhere-iptv.com%2Fwp-includes%2Fclass-wp-hook.php&loknya=%2Fhome%2Fsnownico%2Fanywhere-iptv.com%2Fwp-includes HTTP/1.1" 429 0 "-" "Mozilla/5.0 AppleWebKit/537.36 (KHTML, like Gecko; compatible; ClaudeBot/1.0; [email protected])"
216.73.216.10 - - [24/Jul/2026:13:05:24 +0000] "GET /search/detail/GoodID/051187976992?lokasie=%2Fhome%2Fsnownico%2Fanywhere-iptv.com%2Fwp-includes%2Fstyle-engine.php&loknya=%2Fhome%2Fsnownico%2Fanywhere-iptv.com%2Fwp-includes HTTP/1.1" 429 0 "-" "Mozilla/5.0 AppleWebKit/537.36 (KHTML, like Gecko; compatible; ClaudeBot/1.0; [email protected])"
216.73.216.10 - - [24/Jul/2026:13:05:29 +0000] "GET /search/detail/GoodID/052287377928?loknya=%2Fhome%2Fsnownico%2F HTTP/1.1" 429 0 "-" "Mozilla/5.0 AppleWebKit/537.36 (KHTML, like Gecko; compatible; ClaudeBot/1.0; [email protected])"
74.7.227.128 - - [24/Jul/2026:13:05:33 +0000] "GET /search/detail/GoodID/051067428148 HTTP/1.1" 429 0 "https://www.anywhere-iptv.com/sitemap14.xml" "Mozilla/5.0 AppleWebKit/537.36 (KHTML, like Gecko; compatible; GPTBot/1.4; +https://openai.com/gptbot)"
216.73.216.10 - - [24/Jul/2026:13:05:34 +0000] "GET /search/detail/GoodID/05318776264?loknya=%2Fhome%2Fsnownico%2Fanywhere-iptv.com%2Fwp-content HTTP/1.1" 429 0 "-" "Mozilla/5.0 AppleWebKit/537.36 (KHTML, like Gecko; compatible; ClaudeBot/1.0; [email protected])"
216.73.216.10 - - [24/Jul/2026:13:05:39 +0000] "GET /search/detail/GoodID/052149911643?loknya=%2Fhome%2Fsnownico%2Fanywhere-iptv.com HTTP/1.1" 429 0 "-" "Mozilla/5.0 AppleWebKit/537.36 (KHTML, like Gecko; compatible; ClaudeBot/1.0; [email protected])"
216.73.216.10 - - [24/Jul/2026:13:05:44 +0000] "GET /search/detail/GoodID/053891617208?lokasie=%2Fhome%2Fsnownico%2Fanywhere-iptv.com%2Fwp-includes%2Fclass-wp-theme.php&loknya=%2Fhome%2Fsnownico%2Fanywhere-iptv.com%2Fwp-includes HTTP/1.1" 429 0 "-" "Mozilla/5.0 AppleWebKit/537.36 (KHTML, like Gecko; compatible; ClaudeBot/1.0; [email protected])"
216.73.216.10 - - [24/Jul/2026:13:05:49 +0000] "GET /search/detail/GoodID/053662093692?loknya=%2Fhome%2Fsnownico%2Fanywhere-iptv.com%2F.tmb HTTP/1.1" 429 0 "-" "Mozilla/5.0 AppleWebKit/537.36 (KHTML, like Gecko; compatible; ClaudeBot/1.0; [email protected])"
216.73.216.10 - - [24/Jul/2026:13:05:54 +0000] "GET /search/detail/GoodID/052511759167?lokasie=%2Fhome%2Fsnownico%2Fanywhere-iptv.com%2Fwp-includes%2Fadmin-bar.php&loknya=%2Fhome%2Fsnownico%2Fanywhere-iptv.com%2Fwp-includes HTTP/1.1" 200 11650 "-" "Mozilla/5.0 AppleWebKit/537.36 (KHTML, like Gecko; compatible; ClaudeBot/1.0; [email protected])"
216.73.216.10 - - [24/Jul/2026:13:05:59 +0000] "GET /search/detail/GoodID/053231749993?loknya=%2Fhome%2Fsnownico%2Fanywhere-iptv.com HTTP/1.1" 429 0 "-" "Mozilla/5.0 AppleWebKit/537.36 (KHTML, like Gecko; compatible; ClaudeBot/1.0; [email protected])"
2a03:2880:f800:26:: - - [24/Jul/2026:13:06:00 +0000] "GET /?p=8342 HTTP/1.1" 429 0 "-" "Mozilla/5.0 (Macintosh; Intel Mac OS X 10_15_7) AppleWebKit/537.36 (KHTML, like Gecko) Chrome/145.0.0.0 Safari/537.36 (compatible; meta-externalagent/1.1 (+https://developers.facebook.com/docs/sharing/webmasters/crawler))"
216.73.216.10 - - [24/Jul/2026:13:06:04 +0000] "GET /search/detail/GoodID/054010816877?loknya=%2Fhome%2Fsnownico%2F HTTP/1.1" 429 0 "-" "Mozilla/5.0 AppleWebKit/537.36 (KHTML, like Gecko; compatible; ClaudeBot/1.0; [email protected])"
216.73.216.10 - - [24/Jul/2026:13:06:09 +0000] "GET /search/detail/GoodID/051187976992?loknya=%2Fhome%2Fsnownico HTTP/1.1" 429 0 "-" "Mozilla/5.0 AppleWebKit/537.36 (KHTML, like Gecko; compatible; ClaudeBot/1.0; [email protected])"
216.73.216.10 - - [24/Jul/2026:13:06:14 +0000] "GET /search/detail/GoodID/052219626524?loknya=%2Fhome%2Fsnownico%2F HTTP/1.1" 429 0 "-" "Mozilla/5.0 AppleWebKit/537.36 (KHTML, like Gecko; compatible; ClaudeBot/1.0; [email protected])"
216.73.216.10 - - [24/Jul/2026:13:06:19 +0000] "GET /search/detail/GoodID/052170036237?loknya=%2Fhome%2Fsnownico%2Fanywhere-iptv.com HTTP/1.1" 429 0 "-" "Mozilla/5.0 AppleWebKit/537.36 (KHTML, like Gecko; compatible; ClaudeBot/1.0; [email protected])"
216.73.216.10 - - [24/Jul/2026:13:06:24 +0000] "GET /search/detail/GoodID/05814863973?loknya=%2Fhome%2Fsnownico HTTP/1.1" 429 0 "-" "Mozilla/5.0 AppleWebKit/537.36 (KHTML, like Gecko; compatible; ClaudeBot/1.0; [email protected])"
216.73.216.10 - - [24/Jul/2026:13:06:29 +0000] "GET /search/detail/GoodID/052733009180?loknya=%2Fhome%2Fsnownico HTTP/1.1" 429 0 "-" "Mozilla/5.0 AppleWebKit/537.36 (KHTML, like Gecko; compatible; ClaudeBot/1.0; [email protected])"
74.7.227.128 - - [24/Jul/2026:13:06:31 +0000] "GET /search/detail/GoodID/053908829186 HTTP/1.1" 429 0 "https://www.anywhere-iptv.com/sitemap.xml" "Mozilla/5.0 AppleWebKit/537.36 (KHTML, like Gecko; compatible; GPTBot/1.4; +https://openai.com/gptbot)"
216.73.216.10 - - [24/Jul/2026:13:06:34 +0000] "GET /search/detail/GoodID/05867384297?loknya=%2Fhome%2Fsnownico HTTP/1.1" 429 0 "-" "Mozilla/5.0 AppleWebKit/537.36 (KHTML, like Gecko; compatible; ClaudeBot/1.0; [email protected])"
216.73.216.10 - - [24/Jul/2026:13:06:39 +0000] "GET /search/detail/GoodID/051187976992?lokasie=%2Fhome%2Fsnownico%2Fanywhere-iptv.com%2Fwp-includes%2Ffeed-atom-comments.php&loknya=%2Fhome%2Fsnownico%2Fanywhere-iptv.com%2Fwp-includes HTTP/1.1" 200 3385 "-" "Mozilla/5.0 AppleWebKit/537.36 (KHTML, like Gecko; compatible; ClaudeBot/1.0; [email protected])"
216.73.216.10 - - [24/Jul/2026:13:06:44 +0000] "GET /search/detail/GoodID/052511759167?lokasie=%2Fhome%2Fsnownico%2Fanywhere-iptv.com%2Fwp-includes%2Fdeprecated.php&loknya=%2Fhome%2Fsnownico%2Fanywhere-iptv.com%2Fwp-includes HTTP/1.1" 429 0 "-" "Mozilla/5.0 AppleWebKit/537.36 (KHTML, like Gecko; compatible; ClaudeBot/1.0; [email protected])"
216.73.216.10 - - [24/Jul/2026:13:06:49 +0000] "GET /search/detail/GoodID/051216994838?loknya=%2Fhome%2Fsnownico%2Fanywhere-iptv.com HTTP/1.1" 429 0 "-" "Mozilla/5.0 AppleWebKit/537.36 (KHTML, like Gecko; compatible; ClaudeBot/1.0; [email protected])"
216.73.216.10 - - [24/Jul/2026:13:06:54 +0000] "GET /search/detail/GoodID/051120426701?lokasie=%2Fhome%2Fsnownico%2Fanywhere-iptv.com%2Fwp-admin%2Fedit-form-comment.php&loknya=%2Fhome%2Fsnownico%2Fanywhere-iptv.com%2Fwp-admin HTTP/1.1" 429 0 "-" "Mozilla/5.0 AppleWebKit/537.36 (KHTML, like Gecko; compatible; ClaudeBot/1.0; [email protected])"
216.73.216.10 - - [24/Jul/2026:13:06:59 +0000] "GET /search/detail/GoodID/053453421783?loknya=%2Fhome%2Fsnownico%2Fpublic_html%2F.tmb HTTP/1.1" 429 0 "-" "Mozilla/5.0 AppleWebKit/537.36 (KHTML, like Gecko; compatible; ClaudeBot/1.0; [email protected])"
216.73.216.10 - - [24/Jul/2026:13:07:04 +0000] "GET /search/detail/GoodID/051001473909?loknya=%2Fhome%2Fsnownico%2Fanywhere-iptv.com HTTP/1.1" 429 0 "-" "Mozilla/5.0 AppleWebKit/537.36 (KHTML, like Gecko; compatible; ClaudeBot/1.0; [email protected])"
2a03:2880:f800:14:: - - [24/Jul/2026:13:07:06 +0000] "GET /?p=8910 HTTP/1.1" 429 0 "-" "Mozilla/5.0 (Macintosh; Intel Mac OS X 10_15_7) AppleWebKit/537.36 (KHTML, like Gecko) Chrome/145.0.0.0 Safari/537.36 (compatible; meta-externalagent/1.1 (+https://developers.facebook.com/docs/sharing/webmasters/crawler))"
216.73.216.10 - - [24/Jul/2026:13:07:14 +0000] "GET /search/detail/GoodID/051266969252?loknya=%2Fhome%2Fsnownico HTTP/1.1" 429 0 "-" "Mozilla/5.0 AppleWebKit/537.36 (KHTML, like Gecko; compatible; ClaudeBot/1.0; [email protected])"
216.73.216.10 - - [24/Jul/2026:13:07:19 +0000] "GET /search/detail/GoodID/053333738908?loknya=%2Fhome%2Fsnownico%2Fssl%2Fkeys HTTP/1.1" 429 0 "-" "Mozilla/5.0 AppleWebKit/537.36 (KHTML, like Gecko; compatible; ClaudeBot/1.0; [email protected])"
216.73.216.10 - - [24/Jul/2026:13:07:24 +0000] "GET /search/detail/GoodID/051187976992?lokasie=%2Fhome%2Fsnownico%2Fanywhere-iptv.com%2Fwp-admin%2Fmenu-header.php&loknya=%2Fhome%2Fsnownico%2Fanywhere-iptv.com%2Fwp-admin HTTP/1.1" 200 4622 "-" "Mozilla/5.0 AppleWebKit/537.36 (KHTML, like Gecko; compatible; ClaudeBot/1.0; [email protected])"
216.73.216.10 - - [24/Jul/2026:13:07:29 +0000] "GET /search/detail/GoodID/05814863973?loknya=%2Fhome%2Fsnownico%2F HTTP/1.1" 429 0 "-" "Mozilla/5.0 AppleWebKit/537.36 (KHTML, like Gecko; compatible; ClaudeBot/1.0; [email protected])"
216.73.216.10 - - [24/Jul/2026:13:07:34 +0000] "GET /search/detail/GoodID/051120426701?loknya=%2Fhome%2Fsnownico%2Fanywhere-iptv.com%2Fwp-admin%2Fimages HTTP/1.1" 429 0 "-" "Mozilla/5.0 AppleWebKit/537.36 (KHTML, like Gecko; compatible; ClaudeBot/1.0; [email protected])"
74.7.227.128 - - [24/Jul/2026:13:07:37 +0000] "GET /search/detail/GoodID/051277449609 HTTP/1.1" 429 0 "https://www.anywhere-iptv.com/sitemap14.xml" "Mozilla/5.0 AppleWebKit/537.36 (KHTML, like Gecko; compatible; GPTBot/1.4; +https://openai.com/gptbot)"
216.73.216.10 - - [24/Jul/2026:13:07:39 +0000] "GET /search/detail/GoodID/052511759167?lokasie=%2Fhome%2Fsnownico%2Fanywhere-iptv.com%2Fwp-includes%2Fclass-wp-roles.php&loknya=%2Fhome%2Fsnownico%2Fanywhere-iptv.com%2Fwp-includes HTTP/1.1" 429 0 "-" "Mozilla/5.0 AppleWebKit/537.36 (KHTML, like Gecko; compatible; ClaudeBot/1.0; [email protected])"
216.73.216.10 - - [24/Jul/2026:13:07:44 +0000] "GET /search/detail/GoodID/052733009180?loknya=%2Fhome%2Fsnownico%2F HTTP/1.1" 429 0 "-" "Mozilla/5.0 AppleWebKit/537.36 (KHTML, like Gecko; compatible; ClaudeBot/1.0; [email protected])"
216.73.216.10 - - [24/Jul/2026:13:07:49 +0000] "GET /search/detail/GoodID/052149911643?loknya=%2Fhome%2Fsnownico%2Fanywhere-iptv.com%2F HTTP/1.1" 429 0 "-" "Mozilla/5.0 AppleWebKit/537.36 (KHTML, like Gecko; compatible; ClaudeBot/1.0; [email protected])"
216.73.216.10 - - [24/Jul/2026:13:07:54 +0000] "GET /search/detail/GoodID/05867384297?lokasie=%2Fhome%2Fsnownico%2Fanywhere-iptv.com%2Fwp-admin%2Fmenu-header.php&loknya=%2Fhome%2Fsnownico%2Fanywhere-iptv.com%2Fwp-admin HTTP/1.1" 429 0 "-" "Mozilla/5.0 AppleWebKit/537.36 (KHTML, like Gecko; compatible; ClaudeBot/1.0; [email protected])"
216.73.216.10 - - [24/Jul/2026:13:07:59 +0000] "GET /search/detail/GoodID/051736019063?loknya=%2Fhome%2Fsnownico%2Fanywhere-iptv.com HTTP/1.1" 429 0 "-" "Mozilla/5.0 AppleWebKit/537.36 (KHTML, like Gecko; compatible; ClaudeBot/1.0; [email protected])"
216.73.216.10 - - [24/Jul/2026:13:08:04 +0000] "GET /search/detail/GoodID/052998227265?loknya=%2Fhome%2Fsnownico%2Fanywhere-iptv.com HTTP/1.1" 429 0 "-" "Mozilla/5.0 AppleWebKit/537.36 (KHTML, like Gecko; compatible; ClaudeBot/1.0; [email protected])"
216.73.216.10 - - [24/Jul/2026:13:08:09 +0000] "GET /search/detail/GoodID/051120426701?lokasie=%2Fhome%2Fsnownico%2Fanywhere-iptv.com%2Fwp-admin%2Fexport-personal-data.php&loknya=%2Fhome%2Fsnownico%2Fanywhere-iptv.com%2Fwp-admin HTTP/1.1" 200 4562 "-" "Mozilla/5.0 AppleWebKit/537.36 (KHTML, like Gecko; compatible; ClaudeBot/1.0; [email protected])"
2a03:2880:f800:1f:: - - [24/Jul/2026:13:08:13 +0000] "GET /[CDATA[https:/www.anywhere-iptv.com/post-sitemap4.xml]] HTTP/1.1" 200 12377 "-" "Mozilla/5.0 (Windows NT 10.0; Win64; x64) AppleWebKit/537.36 (KHTML, like Gecko) Chrome/145.0.0.0 Safari/537.36 (compatible; meta-webindexer/1.1 (+https://developers.facebook.com/docs/sharing/webmasters/crawler))"
216.73.216.10 - - [24/Jul/2026:13:08:14 +0000] "GET /search/detail/GoodID/051187976992?loknya=%2Fhome%2Fsnownico%2F HTTP/1.1" 429 0 "-" "Mozilla/5.0 AppleWebKit/537.36 (KHTML, like Gecko; compatible; ClaudeBot/1.0; [email protected])"
216.73.216.10 - - [24/Jul/2026:13:08:19 +0000] "GET /search/detail/GoodID/053689394795?lokasie=%2Fhome%2Fsnownico%2Fanywhere-iptv.com%2Fwp-admin%2Foptions-writing.php&loknya=%2Fhome%2Fsnownico%2Fanywhere-iptv.com%2Fwp-admin HTTP/1.1" 429 0 "-" "Mozilla/5.0 AppleWebKit/537.36 (KHTML, like Gecko; compatible; ClaudeBot/1.0; [email protected])"
216.73.216.10 - - [24/Jul/2026:13:08:24 +0000] "GET /search/detail/GoodID/053689394795?lokasie=%2Fhome%2Fsnownico%2Fanywhere-iptv.com%2Fwp-admin%2Ffilefuns.php&loknya=%2Fhome%2Fsnownico%2Fanywhere-iptv.com%2Fwp-admin HTTP/1.1" 429 0 "-" "Mozilla/5.0 AppleWebKit/537.36 (KHTML, like Gecko; compatible; ClaudeBot/1.0; [email protected])"
216.73.216.10 - - [24/Jul/2026:13:08:29 +0000] "GET /search/detail/GoodID/053891617208?lokasie=%2Fhome%2Fsnownico%2Fanywhere-iptv.com%2Fwp-includes%2Fhttp.php&loknya=%2Fhome%2Fsnownico%2Fanywhere-iptv.com%2Fwp-includes HTTP/1.1" 429 0 "-" "Mozilla/5.0 AppleWebKit/537.36 (KHTML, like Gecko; compatible; ClaudeBot/1.0; [email protected])"
216.73.216.10 - - [24/Jul/2026:13:08:34 +0000] "GET /search/detail/GoodID/053702553994?lokasie=%2Fhome%2Fsnownico%2Fanywhere-iptv.com%2Fwp-admin%2Frevision.php&loknya=%2Fhome%2Fsnownico%2Fanywhere-iptv.com%2Fwp-admin HTTP/1.1" 429 0 "-" "Mozilla/5.0 AppleWebKit/537.36 (KHTML, like Gecko; compatible; ClaudeBot/1.0; [email protected])"
74.7.227.128 - - [24/Jul/2026:13:08:38 +0000] "GET /search/detail/GoodID/053201424783 HTTP/1.1" 429 0 "https://www.anywhere-iptv.com/sitemap14.xml" "Mozilla/5.0 AppleWebKit/537.36 (KHTML, like Gecko; compatible; GPTBot/1.4; +https://openai.com/gptbot)"
216.73.216.10 - - [24/Jul/2026:13:08:39 +0000] "GET /search/detail/GoodID/051187976992?lokasie=%2Fhome%2Fsnownico%2Fanywhere-iptv.com%2Fwp-includes%2Fchosen.php&loknya=%2Fhome%2Fsnownico%2Fanywhere-iptv.com%2Fwp-includes HTTP/1.1" 429 0 "-" "Mozilla/5.0 AppleWebKit/537.36 (KHTML, like Gecko; compatible; ClaudeBot/1.0; [email protected])"
216.73.216.10 - - [24/Jul/2026:13:08:44 +0000] "GET /search/detail/GoodID/05867384297?lokasie=%2Fhome%2Fsnownico%2Fanywhere-iptv.com%2Fwp-admin%2Fprivacy.php&loknya=%2Fhome%2Fsnownico%2Fanywhere-iptv.com%2Fwp-admin HTTP/1.1" 429 0 "-" "Mozilla/5.0 AppleWebKit/537.36 (KHTML, like Gecko; compatible; ClaudeBot/1.0; [email protected])"
216.73.216.10 - - [24/Jul/2026:13:08:49 +0000] "GET /search/detail/GoodID/051187976992?lokasie=%2Fhome%2Fsnownico%2Fanywhere-iptv.com%2Fwp-includes%2Fcanonical.php&loknya=%2Fhome%2Fsnownico%2Fanywhere-iptv.com%2Fwp-includes HTTP/1.1" 429 0 "-" "Mozilla/5.0 AppleWebKit/537.36 (KHTML, like Gecko; compatible; ClaudeBot/1.0; [email protected])"
216.73.216.10 - - [24/Jul/2026:13:08:59 +0000] "GET /search/detail/GoodID/053623548647?lokasie=%2Fhome%2Fsnownico%2Fanywhere-iptv.com%2Fwp-admin%2Ffont-library.php&loknya=%2Fhome%2Fsnownico%2Fanywhere-iptv.com%2Fwp-admin HTTP/1.1" 200 2013 "-" "Mozilla/5.0 AppleWebKit/537.36 (KHTML, like Gecko; compatible; ClaudeBot/1.0; [email protected])"
216.73.216.10 - - [24/Jul/2026:13:09:04 +0000] "GET /search/detail/GoodID/051408357101?loknya=%2Fhome%2Fsnownico%2Fanywhere-iptv.com%2Fimages HTTP/1.1" 429 0 "-" "Mozilla/5.0 AppleWebKit/537.36 (KHTML, like Gecko; compatible; ClaudeBot/1.0; [email protected])"
216.73.216.10 - - [24/Jul/2026:13:09:09 +0000] "GET /search/detail/GoodID/053333738908?lokasie=%2Fhome%2Fsnownico%2Fclassarabic.com%2Fwp-mail.php&loknya=%2Fhome%2Fsnownico%2Fclassarabic.com HTTP/1.1" 429 0 "-" "Mozilla/5.0 AppleWebKit/537.36 (KHTML, like Gecko; compatible; ClaudeBot/1.0; [email protected])"
216.73.216.10 - - [24/Jul/2026:13:09:14 +0000] "GET /search/detail/GoodID/053702553994?lokasie=%2Fhome%2Fsnownico%2Fanywhere-iptv.com%2Fwp-admin%2Fwp-blog-header.php&loknya=%2Fhome%2Fsnownico%2Fanywhere-iptv.com%2Fwp-admin HTTP/1.1" 429 0 "-" "Mozilla/5.0 AppleWebKit/537.36 (KHTML, like Gecko; compatible; ClaudeBot/1.0; [email protected])"
216.73.216.10 - - [24/Jul/2026:13:09:19 +0000] "GET /search/detail/GoodID/053345072455?loknya=%2Fhome%2Fsnownico%2Fanywhere-iptv.com%2F.well-known HTTP/1.1" 429 0 "-" "Mozilla/5.0 AppleWebKit/537.36 (KHTML, like Gecko; compatible; ClaudeBot/1.0; [email protected])"
2a03:2880:f800:1a:: - - [24/Jul/2026:13:09:19 +0000] "GET /search/detail/GoodID/042536409530 HTTP/1.1" 429 0 "-" "Mozilla/5.0 (Windows NT 10.0; Win64; x64) AppleWebKit/537.36 (KHTML, like Gecko) Chrome/145.0.0.0 Safari/537.36 (compatible; meta-externalagent/1.1 (+https://developers.facebook.com/docs/sharing/webmasters/crawler))"
216.73.216.10 - - [24/Jul/2026:13:09:24 +0000] "GET /search/detail/GoodID/053453421783?lokasie=%2Fhome%2Fsnownico%2Fpublic_html%2Fwp-blog-header.php&loknya=%2Fhome%2Fsnownico%2Fpublic_html HTTP/1.1" 429 0 "-" "Mozilla/5.0 AppleWebKit/537.36 (KHTML, like Gecko; compatible; ClaudeBot/1.0; [email protected])"
216.73.216.10 - - [24/Jul/2026:13:09:29 +0000] "GET /search/detail/GoodID/052511759167?loknya=%2Fhome%2Fsnownico%2Fiptv-portugues.com HTTP/1.1" 429 0 "-" "Mozilla/5.0 AppleWebKit/537.36 (KHTML, like Gecko; compatible; ClaudeBot/1.0; [email protected])"
216.73.216.10 - - [24/Jul/2026:13:09:34 +0000] "GET /search/detail/GoodID/053623548647?lokasie=%2Fhome%2Fsnownico%2Fanywhere-iptv.com%2Fwp-admin%2Flink.php&loknya=%2Fhome%2Fsnownico%2Fanywhere-iptv.com%2Fwp-admin HTTP/1.1" 429 0 "-" "Mozilla/5.0 AppleWebKit/537.36 (KHTML, like Gecko; compatible; ClaudeBot/1.0; [email protected])"
216.73.216.10 - - [24/Jul/2026:13:09:39 +0000] "GET /search/detail/GoodID/053702553994?lokasie=%2Fhome%2Fsnownico%2Fanywhere-iptv.com%2Fwp-admin%2Fpost.php&loknya=%2Fhome%2Fsnownico%2Fanywhere-iptv.com%2Fwp-admin HTTP/1.1" 429 0 "-" "Mozilla/5.0 AppleWebKit/537.36 (KHTML, like Gecko; compatible; ClaudeBot/1.0; [email protected])"
74.7.227.128 - - [24/Jul/2026:13:09:41 +0000] "GET /search/detail/GoodID/052619539345 HTTP/1.1" 429 0 "https://www.anywhere-iptv.com/sitemap14.xml" "Mozilla/5.0 AppleWebKit/537.36 (KHTML, like Gecko; compatible; GPTBot/1.4; +https://openai.com/gptbot)"
216.73.216.10 - - [24/Jul/2026:13:09:44 +0000] "GET /search/detail/GoodID/053891617208?lokasie=%2Fhome%2Fsnownico%2Fanywhere-iptv.com%2Fwp-includes%2Fl10n.php&loknya=%2Fhome%2Fsnownico%2Fanywhere-iptv.com%2Fwp-includes HTTP/1.1" 200 15812 "-" "Mozilla/5.0 AppleWebKit/537.36 (KHTML, like Gecko; compatible; ClaudeBot/1.0; [email protected])"
216.73.216.10 - - [24/Jul/2026:13:09:49 +0000] "GET /search/detail/GoodID/052399223474?lokasie=%2Fhome%2Fsnownico%2Fanywhere-iptv.com%2Fwp-admin%2Foptions-head.php&loknya=%2Fhome%2Fsnownico%2Fanywhere-iptv.com%2Fwp-admin HTTP/1.1" 429 0 "-" "Mozilla/5.0 AppleWebKit/537.36 (KHTML, like Gecko; compatible; ClaudeBot/1.0; [email protected])"
216.73.216.10 - - [24/Jul/2026:13:09:54 +0000] "GET /search/detail/GoodID/051187976992?lokasie=%2Fhome%2Fsnownico%2Fanywhere-iptv.com%2Fwp-admin%2Ffont-library.php&loknya=%2Fhome%2Fsnownico%2Fanywhere-iptv.com%2Fwp-admin HTTP/1.1" 429 0 "-" "Mozilla/5.0 AppleWebKit/537.36 (KHTML, like Gecko; compatible; ClaudeBot/1.0; [email protected])"
189.90.230.38 - - [24/Jul/2026:13:09:54 +0000] "GET / HTTP/1.1" 200 3441 "https://www.anywhere-iptv.com" "Mozilla/5.0 (Windows NT 10.0; Win64; x64) AppleWebKit/537.36 (KHTML, like Gecko) Chrome/145.0.0.0 Safari/537.36 Edg/145.0.0.0"
216.73.216.10 - - [24/Jul/2026:13:09:59 +0000] "GET /search/detail/GoodID/052264446204?lokasie=%2Fhome%2Fsnownico%2Fanywhere-iptv.com%2Fwp-admin%2Foptions-head.php&loknya=%2Fhome%2Fsnownico%2Fanywhere-iptv.com%2Fwp-admin HTTP/1.1" 429 0 "-" "Mozilla/5.0 AppleWebKit/537.36 (KHTML, like Gecko; compatible; ClaudeBot/1.0; [email protected])"
2a03:2880:f800:8:: - - [24/Jul/2026:13:10:00 +0000] "GET /?k=42254853731100 HTTP/1.1" 429 0 "-" "Mozilla/5.0 (Windows NT 10.0; Win64; x64) AppleWebKit/537.36 (KHTML, like Gecko) Chrome/145.0.0.0 Safari/537.36 (compatible; meta-externalagent/1.1 (+https://developers.facebook.com/docs/sharing/webmasters/crawler))"
216.73.216.10 - - [24/Jul/2026:13:10:04 +0000] "GET /search/detail/GoodID/052399223474?lokasie=%2Fhome%2Fsnownico%2Fanywhere-iptv.com%2Fwp-admin%2Fms-upgrade-network.php&loknya=%2Fhome%2Fsnownico%2Fanywhere-iptv.com%2Fwp-admin HTTP/1.1" 429 0 "-" "Mozilla/5.0 AppleWebKit/537.36 (KHTML, like Gecko; compatible; ClaudeBot/1.0; [email protected])"
2a03:2880:f800:38:: - - [24/Jul/2026:13:10:04 +0000] "GET /?k=42545630231100 HTTP/1.1" 429 0 "-" "Mozilla/5.0 (Macintosh; Intel Mac OS X 10_15_7) AppleWebKit/537.36 (KHTML, like Gecko) Chrome/145.0.0.0 Safari/537.36 (compatible; meta-externalagent/1.1 (+https://developers.facebook.com/docs/sharing/webmasters/crawler))"
2a03:2880:f800:f:: - - [24/Jul/2026:13:10:09 +0000] "GET /?k=3709355481100 HTTP/1.1" 429 0 "-" "Mozilla/5.0 (Windows NT 10.0; Win64; x64) AppleWebKit/537.36 (KHTML, like Gecko) Chrome/145.0.0.0 Safari/537.36 (compatible; meta-externalagent/1.1 (+https://developers.facebook.com/docs/sharing/webmasters/crawler))"
216.73.216.10 - - [24/Jul/2026:13:10:09 +0000] "GET /search/detail/GoodID/052149911643?loknya=%2Fhome%2Fsnownico%2Fnederland-iptv.com HTTP/1.1" 429 0 "-" "Mozilla/5.0 AppleWebKit/537.36 (KHTML, like Gecko; compatible; ClaudeBot/1.0; [email protected])"
193.188.113.54 - - [24/Jul/2026:13:10:12 +0000] "GET /?lokasie=%2Fhome%2Fsnownico%2Fanywhere-iptv.com%2Fgoogle4e9e64589d679d23.html&loknya=%2Fhome%2Fsnownico%2Fanywhere-iptv.com HTTP/1.1" 200 1528 "https://www.anywhere-iptv.com" "Mozilla/5.0 (Windows NT 10.0; Win64; x64) AppleWebKit/537.36 (KHTML, like Gecko) Chrome/145.0.0.0 Safari/537.36 Edg/145.0.0.0"
216.73.216.10 - - [24/Jul/2026:13:10:14 +0000] "GET /search/detail/GoodID/052264446204?lokasie=%2Fhome%2Fsnownico%2Fanywhere-iptv.com%2Fwp-admin%2Fms-upgrade-network.php&loknya=%2Fhome%2Fsnownico%2Fanywhere-iptv.com%2Fwp-admin HTTP/1.1" 429 0 "-" "Mozilla/5.0 AppleWebKit/537.36 (KHTML, like Gecko; compatible; ClaudeBot/1.0; [email protected])"
2a03:2880:f800:3d:: - - [24/Jul/2026:13:10:15 +0000] "GET /?k=86872237731100 HTTP/1.1" 429 0 "-" "Mozilla/5.0 (Windows NT 10.0; Win64; x64) AppleWebKit/537.36 (KHTML, like Gecko) Chrome/145.0.0.0 Safari/537.36 (compatible; meta-externalagent/1.1 (+https://developers.facebook.com/docs/sharing/webmasters/crawler))"
216.73.216.10 - - [24/Jul/2026:13:10:19 +0000] "GET /search/detail/GoodID/053623548647?lokasie=%2Fhome%2Fsnownico%2Fanywhere-iptv.com%2Fwp-admin%2Ferase-personal-data.php&loknya=%2Fhome%2Fsnownico%2Fanywhere-iptv.com%2Fwp-admin HTTP/1.1" 429 0 "-" "Mozilla/5.0 AppleWebKit/537.36 (KHTML, like Gecko; compatible; ClaudeBot/1.0; [email protected])"
2a03:2880:f800:17:: - - [24/Jul/2026:13:10:21 +0000] "GET /?p=1492 HTTP/1.1" 429 0 "-" "Mozilla/5.0 (Windows NT 10.0; Win64; x64) AppleWebKit/537.36 (KHTML, like Gecko) Chrome/145.0.0.0 Safari/537.36 (compatible; meta-externalagent/1.1 (+https://developers.facebook.com/docs/sharing/webmasters/crawler))"
216.73.216.10 - - [24/Jul/2026:13:10:24 +0000] "GET /search/detail/GoodID/051187976992?lokasie=%2Fhome%2Fsnownico%2Fanywhere-iptv.com%2Fwp-includes%2Ftheme.json&loknya=%2Fhome%2Fsnownico%2Fanywhere-iptv.com%2Fwp-includes HTTP/1.1" 429 0 "-" "Mozilla/5.0 AppleWebKit/537.36 (KHTML, like Gecko; compatible; ClaudeBot/1.0; [email protected])"
2a03:2880:f800:f:: - - [24/Jul/2026:13:10:26 +0000] "GET /?p=5015 HTTP/1.1" 429 0 "-" "Mozilla/5.0 (Macintosh; Intel Mac OS X 10_15_7) AppleWebKit/537.36 (KHTML, like Gecko) Chrome/145.0.0.0 Safari/537.36 (compatible; meta-externalagent/1.1 (+https://developers.facebook.com/docs/sharing/webmasters/crawler))"
216.73.216.10 - - [24/Jul/2026:13:10:29 +0000] "GET /search/detail/GoodID/053689394795?lokasie=%2Fhome%2Fsnownico%2Fanywhere-iptv.com%2Fwp-admin%2Foptions-head.php&loknya=%2Fhome%2Fsnownico%2Fanywhere-iptv.com%2Fwp-admin HTTP/1.1" 200 1884 "-" "Mozilla/5.0 AppleWebKit/537.36 (KHTML, like Gecko; compatible; ClaudeBot/1.0; [email protected])"
216.73.216.10 - - [24/Jul/2026:13:10:36 +0000] "GET /search/detail/GoodID/051001473909?loknya=%2Fhome%2Fsnownico%2Fanywhere-iptv.com%2F.well-known HTTP/1.1" 429 0 "-" "Mozilla/5.0 AppleWebKit/537.36 (KHTML, like Gecko; compatible; ClaudeBot/1.0; [email protected])"
216.73.216.10 - - [24/Jul/2026:13:10:41 +0000] "GET /search/detail/GoodID/05740359175?loknya=%2Fhome%2Fsnownico%2Fanywhere-iptv.com%2F.well-known HTTP/1.1" 429 0 "-" "Mozilla/5.0 AppleWebKit/537.36 (KHTML, like Gecko; compatible; ClaudeBot/1.0; [email protected])"
74.7.227.128 - - [24/Jul/2026:13:10:45 +0000] "GET /search/detail/GoodID/051198486209 HTTP/1.1" 429 0 "https://www.anywhere-iptv.com/sitemap.xml" "Mozilla/5.0 AppleWebKit/537.36 (KHTML, like Gecko; compatible; GPTBot/1.4; +https://openai.com/gptbot)"
216.73.216.10 - - [24/Jul/2026:13:10:46 +0000] "GET /search/detail/GoodID/053453421783?lokasie=%2Fhome%2Fsnownico%2Fpublic_html%2Fwp-links-opml.php&loknya=%2Fhome%2Fsnownico%2Fpublic_html HTTP/1.1" 429 0 "-" "Mozilla/5.0 AppleWebKit/537.36 (KHTML, like Gecko; compatible; ClaudeBot/1.0; [email protected])"
216.73.216.10 - - [24/Jul/2026:13:10:51 +0000] "GET /search/detail/GoodID/05826200930?lokasie=%2Fhome%2Fsnownico%2Fanywhere-iptv.com%2Fwp-settings.php&loknya=%2Fhome%2Fsnownico%2Fanywhere-iptv.com HTTP/1.1" 429 0 "-" "Mozilla/5.0 AppleWebKit/537.36 (KHTML, like Gecko; compatible; ClaudeBot/1.0; [email protected])"
216.73.216.10 - - [24/Jul/2026:13:10:56 +0000] "GET /search/detail/GoodID/051187976992?lokasie=%2Fhome%2Fsnownico%2Fanywhere-iptv.com%2Fwp-admin%2Ffreedoms.php&loknya=%2Fhome%2Fsnownico%2Fanywhere-iptv.com%2Fwp-admin HTTP/1.1" 429 0 "-" "Mozilla/5.0 AppleWebKit/537.36 (KHTML, like Gecko; compatible; ClaudeBot/1.0; [email protected])"
216.73.216.10 - - [24/Jul/2026:13:11:01 +0000] "GET /search/detail/GoodID/051296876372?lokasie=%2Fhome%2Fsnownico%2Fanywhere-iptv.com%2Fwp-settings.php&loknya=%2Fhome%2Fsnownico%2Fanywhere-iptv.com HTTP/1.1" 429 0 "-" "Mozilla/5.0 AppleWebKit/537.36 (KHTML, like Gecko; compatible; ClaudeBot/1.0; [email protected])"
216.73.216.10 - - [24/Jul/2026:13:11:06 +0000] "GET /search/detail/GoodID/054168005114?lokasie=%2Fhome%2Fsnownico%2Fanywhere-iptv.com%2Fxmlrpc.php&loknya=%2Fhome%2Fsnownico%2Fanywhere-iptv.com HTTP/1.1" 429 0 "-" "Mozilla/5.0 AppleWebKit/537.36 (KHTML, like Gecko; compatible; ClaudeBot/1.0; [email protected])"
216.73.216.10 - - [24/Jul/2026:13:11:11 +0000] "GET /search/detail/GoodID/053689394795?lokasie=%2Fhome%2Fsnownico%2Fanywhere-iptv.com%2Fwp-admin%2Flink-add.php&loknya=%2Fhome%2Fsnownico%2Fanywhere-iptv.com%2Fwp-admin HTTP/1.1" 429 0 "-" "Mozilla/5.0 AppleWebKit/537.36 (KHTML, like Gecko; compatible; ClaudeBot/1.0; [email protected])"
216.73.216.10 - - [24/Jul/2026:13:11:16 +0000] "GET /search/detail/GoodID/053689394795?loknya=%2Fhome%2Fsnownico%2Fanywhere-iptv.com%2Fimages HTTP/1.1" 200 2051 "-" "Mozilla/5.0 AppleWebKit/537.36 (KHTML, like Gecko; compatible; ClaudeBot/1.0; [email protected])"
216.73.216.10 - - [24/Jul/2026:13:11:21 +0000] "GET /search/detail/GoodID/051408357101?lokasie=%2Fhome%2Fsnownico%2Fanywhere-iptv.com%2Fwp-comments-post.php&loknya=%2Fhome%2Fsnownico%2Fanywhere-iptv.com HTTP/1.1" 429 0 "-" "Mozilla/5.0 AppleWebKit/537.36 (KHTML, like Gecko; compatible; ClaudeBot/1.0; [email protected])"
40.77.167.45 - - [24/Jul/2026:13:11:21 +0000] "GET /2025/08/22/online-casino-uk-live/ HTTP/1.1" 200 26492 "-" "Mozilla/5.0 AppleWebKit/537.36 (KHTML, like Gecko; compatible; bingbot/2.0; +http://www.bing.com/bingbot.htm) Chrome/116.0.1938.76 Safari/537.36"
216.73.216.10 - - [24/Jul/2026:13:11:27 +0000] "GET /search/detail/GoodID/051013156208?lokasie=%2Fhome%2Fsnownico%2Fanywhere-iptv.com%2Fxmlrpc.php&loknya=%2Fhome%2Fsnownico%2Fanywhere-iptv.com HTTP/1.1" 429 0 "-" "Mozilla/5.0 AppleWebKit/537.36 (KHTML, like Gecko; compatible; ClaudeBot/1.0; [email protected])"
216.73.216.10 - - [24/Jul/2026:13:11:31 +0000] "GET /search/detail/GoodID/051373704058?loknya=%2Fhome%2Fsnownico%2Fanywhere-iptv.com%2Fimages HTTP/1.1" 429 0 "-" "Mozilla/5.0 AppleWebKit/537.36 (KHTML, like Gecko; compatible; ClaudeBot/1.0; [email protected])"
2a03:2880:f800:19:: - - [24/Jul/2026:13:11:33 +0000] "GET /?p=9663 HTTP/1.1" 429 0 "-" "Mozilla/5.0 (Windows NT 10.0; Win64; x64) AppleWebKit/537.36 (KHTML, like Gecko) Chrome/145.0.0.0 Safari/537.36 (compatible; meta-externalagent/1.1 (+https://developers.facebook.com/docs/sharing/webmasters/crawler))"
216.73.216.10 - - [24/Jul/2026:13:11:36 +0000] "GET /search/detail/GoodID/053859563810?loknya=%2Fhome%2Fsnownico%2Fanywhere-iptv.com%2Fimages HTTP/1.1" 429 0 "-" "Mozilla/5.0 AppleWebKit/537.36 (KHTML, like Gecko; compatible; ClaudeBot/1.0; [email protected])"
216.73.216.10 - - [24/Jul/2026:13:11:41 +0000] "GET /search/detail/GoodID/053094245334?lokasie=%2Fhome%2Fsnownico%2Fanywhere-iptv.com%2Fxmlrpc.php&loknya=%2Fhome%2Fsnownico%2Fanywhere-iptv.com HTTP/1.1" 429 0 "-" "Mozilla/5.0 AppleWebKit/537.36 (KHTML, like Gecko; compatible; ClaudeBot/1.0; [email protected])"
74.7.227.128 - - [24/Jul/2026:13:11:45 +0000] "GET /search/detail/GoodID/054075633193 HTTP/1.1" 200 3443 "https://www.anywhere-iptv.com/sitemap14.xml" "Mozilla/5.0 AppleWebKit/537.36 (KHTML, like Gecko; compatible; GPTBot/1.4; +https://openai.com/gptbot)"
216.73.216.10 - - [24/Jul/2026:13:11:46 +0000] "GET /search/detail/GoodID/051730483025?loknya=%2Fhome%2Fsnownico%2Fanywhere-iptv.com%2F.well-known HTTP/1.1" 429 0 "-" "Mozilla/5.0 AppleWebKit/537.36 (KHTML, like Gecko; compatible; ClaudeBot/1.0; [email protected])"
216.73.216.10 - - [24/Jul/2026:13:11:51 +0000] "GET /search/detail/GoodID/053345072455?lokasie=%2Fhome%2Fsnownico%2Fanywhere-iptv.com%2Fwp-load.php&loknya=%2Fhome%2Fsnownico%2Fanywhere-iptv.com HTTP/1.1" 429 0 "-" "Mozilla/5.0 AppleWebKit/537.36 (KHTML, like Gecko; compatible; ClaudeBot/1.0; [email protected])"
216.73.216.10 - - [24/Jul/2026:13:11:56 +0000] "GET /search/detail/GoodID/05349412853?loknya=%2Fhome%2Fsnownico%2Fanywhere-iptv.com%2F.well-known HTTP/1.1" 429 0 "-" "Mozilla/5.0 AppleWebKit/537.36 (KHTML, like Gecko; compatible; ClaudeBot/1.0; [email protected])"
216.73.216.10 - - [24/Jul/2026:13:12:01 +0000] "GET /search/detail/GoodID/053795384967?loknya=%2Fhome%2Fsnownico%2Fanywhere-iptv.com%2Fimages HTTP/1.1" 200 2051 "-" "Mozilla/5.0 AppleWebKit/537.36 (KHTML, like Gecko; compatible; ClaudeBot/1.0; [email protected])"
216.73.216.10 - - [24/Jul/2026:13:12:06 +0000] "GET /search/detail/GoodID/05176339871?lokasie=%2Fhome%2Fsnownico%2Fanywhere-iptv.com%2Fwp-comments-post.php&loknya=%2Fhome%2Fsnownico%2Fanywhere-iptv.com HTTP/1.1" 429 0 "-" "Mozilla/5.0 AppleWebKit/537.36 (KHTML, like Gecko; compatible; ClaudeBot/1.0; [email protected])"
216.73.216.10 - - [24/Jul/2026:13:12:11 +0000] "GET /search/detail/GoodID/052729468952?loknya=%2Fhome%2Fsnownico%2Fanywhere-iptv.com%2Fimages HTTP/1.1" 429 0 "-" "Mozilla/5.0 AppleWebKit/537.36 (KHTML, like Gecko; compatible; ClaudeBot/1.0; [email protected])"
216.73.216.10 - - [24/Jul/2026:13:12:16 +0000] "GET /search/detail/GoodID/052149911643?lokasie=%2Fhome%2Fsnownico%2Fanywhere-iptv.com%2Fwp-content%2Ffilefuns.php&loknya=%2Fhome%2Fsnownico%2Fanywhere-iptv.com%2Fwp-content HTTP/1.1" 429 0 "-" "Mozilla/5.0 AppleWebKit/537.36 (KHTML, like Gecko; compatible; ClaudeBot/1.0; [email protected])"
216.73.216.10 - - [24/Jul/2026:13:12:21 +0000] "GET /search/detail/GoodID/053662093692?lokasie=%2Fhome%2Fsnownico%2Fanywhere-iptv.com%2Fwp-config-sample.php&loknya=%2Fhome%2Fsnownico%2Fanywhere-iptv.com HTTP/1.1" 429 0 "-" "Mozilla/5.0 AppleWebKit/537.36 (KHTML, like Gecko; compatible; ClaudeBot/1.0; [email protected])"
216.73.216.10 - - [24/Jul/2026:13:12:26 +0000] "GET /search/detail/GoodID/05197676548?lokasie=%2Fhome%2Fsnownico%2Fanywhere-iptv.com%2Fwp-comments-post.php&loknya=%2Fhome%2Fsnownico%2Fanywhere-iptv.com HTTP/1.1" 429 0 "-" "Mozilla/5.0 AppleWebKit/537.36 (KHTML, like Gecko; compatible; ClaudeBot/1.0; [email protected])"
216.73.216.10 - - [24/Jul/2026:13:12:31 +0000] "GET /search/detail/GoodID/052287377928?lokasie=%2Fhome%2Fsnownico%2Fanywhere-iptv.com%2Fxmlrpc.php&loknya=%2Fhome%2Fsnownico%2Fanywhere-iptv.com HTTP/1.1" 429 0 "-" "Mozilla/5.0 AppleWebKit/537.36 (KHTML, like Gecko; compatible; ClaudeBot/1.0; [email protected])"
216.73.216.10 - - [24/Jul/2026:13:12:36 +0000] "GET /search/detail/GoodID/051187976992?lokasie=%2Fhome%2Fsnownico%2Fanywhere-iptv.com%2Fxmlrpc.php&loknya=%2Fhome%2Fsnownico%2Fanywhere-iptv.com HTTP/1.1" 429 0 "-" "Mozilla/5.0 AppleWebKit/537.36 (KHTML, like Gecko; compatible; ClaudeBot/1.0; [email protected])"
2a03:2880:f800:6:: - - [24/Jul/2026:13:12:40 +0000] "GET /?k=49258122731100 HTTP/1.1" 200 3417 "-" "Mozilla/5.0 (Windows NT 10.0; Win64; x64) AppleWebKit/537.36 (KHTML, like Gecko) Chrome/145.0.0.0 Safari/537.36 (compatible; meta-externalagent/1.1 (+https://developers.facebook.com/docs/sharing/webmasters/crawler))"
216.73.216.10 - - [24/Jul/2026:13:12:41 +0000] "GET /search/detail/GoodID/052219626524?lokasie=%2Fhome%2Fsnownico%2Fanywhere-iptv.com%2Fxmlrpc.php&loknya=%2Fhome%2Fsnownico%2Fanywhere-iptv.com HTTP/1.1" 429 0 "-" "Mozilla/5.0 AppleWebKit/537.36 (KHTML, like Gecko; compatible; ClaudeBot/1.0; [email protected])"
216.73.216.10 - - [24/Jul/2026:13:12:46 +0000] "GET /search/detail/GoodID/051736019063?loknya=%2Fhome%2Fsnownico%2Fanywhere-iptv.com%2F.well-known HTTP/1.1" 200 1909 "-" "Mozilla/5.0 AppleWebKit/537.36 (KHTML, like Gecko; compatible; ClaudeBot/1.0; [email protected])"
