216.73.216.10 - - [24/Jul/2026:15:43:21 +0000] "GET /search/detail/GoodID/0514866448 HTTP/1.1" 429 0 "-" "Mozilla/5.0 AppleWebKit/537.36 (KHTML, like Gecko; compatible; ClaudeBot/1.0; [email protected])"
74.7.227.128 - - [24/Jul/2026:15:43:23 +0000] "GET /search/detail/GoodID/052372667809 HTTP/1.1" 429 0 "https://www.anywhere-iptv.com/sitemap14.xml" "Mozilla/5.0 AppleWebKit/537.36 (KHTML, like Gecko; compatible; GPTBot/1.4; +https://openai.com/gptbot)"
216.73.216.10 - - [24/Jul/2026:15:43:26 +0000] "GET /search/detail/GoodID/05963402398 HTTP/1.1" 429 0 "-" "Mozilla/5.0 AppleWebKit/537.36 (KHTML, like Gecko; compatible; ClaudeBot/1.0; [email protected])"
216.73.216.10 - - [24/Jul/2026:15:43:31 +0000] "GET /search/detail/GoodID/051664144833 HTTP/1.1" 429 0 "-" "Mozilla/5.0 AppleWebKit/537.36 (KHTML, like Gecko; compatible; ClaudeBot/1.0; [email protected])"
216.73.216.10 - - [24/Jul/2026:15:43:36 +0000] "GET /search/detail/GoodID/054257743295 HTTP/1.1" 429 0 "-" "Mozilla/5.0 AppleWebKit/537.36 (KHTML, like Gecko; compatible; ClaudeBot/1.0; [email protected])"
216.73.216.10 - - [24/Jul/2026:15:43:41 +0000] "GET /search/detail/GoodID/053047872434 HTTP/1.1" 429 0 "-" "Mozilla/5.0 AppleWebKit/537.36 (KHTML, like Gecko; compatible; ClaudeBot/1.0; [email protected])"
216.73.216.10 - - [24/Jul/2026:15:43:46 +0000] "GET /search/detail/GoodID/05546655760 HTTP/1.1" 429 0 "-" "Mozilla/5.0 AppleWebKit/537.36 (KHTML, like Gecko; compatible; ClaudeBot/1.0; [email protected])"
216.73.216.10 - - [24/Jul/2026:15:43:51 +0000] "GET /search/detail/GoodID/05670531420 HTTP/1.1" 200 3442 "-" "Mozilla/5.0 AppleWebKit/537.36 (KHTML, like Gecko; compatible; ClaudeBot/1.0; [email protected])"
216.73.216.10 - - [24/Jul/2026:15:43:56 +0000] "GET /search/detail/GoodID/051924060539 HTTP/1.1" 429 0 "-" "Mozilla/5.0 AppleWebKit/537.36 (KHTML, like Gecko; compatible; ClaudeBot/1.0; [email protected])"
2a03:2880:f800:3f:: - - [24/Jul/2026:15:43:57 +0000] "GET /?k=47146318981100 HTTP/1.1" 429 0 "-" "Mozilla/5.0 (Macintosh; Intel Mac OS X 10_15_7) AppleWebKit/537.36 (KHTML, like Gecko) Chrome/145.0.0.0 Safari/537.36 (compatible; meta-externalagent/1.1 (+https://developers.facebook.com/docs/sharing/webmasters/crawler))"
2a03:2880:f800:20:: - - [24/Jul/2026:15:44:01 +0000] "GET /?k=66244956231100 HTTP/1.1" 429 0 "-" "Mozilla/5.0 (Windows NT 10.0; Win64; x64) AppleWebKit/537.36 (KHTML, like Gecko) Chrome/145.0.0.0 Safari/537.36 (compatible; meta-externalagent/1.1 (+https://developers.facebook.com/docs/sharing/webmasters/crawler))"
216.73.216.10 - - [24/Jul/2026:15:44:01 +0000] "GET /search/detail/GoodID/052225590918 HTTP/1.1" 429 0 "-" "Mozilla/5.0 AppleWebKit/537.36 (KHTML, like Gecko; compatible; ClaudeBot/1.0; [email protected])"
2a03:2880:f800:26:: - - [24/Jul/2026:15:44:06 +0000] "GET /?p=5720 HTTP/1.1" 429 0 "-" "Mozilla/5.0 (Macintosh; Intel Mac OS X 10_15_7) AppleWebKit/537.36 (KHTML, like Gecko) Chrome/145.0.0.0 Safari/537.36 (compatible; meta-externalagent/1.1 (+https://developers.facebook.com/docs/sharing/webmasters/crawler))"
216.73.216.10 - - [24/Jul/2026:15:44:06 +0000] "GET /search/detail/GoodID/05745212812 HTTP/1.1" 429 0 "-" "Mozilla/5.0 AppleWebKit/537.36 (KHTML, like Gecko; compatible; ClaudeBot/1.0; [email protected])"
216.73.216.10 - - [24/Jul/2026:15:44:11 +0000] "GET /search/detail/GoodID/053214362985 HTTP/1.1" 429 0 "-" "Mozilla/5.0 AppleWebKit/537.36 (KHTML, like Gecko; compatible; ClaudeBot/1.0; [email protected])"
2a03:2880:f800:2b:: - - [24/Jul/2026:15:44:12 +0000] "GET /?k=69294509731100 HTTP/1.1" 429 0 "-" "Mozilla/5.0 (Windows NT 10.0; Win64; x64) AppleWebKit/537.36 (KHTML, like Gecko) Chrome/145.0.0.0 Safari/537.36 (compatible; meta-externalagent/1.1 (+https://developers.facebook.com/docs/sharing/webmasters/crawler))"
2a03:2880:f800:2d:: - - [24/Jul/2026:15:44:18 +0000] "GET /?k=63044808231100 HTTP/1.1" 429 0 "-" "Mozilla/5.0 (Windows NT 10.0; Win64; x64) AppleWebKit/537.36 (KHTML, like Gecko) Chrome/145.0.0.0 Safari/537.36 (compatible; meta-externalagent/1.1 (+https://developers.facebook.com/docs/sharing/webmasters/crawler))"
216.73.216.10 - - [24/Jul/2026:15:44:20 +0000] "GET /search/detail/GoodID/053884440715?loknya=%2Fhome%2Fsnownico%2Fanywhere-iptv.com%2FconfigUWR HTTP/1.1" 429 0 "-" "Mozilla/5.0 AppleWebKit/537.36 (KHTML, like Gecko; compatible; ClaudeBot/1.0; [email protected])"
23.239.12.207 - - [24/Jul/2026:15:44:22 +0000] "GET / HTTP/1.1" 200 3416 "-" "Mozilla/5.0 (Windows NT 10.0; Win64; x64) AppleWebKit/537.36 (KHTML, like Gecko) Chrome/120.0.0.0 Safari/537.36"
23.239.12.207 - - [24/Jul/2026:15:44:23 +0000] "GET /wp-includes/js/wp-emoji.js HTTP/1.1" 200 3118 "-" "Mozilla/5.0 CMS-Detector/1.0"
23.239.12.207 - - [24/Jul/2026:15:44:23 +0000] "HEAD /wp-admin/ HTTP/1.1" 404 0 "-" "Mozilla/5.0 CMS-Detector/1.0"
2a03:2880:f800:1:: - - [24/Jul/2026:15:44:23 +0000] "GET /?p=8672 HTTP/1.1" 429 0 "-" "Mozilla/5.0 (Macintosh; Intel Mac OS X 10_15_7) AppleWebKit/537.36 (KHTML, like Gecko) Chrome/145.0.0.0 Safari/537.36 (compatible; meta-externalagent/1.1 (+https://developers.facebook.com/docs/sharing/webmasters/crawler))"
23.239.12.207 - - [24/Jul/2026:15:44:23 +0000] "HEAD /wp-login.php HTTP/1.1" 200 0 "-" "Mozilla/5.0 CMS-Detector/1.0"
23.239.12.207 - - [24/Jul/2026:15:44:23 +0000] "HEAD /_next/webpack-hmr HTTP/1.1" 200 0 "-" "Mozilla/5.0 CMS-Detector/1.0"
23.239.12.207 - - [24/Jul/2026:15:44:23 +0000] "HEAD /components/ HTTP/1.1" 200 0 "-" "Mozilla/5.0 CMS-Detector/1.0"
23.239.12.207 - - [24/Jul/2026:15:44:23 +0000] "HEAD /_next/static/ HTTP/1.1" 200 0 "-" "Mozilla/5.0 CMS-Detector/1.0"
23.239.12.207 - - [24/Jul/2026:15:44:23 +0000] "HEAD /administrator/ HTTP/1.1" 200 0 "-" "Mozilla/5.0 CMS-Detector/1.0"
23.239.12.207 - - [24/Jul/2026:15:44:23 +0000] "HEAD /register HTTP/1.1" 200 0 "-" "Mozilla/5.0 CMS-Detector/1.0"
23.239.12.207 - - [24/Jul/2026:15:44:23 +0000] "HEAD /login HTTP/1.1" 200 0 "-" "Mozilla/5.0 CMS-Detector/1.0"
23.239.12.207 - - [24/Jul/2026:15:44:23 +0000] "HEAD /_ignition/health-check HTTP/1.1" 200 0 "-" "Mozilla/5.0 CMS-Detector/1.0"
23.239.12.207 - - [24/Jul/2026:15:44:23 +0000] "GET /media/jui/js/jquery.min.js HTTP/1.1" 200 3443 "-" "Mozilla/5.0 CMS-Detector/1.0"
216.73.216.10 - - [24/Jul/2026:15:44:24 +0000] "GET /search/detail/GoodID/053884440715?loknya=%2Fhome%2Fsnownico HTTP/1.1" 429 0 "-" "Mozilla/5.0 AppleWebKit/537.36 (KHTML, like Gecko; compatible; ClaudeBot/1.0; [email protected])"
74.7.227.128 - - [24/Jul/2026:15:44:26 +0000] "GET /search/detail/GoodID/052516303958 HTTP/1.1" 429 0 "https://www.anywhere-iptv.com/sitemap.xml" "Mozilla/5.0 AppleWebKit/537.36 (KHTML, like Gecko; compatible; GPTBot/1.4; +https://openai.com/gptbot)"
216.73.216.10 - - [24/Jul/2026:15:44:29 +0000] "GET /search/detail/GoodID/053884440715?loknya=%2Fhome%2Fsnownico%2Fanywhere-iptv.com HTTP/1.1" 429 0 "-" "Mozilla/5.0 AppleWebKit/537.36 (KHTML, like Gecko; compatible; ClaudeBot/1.0; [email protected])"
216.73.216.10 - - [24/Jul/2026:15:44:34 +0000] "GET /search/detail/GoodID/053884440715?loknya=%2Fhome%2Fsnownico%2F HTTP/1.1" 429 0 "-" "Mozilla/5.0 AppleWebKit/537.36 (KHTML, like Gecko; compatible; ClaudeBot/1.0; [email protected])"
216.73.216.10 - - [24/Jul/2026:15:44:39 +0000] "GET /search/detail/GoodID/053884440715?loknya=%2Fhome%2Fsnownico%2Fanywhere-iptv.com%2Fwp-content HTTP/1.1" 200 2557 "-" "Mozilla/5.0 AppleWebKit/537.36 (KHTML, like Gecko; compatible; ClaudeBot/1.0; [email protected])"
216.73.216.10 - - [24/Jul/2026:15:44:44 +0000] "GET /search/detail/GoodID/053884440715?loknya=%2Fhome%2Fsnownico%2Fanywhere-iptv.com%2Fwp-admin HTTP/1.1" 429 0 "-" "Mozilla/5.0 AppleWebKit/537.36 (KHTML, like Gecko; compatible; ClaudeBot/1.0; [email protected])"
216.73.216.10 - - [24/Jul/2026:15:44:50 +0000] "GET /search/detail/GoodID/053884440715?loknya=%2Fhome%2Fsnownico%2Fanywhere-iptv.com%2Fcgi-bin HTTP/1.1" 429 0 "-" "Mozilla/5.0 AppleWebKit/537.36 (KHTML, like Gecko; compatible; ClaudeBot/1.0; [email protected])"
216.73.216.10 - - [24/Jul/2026:15:44:54 +0000] "GET /search/detail/GoodID/053884440715?loknya=%2Fhome%2Fsnownico%2Fanywhere-iptv.com%2Fwp-includes HTTP/1.1" 429 0 "-" "Mozilla/5.0 AppleWebKit/537.36 (KHTML, like Gecko; compatible; ClaudeBot/1.0; [email protected])"
216.73.216.10 - - [24/Jul/2026:15:44:59 +0000] "GET /search/detail/GoodID/053884440715?loknya=%2Fhome HTTP/1.1" 429 0 "-" "Mozilla/5.0 AppleWebKit/537.36 (KHTML, like Gecko; compatible; ClaudeBot/1.0; [email protected])"
216.73.216.10 - - [24/Jul/2026:15:45:04 +0000] "GET /search/detail/GoodID/053884440715?loknya=%2F HTTP/1.1" 429 0 "-" "Mozilla/5.0 AppleWebKit/537.36 (KHTML, like Gecko; compatible; ClaudeBot/1.0; [email protected])"
216.73.216.10 - - [24/Jul/2026:15:45:10 +0000] "GET /search/detail/GoodID/052335574297 HTTP/1.1" 429 0 "-" "Mozilla/5.0 AppleWebKit/537.36 (KHTML, like Gecko; compatible; ClaudeBot/1.0; [email protected])"
216.73.216.10 - - [24/Jul/2026:15:45:14 +0000] "GET /search/detail/GoodID/05570662882 HTTP/1.1" 429 0 "-" "Mozilla/5.0 AppleWebKit/537.36 (KHTML, like Gecko; compatible; ClaudeBot/1.0; [email protected])"
216.73.216.10 - - [24/Jul/2026:15:45:20 +0000] "GET /search/detail/GoodID/052124680855 HTTP/1.1" 429 0 "-" "Mozilla/5.0 AppleWebKit/537.36 (KHTML, like Gecko; compatible; ClaudeBot/1.0; [email protected])"
216.73.216.10 - - [24/Jul/2026:15:45:24 +0000] "GET /search/detail/GoodID/052335145941 HTTP/1.1" 200 3442 "-" "Mozilla/5.0 AppleWebKit/537.36 (KHTML, like Gecko; compatible; ClaudeBot/1.0; [email protected])"
216.73.216.10 - - [24/Jul/2026:15:45:29 +0000] "GET /search/detail/GoodID/051488717652 HTTP/1.1" 429 0 "-" "Mozilla/5.0 AppleWebKit/537.36 (KHTML, like Gecko; compatible; ClaudeBot/1.0; [email protected])"
74.7.227.128 - - [24/Jul/2026:15:45:31 +0000] "GET /search/detail/GoodID/051562876046 HTTP/1.1" 429 0 "https://www.anywhere-iptv.com/sitemap.xml" "Mozilla/5.0 AppleWebKit/537.36 (KHTML, like Gecko; compatible; GPTBot/1.4; +https://openai.com/gptbot)"
216.73.216.10 - - [24/Jul/2026:15:45:34 +0000] "GET /search/detail/GoodID/053352651403 HTTP/1.1" 429 0 "-" "Mozilla/5.0 AppleWebKit/537.36 (KHTML, like Gecko; compatible; ClaudeBot/1.0; [email protected])"
216.73.216.10 - - [24/Jul/2026:15:45:42 +0000] "GET /search/detail/GoodID/052312254849 HTTP/1.1" 429 0 "-" "Mozilla/5.0 AppleWebKit/537.36 (KHTML, like Gecko; compatible; ClaudeBot/1.0; [email protected])"
2a03:2880:f800:4:: - - [24/Jul/2026:15:45:30 +0000] "GET /wp-sitemap-posts-page-1.xml HTTP/1.1" 200 12386 "-" "Mozilla/5.0 (Macintosh; Intel Mac OS X 10_15_7) AppleWebKit/537.36 (KHTML, like Gecko) Chrome/145.0.0.0 Safari/537.36 (compatible; meta-externalagent/1.1 (+https://developers.facebook.com/docs/sharing/webmasters/crawler))"
216.73.216.10 - - [24/Jul/2026:15:45:46 +0000] "GET /search/detail/GoodID/053873657204 HTTP/1.1" 429 0 "-" "Mozilla/5.0 AppleWebKit/537.36 (KHTML, like Gecko; compatible; ClaudeBot/1.0; [email protected])"
216.73.216.10 - - [24/Jul/2026:15:45:51 +0000] "GET /search/detail/GoodID/053257112351 HTTP/1.1" 429 0 "-" "Mozilla/5.0 AppleWebKit/537.36 (KHTML, like Gecko; compatible; ClaudeBot/1.0; [email protected])"
216.73.216.10 - - [24/Jul/2026:15:45:56 +0000] "GET /search/detail/GoodID/053471205193 HTTP/1.1" 429 0 "-" "Mozilla/5.0 AppleWebKit/537.36 (KHTML, like Gecko; compatible; ClaudeBot/1.0; [email protected])"
216.73.216.10 - - [24/Jul/2026:15:46:01 +0000] "GET /search/detail/GoodID/053667110820 HTTP/1.1" 429 0 "-" "Mozilla/5.0 AppleWebKit/537.36 (KHTML, like Gecko; compatible; ClaudeBot/1.0; [email protected])"
216.73.216.10 - - [24/Jul/2026:15:46:06 +0000] "GET /search/detail/GoodID/052667696520 HTTP/1.1" 429 0 "-" "Mozilla/5.0 AppleWebKit/537.36 (KHTML, like Gecko; compatible; ClaudeBot/1.0; [email protected])"
216.73.216.10 - - [24/Jul/2026:15:46:11 +0000] "GET /search/detail/GoodID/053814562295 HTTP/1.1" 200 3442 "-" "Mozilla/5.0 AppleWebKit/537.36 (KHTML, like Gecko; compatible; ClaudeBot/1.0; [email protected])"
216.73.216.10 - - [24/Jul/2026:15:46:16 +0000] "GET /search/detail/GoodID/051320359375 HTTP/1.1" 429 0 "-" "Mozilla/5.0 AppleWebKit/537.36 (KHTML, like Gecko; compatible; ClaudeBot/1.0; [email protected])"
216.73.216.10 - - [24/Jul/2026:15:46:21 +0000] "GET /search/detail/GoodID/051385094718 HTTP/1.1" 429 0 "-" "Mozilla/5.0 AppleWebKit/537.36 (KHTML, like Gecko; compatible; ClaudeBot/1.0; [email protected])"
216.73.216.10 - - [24/Jul/2026:15:46:26 +0000] "GET /search/detail/GoodID/051688087527 HTTP/1.1" 429 0 "-" "Mozilla/5.0 AppleWebKit/537.36 (KHTML, like Gecko; compatible; ClaudeBot/1.0; [email protected])"
216.73.216.10 - - [24/Jul/2026:15:46:31 +0000] "GET /search/detail/GoodID/052070338273 HTTP/1.1" 429 0 "-" "Mozilla/5.0 AppleWebKit/537.36 (KHTML, like Gecko; compatible; ClaudeBot/1.0; [email protected])"
74.7.227.128 - - [24/Jul/2026:15:46:31 +0000] "GET /search/detail/GoodID/053655826144 HTTP/1.1" 429 0 "https://www.anywhere-iptv.com/sitemap14.xml" "Mozilla/5.0 AppleWebKit/537.36 (KHTML, like Gecko; compatible; GPTBot/1.4; +https://openai.com/gptbot)"
216.73.216.10 - - [24/Jul/2026:15:46:36 +0000] "GET /search/detail/GoodID/053741578028 HTTP/1.1" 429 0 "-" "Mozilla/5.0 AppleWebKit/537.36 (KHTML, like Gecko; compatible; ClaudeBot/1.0; [email protected])"
2a03:2880:f800:1f:: - - [24/Jul/2026:15:46:37 +0000] "GET /?p=9894 HTTP/1.1" 429 0 "-" "Mozilla/5.0 (Macintosh; Intel Mac OS X 10_15_7) AppleWebKit/537.36 (KHTML, like Gecko) Chrome/145.0.0.0 Safari/537.36 (compatible; meta-externalagent/1.1 (+https://developers.facebook.com/docs/sharing/webmasters/crawler))"
216.73.216.10 - - [24/Jul/2026:15:46:41 +0000] "GET /search/detail/GoodID/052894581714 HTTP/1.1" 429 0 "-" "Mozilla/5.0 AppleWebKit/537.36 (KHTML, like Gecko; compatible; ClaudeBot/1.0; [email protected])"
216.73.216.10 - - [24/Jul/2026:15:46:46 +0000] "GET /search/detail/GoodID/051799705830 HTTP/1.1" 429 0 "-" "Mozilla/5.0 AppleWebKit/537.36 (KHTML, like Gecko; compatible; ClaudeBot/1.0; [email protected])"
216.73.216.10 - - [24/Jul/2026:15:46:51 +0000] "GET /search/detail/GoodID/053815937933 HTTP/1.1" 429 0 "-" "Mozilla/5.0 AppleWebKit/537.36 (KHTML, like Gecko; compatible; ClaudeBot/1.0; [email protected])"
216.73.216.10 - - [24/Jul/2026:15:46:56 +0000] "GET /search/detail/GoodID/054168952396 HTTP/1.1" 200 3415 "-" "Mozilla/5.0 AppleWebKit/537.36 (KHTML, like Gecko; compatible; ClaudeBot/1.0; [email protected])"
216.73.216.10 - - [24/Jul/2026:15:47:04 +0000] "GET /search/detail/GoodID/053827620200 HTTP/1.1" 429 0 "-" "Mozilla/5.0 AppleWebKit/537.36 (KHTML, like Gecko; compatible; ClaudeBot/1.0; [email protected])"
216.73.216.10 - - [24/Jul/2026:15:47:07 +0000] "GET /search/detail/GoodID/053168325997 HTTP/1.1" 429 0 "-" "Mozilla/5.0 AppleWebKit/537.36 (KHTML, like Gecko; compatible; ClaudeBot/1.0; [email protected])"
216.73.216.10 - - [24/Jul/2026:15:47:12 +0000] "GET /search/detail/GoodID/053720682746 HTTP/1.1" 429 0 "-" "Mozilla/5.0 AppleWebKit/537.36 (KHTML, like Gecko; compatible; ClaudeBot/1.0; [email protected])"
2a03:2880:f800:3c:: - - [24/Jul/2026:15:47:17 +0000] "GET /?k=6776193731100 HTTP/1.1" 429 0 "-" "Mozilla/5.0 (Windows NT 10.0; Win64; x64) AppleWebKit/537.36 (KHTML, like Gecko) Chrome/145.0.0.0 Safari/537.36 (compatible; meta-externalagent/1.1 (+https://developers.facebook.com/docs/sharing/webmasters/crawler))"
216.73.216.10 - - [24/Jul/2026:15:47:17 +0000] "GET /search/detail/GoodID/052140481494 HTTP/1.1" 429 0 "-" "Mozilla/5.0 AppleWebKit/537.36 (KHTML, like Gecko; compatible; ClaudeBot/1.0; [email protected])"
2a03:2880:f800:: - - [24/Jul/2026:15:47:22 +0000] "GET /?p=6462 HTTP/1.1" 429 0 "-" "Mozilla/5.0 (Macintosh; Intel Mac OS X 10_15_7) AppleWebKit/537.36 (KHTML, like Gecko) Chrome/145.0.0.0 Safari/537.36 (compatible; meta-externalagent/1.1 (+https://developers.facebook.com/docs/sharing/webmasters/crawler))"
216.73.216.10 - - [24/Jul/2026:15:47:22 +0000] "GET /search/detail/GoodID/053439362925 HTTP/1.1" 429 0 "-" "Mozilla/5.0 AppleWebKit/537.36 (KHTML, like Gecko; compatible; ClaudeBot/1.0; [email protected])"
2a03:2880:f800:9:: - - [24/Jul/2026:15:47:26 +0000] "GET /?k=6013046731100 HTTP/1.1" 429 0 "-" "Mozilla/5.0 (Windows NT 10.0; Win64; x64) AppleWebKit/537.36 (KHTML, like Gecko) Chrome/145.0.0.0 Safari/537.36 (compatible; meta-externalagent/1.1 (+https://developers.facebook.com/docs/sharing/webmasters/crawler))"
216.73.216.10 - - [24/Jul/2026:15:47:27 +0000] "GET /search/detail/GoodID/053213150886 HTTP/1.1" 429 0 "-" "Mozilla/5.0 AppleWebKit/537.36 (KHTML, like Gecko; compatible; ClaudeBot/1.0; [email protected])"
2a03:2880:f800:3e:: - - [24/Jul/2026:15:47:31 +0000] "GET /?k=8784080731100 HTTP/1.1" 429 0 "-" "Mozilla/5.0 (Windows NT 10.0; Win64; x64) AppleWebKit/537.36 (KHTML, like Gecko) Chrome/145.0.0.0 Safari/537.36 (compatible; meta-externalagent/1.1 (+https://developers.facebook.com/docs/sharing/webmasters/crawler))"
74.7.227.128 - - [24/Jul/2026:15:47:32 +0000] "GET /search/detail/GoodID/052582414939 HTTP/1.1" 429 0 "https://www.anywhere-iptv.com/sitemap.xml" "Mozilla/5.0 AppleWebKit/537.36 (KHTML, like Gecko; compatible; GPTBot/1.4; +https://openai.com/gptbot)"
216.73.216.10 - - [24/Jul/2026:15:47:32 +0000] "GET /search/detail/GoodID/054187864891 HTTP/1.1" 429 0 "-" "Mozilla/5.0 AppleWebKit/537.36 (KHTML, like Gecko; compatible; ClaudeBot/1.0; [email protected])"
216.73.216.10 - - [24/Jul/2026:15:47:37 +0000] "GET /search/detail/GoodID/051146009850 HTTP/1.1" 429 0 "-" "Mozilla/5.0 AppleWebKit/537.36 (KHTML, like Gecko; compatible; ClaudeBot/1.0; [email protected])"
2a03:2880:f800:1e:: - - [24/Jul/2026:15:47:38 +0000] "GET /?k=75402958231100 HTTP/1.1" 429 0 "-" "Mozilla/5.0 (Macintosh; Intel Mac OS X 10_15_7) AppleWebKit/537.36 (KHTML, like Gecko) Chrome/145.0.0.0 Safari/537.36 (compatible; meta-externalagent/1.1 (+https://developers.facebook.com/docs/sharing/webmasters/crawler))"
216.73.216.10 - - [24/Jul/2026:15:47:42 +0000] "GET /search/detail/GoodID/054264314838 HTTP/1.1" 429 0 "-" "Mozilla/5.0 AppleWebKit/537.36 (KHTML, like Gecko; compatible; ClaudeBot/1.0; [email protected])"
2a03:2880:f800:3:: - - [24/Jul/2026:15:47:44 +0000] "GET /?p=1351 HTTP/1.1" 429 0 "-" "Mozilla/5.0 (Windows NT 10.0; Win64; x64) AppleWebKit/537.36 (KHTML, like Gecko) Chrome/145.0.0.0 Safari/537.36 (compatible; meta-externalagent/1.1 (+https://developers.facebook.com/docs/sharing/webmasters/crawler))"
216.73.216.10 - - [24/Jul/2026:15:47:47 +0000] "GET /search/detail/GoodID/05391644828 HTTP/1.1" 200 3415 "-" "Mozilla/5.0 AppleWebKit/537.36 (KHTML, like Gecko; compatible; ClaudeBot/1.0; [email protected])"
216.73.216.10 - - [24/Jul/2026:15:47:52 +0000] "GET /search/detail/GoodID/05741836123 HTTP/1.1" 429 0 "-" "Mozilla/5.0 AppleWebKit/537.36 (KHTML, like Gecko; compatible; ClaudeBot/1.0; [email protected])"
216.73.216.10 - - [24/Jul/2026:15:47:57 +0000] "GET /search/detail/GoodID/051608957015 HTTP/1.1" 429 0 "-" "Mozilla/5.0 AppleWebKit/537.36 (KHTML, like Gecko; compatible; ClaudeBot/1.0; [email protected])"
216.73.216.10 - - [24/Jul/2026:15:48:02 +0000] "GET /search/detail/GoodID/051695951710 HTTP/1.1" 429 0 "-" "Mozilla/5.0 AppleWebKit/537.36 (KHTML, like Gecko; compatible; ClaudeBot/1.0; [email protected])"
216.73.216.10 - - [24/Jul/2026:15:48:07 +0000] "GET /search/detail/GoodID/051489405326 HTTP/1.1" 429 0 "-" "Mozilla/5.0 AppleWebKit/537.36 (KHTML, like Gecko; compatible; ClaudeBot/1.0; [email protected])"
216.73.216.10 - - [24/Jul/2026:15:48:12 +0000] "GET /search/detail/GoodID/053062803274 HTTP/1.1" 429 0 "-" "Mozilla/5.0 AppleWebKit/537.36 (KHTML, like Gecko; compatible; ClaudeBot/1.0; [email protected])"
216.73.216.10 - - [24/Jul/2026:15:48:17 +0000] "GET /search/detail/GoodID/051054176052 HTTP/1.1" 429 0 "-" "Mozilla/5.0 AppleWebKit/537.36 (KHTML, like Gecko; compatible; ClaudeBot/1.0; [email protected])"
216.73.216.10 - - [24/Jul/2026:15:48:22 +0000] "GET /search/detail/GoodID/054234078473 HTTP/1.1" 429 0 "-" "Mozilla/5.0 AppleWebKit/537.36 (KHTML, like Gecko; compatible; ClaudeBot/1.0; [email protected])"
216.73.216.10 - - [24/Jul/2026:15:48:29 +0000] "GET /search/detail/GoodID/052219626524?loknya=%2Fhome%2Fsnownico%2Fwordpress-backups HTTP/1.1" 429 0 "-" "Mozilla/5.0 AppleWebKit/537.36 (KHTML, like Gecko; compatible; ClaudeBot/1.0; [email protected])"
216.73.216.10 - - [24/Jul/2026:15:48:34 +0000] "GET /search/detail/GoodID/05867384297?loknya=%2Fhome%2Fsnownico%2Fanywhere-iptv.com%2Fwp-admin%2Fjs HTTP/1.1" 200 4977 "-" "Mozilla/5.0 AppleWebKit/537.36 (KHTML, like Gecko; compatible; ClaudeBot/1.0; [email protected])"
74.7.227.128 - - [24/Jul/2026:15:48:37 +0000] "GET /search/detail/GoodID/053671390794 HTTP/1.1" 429 0 "https://www.anywhere-iptv.com/sitemap.xml" "Mozilla/5.0 AppleWebKit/537.36 (KHTML, like Gecko; compatible; GPTBot/1.4; +https://openai.com/gptbot)"
216.73.216.10 - - [24/Jul/2026:15:48:39 +0000] "GET /search/detail/GoodID/051187976992?lokasie=%2Fhome%2Fsnownico%2Fanywhere-iptv.com%2Fwp-includes%2Fclass-wp-scripts.php&loknya=%2Fhome%2Fsnownico%2Fanywhere-iptv.com%2Fwp-includes HTTP/1.1" 429 0 "-" "Mozilla/5.0 AppleWebKit/537.36 (KHTML, like Gecko; compatible; ClaudeBot/1.0; [email protected])"
216.73.216.10 - - [24/Jul/2026:15:48:44 +0000] "GET /search/detail/GoodID/05501756307?loknya=%2Fhome%2Fsnownico%2Fanywhere-iptv.com%2Fcgi-bin HTTP/1.1" 429 0 "-" "Mozilla/5.0 AppleWebKit/537.36 (KHTML, like Gecko; compatible; ClaudeBot/1.0; [email protected])"
216.73.216.10 - - [24/Jul/2026:15:48:49 +0000] "GET /search/detail/GoodID/05416735933?loknya=%2Fhome%2Fsnownico%2Fanywhere-iptv.com%2Fcgi-bin HTTP/1.1" 429 0 "-" "Mozilla/5.0 AppleWebKit/537.36 (KHTML, like Gecko; compatible; ClaudeBot/1.0; [email protected])"
2a03:2880:f800:2f:: - - [24/Jul/2026:15:48:52 +0000] "GET /?k=77211192981100 HTTP/1.1" 429 0 "-" "Mozilla/5.0 (Windows NT 10.0; Win64; x64) AppleWebKit/537.36 (KHTML, like Gecko) Chrome/145.0.0.0 Safari/537.36 (compatible; meta-externalagent/1.1 (+https://developers.facebook.com/docs/sharing/webmasters/crawler))"
216.73.216.10 - - [24/Jul/2026:15:48:54 +0000] "GET /search/detail/GoodID/053859563810?loknya=%2Fhome HTTP/1.1" 429 0 "-" "Mozilla/5.0 AppleWebKit/537.36 (KHTML, like Gecko; compatible; ClaudeBot/1.0; [email protected])"
216.73.216.10 - - [24/Jul/2026:15:48:59 +0000] "GET /search/detail/GoodID/05464106748?loknya=%2Fhome%2Fsnownico%2Fanywhere-iptv.com%2Fcgi-bin HTTP/1.1" 429 0 "-" "Mozilla/5.0 AppleWebKit/537.36 (KHTML, like Gecko; compatible; ClaudeBot/1.0; [email protected])"
216.73.216.10 - - [24/Jul/2026:15:49:04 +0000] "GET /search/detail/GoodID/05858308047?loknya=%2Fhome%2Fsnownico%2Fanywhere-iptv.com%2Fcgi-bin HTTP/1.1" 429 0 "-" "Mozilla/5.0 AppleWebKit/537.36 (KHTML, like Gecko; compatible; ClaudeBot/1.0; [email protected])"
216.73.216.10 - - [24/Jul/2026:15:49:09 +0000] "GET /search/detail/GoodID/051922583591?loknya=%2Fhome%2Fsnownico%2Fanywhere-iptv.com%2Fcgi-bin HTTP/1.1" 429 0 "-" "Mozilla/5.0 AppleWebKit/537.36 (KHTML, like Gecko; compatible; ClaudeBot/1.0; [email protected])"
216.73.216.10 - - [24/Jul/2026:15:49:14 +0000] "GET /search/detail/GoodID/052399223474?loknya=%2Fhome%2Fsnownico%2Fanywhere-iptv.com%2Fwp-admin%2Fuser HTTP/1.1" 429 0 "-" "Mozilla/5.0 AppleWebKit/537.36 (KHTML, like Gecko; compatible; ClaudeBot/1.0; [email protected])"
216.73.216.10 - - [24/Jul/2026:15:49:19 +0000] "GET /search/detail/GoodID/053823638577?loknya=%2Fhome%2Fsnownico%2Fanywhere-iptv.com%2Fwp-admin HTTP/1.1" 200 6030 "-" "Mozilla/5.0 AppleWebKit/537.36 (KHTML, like Gecko; compatible; ClaudeBot/1.0; [email protected])"
216.73.216.10 - - [24/Jul/2026:15:49:24 +0000] "GET /search/detail/GoodID/052407448559?loknya=%2Fhome%2Fsnownico%2Fanywhere-iptv.com%2Fwp-includes HTTP/1.1" 429 0 "-" "Mozilla/5.0 AppleWebKit/537.36 (KHTML, like Gecko; compatible; ClaudeBot/1.0; [email protected])"
216.73.216.10 - - [24/Jul/2026:15:49:29 +0000] "GET /search/detail/GoodID/051187976992?loknya=%2Fhome%2Fsnownico%2Fanywhere-iptv.com%2Fwp-admin%2Fjs HTTP/1.1" 429 0 "-" "Mozilla/5.0 AppleWebKit/537.36 (KHTML, like Gecko; compatible; ClaudeBot/1.0; [email protected])"
216.73.216.10 - - [24/Jul/2026:15:49:34 +0000] "GET /search/detail/GoodID/052940475597?loknya=%2Fhome HTTP/1.1" 429 0 "-" "Mozilla/5.0 AppleWebKit/537.36 (KHTML, like Gecko; compatible; ClaudeBot/1.0; [email protected])"
216.73.216.10 - - [24/Jul/2026:15:49:39 +0000] "GET /search/detail/GoodID/051780793335?loknya=%2Fhome%2Fsnownico%2Fanywhere-iptv.com%2Fwp-includes HTTP/1.1" 429 0 "-" "Mozilla/5.0 AppleWebKit/537.36 (KHTML, like Gecko; compatible; ClaudeBot/1.0; [email protected])"
74.7.227.128 - - [24/Jul/2026:15:49:42 +0000] "GET /search/detail/GoodID/051657871593 HTTP/1.1" 429 0 "https://www.anywhere-iptv.com/sitemap.xml" "Mozilla/5.0 AppleWebKit/537.36 (KHTML, like Gecko; compatible; GPTBot/1.4; +https://openai.com/gptbot)"
216.73.216.10 - - [24/Jul/2026:15:49:44 +0000] "GET /search/detail/GoodID/053333738908?loknya=%2Fhome%2Fsnownico%2Fclassarabic.com%2Fwp-content HTTP/1.1" 429 0 "-" "Mozilla/5.0 AppleWebKit/537.36 (KHTML, like Gecko; compatible; ClaudeBot/1.0; [email protected])"
216.73.216.10 - - [24/Jul/2026:15:49:49 +0000] "GET /search/detail/GoodID/05176339871?loknya=%2Fhome%2Fsnownico%2Fanywhere-iptv.com%2Fwp-admin HTTP/1.1" 429 0 "-" "Mozilla/5.0 AppleWebKit/537.36 (KHTML, like Gecko; compatible; ClaudeBot/1.0; [email protected])"
59.103.216.87 - - [24/Jul/2026:15:49:54 +0000] "GET /?lokasie=%2Fhome%2Fsnownico%2Fanywhere-iptv.com%2Fwp-links-opml.php&loknya=%2Fhome%2Fsnownico%2Fanywhere-iptv.com HTTP/1.1" 200 2683 "https://www.anywhere-iptv.com" "Mozilla/5.0 (Macintosh; Intel Mac OS X 10_15_7) AppleWebKit/537.36 (KHTML, like Gecko) Chrome/145.0.0.0 Safari/537.36"
216.73.216.10 - - [24/Jul/2026:15:49:54 +0000] "GET /search/detail/GoodID/052482900623?loknya=%2Fhome%2Fsnownico%2Fanywhere-iptv.com%2Fwp-includes HTTP/1.1" 429 0 "-" "Mozilla/5.0 AppleWebKit/537.36 (KHTML, like Gecko; compatible; ClaudeBot/1.0; [email protected])"
2a03:2880:f800:41:: - - [24/Jul/2026:15:49:57 +0000] "GET /?p=5957 HTTP/1.1" 429 0 "-" "Mozilla/5.0 (Windows NT 10.0; Win64; x64) AppleWebKit/537.36 (KHTML, like Gecko) Chrome/145.0.0.0 Safari/537.36 (compatible; meta-externalagent/1.1 (+https://developers.facebook.com/docs/sharing/webmasters/crawler))"
216.73.216.10 - - [24/Jul/2026:15:49:59 +0000] "GET /search/detail/GoodID/053414560125?loknya=%2Fhome HTTP/1.1" 429 0 "-" "Mozilla/5.0 AppleWebKit/537.36 (KHTML, like Gecko; compatible; ClaudeBot/1.0; [email protected])"
216.73.216.10 - - [24/Jul/2026:15:50:04 +0000] "GET /search/detail/GoodID/05662524116?loknya=%2Fhome HTTP/1.1" 200 1860 "-" "Mozilla/5.0 AppleWebKit/537.36 (KHTML, like Gecko; compatible; ClaudeBot/1.0; [email protected])"
216.73.216.10 - - [24/Jul/2026:15:50:11 +0000] "GET /search/detail/GoodID/053333738908?loknya=%2Fhome%2Fsnownico%2Fwordpress-backups HTTP/1.1" 429 0 "-" "Mozilla/5.0 AppleWebKit/537.36 (KHTML, like Gecko; compatible; ClaudeBot/1.0; [email protected])"
216.73.216.10 - - [24/Jul/2026:15:50:15 +0000] "GET /search/detail/GoodID/052399223474?loknya=%2Fhome%2Fsnownico%2Fanywhere-iptv.com%2Fwp-admin%2Fincludes HTTP/1.1" 429 0 "-" "Mozilla/5.0 AppleWebKit/537.36 (KHTML, like Gecko; compatible; ClaudeBot/1.0; [email protected])"
216.73.216.10 - - [24/Jul/2026:15:50:20 +0000] "GET /search/detail/GoodID/052511759167?loknya=%2Fhome%2Fsnownico%2Fanywhere-iptv.com%2Fwp-includes%2Fsitemaps%2Fproviders HTTP/1.1" 429 0 "-" "Mozilla/5.0 AppleWebKit/537.36 (KHTML, like Gecko; compatible; ClaudeBot/1.0; [email protected])"
216.73.216.10 - - [24/Jul/2026:15:50:27 +0000] "GET /search/detail/GoodID/052172460419?loknya=%2Fhome%2Fsnownico%2Fanywhere-iptv.com%2Fwp-includes HTTP/1.1" 429 0 "-" "Mozilla/5.0 AppleWebKit/537.36 (KHTML, like Gecko; compatible; ClaudeBot/1.0; [email protected])"
216.73.216.10 - - [24/Jul/2026:15:50:31 +0000] "GET /search/detail/GoodID/051780793335?loknya=%2Fhome%2Fsnownico%2Fanywhere-iptv.com%2Fwp-admin HTTP/1.1" 429 0 "-" "Mozilla/5.0 AppleWebKit/537.36 (KHTML, like Gecko; compatible; ClaudeBot/1.0; [email protected])"
216.73.216.10 - - [24/Jul/2026:15:50:39 +0000] "GET /search/detail/GoodID/052266610778?loknya=%2Fhome%2Fsnownico%2Fanywhere-iptv.com%2Fwp-includes HTTP/1.1" 429 0 "-" "Mozilla/5.0 AppleWebKit/537.36 (KHTML, like Gecko; compatible; ClaudeBot/1.0; [email protected])"
216.73.216.10 - - [24/Jul/2026:15:50:44 +0000] "GET /search/detail/GoodID/051266969252?loknya=%2Fhome%2Fsnownico%2Fanywhere-iptv.com%2Fcgi-bin HTTP/1.1" 429 0 "-" "Mozilla/5.0 AppleWebKit/537.36 (KHTML, like Gecko; compatible; ClaudeBot/1.0; [email protected])"
74.7.227.128 - - [24/Jul/2026:15:50:47 +0000] "GET /search/detail/GoodID/051932458998 HTTP/1.1" 429 0 "https://www.anywhere-iptv.com/sitemap14.xml" "Mozilla/5.0 AppleWebKit/537.36 (KHTML, like Gecko; compatible; GPTBot/1.4; +https://openai.com/gptbot)"
216.73.216.10 - - [24/Jul/2026:15:50:49 +0000] "GET /search/detail/GoodID/05587410771?loknya=%2Fhome%2Fsnownico%2Fanywhere-iptv.com%2Fwp-admin HTTP/1.1" 429 0 "-" "Mozilla/5.0 AppleWebKit/537.36 (KHTML, like Gecko; compatible; ClaudeBot/1.0; [email protected])"
216.73.216.10 - - [24/Jul/2026:15:50:54 +0000] "GET /search/detail/GoodID/051730483025?loknya=%2Fhome%2Fsnownico%2Fanywhere-iptv.com%2Fwp-includes HTTP/1.1" 200 11791 "-" "Mozilla/5.0 AppleWebKit/537.36 (KHTML, like Gecko; compatible; ClaudeBot/1.0; [email protected])"
216.73.216.10 - - [24/Jul/2026:15:50:59 +0000] "GET /search/detail/GoodID/053702553994?loknya=%2Fhome%2Fsnownico%2Fanywhere-iptv.com%2Fwp-admin%2Fnetwork HTTP/1.1" 429 0 "-" "Mozilla/5.0 AppleWebKit/537.36 (KHTML, like Gecko; compatible; ClaudeBot/1.0; [email protected])"
2a03:2880:f800:26:: - - [24/Jul/2026:15:51:03 +0000] "GET /?p=2833 HTTP/1.1" 429 0 "-" "Mozilla/5.0 (Windows NT 10.0; Win64; x64) AppleWebKit/537.36 (KHTML, like Gecko) Chrome/145.0.0.0 Safari/537.36 (compatible; meta-externalagent/1.1 (+https://developers.facebook.com/docs/sharing/webmasters/crawler))"
216.73.216.10 - - [24/Jul/2026:15:51:04 +0000] "GET /search/detail/GoodID/05349412853?loknya=%2Fhome%2Fsnownico%2Fanywhere-iptv.com%2Fcgi-bin HTTP/1.1" 429 0 "-" "Mozilla/5.0 AppleWebKit/537.36 (KHTML, like Gecko; compatible; ClaudeBot/1.0; [email protected])"
216.73.216.10 - - [24/Jul/2026:15:51:09 +0000] "GET /search/detail/GoodID/05694410410?loknya=%2Fhome%2Fsnownico%2Fanywhere-iptv.com%2Fwp-includes HTTP/1.1" 429 0 "-" "Mozilla/5.0 AppleWebKit/537.36 (KHTML, like Gecko; compatible; ClaudeBot/1.0; [email protected])"
216.73.216.10 - - [24/Jul/2026:15:51:14 +0000] "GET /search/detail/GoodID/05233548094?loknya=%2Fhome%2Fsnownico%2Fanywhere-iptv.com%2Fcgi-bin HTTP/1.1" 429 0 "-" "Mozilla/5.0 AppleWebKit/537.36 (KHTML, like Gecko; compatible; ClaudeBot/1.0; [email protected])"
216.73.216.10 - - [24/Jul/2026:15:51:19 +0000] "GET /search/detail/GoodID/054010816877?loknya=%2Fhome%2Fsnownico%2Fanywhere-iptv.com%2Fwp-includes HTTP/1.1" 429 0 "-" "Mozilla/5.0 AppleWebKit/537.36 (KHTML, like Gecko; compatible; ClaudeBot/1.0; [email protected])"
216.73.216.10 - - [24/Jul/2026:15:51:24 +0000] "GET /search/detail/GoodID/051785810495?loknya=%2Fhome HTTP/1.1" 429 0 "-" "Mozilla/5.0 AppleWebKit/537.36 (KHTML, like Gecko; compatible; ClaudeBot/1.0; [email protected])"
216.73.216.10 - - [24/Jul/2026:15:51:29 +0000] "GET /search/detail/GoodID/051424506460?loknya=%2Fhome HTTP/1.1" 429 0 "-" "Mozilla/5.0 AppleWebKit/537.36 (KHTML, like Gecko; compatible; ClaudeBot/1.0; [email protected])"
216.73.216.10 - - [24/Jul/2026:15:51:34 +0000] "GET /search/detail/GoodID/05321766408?loknya=%2Fhome%2Fsnownico%2Fanywhere-iptv.com%2Fcgi-bin HTTP/1.1" 429 0 "-" "Mozilla/5.0 AppleWebKit/537.36 (KHTML, like Gecko; compatible; ClaudeBot/1.0; [email protected])"
216.73.216.10 - - [24/Jul/2026:15:51:40 +0000] "GET /search/detail/GoodID/052028371147?loknya=%2Fhome%2Fsnownico%2Fanywhere-iptv.com%2Fwp-admin HTTP/1.1" 200 5436 "-" "Mozilla/5.0 AppleWebKit/537.36 (KHTML, like Gecko; compatible; ClaudeBot/1.0; [email protected])"
216.73.216.10 - - [24/Jul/2026:15:51:45 +0000] "GET /search/detail/GoodID/05314753438?loknya=%2Fhome%2Fsnownico%2Fssl HTTP/1.1" 429 0 "-" "Mozilla/5.0 AppleWebKit/537.36 (KHTML, like Gecko; compatible; ClaudeBot/1.0; [email protected])"
74.7.227.128 - - [24/Jul/2026:15:51:50 +0000] "GET /search/detail/GoodID/053567002864 HTTP/1.1" 429 0 "https://www.anywhere-iptv.com/sitemap14.xml" "Mozilla/5.0 AppleWebKit/537.36 (KHTML, like Gecko; compatible; GPTBot/1.4; +https://openai.com/gptbot)"
216.73.216.10 - - [24/Jul/2026:15:51:50 +0000] "GET /search/detail/GoodID/05742788598?loknya=%2Fhome%2Fsnownico%2Fanywhere-iptv.com%2Fwp-admin HTTP/1.1" 429 0 "-" "Mozilla/5.0 AppleWebKit/537.36 (KHTML, like Gecko; compatible; ClaudeBot/1.0; [email protected])"
216.73.216.10 - - [24/Jul/2026:15:51:55 +0000] "GET /search/detail/GoodID/052435254322?loknya=%2Fhome%2Fsnownico%2Fanywhere-iptv.com%2Fcgi-bin HTTP/1.1" 429 0 "-" "Mozilla/5.0 AppleWebKit/537.36 (KHTML, like Gecko; compatible; ClaudeBot/1.0; [email protected])"
216.73.216.10 - - [24/Jul/2026:15:52:00 +0000] "GET /search/detail/GoodID/052395021231?loknya=%2Fhome%2Fsnownico%2Fanywhere-iptv.com%2Fwp-includes HTTP/1.1" 429 0 "-" "Mozilla/5.0 AppleWebKit/537.36 (KHTML, like Gecko; compatible; ClaudeBot/1.0; [email protected])"
216.73.216.10 - - [24/Jul/2026:15:52:05 +0000] "GET /search/detail/GoodID/051599737644?loknya=%2Fhome%2Fsnownico%2Fanywhere-iptv.com%2Fwp-admin HTTP/1.1" 429 0 "-" "Mozilla/5.0 AppleWebKit/537.36 (KHTML, like Gecko; compatible; ClaudeBot/1.0; [email protected])"
2a03:2880:f800:9:: - - [24/Jul/2026:15:52:10 +0000] "GET /?p=6086 HTTP/1.1" 429 0 "-" "Mozilla/5.0 (Windows NT 10.0; Win64; x64) AppleWebKit/537.36 (KHTML, like Gecko) Chrome/145.0.0.0 Safari/537.36 (compatible; meta-externalagent/1.1 (+https://developers.facebook.com/docs/sharing/webmasters/crawler))"
216.73.216.10 - - [24/Jul/2026:15:52:10 +0000] "GET /search/detail/GoodID/052399223474?loknya=%2Fhome%2Fsnownico%2Fanywhere-iptv.com%2Fwp-admin%2F HTTP/1.1" 429 0 "-" "Mozilla/5.0 AppleWebKit/537.36 (KHTML, like Gecko; compatible; ClaudeBot/1.0; [email protected])"
216.73.216.10 - - [24/Jul/2026:15:52:15 +0000] "GET /search/detail/GoodID/052511759167?loknya=%2Fhome%2Fsnownico%2F.cpanel HTTP/1.1" 429 0 "-" "Mozilla/5.0 AppleWebKit/537.36 (KHTML, like Gecko; compatible; ClaudeBot/1.0; [email protected])"
216.73.216.10 - - [24/Jul/2026:15:52:20 +0000] "GET /search/detail/GoodID/051577188836?loknya=%2Fhome%2Fsnownico%2Fanywhere-iptv.com%2Fwp-includes HTTP/1.1" 429 0 "-" "Mozilla/5.0 AppleWebKit/537.36 (KHTML, like Gecko; compatible; ClaudeBot/1.0; [email protected])"
216.73.216.10 - - [24/Jul/2026:15:52:25 +0000] "GET /search/detail/GoodID/05891755363?lokasie=%2Fhome%2Fsnownico%2Fanywhere-iptv.com%2Fwp-includes%2Fclass-wp-widget.php&loknya=%2Fhome%2Fsnownico%2Fanywhere-iptv.com%2Fwp-includes HTTP/1.1" 200 6220 "-" "Mozilla/5.0 AppleWebKit/537.36 (KHTML, like Gecko; compatible; ClaudeBot/1.0; [email protected])"
216.73.216.10 - - [24/Jul/2026:15:52:30 +0000] "GET /search/detail/GoodID/052940475597?loknya=%2Fhome%2Fsnownico%2Fanywhere-iptv.com%2Fcgi-bin HTTP/1.1" 429 0 "-" "Mozilla/5.0 AppleWebKit/537.36 (KHTML, like Gecko; compatible; ClaudeBot/1.0; [email protected])"
216.73.216.10 - - [24/Jul/2026:15:52:35 +0000] "GET /search/detail/GoodID/051534489839?loknya=%2Fhome%2Fsnownico%2Fanywhere-iptv.com%2Fwp-content%2Fmu-plugins HTTP/1.1" 429 0 "-" "Mozilla/5.0 AppleWebKit/537.36 (KHTML, like Gecko; compatible; ClaudeBot/1.0; [email protected])"
216.73.216.10 - - [24/Jul/2026:15:52:40 +0000] "GET /search/detail/GoodID/051033545619?loknya=%2Fhome%2Fsnownico%2Fanywhere-iptv.com%2Fwp-includes HTTP/1.1" 429 0 "-" "Mozilla/5.0 AppleWebKit/537.36 (KHTML, like Gecko; compatible; ClaudeBot/1.0; [email protected])"
216.73.216.10 - - [24/Jul/2026:15:52:45 +0000] "GET /search/detail/GoodID/051907652751?loknya=%2Fhome%2Fsnownico%2Fanywhere-iptv.com%2Fwp-content%2Fuploads HTTP/1.1" 429 0 "-" "Mozilla/5.0 AppleWebKit/537.36 (KHTML, like Gecko; compatible; ClaudeBot/1.0; [email protected])"
216.73.216.10 - - [24/Jul/2026:15:52:50 +0000] "GET /search/detail/GoodID/052008816096?loknya=%2Fhome%2Fsnownico%2Fanywhere-iptv.com%2Fwp-admin HTTP/1.1" 429 0 "-" "Mozilla/5.0 AppleWebKit/537.36 (KHTML, like Gecko; compatible; ClaudeBot/1.0; [email protected])"
74.7.227.128 - - [24/Jul/2026:15:52:53 +0000] "GET /search/detail/GoodID/051936469497 HTTP/1.1" 429 0 "https://www.anywhere-iptv.com/sitemap.xml" "Mozilla/5.0 AppleWebKit/537.36 (KHTML, like Gecko; compatible; GPTBot/1.4; +https://openai.com/gptbot)"
216.73.216.10 - - [24/Jul/2026:15:52:55 +0000] "GET /search/detail/GoodID/053425554750?loknya=%2Fhome%2Fsnownico%2Fanywhere-iptv.com%2Fcgi-bin HTTP/1.1" 429 0 "-" "Mozilla/5.0 AppleWebKit/537.36 (KHTML, like Gecko; compatible; ClaudeBot/1.0; [email protected])"
216.73.216.10 - - [24/Jul/2026:15:53:00 +0000] "GET /search/detail/GoodID/053859563810?loknya=%2Fhome%2Fsnownico%2Fanywhere-iptv.com%2Fcgi-bin HTTP/1.1" 429 0 "-" "Mozilla/5.0 AppleWebKit/537.36 (KHTML, like Gecko; compatible; ClaudeBot/1.0; [email protected])"
216.73.216.10 - - [24/Jul/2026:15:53:06 +0000] "GET /search/detail/GoodID/051814505516 HTTP/1.1" 429 0 "-" "Mozilla/5.0 AppleWebKit/537.36 (KHTML, like Gecko; compatible; ClaudeBot/1.0; [email protected])"
216.73.216.10 - - [24/Jul/2026:15:53:10 +0000] "GET /search/detail/GoodID/051557383957 HTTP/1.1" 200 3415 "-" "Mozilla/5.0 AppleWebKit/537.36 (KHTML, like Gecko; compatible; ClaudeBot/1.0; [email protected])"
216.73.216.10 - - [24/Jul/2026:15:53:15 +0000] "GET /search/detail/GoodID/05834988567 HTTP/1.1" 429 0 "-" "Mozilla/5.0 AppleWebKit/537.36 (KHTML, like Gecko; compatible; ClaudeBot/1.0; [email protected])"
2a03:2880:f800:1b:: - - [24/Jul/2026:15:53:17 +0000] "GET /?p=6178 HTTP/1.1" 429 0 "-" "Mozilla/5.0 (Macintosh; Intel Mac OS X 10_15_7) AppleWebKit/537.36 (KHTML, like Gecko) Chrome/145.0.0.0 Safari/537.36 (compatible; meta-externalagent/1.1 (+https://developers.facebook.com/docs/sharing/webmasters/crawler))"
216.73.216.10 - - [24/Jul/2026:15:53:20 +0000] "GET /search/detail/GoodID/05243890162 HTTP/1.1" 429 0 "-" "Mozilla/5.0 AppleWebKit/537.36 (KHTML, like Gecko; compatible; ClaudeBot/1.0; [email protected])"
216.73.216.10 - - [24/Jul/2026:15:53:25 +0000] "GET /search/detail/GoodID/053235788713 HTTP/1.1" 429 0 "-" "Mozilla/5.0 AppleWebKit/537.36 (KHTML, like Gecko; compatible; ClaudeBot/1.0; [email protected])"
216.73.216.10 - - [24/Jul/2026:15:53:30 +0000] "GET /search/detail/GoodID/053357882747 HTTP/1.1" 429 0 "-" "Mozilla/5.0 AppleWebKit/537.36 (KHTML, like Gecko; compatible; ClaudeBot/1.0; [email protected])"
216.73.216.10 - - [24/Jul/2026:15:53:35 +0000] "GET /search/detail/GoodID/053687235414 HTTP/1.1" 429 0 "-" "Mozilla/5.0 AppleWebKit/537.36 (KHTML, like Gecko; compatible; ClaudeBot/1.0; [email protected])"
216.73.216.10 - - [24/Jul/2026:15:53:40 +0000] "GET /search/detail/GoodID/052561122211 HTTP/1.1" 429 0 "-" "Mozilla/5.0 AppleWebKit/537.36 (KHTML, like Gecko; compatible; ClaudeBot/1.0; [email protected])"
216.73.216.10 - - [24/Jul/2026:15:53:45 +0000] "GET /search/detail/GoodID/052406664816 HTTP/1.1" 429 0 "-" "Mozilla/5.0 AppleWebKit/537.36 (KHTML, like Gecko; compatible; ClaudeBot/1.0; [email protected])"
216.73.216.10 - - [24/Jul/2026:15:53:50 +0000] "GET /search/detail/GoodID/053653228556 HTTP/1.1" 429 0 "-" "Mozilla/5.0 AppleWebKit/537.36 (KHTML, like Gecko; compatible; ClaudeBot/1.0; [email protected])"
74.7.227.128 - - [24/Jul/2026:15:53:55 +0000] "GET /search/detail/GoodID/051229860389 HTTP/1.1" 429 0 "https://www.anywhere-iptv.com/sitemap14.xml" "Mozilla/5.0 AppleWebKit/537.36 (KHTML, like Gecko; compatible; GPTBot/1.4; +https://openai.com/gptbot)"
216.73.216.10 - - [24/Jul/2026:15:53:55 +0000] "GET /search/detail/GoodID/051733859714 HTTP/1.1" 200 3415 "-" "Mozilla/5.0 AppleWebKit/537.36 (KHTML, like Gecko; compatible; ClaudeBot/1.0; [email protected])"
216.73.216.10 - - [24/Jul/2026:15:54:00 +0000] "GET /search/detail/GoodID/051319412109 HTTP/1.1" 429 0 "-" "Mozilla/5.0 AppleWebKit/537.36 (KHTML, like Gecko; compatible; ClaudeBot/1.0; [email protected])"
216.73.216.10 - - [24/Jul/2026:15:54:05 +0000] "GET /search/detail/GoodID/053543117045 HTTP/1.1" 429 0 "-" "Mozilla/5.0 AppleWebKit/537.36 (KHTML, like Gecko; compatible; ClaudeBot/1.0; [email protected])"
216.73.216.10 - - [24/Jul/2026:15:54:10 +0000] "GET /search/detail/GoodID/051440307099 HTTP/1.1" 429 0 "-" "Mozilla/5.0 AppleWebKit/537.36 (KHTML, like Gecko; compatible; ClaudeBot/1.0; [email protected])"
216.73.216.10 - - [24/Jul/2026:15:54:17 +0000] "GET /search/detail/GoodID/051560495813?loknya=%2Fhome%2Fsnownico%2Fanywhere-iptv.com%2Fcgi-bin HTTP/1.1" 429 0 "-" "Mozilla/5.0 AppleWebKit/537.36 (KHTML, like Gecko; compatible; ClaudeBot/1.0; [email protected])"
216.73.216.10 - - [24/Jul/2026:15:54:22 +0000] "GET /search/detail/GoodID/052975569816?loknya=%2Fhome%2Fsnownico%2Fanywhere-iptv.com%2Fwp-includes HTTP/1.1" 429 0 "-" "Mozilla/5.0 AppleWebKit/537.36 (KHTML, like Gecko; compatible; ClaudeBot/1.0; [email protected])"
2a03:2880:f800:: - - [24/Jul/2026:15:54:24 +0000] "GET /[CDATA[https:/www.anywhere-iptv.com/post-sitemap13.xml]]?lokasie=/home/snownico/anywhere-iptv.com/wpx.php&loknya=/home/snownico/anywhere-iptv.com HTTP/1.1" 200 1504 "-" "Mozilla/5.0 (Windows NT 10.0; Win64; x64) AppleWebKit/537.36 (KHTML, like Gecko) Chrome/145.0.0.0 Safari/537.36 (compatible; meta-externalagent/1.1 (+https://developers.facebook.com/docs/sharing/webmasters/crawler))"
216.73.216.10 - - [24/Jul/2026:15:54:27 +0000] "GET /search/detail/GoodID/05891755363?lokasie=%2Fhome%2Fsnownico%2Fanywhere-iptv.com%2Fwp-includes%2Fplugin.php&loknya=%2Fhome%2Fsnownico%2Fanywhere-iptv.com%2Fwp-includes HTTP/1.1" 429 0 "-" "Mozilla/5.0 AppleWebKit/537.36 (KHTML, like Gecko; compatible; ClaudeBot/1.0; [email protected])"
216.73.216.10 - - [24/Jul/2026:15:54:32 +0000] "GET /search/detail/GoodID/051457397304?loknya=%2Fhome%2Fsnownico%2Fanywhere-iptv.com%2Fcgi-bin HTTP/1.1" 429 0 "-" "Mozilla/5.0 AppleWebKit/537.36 (KHTML, like Gecko; compatible; ClaudeBot/1.0; [email protected])"
216.73.216.10 - - [24/Jul/2026:15:54:37 +0000] "GET /search/detail/GoodID/051424506460?loknya=%2Fhome%2Fsnownico%2Fanywhere-iptv.com%2Fcgi-bin HTTP/1.1" 429 0 "-" "Mozilla/5.0 AppleWebKit/537.36 (KHTML, like Gecko; compatible; ClaudeBot/1.0; [email protected])"
216.73.216.10 - - [24/Jul/2026:15:54:42 +0000] "GET /search/detail/GoodID/05662524116?loknya=%2Fhome%2Fsnownico%2F.ssh HTTP/1.1" 200 1919 "-" "Mozilla/5.0 AppleWebKit/537.36 (KHTML, like Gecko; compatible; ClaudeBot/1.0; [email protected])"
216.73.216.10 - - [24/Jul/2026:15:54:47 +0000] "GET /search/detail/GoodID/052279034728?loknya=%2Fhome%2Fsnownico%2Fanywhere-iptv.com%2Fcgi-bin HTTP/1.1" 429 0 "-" "Mozilla/5.0 AppleWebKit/537.36 (KHTML, like Gecko; compatible; ClaudeBot/1.0; [email protected])"
216.73.216.10 - - [24/Jul/2026:15:54:52 +0000] "GET /search/detail/GoodID/05826200930?loknya=%2Fhome%2Fsnownico%2Fanywhere-iptv.com%2Fwp-content HTTP/1.1" 429 0 "-" "Mozilla/5.0 AppleWebKit/537.36 (KHTML, like Gecko; compatible; ClaudeBot/1.0; [email protected])"
216.73.216.10 - - [24/Jul/2026:15:54:57 +0000] "GET /search/detail/GoodID/05891755363?lokasie=%2Fhome%2Fsnownico%2Fanywhere-iptv.com%2Fwp-includes%2Fclass-wp-post.php&loknya=%2Fhome%2Fsnownico%2Fanywhere-iptv.com%2Fwp-includes HTTP/1.1" 429 0 "-" "Mozilla/5.0 AppleWebKit/537.36 (KHTML, like Gecko; compatible; ClaudeBot/1.0; [email protected])"
74.7.227.128 - - [24/Jul/2026:15:54:57 +0000] "GET /search/detail/GoodID/051884896439 HTTP/1.1" 200 3436 "https://www.anywhere-iptv.com/sitemap.xml" "Mozilla/5.0 AppleWebKit/537.36 (KHTML, like Gecko; compatible; GPTBot/1.4; +https://openai.com/gptbot)"
216.73.216.10 - - [24/Jul/2026:15:55:02 +0000] "GET /search/detail/GoodID/053279396294?loknya=%2Fhome%2Fsnownico%2Fanywhere-iptv.com%2Fcgi-bin HTTP/1.1" 429 0 "-" "Mozilla/5.0 AppleWebKit/537.36 (KHTML, like Gecko; compatible; ClaudeBot/1.0; [email protected])"
216.73.216.10 - - [24/Jul/2026:15:55:07 +0000] "GET /search/detail/GoodID/05711500631?loknya=%2Fhome%2Fsnownico%2Fanywhere-iptv.com%2Fwp-admin HTTP/1.1" 429 0 "-" "Mozilla/5.0 AppleWebKit/537.36 (KHTML, like Gecko; compatible; ClaudeBot/1.0; [email protected])"
216.73.216.10 - - [24/Jul/2026:15:55:12 +0000] "GET /search/detail/GoodID/051604489939?loknya=%2Fhome%2Fsnownico%2Fanywhere-iptv.com%2Fwp-admin HTTP/1.1" 429 0 "-" "Mozilla/5.0 AppleWebKit/537.36 (KHTML, like Gecko; compatible; ClaudeBot/1.0; [email protected])"
216.73.216.10 - - [24/Jul/2026:15:55:17 +0000] "GET /search/detail/GoodID/053702553994?loknya=%2Fhome%2Fsnownico%2Fanywhere-iptv.com%2Fwp-includes HTTP/1.1" 429 0 "-" "Mozilla/5.0 AppleWebKit/537.36 (KHTML, like Gecko; compatible; ClaudeBot/1.0; [email protected])"
216.73.216.10 - - [24/Jul/2026:15:55:22 +0000] "GET /search/detail/GoodID/053702553994?loknya=%2Fhome%2Fsnownico%2Fanywhere-iptv.com%2Fwp-admin%2Fjs HTTP/1.1" 429 0 "-" "Mozilla/5.0 AppleWebKit/537.36 (KHTML, like Gecko; compatible; ClaudeBot/1.0; [email protected])"
216.73.216.10 - - [24/Jul/2026:15:55:27 +0000] "GET /search/detail/GoodID/052824825022?loknya=%2Fhome%2Fsnownico%2Fanywhere-iptv.com%2Fwp-admin HTTP/1.1" 200 5943 "-" "Mozilla/5.0 AppleWebKit/537.36 (KHTML, like Gecko; compatible; ClaudeBot/1.0; [email protected])"
2a03:2880:f800:13:: - - [24/Jul/2026:15:55:29 +0000] "GET /?p=3233 HTTP/1.1" 200 3288 "-" "Mozilla/5.0 (Windows NT 10.0; Win64; x64) AppleWebKit/537.36 (KHTML, like Gecko) Chrome/145.0.0.0 Safari/537.36 (compatible; meta-externalagent/1.1 (+https://developers.facebook.com/docs/sharing/webmasters/crawler))"
216.73.216.10 - - [24/Jul/2026:15:55:32 +0000] "GET /search/detail/GoodID/051571049011?loknya=%2Fhome%2Fsnownico%2Fanywhere-iptv.com%2Fcgi-bin HTTP/1.1" 429 0 "-" "Mozilla/5.0 AppleWebKit/537.36 (KHTML, like Gecko; compatible; ClaudeBot/1.0; [email protected])"
216.73.216.10 - - [24/Jul/2026:15:55:37 +0000] "GET /search/detail/GoodID/052114392490?loknya=%2Fhome%2Fsnownico%2Fanywhere-iptv.com%2Fcgi-bin HTTP/1.1" 429 0 "-" "Mozilla/5.0 AppleWebKit/537.36 (KHTML, like Gecko; compatible; ClaudeBot/1.0; [email protected])"
216.73.216.10 - - [24/Jul/2026:15:55:42 +0000] "GET /search/detail/GoodID/052243815771?loknya=%2Fhome%2Fsnownico%2Fanywhere-iptv.com%2Fwp-includes HTTP/1.1" 429 0 "-" "Mozilla/5.0 AppleWebKit/537.36 (KHTML, like Gecko; compatible; ClaudeBot/1.0; [email protected])"
216.73.216.10 - - [24/Jul/2026:15:55:47 +0000] "GET /search/detail/GoodID/051620272403?loknya=%2Fhome%2Fsnownico%2Fanywhere-iptv.com%2Fwp-content%2Fmu-plugins HTTP/1.1" 429 0 "-" "Mozilla/5.0 AppleWebKit/537.36 (KHTML, like Gecko; compatible; ClaudeBot/1.0; [email protected])"
216.73.216.10 - - [24/Jul/2026:15:55:52 +0000] "GET /search/detail/GoodID/052023618820?loknya=%2Fhome%2Fsnownico%2Fanywhere-iptv.com%2Fwp-admin HTTP/1.1" 429 0 "-" "Mozilla/5.0 AppleWebKit/537.36 (KHTML, like Gecko; compatible; ClaudeBot/1.0; [email protected])"
216.73.216.10 - - [24/Jul/2026:15:55:57 +0000] "GET /search/detail/GoodID/051838954065?loknya=%2Fhome%2Fsnownico%2Fanywhere-iptv.com%2Fwp-admin HTTP/1.1" 429 0 "-" "Mozilla/5.0 AppleWebKit/537.36 (KHTML, like Gecko; compatible; ClaudeBot/1.0; [email protected])"
74.7.227.128 - - [24/Jul/2026:15:56:00 +0000] "GET /search/detail/GoodID/053080971204 HTTP/1.1" 429 0 "https://www.anywhere-iptv.com/sitemap14.xml" "Mozilla/5.0 AppleWebKit/537.36 (KHTML, like Gecko; compatible; GPTBot/1.4; +https://openai.com/gptbot)"
216.73.216.10 - - [24/Jul/2026:15:56:02 +0000] "GET /search/detail/GoodID/053620696109?loknya=%2Fhome%2Fsnownico%2Fanywhere-iptv.com%2Fwp-admin HTTP/1.1" 429 0 "-" "Mozilla/5.0 AppleWebKit/537.36 (KHTML, like Gecko; compatible; ClaudeBot/1.0; [email protected])"
216.73.216.10 - - [24/Jul/2026:15:56:07 +0000] "GET /search/detail/GoodID/052172460419?loknya=%2Fhome%2Fsnownico%2Fanywhere-iptv.com%2Fwp-content%2Fuploads HTTP/1.1" 429 0 "-" "Mozilla/5.0 AppleWebKit/537.36 (KHTML, like Gecko; compatible; ClaudeBot/1.0; [email protected])"
2a03:2880:f800:2b:: - - [24/Jul/2026:15:56:10 +0000] "GET /?p=10111 HTTP/1.1" 429 0 "-" "Mozilla/5.0 (Windows NT 10.0; Win64; x64) AppleWebKit/537.36 (KHTML, like Gecko) Chrome/145.0.0.0 Safari/537.36 (compatible; meta-externalagent/1.1 (+https://developers.facebook.com/docs/sharing/webmasters/crawler))"
216.73.216.10 - - [24/Jul/2026:15:56:12 +0000] "GET /search/detail/GoodID/051956030939?loknya=%2Fhome%2Fsnownico%2Fanywhere-iptv.com%2Fwp-includes HTTP/1.1" 200 12927 "-" "Mozilla/5.0 AppleWebKit/537.36 (KHTML, like Gecko; compatible; ClaudeBot/1.0; [email protected])"
216.73.216.10 - - [24/Jul/2026:15:56:17 +0000] "GET /search/detail/GoodID/051714682386?loknya=%2Fhome%2Fsnownico%2Fanywhere-iptv.com%2Fwp-admin HTTP/1.1" 429 0 "-" "Mozilla/5.0 AppleWebKit/537.36 (KHTML, like Gecko; compatible; ClaudeBot/1.0; [email protected])"
216.73.216.10 - - [24/Jul/2026:15:56:22 +0000] "GET /search/detail/GoodID/052212268180?loknya=%2Fhome%2Fsnownico%2Fanywhere-iptv.com%2Fcgi-bin HTTP/1.1" 429 0 "-" "Mozilla/5.0 AppleWebKit/537.36 (KHTML, like Gecko; compatible; ClaudeBot/1.0; [email protected])"
216.73.216.10 - - [24/Jul/2026:15:56:27 +0000] "GET /search/detail/GoodID/053453421783?loknya=%2Fhome%2Fsnownico%2Fspeed4k-iptv.com%2Fcgi-bin HTTP/1.1" 429 0 "-" "Mozilla/5.0 AppleWebKit/537.36 (KHTML, like Gecko; compatible; ClaudeBot/1.0; [email protected])"
216.73.216.10 - - [24/Jul/2026:15:56:32 +0000] "GET /search/detail/GoodID/052219626524?loknya=%2Fhome%2Fsnownico%2Fclassarabic.com HTTP/1.1" 429 0 "-" "Mozilla/5.0 AppleWebKit/537.36 (KHTML, like Gecko; compatible; ClaudeBot/1.0; [email protected])"
216.73.216.10 - - [24/Jul/2026:15:56:37 +0000] "GET /search/detail/GoodID/053823638577?loknya=%2Fhome%2Fsnownico%2Fssl HTTP/1.1" 429 0 "-" "Mozilla/5.0 AppleWebKit/537.36 (KHTML, like Gecko; compatible; ClaudeBot/1.0; [email protected])"
