74.7.227.128 - - [24/Jul/2026:14:38:46 +0000] "GET /search/detail/GoodID/053239284960 HTTP/1.1" 429 0 "https://www.anywhere-iptv.com/sitemap.xml" "Mozilla/5.0 AppleWebKit/537.36 (KHTML, like Gecko; compatible; GPTBot/1.4; +https://openai.com/gptbot)"
216.73.216.10 - - [24/Jul/2026:14:38:51 +0000] "GET /search/detail/GoodID/053209610690?loknya=%2Fhome%2Fsnownico%2Fetc%2Fiptvportugues.com HTTP/1.1" 429 0 "-" "Mozilla/5.0 AppleWebKit/537.36 (KHTML, like Gecko; compatible; ClaudeBot/1.0; [email protected])"
216.73.216.10 - - [24/Jul/2026:14:38:56 +0000] "GET /search/detail/GoodID/051608528659?loknya=%2Fhome%2Fsnownico%2Fanywhere-iptv.com%2F.well-known HTTP/1.1" 429 0 "-" "Mozilla/5.0 AppleWebKit/537.36 (KHTML, like Gecko; compatible; ClaudeBot/1.0; [email protected])"
2a03:2880:f800:1b:: - - [24/Jul/2026:14:38:58 +0000] "GET /?p=1236 HTTP/1.1" 429 0 "-" "Mozilla/5.0 (Macintosh; Intel Mac OS X 10_15_7) AppleWebKit/537.36 (KHTML, like Gecko) Chrome/145.0.0.0 Safari/537.36 (compatible; meta-externalagent/1.1 (+https://developers.facebook.com/docs/sharing/webmasters/crawler))"
216.73.216.10 - - [24/Jul/2026:14:39:01 +0000] "GET /search/detail/GoodID/051734806964?loknya=%2Fhome%2Fsnownico%2Fanywhere-iptv.com%2Fimages HTTP/1.1" 429 0 "-" "Mozilla/5.0 AppleWebKit/537.36 (KHTML, like Gecko; compatible; ClaudeBot/1.0; [email protected])"
216.73.216.10 - - [24/Jul/2026:14:39:07 +0000] "GET /search/detail/GoodID/052182802487?lokasie=%2Fhome%2Fsnownico%2Fanywhere-iptv.com%2Fwp-config-sample.php&loknya=%2Fhome%2Fsnownico%2Fanywhere-iptv.com HTTP/1.1" 429 0 "-" "Mozilla/5.0 AppleWebKit/537.36 (KHTML, like Gecko; compatible; ClaudeBot/1.0; [email protected])"
35.84.179.144 - - [24/Jul/2026:14:39:08 +0000] "GET /robots.txt HTTP/2" 200 87 "-" "Mozilla/5.0 (compatible; wpbot/1.4; +https://forms.gle/ajBaxygz9jSR8p8G9)"
35.84.179.144 - - [24/Jul/2026:14:39:08 +0000] "GET /enhancecp HTTP/2" 200 4306 "-" "Mozilla/5.0 (compatible; wpbot/1.4; +https://forms.gle/ajBaxygz9jSR8p8G9)"
216.73.216.10 - - [24/Jul/2026:14:39:11 +0000] "GET /search/detail/GoodID/052926977428?lokasie=%2Fhome%2Fsnownico%2Fanywhere-iptv.com%2Fwp-load.php&loknya=%2Fhome%2Fsnownico%2Fanywhere-iptv.com HTTP/1.1" 429 0 "-" "Mozilla/5.0 AppleWebKit/537.36 (KHTML, like Gecko; compatible; ClaudeBot/1.0; [email protected])"
216.73.216.10 - - [24/Jul/2026:14:39:16 +0000] "GET /search/detail/GoodID/05770089701?lokasie=%2Fhome%2Fsnownico%2Fanywhere-iptv.com%2Fwp-activate.php&loknya=%2Fhome%2Fsnownico%2Fanywhere-iptv.com HTTP/1.1" 429 0 "-" "Mozilla/5.0 AppleWebKit/537.36 (KHTML, like Gecko; compatible; ClaudeBot/1.0; [email protected])"
216.73.216.10 - - [24/Jul/2026:14:39:21 +0000] "GET /search/detail/GoodID/05170635069?lokasie=%2Fhome%2Fsnownico%2Fanywhere-iptv.com%2Fwp-load.php&loknya=%2Fhome%2Fsnownico%2Fanywhere-iptv.com HTTP/1.1" 429 0 "-" "Mozilla/5.0 AppleWebKit/537.36 (KHTML, like Gecko; compatible; ClaudeBot/1.0; [email protected])"
216.73.216.10 - - [24/Jul/2026:14:39:26 +0000] "GET /search/detail/GoodID/052553421583?lokasie=%2Fhome%2Fsnownico%2Fanywhere-iptv.com%2Fwp-settings.php&loknya=%2Fhome%2Fsnownico%2Fanywhere-iptv.com HTTP/1.1" 200 8164 "-" "Mozilla/5.0 AppleWebKit/537.36 (KHTML, like Gecko; compatible; ClaudeBot/1.0; [email protected])"
216.73.216.10 - - [24/Jul/2026:14:39:31 +0000] "GET /search/detail/GoodID/05223423236?lokasie=%2Fhome%2Fsnownico%2Fanywhere-iptv.com%2Fwp-config-sample.php&loknya=%2Fhome%2Fsnownico%2Fanywhere-iptv.com HTTP/1.1" 429 0 "-" "Mozilla/5.0 AppleWebKit/537.36 (KHTML, like Gecko; compatible; ClaudeBot/1.0; [email protected])"
216.73.216.10 - - [24/Jul/2026:14:39:37 +0000] "GET /search/detail/GoodID/051386735157?lokasie=%2Fhome%2Fsnownico%2Fanywhere-iptv.com%2Fwp-comments-post.php&loknya=%2Fhome%2Fsnownico%2Fanywhere-iptv.com HTTP/1.1" 429 0 "-" "Mozilla/5.0 AppleWebKit/537.36 (KHTML, like Gecko; compatible; ClaudeBot/1.0; [email protected])"
216.73.216.10 - - [24/Jul/2026:14:39:42 +0000] "GET /search/detail/GoodID/051961831826?lokasie=%2Fhome%2Fsnownico%2Fanywhere-iptv.com%2Fwp-mail.php&loknya=%2Fhome%2Fsnownico%2Fanywhere-iptv.com HTTP/1.1" 429 0 "-" "Mozilla/5.0 AppleWebKit/537.36 (KHTML, like Gecko; compatible; ClaudeBot/1.0; [email protected])"
216.73.216.10 - - [24/Jul/2026:14:39:47 +0000] "GET /search/detail/GoodID/05535075523?loknya=%2Fhome%2Fsnownico%2Fanywhere-iptv.com%2F.well-known HTTP/1.1" 429 0 "-" "Mozilla/5.0 AppleWebKit/537.36 (KHTML, like Gecko; compatible; ClaudeBot/1.0; [email protected])"
74.7.227.128 - - [24/Jul/2026:14:39:51 +0000] "GET /search/detail/GoodID/053478391585 HTTP/1.1" 429 0 "https://www.anywhere-iptv.com/sitemap14.xml" "Mozilla/5.0 AppleWebKit/537.36 (KHTML, like Gecko; compatible; GPTBot/1.4; +https://openai.com/gptbot)"
216.73.216.10 - - [24/Jul/2026:14:39:52 +0000] "GET /search/detail/GoodID/053434774121?lokasie=%2Fhome%2Fsnownico%2Fanywhere-iptv.com%2Fwp-load.php&loknya=%2Fhome%2Fsnownico%2Fanywhere-iptv.com HTTP/1.1" 429 0 "-" "Mozilla/5.0 AppleWebKit/537.36 (KHTML, like Gecko; compatible; ClaudeBot/1.0; [email protected])"
17.241.75.131 - - [24/Jul/2026:14:39:56 +0000] "GET /2025/08/22/online-gambling-blackjack-australia/ HTTP/1.1" 200 3438 "-" "Mozilla/5.0 (Macintosh; Intel Mac OS X 10_15_7) AppleWebKit/605.1.15 (KHTML, like Gecko) Version/17.4 Safari/605.1.15 (Applebot/0.1; +http://www.apple.com/go/applebot)"
216.73.216.10 - - [24/Jul/2026:14:39:57 +0000] "GET /search/detail/GoodID/051005797864?lokasie=%2Fhome%2Fsnownico%2Fanywhere-iptv.com%2Fwp-activate.php&loknya=%2Fhome%2Fsnownico%2Fanywhere-iptv.com HTTP/1.1" 429 0 "-" "Mozilla/5.0 AppleWebKit/537.36 (KHTML, like Gecko; compatible; ClaudeBot/1.0; [email protected])"
216.73.216.10 - - [24/Jul/2026:14:40:02 +0000] "GET /search/detail/GoodID/054065757786?lokasie=%2Fhome%2Fsnownico%2Fanywhere-iptv.com%2Fwp-mail.php&loknya=%2Fhome%2Fsnownico%2Fanywhere-iptv.com HTTP/1.1" 429 0 "-" "Mozilla/5.0 AppleWebKit/537.36 (KHTML, like Gecko; compatible; ClaudeBot/1.0; [email protected])"
2a03:2880:f800:b:: - - [24/Jul/2026:14:40:06 +0000] "GET /?p=3637 HTTP/1.1" 429 0 "-" "Mozilla/5.0 (Windows NT 10.0; Win64; x64) AppleWebKit/537.36 (KHTML, like Gecko) Chrome/145.0.0.0 Safari/537.36 (compatible; meta-externalagent/1.1 (+https://developers.facebook.com/docs/sharing/webmasters/crawler))"
216.73.216.10 - - [24/Jul/2026:14:40:07 +0000] "GET /search/detail/GoodID/052099033294?lokasie=%2Fhome%2Fsnownico%2Fanywhere-iptv.com%2Fwp-load.php&loknya=%2Fhome%2Fsnownico%2Fanywhere-iptv.com HTTP/1.1" 429 0 "-" "Mozilla/5.0 AppleWebKit/537.36 (KHTML, like Gecko; compatible; ClaudeBot/1.0; [email protected])"
216.73.216.10 - - [24/Jul/2026:14:40:12 +0000] "GET /search/detail/GoodID/05535075523?lokasie=%2Fhome%2Fsnownico%2Fanywhere-iptv.com%2Fwp-comments-post.php&loknya=%2Fhome%2Fsnownico%2Fanywhere-iptv.com HTTP/1.1" 200 2604 "-" "Mozilla/5.0 AppleWebKit/537.36 (KHTML, like Gecko; compatible; ClaudeBot/1.0; [email protected])"
216.73.216.10 - - [24/Jul/2026:14:40:17 +0000] "GET /search/detail/GoodID/05976597020?lokasie=%2Fhome%2Fsnownico%2Fanywhere-iptv.com%2Fwp-activate.php&loknya=%2Fhome%2Fsnownico%2Fanywhere-iptv.com HTTP/1.1" 429 0 "-" "Mozilla/5.0 AppleWebKit/537.36 (KHTML, like Gecko; compatible; ClaudeBot/1.0; [email protected])"
216.73.216.10 - - [24/Jul/2026:14:40:22 +0000] "GET /search/detail/GoodID/051463626547?lokasie=%2Fhome%2Fsnownico%2Fanywhere-iptv.com%2Fwp-mail.php&loknya=%2Fhome%2Fsnownico%2Fanywhere-iptv.com HTTP/1.1" 429 0 "-" "Mozilla/5.0 AppleWebKit/537.36 (KHTML, like Gecko; compatible; ClaudeBot/1.0; [email protected])"
216.73.216.10 - - [24/Jul/2026:14:40:27 +0000] "GET /search/detail/GoodID/05711765464?lokasie=%2Fhome%2Fsnownico%2Fanywhere-iptv.com%2Fwp-config-sample.php&loknya=%2Fhome%2Fsnownico%2Fanywhere-iptv.com HTTP/1.1" 429 0 "-" "Mozilla/5.0 AppleWebKit/537.36 (KHTML, like Gecko; compatible; ClaudeBot/1.0; [email protected])"
216.73.216.10 - - [24/Jul/2026:14:40:33 +0000] "GET /search/detail/GoodID/051999903337?lokasie=%2Fhome%2Fsnownico%2Fanywhere-iptv.com%2Fwp-links-opml.php&loknya=%2Fhome%2Fsnownico%2Fanywhere-iptv.com HTTP/1.1" 429 0 "-" "Mozilla/5.0 AppleWebKit/537.36 (KHTML, like Gecko; compatible; ClaudeBot/1.0; [email protected])"
216.73.216.10 - - [24/Jul/2026:14:40:38 +0000] "GET /search/detail/GoodID/052561387044?lokasie=%2Fhome%2Fsnownico%2Fanywhere-iptv.com%2Fgoogle12f08e4ae2fe7b3e.html&loknya=%2Fhome%2Fsnownico%2Fanywhere-iptv.com HTTP/1.1" 429 0 "-" "Mozilla/5.0 AppleWebKit/537.36 (KHTML, like Gecko; compatible; ClaudeBot/1.0; [email protected])"
216.73.216.10 - - [24/Jul/2026:14:40:48 +0000] "GET /search/detail/GoodID/0512538335?lokasie=%2Fhome%2Fsnownico%2Fanywhere-iptv.com%2Fgoogle4e9e64589d679d23.html&loknya=%2Fhome%2Fsnownico%2Fanywhere-iptv.com HTTP/1.1" 429 0 "-" "Mozilla/5.0 AppleWebKit/537.36 (KHTML, like Gecko; compatible; ClaudeBot/1.0; [email protected])"
74.7.227.128 - - [24/Jul/2026:14:40:52 +0000] "GET /search/detail/GoodID/052612017478 HTTP/1.1" 429 0 "https://www.anywhere-iptv.com/sitemap14.xml" "Mozilla/5.0 AppleWebKit/537.36 (KHTML, like Gecko; compatible; GPTBot/1.4; +https://openai.com/gptbot)"
216.73.216.10 - - [24/Jul/2026:14:40:56 +0000] "GET /search/detail/GoodID/051386735157?lokasie=%2Fhome%2Fsnownico%2Fanywhere-iptv.com%2Fgoogle12f08e4ae2fe7b3e.html&loknya=%2Fhome%2Fsnownico%2Fanywhere-iptv.com HTTP/1.1" 429 0 "-" "Mozilla/5.0 AppleWebKit/537.36 (KHTML, like Gecko; compatible; ClaudeBot/1.0; [email protected])"
216.73.216.10 - - [24/Jul/2026:14:40:59 +0000] "GET /search/detail/GoodID/05814863973?lokasie=%2Fhome%2Fsnownico%2Fanywhere-iptv.com%2Fwp-links-opml.php&loknya=%2Fhome%2Fsnownico%2Fanywhere-iptv.com HTTP/1.1" 200 2681 "-" "Mozilla/5.0 AppleWebKit/537.36 (KHTML, like Gecko; compatible; ClaudeBot/1.0; [email protected])"
216.73.216.10 - - [24/Jul/2026:14:41:04 +0000] "GET /search/detail/GoodID/051014368291?lokasie=%2Fhome%2Fsnownico%2Fanywhere-iptv.com%2Ftxets.php&loknya=%2Fhome%2Fsnownico%2Fanywhere-iptv.com HTTP/1.1" 429 0 "-" "Mozilla/5.0 AppleWebKit/537.36 (KHTML, like Gecko; compatible; ClaudeBot/1.0; [email protected])"
216.73.216.10 - - [24/Jul/2026:14:41:10 +0000] "GET /search/detail/GoodID/05617317891?lokasie=%2Fhome%2Fsnownico%2Fanywhere-iptv.com%2Findex.php&loknya=%2Fhome%2Fsnownico%2Fanywhere-iptv.com HTTP/1.1" 429 0 "-" "Mozilla/5.0 AppleWebKit/537.36 (KHTML, like Gecko; compatible; ClaudeBot/1.0; [email protected])"
2a03:2880:f800:3d:: - - [24/Jul/2026:14:41:13 +0000] "GET /post-sitemap14.xml?loknya=/home/snownico/anywhere-iptv.com/.tmb HTTP/1.1" 200 12366 "-" "Mozilla/5.0 (Macintosh; Intel Mac OS X 10_15_7) AppleWebKit/537.36 (KHTML, like Gecko) Chrome/145.0.0.0 Safari/537.36 (compatible; meta-externalagent/1.1 (+https://developers.facebook.com/docs/sharing/webmasters/crawler))"
216.73.216.10 - - [24/Jul/2026:14:41:14 +0000] "GET /search/detail/GoodID/051439094984?lokasie=%2Fhome%2Fsnownico%2Fanywhere-iptv.com%2Fwp-login.php&loknya=%2Fhome%2Fsnownico%2Fanywhere-iptv.com HTTP/1.1" 429 0 "-" "Mozilla/5.0 AppleWebKit/537.36 (KHTML, like Gecko; compatible; ClaudeBot/1.0; [email protected])"
216.73.216.10 - - [24/Jul/2026:14:41:19 +0000] "GET /search/detail/GoodID/051365575074?lokasie=%2Fhome%2Fsnownico%2Fanywhere-iptv.com%2Fgoogle12f08e4ae2fe7b3e.html&loknya=%2Fhome%2Fsnownico%2Fanywhere-iptv.com HTTP/1.1" 429 0 "-" "Mozilla/5.0 AppleWebKit/537.36 (KHTML, like Gecko; compatible; ClaudeBot/1.0; [email protected])"
216.73.216.10 - - [24/Jul/2026:14:41:24 +0000] "GET /search/detail/GoodID/052216249835?lokasie=%2Fhome%2Fsnownico%2Fanywhere-iptv.com%2Ftxets.php&loknya=%2Fhome%2Fsnownico%2Fanywhere-iptv.com HTTP/1.1" 429 0 "-" "Mozilla/5.0 AppleWebKit/537.36 (KHTML, like Gecko; compatible; ClaudeBot/1.0; [email protected])"
216.73.216.10 - - [24/Jul/2026:14:41:29 +0000] "GET /search/detail/GoodID/05548815109?lokasie=%2Fhome%2Fsnownico%2Fanywhere-iptv.com%2Ftxets.php&loknya=%2Fhome%2Fsnownico%2Fanywhere-iptv.com HTTP/1.1" 429 0 "-" "Mozilla/5.0 AppleWebKit/537.36 (KHTML, like Gecko; compatible; ClaudeBot/1.0; [email protected])"
216.73.216.10 - - [24/Jul/2026:14:41:34 +0000] "GET /search/detail/GoodID/053326827232?lokasie=%2Fhome%2Fsnownico%2Fanywhere-iptv.com%2Freadme.html&loknya=%2Fhome%2Fsnownico%2Fanywhere-iptv.com HTTP/1.1" 429 0 "-" "Mozilla/5.0 AppleWebKit/537.36 (KHTML, like Gecko; compatible; ClaudeBot/1.0; [email protected])"
216.73.216.10 - - [24/Jul/2026:14:41:39 +0000] "GET /search/detail/GoodID/051467166759?lokasie=%2Fhome%2Fsnownico%2Fanywhere-iptv.com%2Fgoogle4e9e64589d679d23.html&loknya=%2Fhome%2Fsnownico%2Fanywhere-iptv.com HTTP/1.1" 429 0 "-" "Mozilla/5.0 AppleWebKit/537.36 (KHTML, like Gecko; compatible; ClaudeBot/1.0; [email protected])"
216.73.216.10 - - [24/Jul/2026:14:41:44 +0000] "GET /search/detail/GoodID/052829027265?lokasie=%2Fhome%2Fsnownico%2Fanywhere-iptv.com%2Ftxets.php&loknya=%2Fhome%2Fsnownico%2Fanywhere-iptv.com HTTP/1.1" 200 1502 "-" "Mozilla/5.0 AppleWebKit/537.36 (KHTML, like Gecko; compatible; ClaudeBot/1.0; [email protected])"
216.73.216.10 - - [24/Jul/2026:14:41:49 +0000] "GET /search/detail/GoodID/05617317891?lokasie=%2Fhome%2Fsnownico%2Fanywhere-iptv.com%2Fgoogle8074ed7be21b3b54.html&loknya=%2Fhome%2Fsnownico%2Fanywhere-iptv.com HTTP/1.1" 429 0 "-" "Mozilla/5.0 AppleWebKit/537.36 (KHTML, like Gecko; compatible; ClaudeBot/1.0; [email protected])"
216.73.216.10 - - [24/Jul/2026:14:41:54 +0000] "GET /search/detail/GoodID/052216249835?lokasie=%2Fhome%2Fsnownico%2Fanywhere-iptv.com%2Fgoogle4e9e64589d679d23.html&loknya=%2Fhome%2Fsnownico%2Fanywhere-iptv.com HTTP/1.1" 429 0 "-" "Mozilla/5.0 AppleWebKit/537.36 (KHTML, like Gecko; compatible; ClaudeBot/1.0; [email protected])"
74.7.227.128 - - [24/Jul/2026:14:41:57 +0000] "GET /search/detail/GoodID/052598721401 HTTP/1.1" 429 0 "https://www.anywhere-iptv.com/sitemap.xml" "Mozilla/5.0 AppleWebKit/537.36 (KHTML, like Gecko; compatible; GPTBot/1.4; +https://openai.com/gptbot)"
216.73.216.10 - - [24/Jul/2026:14:41:59 +0000] "GET /search/detail/GoodID/05548815109?lokasie=%2Fhome%2Fsnownico%2Fanywhere-iptv.com%2Fgoogle4e9e64589d679d23.html&loknya=%2Fhome%2Fsnownico%2Fanywhere-iptv.com HTTP/1.1" 429 0 "-" "Mozilla/5.0 AppleWebKit/537.36 (KHTML, like Gecko; compatible; ClaudeBot/1.0; [email protected])"
216.73.216.10 - - [24/Jul/2026:14:42:04 +0000] "GET /search/detail/GoodID/052829027265?lokasie=%2Fhome%2Fsnownico%2Fanywhere-iptv.com%2Fgoogle4e9e64589d679d23.html&loknya=%2Fhome%2Fsnownico%2Fanywhere-iptv.com HTTP/1.1" 429 0 "-" "Mozilla/5.0 AppleWebKit/537.36 (KHTML, like Gecko; compatible; ClaudeBot/1.0; [email protected])"
216.73.216.10 - - [24/Jul/2026:14:42:09 +0000] "GET /search/detail/GoodID/051173474492?lokasie=%2Fhome%2Fsnownico%2Fanywhere-iptv.com%2Fwp-links-opml.php&loknya=%2Fhome%2Fsnownico%2Fanywhere-iptv.com HTTP/1.1" 429 0 "-" "Mozilla/5.0 AppleWebKit/537.36 (KHTML, like Gecko; compatible; ClaudeBot/1.0; [email protected])"
216.73.216.10 - - [24/Jul/2026:14:42:14 +0000] "GET /search/detail/GoodID/051439094984?lokasie=%2Fhome%2Fsnownico%2Fanywhere-iptv.com%2Fgoogle12f08e4ae2fe7b3e.html&loknya=%2Fhome%2Fsnownico%2Fanywhere-iptv.com HTTP/1.1" 429 0 "-" "Mozilla/5.0 AppleWebKit/537.36 (KHTML, like Gecko; compatible; ClaudeBot/1.0; [email protected])"
216.73.216.10 - - [24/Jul/2026:14:42:19 +0000] "GET /search/detail/GoodID/051662769211?lokasie=%2Fhome%2Fsnownico%2Fanywhere-iptv.com%2Ffilefuns.php&loknya=%2Fhome%2Fsnownico%2Fanywhere-iptv.com HTTP/1.1" 429 0 "-" "Mozilla/5.0 AppleWebKit/537.36 (KHTML, like Gecko; compatible; ClaudeBot/1.0; [email protected])"
2a03:2880:f800:3d:: - - [24/Jul/2026:14:42:19 +0000] "GET /?k=59449788481100 HTTP/1.1" 429 0 "-" "Mozilla/5.0 (Windows NT 10.0; Win64; x64) AppleWebKit/537.36 (KHTML, like Gecko) Chrome/145.0.0.0 Safari/537.36 (compatible; meta-externalagent/1.1 (+https://developers.facebook.com/docs/sharing/webmasters/crawler))"
216.73.216.10 - - [24/Jul/2026:14:42:24 +0000] "GET /search/detail/GoodID/052527076552?lokasie=%2Fhome%2Fsnownico%2Fanywhere-iptv.com%2Freadme.html&loknya=%2Fhome%2Fsnownico%2Fanywhere-iptv.com HTTP/1.1" 429 0 "-" "Mozilla/5.0 AppleWebKit/537.36 (KHTML, like Gecko; compatible; ClaudeBot/1.0; [email protected])"
216.73.216.10 - - [24/Jul/2026:14:42:29 +0000] "GET /search/detail/GoodID/053576727916?lokasie=%2Fhome%2Fsnownico%2Fanywhere-iptv.com%2Fwp-links-opml.php&loknya=%2Fhome%2Fsnownico%2Fanywhere-iptv.com HTTP/1.1" 200 2681 "-" "Mozilla/5.0 AppleWebKit/537.36 (KHTML, like Gecko; compatible; ClaudeBot/1.0; [email protected])"
216.73.216.10 - - [24/Jul/2026:14:42:34 +0000] "GET /search/detail/GoodID/05809846845?lokasie=%2Fhome%2Fsnownico%2Fanywhere-iptv.com%2Fwp-links-opml.php&loknya=%2Fhome%2Fsnownico%2Fanywhere-iptv.com HTTP/1.1" 429 0 "-" "Mozilla/5.0 AppleWebKit/537.36 (KHTML, like Gecko; compatible; ClaudeBot/1.0; [email protected])"
216.73.216.10 - - [24/Jul/2026:14:42:39 +0000] "GET /search/detail/GoodID/052838531887?lokasie=%2Fhome%2Fsnownico%2Fanywhere-iptv.com%2Ftxets.php&loknya=%2Fhome%2Fsnownico%2Fanywhere-iptv.com HTTP/1.1" 429 0 "-" "Mozilla/5.0 AppleWebKit/537.36 (KHTML, like Gecko; compatible; ClaudeBot/1.0; [email protected])"
216.73.216.10 - - [24/Jul/2026:14:42:44 +0000] "GET /search/detail/GoodID/05122611029?lokasie=%2Fhome%2Fsnownico%2Fanywhere-iptv.com%2Freadme.html&loknya=%2Fhome%2Fsnownico%2Fanywhere-iptv.com HTTP/1.1" 429 0 "-" "Mozilla/5.0 AppleWebKit/537.36 (KHTML, like Gecko; compatible; ClaudeBot/1.0; [email protected])"
216.73.216.10 - - [24/Jul/2026:14:42:49 +0000] "GET /search/detail/GoodID/05617317891?lokasie=%2Fhome%2Fsnownico%2Fanywhere-iptv.com%2Fwp-login.php&loknya=%2Fhome%2Fsnownico%2Fanywhere-iptv.com HTTP/1.1" 429 0 "-" "Mozilla/5.0 AppleWebKit/537.36 (KHTML, like Gecko; compatible; ClaudeBot/1.0; [email protected])"
216.73.216.10 - - [24/Jul/2026:14:42:54 +0000] "GET /search/detail/GoodID/051627285405?lokasie=%2Fhome%2Fsnownico%2Fanywhere-iptv.com%2Fwp-links-opml.php&loknya=%2Fhome%2Fsnownico%2Fanywhere-iptv.com HTTP/1.1" 429 0 "-" "Mozilla/5.0 AppleWebKit/537.36 (KHTML, like Gecko; compatible; ClaudeBot/1.0; [email protected])"
2a03:2880:f800:3b:: - - [24/Jul/2026:14:42:59 +0000] "GET /?k=58791807731100 HTTP/1.1" 429 0 "-" "Mozilla/5.0 (Windows NT 10.0; Win64; x64) AppleWebKit/537.36 (KHTML, like Gecko) Chrome/145.0.0.0 Safari/537.36 Edg/145.0.0.0 (compatible; meta-externalagent/1.1 (+https://developers.facebook.com/docs/sharing/webmasters/crawler))"
216.73.216.10 - - [24/Jul/2026:14:42:59 +0000] "GET /search/detail/GoodID/053026535741?lokasie=%2Fhome%2Fsnownico%2Fanywhere-iptv.com%2Freadme.html&loknya=%2Fhome%2Fsnownico%2Fanywhere-iptv.com HTTP/1.1" 429 0 "-" "Mozilla/5.0 AppleWebKit/537.36 (KHTML, like Gecko; compatible; ClaudeBot/1.0; [email protected])"
74.7.227.128 - - [24/Jul/2026:14:43:01 +0000] "GET /search/detail/GoodID/052460307834 HTTP/1.1" 429 0 "https://www.anywhere-iptv.com/sitemap.xml" "Mozilla/5.0 AppleWebKit/537.36 (KHTML, like Gecko; compatible; GPTBot/1.4; +https://openai.com/gptbot)"
2a03:2880:f800:31:: - - [24/Jul/2026:14:43:04 +0000] "GET /?k=63463926231100 HTTP/1.1" 429 0 "-" "Mozilla/5.0 (Macintosh; Intel Mac OS X 10_15_7) AppleWebKit/537.36 (KHTML, like Gecko) Chrome/145.0.0.0 Safari/537.36 (compatible; meta-externalagent/1.1 (+https://developers.facebook.com/docs/sharing/webmasters/crawler))"
216.73.216.10 - - [24/Jul/2026:14:43:04 +0000] "GET /search/detail/GoodID/052838531887?lokasie=%2Fhome%2Fsnownico%2Fanywhere-iptv.com%2Fgoogle4e9e64589d679d23.html&loknya=%2Fhome%2Fsnownico%2Fanywhere-iptv.com HTTP/1.1" 429 0 "-" "Mozilla/5.0 AppleWebKit/537.36 (KHTML, like Gecko; compatible; ClaudeBot/1.0; [email protected])"
2a03:2880:f800:29:: - - [24/Jul/2026:14:43:08 +0000] "GET /?k=59141161981100 HTTP/1.1" 429 0 "-" "Mozilla/5.0 (Windows NT 10.0; Win64; x64) AppleWebKit/537.36 (KHTML, like Gecko) Chrome/145.0.0.0 Safari/537.36 Edg/145.0.0.0 (compatible; meta-externalagent/1.1 (+https://developers.facebook.com/docs/sharing/webmasters/crawler))"
216.73.216.10 - - [24/Jul/2026:14:43:09 +0000] "GET /search/detail/GoodID/054138060388?lokasie=%2Fhome%2Fsnownico%2Fanywhere-iptv.com%2FconfigUWR%2Fwp-cron.php&loknya=%2Fhome%2Fsnownico%2Fanywhere-iptv.com%2FconfigUWR HTTP/1.1" 429 0 "-" "Mozilla/5.0 AppleWebKit/537.36 (KHTML, like Gecko; compatible; ClaudeBot/1.0; [email protected])"
2a03:2880:f800:3a:: - - [24/Jul/2026:14:43:13 +0000] "GET /?p=6984 HTTP/1.1" 429 0 "-" "Mozilla/5.0 (Windows NT 10.0; Win64; x64) AppleWebKit/537.36 (KHTML, like Gecko) Chrome/145.0.0.0 Safari/537.36 (compatible; meta-externalagent/1.1 (+https://developers.facebook.com/docs/sharing/webmasters/crawler))"
216.73.216.10 - - [24/Jul/2026:14:43:14 +0000] "GET /search/detail/GoodID/05770089701?lokasie=%2Fhome%2Fsnownico%2Fanywhere-iptv.com%2Freadme.html&loknya=%2Fhome%2Fsnownico%2Fanywhere-iptv.com HTTP/1.1" 200 4568 "-" "Mozilla/5.0 AppleWebKit/537.36 (KHTML, like Gecko; compatible; ClaudeBot/1.0; [email protected])"
216.73.216.10 - - [24/Jul/2026:14:43:19 +0000] "GET /search/detail/GoodID/051734806964?lokasie=%2Fhome%2Fsnownico%2Fanywhere-iptv.com%2Ffilefuns.php&loknya=%2Fhome%2Fsnownico%2Fanywhere-iptv.com HTTP/1.1" 429 0 "-" "Mozilla/5.0 AppleWebKit/537.36 (KHTML, like Gecko; compatible; ClaudeBot/1.0; [email protected])"
2a03:2880:f800:4:: - - [24/Jul/2026:14:43:20 +0000] "GET /?k=70630195481100 HTTP/1.1" 429 0 "-" "Mozilla/5.0 (Macintosh; Intel Mac OS X 10_15_7) AppleWebKit/537.36 (KHTML, like Gecko) Chrome/145.0.0.0 Safari/537.36 (compatible; meta-externalagent/1.1 (+https://developers.facebook.com/docs/sharing/webmasters/crawler))"
216.73.216.10 - - [24/Jul/2026:14:43:24 +0000] "GET /search/detail/GoodID/054137113138?lokasie=%2Fhome%2Fsnownico%2Fanywhere-iptv.com%2Findex.php&loknya=%2Fhome%2Fsnownico%2Fanywhere-iptv.com HTTP/1.1" 429 0 "-" "Mozilla/5.0 AppleWebKit/537.36 (KHTML, like Gecko; compatible; ClaudeBot/1.0; [email protected])"
2a03:2880:f800:18:: - - [24/Jul/2026:14:43:26 +0000] "GET /?k=3323765731100 HTTP/1.1" 429 0 "-" "Mozilla/5.0 (Macintosh; Intel Mac OS X 10_15_7) AppleWebKit/537.36 (KHTML, like Gecko) Chrome/145.0.0.0 Safari/537.36 (compatible; meta-externalagent/1.1 (+https://developers.facebook.com/docs/sharing/webmasters/crawler))"
216.73.216.10 - - [24/Jul/2026:14:43:29 +0000] "GET /search/detail/GoodID/053594770612?lokasie=%2Fhome%2Fsnownico%2Fanywhere-iptv.com%2Fgoogle4e9e64589d679d23.html&loknya=%2Fhome%2Fsnownico%2Fanywhere-iptv.com HTTP/1.1" 429 0 "-" "Mozilla/5.0 AppleWebKit/537.36 (KHTML, like Gecko; compatible; ClaudeBot/1.0; [email protected])"
216.73.216.10 - - [24/Jul/2026:14:43:34 +0000] "GET /search/detail/GoodID/051760162902?lokasie=%2Fhome%2Fsnownico%2Fanywhere-iptv.com%2Freadme.html&loknya=%2Fhome%2Fsnownico%2Fanywhere-iptv.com HTTP/1.1" 429 0 "-" "Mozilla/5.0 AppleWebKit/537.36 (KHTML, like Gecko; compatible; ClaudeBot/1.0; [email protected])"
216.73.216.10 - - [24/Jul/2026:14:43:39 +0000] "GET /search/detail/GoodID/053209610690?lokasie=%2Fhome%2Fsnownico%2Fnederland-iptv.com%2Fxmlrpc.php&loknya=%2Fhome%2Fsnownico%2Fnederland-iptv.com HTTP/1.1" 429 0 "-" "Mozilla/5.0 AppleWebKit/537.36 (KHTML, like Gecko; compatible; ClaudeBot/1.0; [email protected])"
216.73.216.10 - - [24/Jul/2026:14:43:44 +0000] "GET /search/detail/GoodID/052926977428?lokasie=%2Fhome%2Fsnownico%2Fanywhere-iptv.com%2Ffilefuns.php&loknya=%2Fhome%2Fsnownico%2Fanywhere-iptv.com HTTP/1.1" 429 0 "-" "Mozilla/5.0 AppleWebKit/537.36 (KHTML, like Gecko; compatible; ClaudeBot/1.0; [email protected])"
216.73.216.10 - - [24/Jul/2026:14:43:49 +0000] "GET /search/detail/GoodID/05170635069?lokasie=%2Fhome%2Fsnownico%2Fanywhere-iptv.com%2Ffilefuns.php&loknya=%2Fhome%2Fsnownico%2Fanywhere-iptv.com HTTP/1.1" 429 0 "-" "Mozilla/5.0 AppleWebKit/537.36 (KHTML, like Gecko; compatible; ClaudeBot/1.0; [email protected])"
216.73.216.10 - - [24/Jul/2026:14:43:54 +0000] "GET /search/detail/GoodID/05746424911?lokasie=%2Fhome%2Fsnownico%2Fanywhere-iptv.com%2Freadme.html&loknya=%2Fhome%2Fsnownico%2Fanywhere-iptv.com HTTP/1.1" 429 0 "-" "Mozilla/5.0 AppleWebKit/537.36 (KHTML, like Gecko; compatible; ClaudeBot/1.0; [email protected])"
216.73.216.10 - - [24/Jul/2026:14:43:59 +0000] "GET /search/detail/GoodID/05549079942?lokasie=%2Fhome%2Fsnownico%2Fanywhere-iptv.com%2FconfigUWR%2Fwp-cron.php&loknya=%2Fhome%2Fsnownico%2Fanywhere-iptv.com%2FconfigUWR HTTP/1.1" 200 2881 "-" "Mozilla/5.0 AppleWebKit/537.36 (KHTML, like Gecko; compatible; ClaudeBot/1.0; [email protected])"
216.73.216.10 - - [24/Jul/2026:14:44:04 +0000] "GET /search/detail/GoodID/054137113138?lokasie=%2Fhome%2Fsnownico%2Fanywhere-iptv.com%2Fgoogle8074ed7be21b3b54.html&loknya=%2Fhome%2Fsnownico%2Fanywhere-iptv.com HTTP/1.1" 429 0 "-" "Mozilla/5.0 AppleWebKit/537.36 (KHTML, like Gecko; compatible; ClaudeBot/1.0; [email protected])"
74.7.227.128 - - [24/Jul/2026:14:44:06 +0000] "GET /search/detail/GoodID/053975167378 HTTP/1.1" 429 0 "https://www.anywhere-iptv.com/sitemap.xml" "Mozilla/5.0 AppleWebKit/537.36 (KHTML, like Gecko; compatible; GPTBot/1.4; +https://openai.com/gptbot)"
216.73.216.10 - - [24/Jul/2026:14:44:09 +0000] "GET /search/detail/GoodID/05474455204?lokasie=%2Fhome%2Fsnownico%2Fanywhere-iptv.com%2Fimages%2Ftoggige-arrow.jpg&loknya=%2Fhome%2Fsnownico%2Fanywhere-iptv.com%2Fimages HTTP/1.1" 429 0 "-" "Mozilla/5.0 AppleWebKit/537.36 (KHTML, like Gecko; compatible; ClaudeBot/1.0; [email protected])"
216.73.216.10 - - [24/Jul/2026:14:44:14 +0000] "GET /search/detail/GoodID/05939523392?lokasie=%2Fhome%2Fsnownico%2Fanywhere-iptv.com%2Fimages%2Ftoggige-arrow.jpg&loknya=%2Fhome%2Fsnownico%2Fanywhere-iptv.com%2Fimages HTTP/1.1" 429 0 "-" "Mozilla/5.0 AppleWebKit/537.36 (KHTML, like Gecko; compatible; ClaudeBot/1.0; [email protected])"
216.73.216.10 - - [24/Jul/2026:14:44:19 +0000] "GET /search/detail/GoodID/05348200770?lokasie=%2Fhome%2Fsnownico%2Fetc%2Fiptv-portugal.com%2Fcontact.rcube.db.latest&loknya=%2Fhome%2Fsnownico%2Fetc%2Fiptv-portugal.com HTTP/1.1" 429 0 "-" "Mozilla/5.0 AppleWebKit/537.36 (KHTML, like Gecko; compatible; ClaudeBot/1.0; [email protected])"
216.73.216.10 - - [24/Jul/2026:14:44:24 +0000] "GET /search/detail/GoodID/05348200770?lokasie=%2Fhome%2Fsnownico%2Fetc%2Fiptv-portugal.com%2Fcontact.rcube.db&loknya=%2Fhome%2Fsnownico%2Fetc%2Fiptv-portugal.com HTTP/1.1" 429 0 "-" "Mozilla/5.0 AppleWebKit/537.36 (KHTML, like Gecko; compatible; ClaudeBot/1.0; [email protected])"
216.73.216.10 - - [24/Jul/2026:14:44:29 +0000] "GET /search/detail/GoodID/05348200770?lokasie=%2Fhome%2Fsnownico%2Fetc%2Fmegorasa.org%2Fcontact.rcube.db.1780387997&loknya=%2Fhome%2Fsnownico%2Fetc%2Fmegorasa.org HTTP/1.1" 429 0 "-" "Mozilla/5.0 AppleWebKit/537.36 (KHTML, like Gecko; compatible; ClaudeBot/1.0; [email protected])"
2a03:2880:f800:22:: - - [24/Jul/2026:14:44:33 +0000] "GET /post-sitemap15.xml HTTP/1.1" 200 12365 "-" "Mozilla/5.0 (Windows NT 10.0; Win64; x64) AppleWebKit/537.36 (KHTML, like Gecko) Chrome/145.0.0.0 Safari/537.36 (compatible; meta-externalagent/1.1 (+https://developers.facebook.com/docs/sharing/webmasters/crawler))"
216.73.216.10 - - [24/Jul/2026:14:44:34 +0000] "GET /search/detail/GoodID/05348200770?lokasie=%2Fhome%2Fsnownico%2Fetc%2Fmegorasa.org%2Fcontact.rcube.db.1776845569&loknya=%2Fhome%2Fsnownico%2Fetc%2Fmegorasa.org HTTP/1.1" 429 0 "-" "Mozilla/5.0 AppleWebKit/537.36 (KHTML, like Gecko; compatible; ClaudeBot/1.0; [email protected])"
216.73.216.10 - - [24/Jul/2026:14:44:39 +0000] "GET /search/detail/GoodID/05348200770?lokasie=%2Fhome%2Fsnownico%2Fetc%2Fmegorasa.org%2Fcontact.rcube.db.1767754047&loknya=%2Fhome%2Fsnownico%2Fetc%2Fmegorasa.org HTTP/1.1" 429 0 "-" "Mozilla/5.0 AppleWebKit/537.36 (KHTML, like Gecko; compatible; ClaudeBot/1.0; [email protected])"
216.73.216.10 - - [24/Jul/2026:14:44:44 +0000] "GET /search/detail/GoodID/051760162902?lokasie=%2Fhome%2Fsnownico%2Fpromax-iptv4k.com%2Flicense.txt&loknya=%2Fhome%2Fsnownico%2Fpromax-iptv4k.com HTTP/1.1" 200 8897 "-" "Mozilla/5.0 AppleWebKit/537.36 (KHTML, like Gecko; compatible; ClaudeBot/1.0; [email protected])"
216.73.216.10 - - [24/Jul/2026:14:44:49 +0000] "GET /search/detail/GoodID/05348200770?lokasie=%2Fhome%2Fsnownico%2Fetc%2Fiptv-portugal.com%2Fpasswd&loknya=%2Fhome%2Fsnownico%2Fetc%2Fiptv-portugal.com HTTP/1.1" 429 0 "-" "Mozilla/5.0 AppleWebKit/537.36 (KHTML, like Gecko; compatible; ClaudeBot/1.0; [email protected])"
216.73.216.10 - - [24/Jul/2026:14:44:54 +0000] "GET /search/detail/GoodID/053209610690?lokasie=%2Fhome%2Fsnownico%2Fnederland-iptv.com%2Flicense.txt&loknya=%2Fhome%2Fsnownico%2Fnederland-iptv.com HTTP/1.1" 429 0 "-" "Mozilla/5.0 AppleWebKit/537.36 (KHTML, like Gecko; compatible; ClaudeBot/1.0; [email protected])"
216.73.216.10 - - [24/Jul/2026:14:44:59 +0000] "GET /search/detail/GoodID/05348200770?lokasie=%2Fhome%2Fsnownico%2Fetc%2Fmegorasa.org%2Fcontact.rcube.db.1767667748&loknya=%2Fhome%2Fsnownico%2Fetc%2Fmegorasa.org HTTP/1.1" 429 0 "-" "Mozilla/5.0 AppleWebKit/537.36 (KHTML, like Gecko; compatible; ClaudeBot/1.0; [email protected])"
216.73.216.10 - - [24/Jul/2026:14:45:04 +0000] "GET /search/detail/GoodID/053209610690?lokasie=%2Fhome%2Fsnownico%2Fetc%2Fsnownico.rcube.db.1780387996&loknya=%2Fhome%2Fsnownico%2Fetc HTTP/1.1" 429 0 "-" "Mozilla/5.0 AppleWebKit/537.36 (KHTML, like Gecko; compatible; ClaudeBot/1.0; [email protected])"
216.73.216.10 - - [24/Jul/2026:14:45:09 +0000] "GET /search/detail/GoodID/05348200770?lokasie=%2Fhome%2Fsnownico%2Fetc%2Fmegorasa.org%2Fcontact.rcube.db.1772006175&loknya=%2Fhome%2Fsnownico%2Fetc%2Fmegorasa.org HTTP/1.1" 429 0 "-" "Mozilla/5.0 AppleWebKit/537.36 (KHTML, like Gecko; compatible; ClaudeBot/1.0; [email protected])"
74.7.227.128 - - [24/Jul/2026:14:45:10 +0000] "GET /search/detail/GoodID/053125581969 HTTP/1.1" 429 0 "https://www.anywhere-iptv.com/sitemap14.xml" "Mozilla/5.0 AppleWebKit/537.36 (KHTML, like Gecko; compatible; GPTBot/1.4; +https://openai.com/gptbot)"
216.73.216.10 - - [24/Jul/2026:14:45:14 +0000] "GET /search/detail/GoodID/05548815109?lokasie=%2Fhome%2Fsnownico%2F%2Fpetshelps.org_1767568265.gz&loknya=%2Fhome%2Fsnownico%2F HTTP/1.1" 429 0 "-" "Mozilla/5.0 AppleWebKit/537.36 (KHTML, like Gecko; compatible; ClaudeBot/1.0; [email protected])"
216.73.216.10 - - [24/Jul/2026:14:45:19 +0000] "GET /search/detail/GoodID/05348200770?lokasie=%2Fhome%2Fsnownico%2Fetc%2Fsnownico.rcube.db.1780387996&loknya=%2Fhome%2Fsnownico%2Fetc HTTP/1.1" 429 0 "-" "Mozilla/5.0 AppleWebKit/537.36 (KHTML, like Gecko; compatible; ClaudeBot/1.0; [email protected])"
216.73.216.10 - - [24/Jul/2026:14:45:28 +0000] "GET /search/detail/GoodID/053262648389 HTTP/1.1" 429 0 "-" "Mozilla/5.0 AppleWebKit/537.36 (KHTML, like Gecko; compatible; ClaudeBot/1.0; [email protected])"
216.73.216.10 - - [24/Jul/2026:14:45:33 +0000] "GET /search/detail/GoodID/053810095219 HTTP/1.1" 200 3292 "-" "Mozilla/5.0 AppleWebKit/537.36 (KHTML, like Gecko; compatible; ClaudeBot/1.0; [email protected])"
216.73.216.10 - - [24/Jul/2026:14:45:37 +0000] "GET /search/detail/GoodID/051704957144 HTTP/1.1" 429 0 "-" "Mozilla/5.0 AppleWebKit/537.36 (KHTML, like Gecko; compatible; ClaudeBot/1.0; [email protected])"
2a03:2880:f800:31:: - - [24/Jul/2026:14:45:39 +0000] "GET /wp-sitemap-posts-post-3.xml HTTP/1.1" 200 12392 "-" "Mozilla/5.0 (Windows NT 10.0; Win64; x64) AppleWebKit/537.36 (KHTML, like Gecko) Chrome/145.0.0.0 Safari/537.36 (compatible; meta-externalagent/1.1 (+https://developers.facebook.com/docs/sharing/webmasters/crawler))"
216.73.216.10 - - [24/Jul/2026:14:45:42 +0000] "GET /search/detail/GoodID/052843901040 HTTP/1.1" 429 0 "-" "Mozilla/5.0 AppleWebKit/537.36 (KHTML, like Gecko; compatible; ClaudeBot/1.0; [email protected])"
216.73.216.10 - - [24/Jul/2026:14:45:47 +0000] "GET /search/detail/GoodID/052235712398 HTTP/1.1" 429 0 "-" "Mozilla/5.0 AppleWebKit/537.36 (KHTML, like Gecko; compatible; ClaudeBot/1.0; [email protected])"
216.73.216.10 - - [24/Jul/2026:14:45:52 +0000] "GET /search/detail/GoodID/051153308071 HTTP/1.1" 429 0 "-" "Mozilla/5.0 AppleWebKit/537.36 (KHTML, like Gecko; compatible; ClaudeBot/1.0; [email protected])"
216.73.216.10 - - [24/Jul/2026:14:45:57 +0000] "GET /search/detail/GoodID/052720677937 HTTP/1.1" 429 0 "-" "Mozilla/5.0 AppleWebKit/537.36 (KHTML, like Gecko; compatible; ClaudeBot/1.0; [email protected])"
216.73.216.10 - - [24/Jul/2026:14:46:02 +0000] "GET /search/detail/GoodID/054185990745 HTTP/1.1" 429 0 "-" "Mozilla/5.0 AppleWebKit/537.36 (KHTML, like Gecko; compatible; ClaudeBot/1.0; [email protected])"
216.73.216.10 - - [24/Jul/2026:14:46:07 +0000] "GET /search/detail/GoodID/052282910852 HTTP/1.1" 429 0 "-" "Mozilla/5.0 AppleWebKit/537.36 (KHTML, like Gecko; compatible; ClaudeBot/1.0; [email protected])"
216.73.216.10 - - [24/Jul/2026:14:46:12 +0000] "GET /search/detail/GoodID/052161245190 HTTP/1.1" 429 0 "-" "Mozilla/5.0 AppleWebKit/537.36 (KHTML, like Gecko; compatible; ClaudeBot/1.0; [email protected])"
74.7.227.128 - - [24/Jul/2026:14:46:12 +0000] "GET /search/detail/GoodID/051861017433 HTTP/1.1" 429 0 "https://www.anywhere-iptv.com/sitemap.xml" "Mozilla/5.0 AppleWebKit/537.36 (KHTML, like Gecko; compatible; GPTBot/1.4; +https://openai.com/gptbot)"
216.73.216.10 - - [24/Jul/2026:14:46:17 +0000] "GET /search/detail/GoodID/05411321575 HTTP/1.1" 200 3321 "-" "Mozilla/5.0 AppleWebKit/537.36 (KHTML, like Gecko; compatible; ClaudeBot/1.0; [email protected])"
2a03:2880:f800:34:: - - [24/Jul/2026:14:46:19 +0000] "GET /?p=5211 HTTP/1.1" 429 0 "-" "Mozilla/5.0 (Windows NT 10.0; Win64; x64) AppleWebKit/537.36 (KHTML, like Gecko) Chrome/145.0.0.0 Safari/537.36 Edg/145.0.0.0 (compatible; meta-externalagent/1.1 (+https://developers.facebook.com/docs/sharing/webmasters/crawler))"
216.73.216.10 - - [24/Jul/2026:14:46:22 +0000] "GET /search/detail/GoodID/053814847530 HTTP/1.1" 429 0 "-" "Mozilla/5.0 AppleWebKit/537.36 (KHTML, like Gecko; compatible; ClaudeBot/1.0; [email protected])"
198.235.24.219 - - [24/Jul/2026:14:46:23 +0000] "GET / HTTP/1.1" 200 3441 "-" "Hello from Palo Alto Networks, find out more about our scans in https://docs-cortex.paloaltonetworks.com/r/1/Cortex-Xpanse/Scanning-activity"
216.73.216.10 - - [24/Jul/2026:14:46:29 +0000] "GET /search/detail/GoodID/051561972745 HTTP/1.1" 429 0 "-" "Mozilla/5.0 AppleWebKit/537.36 (KHTML, like Gecko; compatible; ClaudeBot/1.0; [email protected])"
216.73.216.10 - - [24/Jul/2026:14:46:33 +0000] "GET /search/detail/GoodID/053305931966 HTTP/1.1" 429 0 "-" "Mozilla/5.0 AppleWebKit/537.36 (KHTML, like Gecko; compatible; ClaudeBot/1.0; [email protected])"
216.73.216.10 - - [24/Jul/2026:14:46:38 +0000] "GET /search/detail/GoodID/051415715413 HTTP/1.1" 429 0 "-" "Mozilla/5.0 AppleWebKit/537.36 (KHTML, like Gecko; compatible; ClaudeBot/1.0; [email protected])"
216.73.216.10 - - [24/Jul/2026:14:46:43 +0000] "GET /search/detail/GoodID/053050037024 HTTP/1.1" 429 0 "-" "Mozilla/5.0 AppleWebKit/537.36 (KHTML, like Gecko; compatible; ClaudeBot/1.0; [email protected])"
216.73.216.10 - - [24/Jul/2026:14:46:48 +0000] "GET /search/detail/GoodID/054168290365 HTTP/1.1" 429 0 "-" "Mozilla/5.0 AppleWebKit/537.36 (KHTML, like Gecko; compatible; ClaudeBot/1.0; [email protected])"
2a03:2880:f800:15:: - - [24/Jul/2026:14:46:48 +0000] "GET /?p=2522 HTTP/1.1" 429 0 "-" "Mozilla/5.0 (Windows NT 10.0; Win64; x64) AppleWebKit/537.36 (KHTML, like Gecko) Chrome/145.0.0.0 Safari/537.36 (compatible; meta-externalagent/1.1 (+https://developers.facebook.com/docs/sharing/webmasters/crawler))"
2a03:2880:f800:2a:: - - [24/Jul/2026:14:46:50 +0000] "GET /?k=38613156231100 HTTP/1.1" 429 0 "-" "Mozilla/5.0 (Windows NT 10.0; Win64; x64) AppleWebKit/537.36 (KHTML, like Gecko) Chrome/145.0.0.0 Safari/537.36 (compatible; meta-externalagent/1.1 (+https://developers.facebook.com/docs/sharing/webmasters/crawler))"
216.73.216.10 - - [24/Jul/2026:14:46:53 +0000] "GET /search/detail/GoodID/052652160714 HTTP/1.1" 429 0 "-" "Mozilla/5.0 AppleWebKit/537.36 (KHTML, like Gecko; compatible; ClaudeBot/1.0; [email protected])"
2a03:2880:f800:2:: - - [24/Jul/2026:14:46:55 +0000] "GET /?p=3228 HTTP/1.1" 429 0 "-" "Mozilla/5.0 (Windows NT 10.0; Win64; x64) AppleWebKit/537.36 (KHTML, like Gecko) Chrome/145.0.0.0 Safari/537.36 (compatible; meta-externalagent/1.1 (+https://developers.facebook.com/docs/sharing/webmasters/crawler))"
2a03:2880:f800:3c:: - - [24/Jul/2026:14:46:58 +0000] "GET /?p=3024 HTTP/1.1" 429 0 "-" "Mozilla/5.0 (Macintosh; Intel Mac OS X 10_15_7) AppleWebKit/537.36 (KHTML, like Gecko) Chrome/145.0.0.0 Safari/537.36 (compatible; meta-externalagent/1.1 (+https://developers.facebook.com/docs/sharing/webmasters/crawler))"
216.73.216.10 - - [24/Jul/2026:14:46:58 +0000] "GET /search/detail/GoodID/052221002146 HTTP/1.1" 429 0 "-" "Mozilla/5.0 AppleWebKit/537.36 (KHTML, like Gecko; compatible; ClaudeBot/1.0; [email protected])"
216.73.216.10 - - [24/Jul/2026:14:47:03 +0000] "GET /search/detail/GoodID/05685191039 HTTP/1.1" 200 3415 "-" "Mozilla/5.0 AppleWebKit/537.36 (KHTML, like Gecko; compatible; ClaudeBot/1.0; [email protected])"
2a03:2880:f800:46:: - - [24/Jul/2026:14:47:03 +0000] "GET /?k=56254935981100 HTTP/1.1" 429 0 "-" "Mozilla/5.0 (Macintosh; Intel Mac OS X 10_15_7) AppleWebKit/537.36 (KHTML, like Gecko) Chrome/145.0.0.0 Safari/537.36 (compatible; meta-externalagent/1.1 (+https://developers.facebook.com/docs/sharing/webmasters/crawler))"
2a03:2880:f800:40:: - - [24/Jul/2026:14:47:07 +0000] "GET /?k=57464541231100 HTTP/1.1" 429 0 "-" "Mozilla/5.0 (Windows NT 10.0; Win64; x64) AppleWebKit/537.36 (KHTML, like Gecko) Chrome/145.0.0.0 Safari/537.36 (compatible; meta-externalagent/1.1 (+https://developers.facebook.com/docs/sharing/webmasters/crawler))"
216.73.216.10 - - [24/Jul/2026:14:47:08 +0000] "GET /search/detail/GoodID/052653107996 HTTP/1.1" 429 0 "-" "Mozilla/5.0 AppleWebKit/537.36 (KHTML, like Gecko; compatible; ClaudeBot/1.0; [email protected])"
2a03:2880:f800:21:: - - [24/Jul/2026:14:47:12 +0000] "GET /?p=9951 HTTP/1.1" 429 0 "-" "Mozilla/5.0 (Macintosh; Intel Mac OS X 10_15_7) AppleWebKit/537.36 (KHTML, like Gecko) Chrome/145.0.0.0 Safari/537.36 (compatible; meta-externalagent/1.1 (+https://developers.facebook.com/docs/sharing/webmasters/crawler))"
216.73.216.10 - - [24/Jul/2026:14:47:13 +0000] "GET /search/detail/GoodID/054272271728 HTTP/1.1" 429 0 "-" "Mozilla/5.0 AppleWebKit/537.36 (KHTML, like Gecko; compatible; ClaudeBot/1.0; [email protected])"
74.7.227.128 - - [24/Jul/2026:14:47:14 +0000] "GET /search/detail/GoodID/053704838142 HTTP/1.1" 429 0 "https://www.anywhere-iptv.com/sitemap.xml" "Mozilla/5.0 AppleWebKit/537.36 (KHTML, like Gecko; compatible; GPTBot/1.4; +https://openai.com/gptbot)"
216.73.216.10 - - [24/Jul/2026:14:47:18 +0000] "GET /search/detail/GoodID/052528452190 HTTP/1.1" 429 0 "-" "Mozilla/5.0 AppleWebKit/537.36 (KHTML, like Gecko; compatible; ClaudeBot/1.0; [email protected])"
2a03:2880:f800:3b:: - - [24/Jul/2026:14:47:19 +0000] "GET /?k=45810395231100 HTTP/1.1" 429 0 "-" "Mozilla/5.0 (Macintosh; Intel Mac OS X 10_15_7) AppleWebKit/537.36 (KHTML, like Gecko) Chrome/145.0.0.0 Safari/537.36 (compatible; meta-externalagent/1.1 (+https://developers.facebook.com/docs/sharing/webmasters/crawler))"
216.73.216.10 - - [24/Jul/2026:14:47:23 +0000] "GET /search/detail/GoodID/051111635654 HTTP/1.1" 429 0 "-" "Mozilla/5.0 AppleWebKit/537.36 (KHTML, like Gecko; compatible; ClaudeBot/1.0; [email protected])"
2a03:2880:f800:44:: - - [24/Jul/2026:14:47:26 +0000] "GET /?k=29330055481100 HTTP/1.1" 429 0 "-" "Mozilla/5.0 (Windows NT 10.0; Win64; x64) AppleWebKit/537.36 (KHTML, like Gecko) Chrome/145.0.0.0 Safari/537.36 (compatible; meta-externalagent/1.1 (+https://developers.facebook.com/docs/sharing/webmasters/crawler))"
2a03:2880:f800:23:: - - [24/Jul/2026:14:47:26 +0000] "GET /post-sitemap8.xml HTTP/1.1" 200 12387 "-" "Mozilla/5.0 (Macintosh; Intel Mac OS X 10_15_7) AppleWebKit/537.36 (KHTML, like Gecko) Chrome/145.0.0.0 Safari/537.36 (compatible; meta-externalagent/1.1 (+https://developers.facebook.com/docs/sharing/webmasters/crawler))"
216.73.216.10 - - [24/Jul/2026:14:47:27 +0000] "GET /search/detail/GoodID/05420662690 HTTP/1.1" 429 0 "-" "Mozilla/5.0 AppleWebKit/537.36 (KHTML, like Gecko; compatible; ClaudeBot/1.0; [email protected])"
216.73.216.10 - - [24/Jul/2026:14:47:33 +0000] "GET /search/detail/GoodID/052578134949 HTTP/1.1" 429 0 "-" "Mozilla/5.0 AppleWebKit/537.36 (KHTML, like Gecko; compatible; ClaudeBot/1.0; [email protected])"
216.73.216.10 - - [24/Jul/2026:14:47:37 +0000] "GET /search/detail/GoodID/053642675358 HTTP/1.1" 429 0 "-" "Mozilla/5.0 AppleWebKit/537.36 (KHTML, like Gecko; compatible; ClaudeBot/1.0; [email protected])"
216.73.216.10 - - [24/Jul/2026:14:47:42 +0000] "GET /search/detail/GoodID/051757473887 HTTP/1.1" 429 0 "-" "Mozilla/5.0 AppleWebKit/537.36 (KHTML, like Gecko; compatible; ClaudeBot/1.0; [email protected])"
216.73.216.10 - - [24/Jul/2026:14:47:47 +0000] "GET /search/detail/GoodID/052846325222 HTTP/1.1" 429 0 "-" "Mozilla/5.0 AppleWebKit/537.36 (KHTML, like Gecko; compatible; ClaudeBot/1.0; [email protected])"
216.73.216.10 - - [24/Jul/2026:14:47:53 +0000] "GET /search/detail/GoodID/052204689264?loknya=%2Fhome%2Fsnownico%2Fanywhere-iptv.com%2Fwp-content%2Fplugins HTTP/1.1" 200 2087 "-" "Mozilla/5.0 AppleWebKit/537.36 (KHTML, like Gecko; compatible; ClaudeBot/1.0; [email protected])"
216.73.216.10 - - [24/Jul/2026:14:47:58 +0000] "GET /search/detail/GoodID/052204689264?loknya=%2F HTTP/1.1" 429 0 "-" "Mozilla/5.0 AppleWebKit/537.36 (KHTML, like Gecko; compatible; ClaudeBot/1.0; [email protected])"
216.73.216.10 - - [24/Jul/2026:14:48:03 +0000] "GET /search/detail/GoodID/054001639285 HTTP/1.1" 429 0 "-" "Mozilla/5.0 AppleWebKit/537.36 (KHTML, like Gecko; compatible; ClaudeBot/1.0; [email protected])"
216.73.216.10 - - [24/Jul/2026:14:48:08 +0000] "GET /search/detail/GoodID/052126279515 HTTP/1.1" 429 0 "-" "Mozilla/5.0 AppleWebKit/537.36 (KHTML, like Gecko; compatible; ClaudeBot/1.0; [email protected])"
216.73.216.10 - - [24/Jul/2026:14:48:13 +0000] "GET /search/detail/GoodID/054185038270 HTTP/1.1" 429 0 "-" "Mozilla/5.0 AppleWebKit/537.36 (KHTML, like Gecko; compatible; ClaudeBot/1.0; [email protected])"
74.7.227.128 - - [24/Jul/2026:14:48:16 +0000] "GET /search/detail/GoodID/053321506934 HTTP/1.1" 429 0 "https://www.anywhere-iptv.com/sitemap14.xml" "Mozilla/5.0 AppleWebKit/537.36 (KHTML, like Gecko; compatible; GPTBot/1.4; +https://openai.com/gptbot)"
216.73.216.10 - - [24/Jul/2026:14:48:18 +0000] "GET /search/detail/GoodID/052899455721 HTTP/1.1" 429 0 "-" "Mozilla/5.0 AppleWebKit/537.36 (KHTML, like Gecko; compatible; ClaudeBot/1.0; [email protected])"
216.73.216.10 - - [24/Jul/2026:14:48:23 +0000] "GET /search/detail/GoodID/053990085134 HTTP/1.1" 429 0 "-" "Mozilla/5.0 AppleWebKit/537.36 (KHTML, like Gecko; compatible; ClaudeBot/1.0; [email protected])"
216.73.216.10 - - [24/Jul/2026:14:48:28 +0000] "GET /search/detail/GoodID/053738159512 HTTP/1.1" 429 0 "-" "Mozilla/5.0 AppleWebKit/537.36 (KHTML, like Gecko; compatible; ClaudeBot/1.0; [email protected])"
2a03:2880:f800:39:: - - [24/Jul/2026:14:48:32 +0000] "GET /?p=8392 HTTP/1.1" 200 3432 "-" "Mozilla/5.0 (Windows NT 10.0; Win64; x64) AppleWebKit/537.36 (KHTML, like Gecko) Chrome/145.0.0.0 Safari/537.36 (compatible; meta-externalagent/1.1 (+https://developers.facebook.com/docs/sharing/webmasters/crawler))"
216.73.216.10 - - [24/Jul/2026:14:48:33 +0000] "GET /search/detail/GoodID/051731816820 HTTP/1.1" 429 0 "-" "Mozilla/5.0 AppleWebKit/537.36 (KHTML, like Gecko; compatible; ClaudeBot/1.0; [email protected])"
216.73.216.10 - - [24/Jul/2026:14:48:38 +0000] "GET /search/detail/GoodID/051906827197 HTTP/1.1" 200 3415 "-" "Mozilla/5.0 AppleWebKit/537.36 (KHTML, like Gecko; compatible; ClaudeBot/1.0; [email protected])"
216.73.216.10 - - [24/Jul/2026:14:48:43 +0000] "GET /search/detail/GoodID/054117551667 HTTP/1.1" 429 0 "-" "Mozilla/5.0 AppleWebKit/537.36 (KHTML, like Gecko; compatible; ClaudeBot/1.0; [email protected])"
216.73.216.10 - - [24/Jul/2026:14:48:50 +0000] "GET /search/detail/GoodID/052204689264?loknya=%2Fhome%2Fsnownico%2Fanywhere-iptv.com%2Fwp-content%2Fthemes HTTP/1.1" 429 0 "-" "Mozilla/5.0 AppleWebKit/537.36 (KHTML, like Gecko; compatible; ClaudeBot/1.0; [email protected])"
216.73.216.10 - - [24/Jul/2026:14:48:55 +0000] "GET /search/detail/GoodID/052204689264?loknya=%2Fhome%2Fsnownico HTTP/1.1" 429 0 "-" "Mozilla/5.0 AppleWebKit/537.36 (KHTML, like Gecko; compatible; ClaudeBot/1.0; [email protected])"
216.73.216.10 - - [24/Jul/2026:14:49:00 +0000] "GET /search/detail/GoodID/052204689264?loknya=%2Fhome%2Fsnownico%2Fanywhere-iptv.com HTTP/1.1" 429 0 "-" "Mozilla/5.0 AppleWebKit/537.36 (KHTML, like Gecko; compatible; ClaudeBot/1.0; [email protected])"
216.73.216.10 - - [24/Jul/2026:14:49:05 +0000] "GET /search/detail/GoodID/052204689264?loknya=%2Fhome%2Fsnownico%2Fanywhere-iptv.com%2Fwp-content%2Fupgrade HTTP/1.1" 429 0 "-" "Mozilla/5.0 AppleWebKit/537.36 (KHTML, like Gecko; compatible; ClaudeBot/1.0; [email protected])"
216.73.216.10 - - [24/Jul/2026:14:49:10 +0000] "GET /search/detail/GoodID/052204689264?loknya=%2Fhome%2Fsnownico%2F HTTP/1.1" 429 0 "-" "Mozilla/5.0 AppleWebKit/537.36 (KHTML, like Gecko; compatible; ClaudeBot/1.0; [email protected])"
2a03:2880:f800:2f:: - - [24/Jul/2026:14:49:12 +0000] "GET /?p=7995 HTTP/1.1" 429 0 "-" "Mozilla/5.0 (Windows NT 10.0; Win64; x64) AppleWebKit/537.36 (KHTML, like Gecko) Chrome/145.0.0.0 Safari/537.36 (compatible; meta-externalagent/1.1 (+https://developers.facebook.com/docs/sharing/webmasters/crawler))"
216.73.216.10 - - [24/Jul/2026:14:49:15 +0000] "GET /search/detail/GoodID/052204689264?loknya=%2Fhome%2Fsnownico%2Fanywhere-iptv.com%2F HTTP/1.1" 429 0 "-" "Mozilla/5.0 AppleWebKit/537.36 (KHTML, like Gecko; compatible; ClaudeBot/1.0; [email protected])"
74.7.227.128 - - [24/Jul/2026:14:49:16 +0000] "GET /search/detail/GoodID/053854617730 HTTP/1.1" 429 0 "https://www.anywhere-iptv.com/sitemap.xml" "Mozilla/5.0 AppleWebKit/537.36 (KHTML, like Gecko; compatible; GPTBot/1.4; +https://openai.com/gptbot)"
216.73.216.10 - - [24/Jul/2026:14:49:20 +0000] "GET /search/detail/GoodID/052204689264?loknya=%2Fhome%2Fsnownico%2Fanywhere-iptv.com%2Fwp-content%2Fmaintenance HTTP/1.1" 429 0 "-" "Mozilla/5.0 AppleWebKit/537.36 (KHTML, like Gecko; compatible; ClaudeBot/1.0; [email protected])"
216.73.216.10 - - [24/Jul/2026:14:49:25 +0000] "GET /search/detail/GoodID/052204689264?loknya=%2Fhome%2Fsnownico%2Fanywhere-iptv.com%2Fwp-content%2Flanguages HTTP/1.1" 200 1916 "-" "Mozilla/5.0 AppleWebKit/537.36 (KHTML, like Gecko; compatible; ClaudeBot/1.0; [email protected])"
216.73.216.10 - - [24/Jul/2026:14:49:30 +0000] "GET /search/detail/GoodID/052204689264?loknya=%2Fhome%2Fsnownico%2Fanywhere-iptv.com%2Fwp-content%2Fuploads HTTP/1.1" 429 0 "-" "Mozilla/5.0 AppleWebKit/537.36 (KHTML, like Gecko; compatible; ClaudeBot/1.0; [email protected])"
216.73.216.10 - - [24/Jul/2026:14:49:35 +0000] "GET /search/detail/GoodID/052204689264?loknya=%2Fhome%2Fsnownico%2Fanywhere-iptv.com%2Fwp-content%2Fmu-plugins HTTP/1.1" 429 0 "-" "Mozilla/5.0 AppleWebKit/537.36 (KHTML, like Gecko; compatible; ClaudeBot/1.0; [email protected])"
216.73.216.10 - - [24/Jul/2026:14:49:40 +0000] "GET /search/detail/GoodID/052204689264?loknya=%2Fhome HTTP/1.1" 429 0 "-" "Mozilla/5.0 AppleWebKit/537.36 (KHTML, like Gecko; compatible; ClaudeBot/1.0; [email protected])"
2a03:2880:f800:e:: - - [24/Jul/2026:14:49:40 +0000] "GET /?p=1885 HTTP/1.1" 429 0 "-" "Mozilla/5.0 (Windows NT 10.0; Win64; x64) AppleWebKit/537.36 (KHTML, like Gecko) Chrome/145.0.0.0 Safari/537.36 (compatible; meta-externalagent/1.1 (+https://developers.facebook.com/docs/sharing/webmasters/crawler))"
2a03:2880:f800:33:: - - [24/Jul/2026:14:49:43 +0000] "GET /?p=5898 HTTP/1.1" 429 0 "-" "Mozilla/5.0 (Windows NT 10.0; Win64; x64) AppleWebKit/537.36 (KHTML, like Gecko) Chrome/145.0.0.0 Safari/537.36 (compatible; meta-externalagent/1.1 (+https://developers.facebook.com/docs/sharing/webmasters/crawler))"
216.73.216.10 - - [24/Jul/2026:14:49:46 +0000] "GET /search/detail/GoodID/053273860256 HTTP/1.1" 429 0 "-" "Mozilla/5.0 AppleWebKit/537.36 (KHTML, like Gecko; compatible; ClaudeBot/1.0; [email protected])"
2a03:2880:f800:4:: - - [24/Jul/2026:14:49:47 +0000] "GET /?p=8748 HTTP/1.1" 429 0 "-" "Mozilla/5.0 (Windows NT 10.0; Win64; x64) AppleWebKit/537.36 (KHTML, like Gecko) Chrome/145.0.0.0 Safari/537.36 (compatible; meta-externalagent/1.1 (+https://developers.facebook.com/docs/sharing/webmasters/crawler))"
216.73.216.10 - - [24/Jul/2026:14:49:51 +0000] "GET /search/detail/GoodID/054214989384 HTTP/1.1" 429 0 "-" "Mozilla/5.0 AppleWebKit/537.36 (KHTML, like Gecko; compatible; ClaudeBot/1.0; [email protected])"
2a03:2880:f800:31:: - - [24/Jul/2026:14:49:51 +0000] "GET /?k=51158433731100 HTTP/1.1" 429 0 "-" "Mozilla/5.0 (Windows NT 10.0; Win64; x64) AppleWebKit/537.36 (KHTML, like Gecko) Chrome/145.0.0.0 Safari/537.36 (compatible; meta-externalagent/1.1 (+https://developers.facebook.com/docs/sharing/webmasters/crawler))"
2a03:2880:f800:42:: - - [24/Jul/2026:14:49:55 +0000] "GET /?p=1247 HTTP/1.1" 429 0 "-" "Mozilla/5.0 (X11; Linux x86_64) AppleWebKit/537.36 (KHTML, like Gecko) Chrome/145.0.0.0 Safari/537.36 (compatible; meta-externalagent/1.1 (+https://developers.facebook.com/docs/sharing/webmasters/crawler))"
216.73.216.10 - - [24/Jul/2026:14:49:56 +0000] "GET /search/detail/GoodID/051197318091 HTTP/1.1" 429 0 "-" "Mozilla/5.0 AppleWebKit/537.36 (KHTML, like Gecko; compatible; ClaudeBot/1.0; [email protected])"
216.73.216.10 - - [24/Jul/2026:14:50:01 +0000] "GET /search/detail/GoodID/054243847928 HTTP/1.1" 429 0 "-" "Mozilla/5.0 AppleWebKit/537.36 (KHTML, like Gecko; compatible; ClaudeBot/1.0; [email protected])"
2a03:2880:f800:42:: - - [24/Jul/2026:14:50:01 +0000] "GET /?k=68984395731100 HTTP/1.1" 429 0 "-" "Mozilla/5.0 (Windows NT 10.0; Win64; x64) AppleWebKit/537.36 (KHTML, like Gecko) Chrome/145.0.0.0 Safari/537.36 (compatible; meta-externalagent/1.1 (+https://developers.facebook.com/docs/sharing/webmasters/crawler))"
216.73.216.10 - - [24/Jul/2026:14:50:06 +0000] "GET /search/detail/GoodID/052593065821 HTTP/1.1" 429 0 "-" "Mozilla/5.0 AppleWebKit/537.36 (KHTML, like Gecko; compatible; ClaudeBot/1.0; [email protected])"
