216.73.216.10 - - [24/Jul/2026:19:57:17 +0000] "GET /search/detail/GoodID/051912241523?lokasie=%2Fhome%2Fsnownico%2Fanywhere-iptv.com%2Fwp-login.php&loknya=%2Fhome%2Fsnownico%2Fanywhere-iptv.com HTTP/1.1" 429 0 "-" "Mozilla/5.0 AppleWebKit/537.36 (KHTML, like Gecko; compatible; ClaudeBot/1.0; [email protected])"
2a03:2880:f800:1d:: - - [24/Jul/2026:19:57:18 +0000] "GET /?k=22075488231100 HTTP/1.1" 200 3433 "-" "Mozilla/5.0 (Windows NT 10.0; Win64; x64) AppleWebKit/537.36 (KHTML, like Gecko) Chrome/145.0.0.0 Safari/537.36 (compatible; meta-externalagent/1.1 (+https://developers.facebook.com/docs/sharing/webmasters/crawler))"
216.73.216.10 - - [24/Jul/2026:19:57:22 +0000] "GET /search/detail/GoodID/05411321575?lokasie=%2Fhome%2Fsnownico%2Fanywhere-iptv.com%2Ftxets.php&loknya=%2Fhome%2Fsnownico%2Fanywhere-iptv.com HTTP/1.1" 200 1507 "-" "Mozilla/5.0 AppleWebKit/537.36 (KHTML, like Gecko; compatible; ClaudeBot/1.0; [email protected])"
216.73.216.10 - - [24/Jul/2026:19:57:28 +0000] "GET /search/detail/GoodID/052187554814?lokasie=%2Fhome%2Fsnownico%2Fanywhere-iptv.com%2Fgoogle12f08e4ae2fe7b3e.html&loknya=%2Fhome%2Fsnownico%2Fanywhere-iptv.com HTTP/1.1" 429 0 "-" "Mozilla/5.0 AppleWebKit/537.36 (KHTML, like Gecko; compatible; ClaudeBot/1.0; [email protected])"
216.73.216.10 - - [24/Jul/2026:19:57:33 +0000] "GET /search/detail/GoodID/051560495813?lokasie=%2Fhome%2Fsnownico%2Fanywhere-iptv.com%2Fwp-blog-header.php&loknya=%2Fhome%2Fsnownico%2Fanywhere-iptv.com HTTP/1.1" 429 0 "-" "Mozilla/5.0 AppleWebKit/537.36 (KHTML, like Gecko; compatible; ClaudeBot/1.0; [email protected])"
216.73.216.10 - - [24/Jul/2026:19:57:38 +0000] "GET /search/detail/GoodID/052998227265?lokasie=%2Fhome%2Fsnownico%2Fanywhere-iptv.com%2Ftxets.php&loknya=%2Fhome%2Fsnownico%2Fanywhere-iptv.com HTTP/1.1" 429 0 "-" "Mozilla/5.0 AppleWebKit/537.36 (KHTML, like Gecko; compatible; ClaudeBot/1.0; [email protected])"
2a03:2880:f800:3b:: - - [24/Jul/2026:19:57:40 +0000] "GET /?k=23900739981100 HTTP/1.1" 200 3432 "-" "Mozilla/5.0 (Windows NT 10.0; Win64; x64) AppleWebKit/537.36 (KHTML, like Gecko) Chrome/145.0.0.0 Safari/537.36 (compatible; meta-externalagent/1.1 (+https://developers.facebook.com/docs/sharing/webmasters/crawler))"
216.73.216.10 - - [24/Jul/2026:19:57:43 +0000] "GET /search/detail/GoodID/051838954065?lokasie=%2Fhome%2Fsnownico%2Fanywhere-iptv.com%2Fgoogle12f08e4ae2fe7b3e.html&loknya=%2Fhome%2Fsnownico%2Fanywhere-iptv.com HTTP/1.1" 429 0 "-" "Mozilla/5.0 AppleWebKit/537.36 (KHTML, like Gecko; compatible; ClaudeBot/1.0; [email protected])"
216.73.216.10 - - [24/Jul/2026:19:57:48 +0000] "GET /search/detail/GoodID/053620696109?lokasie=%2Fhome%2Fsnownico%2Fanywhere-iptv.com%2Fgoogle8074ed7be21b3b54.html&loknya=%2Fhome%2Fsnownico%2Fanywhere-iptv.com HTTP/1.1" 429 0 "-" "Mozilla/5.0 AppleWebKit/537.36 (KHTML, like Gecko; compatible; ClaudeBot/1.0; [email protected])"
74.7.227.128 - - [24/Jul/2026:19:57:51 +0000] "GET /search/detail/GoodID/051837697985?lokasie=/home/snownico/anywhere-iptv.com/google12f08e4ae2fe7b3e.html&loknya=/home/snownico/anywhere-iptv.com HTTP/1.1" 200 1525 "https://www.anywhere-iptv.com/search/detail/GoodID/051837697985" "Mozilla/5.0 AppleWebKit/537.36 (KHTML, like Gecko; compatible; GPTBot/1.4; +https://openai.com/gptbot)"
216.73.216.10 - - [24/Jul/2026:19:57:53 +0000] "GET /search/detail/GoodID/052666865757?lokasie=%2Fhome%2Fsnownico%2Fanywhere-iptv.com%2Fgoogle12f08e4ae2fe7b3e.html&loknya=%2Fhome%2Fsnownico%2Fanywhere-iptv.com HTTP/1.1" 429 0 "-" "Mozilla/5.0 AppleWebKit/537.36 (KHTML, like Gecko; compatible; ClaudeBot/1.0; [email protected])"
216.73.216.10 - - [24/Jul/2026:19:57:58 +0000] "GET /search/detail/GoodID/051838954065?lokasie=%2Fhome%2Fsnownico%2Fanywhere-iptv.com%2Fwp-login.php&loknya=%2Fhome%2Fsnownico%2Fanywhere-iptv.com HTTP/1.1" 429 0 "-" "Mozilla/5.0 AppleWebKit/537.36 (KHTML, like Gecko; compatible; ClaudeBot/1.0; [email protected])"
2a03:2880:f800:a:: - - [24/Jul/2026:19:57:58 +0000] "GET /?k=73214756481100 HTTP/1.1" 200 3440 "-" "Mozilla/5.0 (Windows NT 10.0; Win64; x64) AppleWebKit/537.36 (KHTML, like Gecko) Chrome/145.0.0.0 Safari/537.36 (compatible; meta-externalagent/1.1 (+https://developers.facebook.com/docs/sharing/webmasters/crawler))"
216.73.216.10 - - [24/Jul/2026:19:58:08 +0000] "GET /search/detail/GoodID/053209610690?lokasie=%2Fhome%2Fsnownico%2Fnederland-iptv.com%2Fwp-admin%2Flink-add.php&loknya=%2Fhome%2Fsnownico%2Fnederland-iptv.com%2Fwp-admin HTTP/1.1" 200 1981 "-" "Mozilla/5.0 AppleWebKit/537.36 (KHTML, like Gecko; compatible; ClaudeBot/1.0; [email protected])"
216.73.216.10 - - [24/Jul/2026:19:58:13 +0000] "GET /search/detail/GoodID/052666865757?lokasie=%2Fhome%2Fsnownico%2Fanywhere-iptv.com%2Fwp-login.php&loknya=%2Fhome%2Fsnownico%2Fanywhere-iptv.com HTTP/1.1" 429 0 "-" "Mozilla/5.0 AppleWebKit/537.36 (KHTML, like Gecko; compatible; ClaudeBot/1.0; [email protected])"
2a03:2880:f800:27:: - - [24/Jul/2026:19:58:13 +0000] "GET /?k=65413443731100 HTTP/1.1" 200 3351 "-" "Mozilla/5.0 (Windows NT 10.0; Win64; x64) AppleWebKit/537.36 (KHTML, like Gecko) Chrome/145.0.0.0 Safari/537.36 (compatible; meta-externalagent/1.1 (+https://developers.facebook.com/docs/sharing/webmasters/crawler))"
216.73.216.10 - - [24/Jul/2026:19:58:18 +0000] "GET /search/detail/GoodID/052975569816?lokasie=%2Fhome%2Fsnownico%2Fanywhere-iptv.com%2Fwp-trackback.php&loknya=%2Fhome%2Fsnownico%2Fanywhere-iptv.com HTTP/1.1" 429 0 "-" "Mozilla/5.0 AppleWebKit/537.36 (KHTML, like Gecko; compatible; ClaudeBot/1.0; [email protected])"
216.73.216.10 - - [24/Jul/2026:19:58:23 +0000] "GET /search/detail/GoodID/052008816096?lokasie=%2Fhome%2Fsnownico%2Fanywhere-iptv.com%2Fgoogle8074ed7be21b3b54.html&loknya=%2Fhome%2Fsnownico%2Fanywhere-iptv.com HTTP/1.1" 429 0 "-" "Mozilla/5.0 AppleWebKit/537.36 (KHTML, like Gecko; compatible; ClaudeBot/1.0; [email protected])"
2a03:2880:f800:2d:: - - [24/Jul/2026:19:58:28 +0000] "GET /?p=1920 HTTP/1.1" 200 3433 "-" "Mozilla/5.0 (Windows NT 10.0; Win64; x64) AppleWebKit/537.36 (KHTML, like Gecko) Chrome/145.0.0.0 Safari/537.36 (compatible; meta-externalagent/1.1 (+https://developers.facebook.com/docs/sharing/webmasters/crawler))"
216.73.216.10 - - [24/Jul/2026:19:58:28 +0000] "GET /search/detail/GoodID/051714682386?lokasie=%2Fhome%2Fsnownico%2Fanywhere-iptv.com%2Findex.php&loknya=%2Fhome%2Fsnownico%2Fanywhere-iptv.com HTTP/1.1" 429 0 "-" "Mozilla/5.0 AppleWebKit/537.36 (KHTML, like Gecko; compatible; ClaudeBot/1.0; [email protected])"
41.73.1.73 - - [24/Jul/2026:19:58:31 +0000] "GET /favicon.ico HTTP/1.1" 404 1251 "-" "NetworkingExtension/8624.2.5.10.8 Network/5812.122.1 iOS/26.5.2"
41.73.1.73 - - [24/Jul/2026:19:58:30 +0000] "GET /thank-you/ HTTP/1.1" 200 3437 "-" "Mozilla/5.0 (Macintosh; Intel Mac OS X 10_11_1) AppleWebKit/601.2.4 (KHTML, like Gecko) Version/9.0.1 Safari/601.2.4 facebookexternalhit/1.1 Facebot Twitterbot/1.0"
41.73.1.73 - - [24/Jul/2026:19:58:31 +0000] "GET /apple-touch-icon-precomposed.png HTTP/1.1" 200 3425 "-" "NetworkingExtension/8624.2.5.10.8 Network/5812.122.1 iOS/26.5.2"
41.73.1.73 - - [24/Jul/2026:19:58:31 +0000] "GET /apple-touch-icon.png HTTP/1.1" 200 3425 "-" "NetworkingExtension/8624.2.5.10.8 Network/5812.122.1 iOS/26.5.2"
216.73.216.10 - - [24/Jul/2026:19:58:33 +0000] "GET /search/detail/GoodID/052023618820?lokasie=%2Fhome%2Fsnownico%2Fanywhere-iptv.com%2Fgoogle12f08e4ae2fe7b3e.html&loknya=%2Fhome%2Fsnownico%2Fanywhere-iptv.com HTTP/1.1" 429 0 "-" "Mozilla/5.0 AppleWebKit/537.36 (KHTML, like Gecko; compatible; ClaudeBot/1.0; [email protected])"
74.7.227.128 - - [24/Jul/2026:19:58:34 +0000] "GET /search/detail/GoodID/052713764236 HTTP/1.1" 200 3278 "https://www.anywhere-iptv.com/sitemap14.xml" "Mozilla/5.0 AppleWebKit/537.36 (KHTML, like Gecko; compatible; GPTBot/1.4; +https://openai.com/gptbot)"
216.73.216.10 - - [24/Jul/2026:19:58:38 +0000] "GET /search/detail/GoodID/051785810495?lokasie=%2Fhome%2Fsnownico%2Fanywhere-iptv.com%2Fwp-blog-header.php&loknya=%2Fhome%2Fsnownico%2Fanywhere-iptv.com HTTP/1.1" 429 0 "-" "Mozilla/5.0 AppleWebKit/537.36 (KHTML, like Gecko; compatible; ClaudeBot/1.0; [email protected])"
2a03:2880:f800:13:: - - [24/Jul/2026:19:58:39 +0000] "GET /?k=20093662231100 HTTP/1.1" 200 3307 "-" "Mozilla/5.0 (Macintosh; Intel Mac OS X 10_15_7) AppleWebKit/537.36 (KHTML, like Gecko) Chrome/145.0.0.0 Safari/537.36 (compatible; meta-externalagent/1.1 (+https://developers.facebook.com/docs/sharing/webmasters/crawler))"
216.73.216.10 - - [24/Jul/2026:19:58:43 +0000] "GET /search/detail/GoodID/06764074893 HTTP/1.1" 429 0 "-" "Mozilla/5.0 AppleWebKit/537.36 (KHTML, like Gecko; compatible; ClaudeBot/1.0; [email protected])"
216.73.216.10 - - [24/Jul/2026:19:58:48 +0000] "GET /search/detail/GoodID/062487096665 HTTP/1.1" 429 0 "-" "Mozilla/5.0 AppleWebKit/537.36 (KHTML, like Gecko; compatible; ClaudeBot/1.0; [email protected])"
2a03:2880:f800:1a:: - - [24/Jul/2026:19:58:50 +0000] "GET /?p=5782 HTTP/1.1" 200 3433 "-" "Mozilla/5.0 (Macintosh; Intel Mac OS X 10_15_7) AppleWebKit/537.36 (KHTML, like Gecko) Chrome/145.0.0.0 Safari/537.36 (compatible; meta-externalagent/1.1 (+https://developers.facebook.com/docs/sharing/webmasters/crawler))"
216.73.216.10 - - [24/Jul/2026:19:58:53 +0000] "GET /search/detail/GoodID/062244717832 HTTP/1.1" 200 3442 "-" "Mozilla/5.0 AppleWebKit/537.36 (KHTML, like Gecko; compatible; ClaudeBot/1.0; [email protected])"
216.73.216.10 - - [24/Jul/2026:19:58:58 +0000] "GET /search/detail/GoodID/06967157013 HTTP/1.1" 429 0 "-" "Mozilla/5.0 AppleWebKit/537.36 (KHTML, like Gecko; compatible; ClaudeBot/1.0; [email protected])"
2a03:2880:f800:40:: - - [24/Jul/2026:19:58:59 +0000] "GET /?p=8156 HTTP/1.1" 200 3432 "-" "Mozilla/5.0 (Macintosh; Intel Mac OS X 10_15_7) AppleWebKit/537.36 (KHTML, like Gecko) Chrome/145.0.0.0 Safari/537.36 (compatible; meta-externalagent/1.1 (+https://developers.facebook.com/docs/sharing/webmasters/crawler))"
216.73.216.10 - - [24/Jul/2026:19:59:03 +0000] "GET /search/detail/GoodID/063012215323 HTTP/1.1" 429 0 "-" "Mozilla/5.0 AppleWebKit/537.36 (KHTML, like Gecko; compatible; ClaudeBot/1.0; [email protected])"
2a03:2880:f800:3d:: - - [24/Jul/2026:19:59:07 +0000] "GET /?k=78749535731100 HTTP/1.1" 200 3432 "-" "Mozilla/5.0 (Windows NT 10.0; Win64; x64) AppleWebKit/537.36 (KHTML, like Gecko) Chrome/145.0.0.0 Safari/537.36 (compatible; meta-externalagent/1.1 (+https://developers.facebook.com/docs/sharing/webmasters/crawler))"
216.73.216.10 - - [24/Jul/2026:19:59:08 +0000] "GET /search/detail/GoodID/062947316441 HTTP/1.1" 429 0 "-" "Mozilla/5.0 AppleWebKit/537.36 (KHTML, like Gecko; compatible; ClaudeBot/1.0; [email protected])"
216.73.216.10 - - [24/Jul/2026:19:59:13 +0000] "GET /search/detail/GoodID/063777032233 HTTP/1.1" 429 0 "-" "Mozilla/5.0 AppleWebKit/537.36 (KHTML, like Gecko; compatible; ClaudeBot/1.0; [email protected])"
103.86.57.78 - - [24/Jul/2026:19:59:16 +0000] "GET /?lokasie=%2Fhome%2Fsnownico%2Fanywhere-iptv.com%2Ftxets.php&loknya=%2Fhome%2Fsnownico%2Fanywhere-iptv.com HTTP/1.1" 200 1499 "https://www.anywhere-iptv.com" "Mozilla/5.0 (Windows NT 10.0; Win64; x64) AppleWebKit/537.36 (KHTML, like Gecko) Chrome/145.0.0.0 Safari/537.36"
2a03:2880:f800:2:: - - [24/Jul/2026:19:59:16 +0000] "GET /?p=10033 HTTP/1.1" 429 0 "-" "Mozilla/5.0 (Windows NT 10.0; Win64; x64) AppleWebKit/537.36 (KHTML, like Gecko) Chrome/145.0.0.0 Safari/537.36 (compatible; meta-externalagent/1.1 (+https://developers.facebook.com/docs/sharing/webmasters/crawler))"
74.7.227.128 - - [24/Jul/2026:19:59:17 +0000] "GET /search/detail/GoodID/053029868449 HTTP/1.1" 200 3436 "https://www.anywhere-iptv.com/sitemap.xml" "Mozilla/5.0 AppleWebKit/537.36 (KHTML, like Gecko; compatible; GPTBot/1.4; +https://openai.com/gptbot)"
216.73.216.10 - - [24/Jul/2026:19:59:18 +0000] "GET /search/detail/GoodID/061267183671 HTTP/1.1" 429 0 "-" "Mozilla/5.0 AppleWebKit/537.36 (KHTML, like Gecko; compatible; ClaudeBot/1.0; [email protected])"
2a03:2880:f800:38:: - - [24/Jul/2026:19:59:23 +0000] "GET /?p=6543 HTTP/1.1" 429 0 "-" "Mozilla/5.0 (Windows NT 10.0; Win64; x64) AppleWebKit/537.36 (KHTML, like Gecko) Chrome/145.0.0.0 Safari/537.36 (compatible; meta-externalagent/1.1 (+https://developers.facebook.com/docs/sharing/webmasters/crawler))"
216.73.216.10 - - [24/Jul/2026:19:59:23 +0000] "GET /search/detail/GoodID/061489619745 HTTP/1.1" 429 0 "-" "Mozilla/5.0 AppleWebKit/537.36 (KHTML, like Gecko; compatible; ClaudeBot/1.0; [email protected])"
2a03:2880:f800:13:: - - [24/Jul/2026:19:59:23 +0000] "GET /?k=48997215231100 HTTP/1.1" 429 0 "-" "Mozilla/5.0 (Windows NT 10.0; Win64; x64) AppleWebKit/537.36 (KHTML, like Gecko) Chrome/145.0.0.0 Safari/537.36 (compatible; meta-externalagent/1.1 (+https://developers.facebook.com/docs/sharing/webmasters/crawler))"
216.73.216.10 - - [24/Jul/2026:19:59:28 +0000] "GET /search/detail/GoodID/06943492223 HTTP/1.1" 429 0 "-" "Mozilla/5.0 AppleWebKit/537.36 (KHTML, like Gecko; compatible; ClaudeBot/1.0; [email protected])"
2a03:2880:f800:39:: - - [24/Jul/2026:19:59:33 +0000] "GET /?p=7224 HTTP/1.1" 429 0 "-" "Mozilla/5.0 (Windows NT 10.0; Win64; x64) AppleWebKit/537.36 (KHTML, like Gecko) Chrome/145.0.0.0 Safari/537.36 (compatible; meta-externalagent/1.1 (+https://developers.facebook.com/docs/sharing/webmasters/crawler))"
216.73.216.10 - - [24/Jul/2026:19:59:33 +0000] "GET /search/detail/GoodID/062557959941 HTTP/1.1" 429 0 "-" "Mozilla/5.0 AppleWebKit/537.36 (KHTML, like Gecko; compatible; ClaudeBot/1.0; [email protected])"
2a03:2880:f800:11:: - - [24/Jul/2026:19:59:34 +0000] "GET /wp-sitemap-posts-post-8.xml?lokasie=/home/snownico/anywhere-iptv.com/.htaccess.bak-20260703&loknya=/home/snownico/anywhere-iptv.com HTTP/1.1" 200 12370 "-" "Mozilla/5.0 (X11; Linux x86_64) AppleWebKit/537.36 (KHTML, like Gecko) Chrome/145.0.0.0 Safari/537.36 (compatible; meta-externalagent/1.1 (+https://developers.facebook.com/docs/sharing/webmasters/crawler))"
216.73.216.10 - - [24/Jul/2026:19:59:38 +0000] "GET /search/detail/GoodID/061197696033 HTTP/1.1" 200 3415 "-" "Mozilla/5.0 AppleWebKit/537.36 (KHTML, like Gecko; compatible; ClaudeBot/1.0; [email protected])"
107.175.56.249 - - [24/Jul/2026:19:59:41 +0000] "GET /shop.php?2839-rank212 HTTP/1.1" 200 26597 "https://anywhere-iptv.com/wp-login.php" "Mozilla/5.0+(compatible;+Googlebot/2.1;++http://www.google.com/bot.html)"
216.73.216.10 - - [24/Jul/2026:19:59:43 +0000] "GET /search/detail/GoodID/063559766058 HTTP/1.1" 429 0 "-" "Mozilla/5.0 AppleWebKit/537.36 (KHTML, like Gecko; compatible; ClaudeBot/1.0; [email protected])"
46.203.52.108 - - [24/Jul/2026:19:59:43 +0000] "POST /wp-login.php HTTP/1.1" 200 3441 "https://anywhere-iptv.com/wp-login.php" "Yjmy@2025"
2a03:2880:f800:9:: - - [24/Jul/2026:19:59:44 +0000] "GET /?p=2634 HTTP/1.1" 429 0 "-" "Mozilla/5.0 (Macintosh; Intel Mac OS X 10_15_7) AppleWebKit/537.36 (KHTML, like Gecko) Chrome/145.0.0.0 Safari/537.36 (compatible; meta-externalagent/1.1 (+https://developers.facebook.com/docs/sharing/webmasters/crawler))"
161.123.208.123 - - [24/Jul/2026:19:59:46 +0000] "POST /wp-login.php HTTP/1.1" 200 3441 "https://anywhere-iptv.com/wp-login.php" "Yjmy@2025"
216.73.216.10 - - [24/Jul/2026:19:59:48 +0000] "GET /search/detail/GoodID/062838746306 HTTP/1.1" 429 0 "-" "Mozilla/5.0 AppleWebKit/537.36 (KHTML, like Gecko; compatible; ClaudeBot/1.0; [email protected])"
195.172.211.28 - - [24/Jul/2026:19:59:49 +0000] "POST /wp-login.php HTTP/1.1" 200 3378 "https://anywhere-iptv.com/wp-login.php" "Yjmy@2025"
216.73.216.10 - - [24/Jul/2026:19:59:53 +0000] "GET /search/detail/GoodID/061801132364 HTTP/1.1" 429 0 "-" "Mozilla/5.0 AppleWebKit/537.36 (KHTML, like Gecko; compatible; ClaudeBot/1.0; [email protected])"
2a03:2880:f800:1b:: - - [24/Jul/2026:19:59:55 +0000] "GET /?k=9604942731100 HTTP/1.1" 429 0 "-" "Mozilla/5.0 (Windows NT 10.0; Win64; x64) AppleWebKit/537.36 (KHTML, like Gecko) Chrome/145.0.0.0 Safari/537.36 (compatible; meta-externalagent/1.1 (+https://developers.facebook.com/docs/sharing/webmasters/crawler))"
2a03:2880:f800:17:: - - [24/Jul/2026:19:59:55 +0000] "GET /?k=2459141481100 HTTP/1.1" 429 0 "-" "Mozilla/5.0 (Macintosh; Intel Mac OS X 10_15_7) AppleWebKit/537.36 (KHTML, like Gecko) Chrome/145.0.0.0 Safari/537.36 (compatible; meta-externalagent/1.1 (+https://developers.facebook.com/docs/sharing/webmasters/crawler))"
74.7.227.128 - - [24/Jul/2026:19:59:55 +0000] "GET /search/detail/GoodID/052984866934 HTTP/1.1" 200 3436 "https://www.anywhere-iptv.com/sitemap.xml" "Mozilla/5.0 AppleWebKit/537.36 (KHTML, like Gecko; compatible; GPTBot/1.4; +https://openai.com/gptbot)"
216.73.216.10 - - [24/Jul/2026:19:59:58 +0000] "GET /search/detail/GoodID/061099745854 HTTP/1.1" 429 0 "-" "Mozilla/5.0 AppleWebKit/537.36 (KHTML, like Gecko; compatible; ClaudeBot/1.0; [email protected])"
216.73.216.10 - - [24/Jul/2026:20:00:03 +0000] "GET /search/detail/GoodID/06942280124 HTTP/1.1" 429 0 "-" "Mozilla/5.0 AppleWebKit/537.36 (KHTML, like Gecko; compatible; ClaudeBot/1.0; [email protected])"
2a03:2880:f800:16:: - - [24/Jul/2026:20:00:08 +0000] "GET /?k=29362780481100 HTTP/1.1" 429 0 "-" "Mozilla/5.0 (Macintosh; Intel Mac OS X 10_15_7) AppleWebKit/537.36 (KHTML, like Gecko) Chrome/145.0.0.0 Safari/537.36 (compatible; meta-externalagent/1.1 (+https://developers.facebook.com/docs/sharing/webmasters/crawler))"
216.73.216.10 - - [24/Jul/2026:20:00:08 +0000] "GET /search/detail/GoodID/06770039287 HTTP/1.1" 429 0 "-" "Mozilla/5.0 AppleWebKit/537.36 (KHTML, like Gecko; compatible; ClaudeBot/1.0; [email protected])"
2a03:2880:f800:32:: - - [24/Jul/2026:20:00:09 +0000] "GET /?p=1224 HTTP/1.1" 429 0 "-" "Mozilla/5.0 (Windows NT 10.0; Win64; x64) AppleWebKit/537.36 (KHTML, like Gecko) Chrome/145.0.0.0 Safari/537.36 (compatible; meta-externalagent/1.1 (+https://developers.facebook.com/docs/sharing/webmasters/crawler))"
216.73.216.10 - - [24/Jul/2026:20:00:13 +0000] "GET /search/detail/GoodID/064046289054 HTTP/1.1" 429 0 "-" "Mozilla/5.0 AppleWebKit/537.36 (KHTML, like Gecko; compatible; ClaudeBot/1.0; [email protected])"
216.73.216.10 - - [24/Jul/2026:20:00:21 +0000] "GET /search/detail/GoodID/053237550896 HTTP/1.1" 429 0 "-" "Mozilla/5.0 AppleWebKit/537.36 (KHTML, like Gecko; compatible; ClaudeBot/1.0; [email protected])"
2a03:2880:f800:40:: - - [24/Jul/2026:20:00:23 +0000] "GET /?p=9538 HTTP/1.1" 429 0 "-" "Mozilla/5.0 (Windows NT 10.0; Win64; x64) AppleWebKit/537.36 (KHTML, like Gecko) Chrome/145.0.0.0 Safari/537.36 (compatible; meta-externalagent/1.1 (+https://developers.facebook.com/docs/sharing/webmasters/crawler))"
216.73.216.10 - - [24/Jul/2026:20:00:25 +0000] "GET /search/detail/GoodID/052140603206 HTTP/1.1" 200 3415 "-" "Mozilla/5.0 AppleWebKit/537.36 (KHTML, like Gecko; compatible; ClaudeBot/1.0; [email protected])"
2a03:2880:f800:2d:: - - [24/Jul/2026:20:00:27 +0000] "GET /?k=61730750731100 HTTP/1.1" 429 0 "-" "Mozilla/5.0 (Macintosh; Intel Mac OS X 10_15_7) AppleWebKit/537.36 (KHTML, like Gecko) Chrome/145.0.0.0 Safari/537.36 (compatible; meta-externalagent/1.1 (+https://developers.facebook.com/docs/sharing/webmasters/crawler))"
74.7.227.128 - - [24/Jul/2026:20:00:27 +0000] "GET /search/detail/GoodID/053742317790 HTTP/1.1" 200 3436 "https://www.anywhere-iptv.com/sitemap.xml" "Mozilla/5.0 AppleWebKit/537.36 (KHTML, like Gecko; compatible; GPTBot/1.4; +https://openai.com/gptbot)"
2a03:2880:f800:3d:: - - [24/Jul/2026:20:00:28 +0000] "GET /?k=76382893481100 HTTP/1.1" 429 0 "-" "Mozilla/5.0 (Windows NT 10.0; Win64; x64) AppleWebKit/537.36 (KHTML, like Gecko) Chrome/145.0.0.0 Safari/537.36 (compatible; meta-externalagent/1.1 (+https://developers.facebook.com/docs/sharing/webmasters/crawler))"
216.73.216.10 - - [24/Jul/2026:20:00:30 +0000] "GET /search/detail/GoodID/052277944341 HTTP/1.1" 429 0 "-" "Mozilla/5.0 AppleWebKit/537.36 (KHTML, like Gecko; compatible; ClaudeBot/1.0; [email protected])"
216.73.216.10 - - [24/Jul/2026:20:00:35 +0000] "GET /search/detail/GoodID/051152095972 HTTP/1.1" 429 0 "-" "Mozilla/5.0 AppleWebKit/537.36 (KHTML, like Gecko; compatible; ClaudeBot/1.0; [email protected])"
216.73.216.10 - - [24/Jul/2026:20:00:40 +0000] "GET /search/detail/GoodID/053455020443 HTTP/1.1" 429 0 "-" "Mozilla/5.0 AppleWebKit/537.36 (KHTML, like Gecko; compatible; ClaudeBot/1.0; [email protected])"
216.73.216.10 - - [24/Jul/2026:20:00:45 +0000] "GET /search/detail/GoodID/053969960540 HTTP/1.1" 429 0 "-" "Mozilla/5.0 AppleWebKit/537.36 (KHTML, like Gecko; compatible; ClaudeBot/1.0; [email protected])"
2a03:2880:f800:24:: - - [24/Jul/2026:20:00:47 +0000] "GET /?k=2259994981100 HTTP/1.1" 429 0 "-" "Mozilla/5.0 (Macintosh; Intel Mac OS X 10_15_7) AppleWebKit/537.36 (KHTML, like Gecko) Chrome/145.0.0.0 Safari/537.36 (compatible; meta-externalagent/1.1 (+https://developers.facebook.com/docs/sharing/webmasters/crawler))"
216.73.216.10 - - [24/Jul/2026:20:00:50 +0000] "GET /search/detail/GoodID/05975506617 HTTP/1.1" 429 0 "-" "Mozilla/5.0 AppleWebKit/537.36 (KHTML, like Gecko; compatible; ClaudeBot/1.0; [email protected])"
2a03:2880:f800:1c:: - - [24/Jul/2026:20:00:52 +0000] "GET /?p=2700 HTTP/1.1" 429 0 "-" "Mozilla/5.0 (Macintosh; Intel Mac OS X 10_15_7) AppleWebKit/537.36 (KHTML, like Gecko) Chrome/145.0.0.0 Safari/537.36 (compatible; meta-externalagent/1.1 (+https://developers.facebook.com/docs/sharing/webmasters/crawler))"
2a03:2880:f800:21:: - - [24/Jul/2026:20:00:55 +0000] "GET /?k=56532414231100 HTTP/1.1" 429 0 "-" "Mozilla/5.0 (Macintosh; Intel Mac OS X 10_15_7) AppleWebKit/537.36 (KHTML, like Gecko) Chrome/145.0.0.0 Safari/537.36 (compatible; meta-externalagent/1.1 (+https://developers.facebook.com/docs/sharing/webmasters/crawler))"
216.73.216.10 - - [24/Jul/2026:20:00:56 +0000] "GET /search/detail/GoodID/053540814575 HTTP/1.1" 429 0 "-" "Mozilla/5.0 AppleWebKit/537.36 (KHTML, like Gecko; compatible; ClaudeBot/1.0; [email protected])"
74.7.227.128 - - [24/Jul/2026:20:00:57 +0000] "GET /search/detail/GoodID/051027620387 HTTP/1.1" 429 0 "https://www.anywhere-iptv.com/sitemap14.xml" "Mozilla/5.0 AppleWebKit/537.36 (KHTML, like Gecko; compatible; GPTBot/1.4; +https://openai.com/gptbot)"
2a03:2880:f800:4:: - - [24/Jul/2026:20:00:58 +0000] "GET /?k=58703241981100 HTTP/1.1" 429 0 "-" "Mozilla/5.0 (Windows NT 10.0; Win64; x64) AppleWebKit/537.36 (KHTML, like Gecko) Chrome/145.0.0.0 Safari/537.36 (compatible; meta-externalagent/1.1 (+https://developers.facebook.com/docs/sharing/webmasters/crawler))"
2a03:2880:f800:15:: - - [24/Jul/2026:20:01:00 +0000] "GET /?k=55661244981100 HTTP/1.1" 429 0 "-" "Mozilla/5.0 (Windows NT 10.0; Win64; x64) AppleWebKit/537.36 (KHTML, like Gecko) Chrome/145.0.0.0 Safari/537.36 Edg/145.0.0.0 (compatible; meta-externalagent/1.1 (+https://developers.facebook.com/docs/sharing/webmasters/crawler))"
216.73.216.10 - - [24/Jul/2026:20:01:00 +0000] "GET /search/detail/GoodID/054159947165 HTTP/1.1" 429 0 "-" "Mozilla/5.0 AppleWebKit/537.36 (KHTML, like Gecko; compatible; ClaudeBot/1.0; [email protected])"
216.73.216.10 - - [24/Jul/2026:20:01:05 +0000] "GET /search/detail/GoodID/05121658538 HTTP/1.1" 429 0 "-" "Mozilla/5.0 AppleWebKit/537.36 (KHTML, like Gecko; compatible; ClaudeBot/1.0; [email protected])"
216.73.216.10 - - [24/Jul/2026:20:01:10 +0000] "GET /search/detail/GoodID/05805644586 HTTP/1.1" 200 3415 "-" "Mozilla/5.0 AppleWebKit/537.36 (KHTML, like Gecko; compatible; ClaudeBot/1.0; [email protected])"
216.73.216.10 - - [24/Jul/2026:20:01:15 +0000] "GET /search/detail/GoodID/052359802258 HTTP/1.1" 429 0 "-" "Mozilla/5.0 AppleWebKit/537.36 (KHTML, like Gecko; compatible; ClaudeBot/1.0; [email protected])"
216.73.216.10 - - [24/Jul/2026:20:01:21 +0000] "GET /search/detail/GoodID/051361372831 HTTP/1.1" 429 0 "-" "Mozilla/5.0 AppleWebKit/537.36 (KHTML, like Gecko; compatible; ClaudeBot/1.0; [email protected])"
74.7.227.128 - - [24/Jul/2026:20:01:25 +0000] "GET /search/detail/GoodID/051472025038 HTTP/1.1" 429 0 "https://www.anywhere-iptv.com/sitemap14.xml" "Mozilla/5.0 AppleWebKit/537.36 (KHTML, like Gecko; compatible; GPTBot/1.4; +https://openai.com/gptbot)"
216.73.216.10 - - [24/Jul/2026:20:01:25 +0000] "GET /search/detail/GoodID/05185345305 HTTP/1.1" 429 0 "-" "Mozilla/5.0 AppleWebKit/537.36 (KHTML, like Gecko; compatible; ClaudeBot/1.0; [email protected])"
216.73.216.10 - - [24/Jul/2026:20:01:31 +0000] "GET /search/detail/GoodID/05803265796 HTTP/1.1" 429 0 "-" "Mozilla/5.0 AppleWebKit/537.36 (KHTML, like Gecko; compatible; ClaudeBot/1.0; [email protected])"
2a03:2880:f800:19:: - - [24/Jul/2026:20:01:33 +0000] "GET /?k=1939527981100 HTTP/1.1" 429 0 "-" "Mozilla/5.0 (Windows NT 10.0; Win64; x64) AppleWebKit/537.36 (KHTML, like Gecko) Chrome/145.0.0.0 Safari/537.36 (compatible; meta-externalagent/1.1 (+https://developers.facebook.com/docs/sharing/webmasters/crawler))"
216.73.216.10 - - [24/Jul/2026:20:01:35 +0000] "GET /search/detail/GoodID/05423086872 HTTP/1.1" 429 0 "-" "Mozilla/5.0 AppleWebKit/537.36 (KHTML, like Gecko; compatible; ClaudeBot/1.0; [email protected])"
216.73.216.10 - - [24/Jul/2026:20:01:40 +0000] "GET /search/detail/GoodID/05546777472 HTTP/1.1" 429 0 "-" "Mozilla/5.0 AppleWebKit/537.36 (KHTML, like Gecko; compatible; ClaudeBot/1.0; [email protected])"
2a03:2880:f800:3d:: - - [24/Jul/2026:20:01:41 +0000] "GET /?loknya=/home/snownico/anywhere-iptv.com HTTP/1.1" 429 0 "-" "Mozilla/5.0 (Windows NT 10.0; Win64; x64) AppleWebKit/537.36 (KHTML, like Gecko) Chrome/145.0.0.0 Safari/537.36 (compatible; meta-externalagent/1.1 (+https://developers.facebook.com/docs/sharing/webmasters/crawler))"
2a03:2880:f800:27:: - - [24/Jul/2026:20:01:45 +0000] "GET /?p=3636 HTTP/1.1" 429 0 "-" "Mozilla/5.0 (Macintosh; Intel Mac OS X 10_15_7) AppleWebKit/537.36 (KHTML, like Gecko) Chrome/145.0.0.0 Safari/537.36 (compatible; meta-externalagent/1.1 (+https://developers.facebook.com/docs/sharing/webmasters/crawler))"
216.73.216.10 - - [24/Jul/2026:20:02:17 +0000] "GET /search/detail/GoodID/063578678553?loknya=%2Fhome%2Fsnownico%2Fanywhere-iptv.com%2F.well-known HTTP/1.1" 200 1907 "-" "Mozilla/5.0 AppleWebKit/537.36 (KHTML, like Gecko; compatible; ClaudeBot/1.0; [email protected])"
216.73.216.10 - - [24/Jul/2026:20:02:22 +0000] "GET /search/detail/GoodID/063973001580?lokasie=%2Fhome%2Fsnownico%2Fanywhere-iptv.com%2Fwp-settings.php&loknya=%2Fhome%2Fsnownico%2Fanywhere-iptv.com HTTP/1.1" 200 8180 "-" "Mozilla/5.0 AppleWebKit/537.36 (KHTML, like Gecko; compatible; ClaudeBot/1.0; [email protected])"
74.7.227.128 - - [24/Jul/2026:20:02:25 +0000] "GET /search/detail/GoodID/051223740821 HTTP/1.1" 200 3443 "https://www.anywhere-iptv.com/sitemap.xml" "Mozilla/5.0 AppleWebKit/537.36 (KHTML, like Gecko; compatible; GPTBot/1.4; +https://openai.com/gptbot)"
216.73.216.10 - - [24/Jul/2026:20:02:27 +0000] "GET /search/detail/GoodID/053500885102?lokasie=%2Fhome%2Fsnownico%2Fanywhere-iptv.com%2Fwp-comments-post.php&loknya=%2Fhome%2Fsnownico%2Fanywhere-iptv.com HTTP/1.1" 200 2604 "-" "Mozilla/5.0 AppleWebKit/537.36 (KHTML, like Gecko; compatible; ClaudeBot/1.0; [email protected])"
216.73.216.10 - - [24/Jul/2026:20:02:32 +0000] "GET /search/detail/GoodID/051584201838?lokasie=%2Fhome%2Fsnownico%2Fanywhere-iptv.com%2Fwp-config-sample.php&loknya=%2Fhome%2Fsnownico%2Fanywhere-iptv.com HTTP/1.1" 200 2815 "-" "Mozilla/5.0 AppleWebKit/537.36 (KHTML, like Gecko; compatible; ClaudeBot/1.0; [email protected])"
216.73.216.10 - - [24/Jul/2026:20:02:37 +0000] "GET /search/detail/GoodID/063973001580?lokasie=%2Fhome%2Fsnownico%2Fanywhere-iptv.com%2Fwp-load.php&loknya=%2Fhome%2Fsnownico%2Fanywhere-iptv.com HTTP/1.1" 200 3317 "-" "Mozilla/5.0 AppleWebKit/537.36 (KHTML, like Gecko; compatible; ClaudeBot/1.0; [email protected])"
2a03:2880:f800:27:: - - [24/Jul/2026:20:02:39 +0000] "GET /?p=984 HTTP/1.1" 200 3432 "-" "Mozilla/5.0 (Windows NT 10.0; Win64; x64) AppleWebKit/537.36 (KHTML, like Gecko) Chrome/145.0.0.0 Safari/537.36 Edg/145.0.0.0 (compatible; meta-externalagent/1.1 (+https://developers.facebook.com/docs/sharing/webmasters/crawler))"
216.73.216.10 - - [24/Jul/2026:20:02:42 +0000] "GET /search/detail/GoodID/061907867170?lokasie=%2Fhome%2Fsnownico%2Fanywhere-iptv.com%2Fwp-settings.php&loknya=%2Fhome%2Fsnownico%2Fanywhere-iptv.com HTTP/1.1" 200 8180 "-" "Mozilla/5.0 AppleWebKit/537.36 (KHTML, like Gecko; compatible; ClaudeBot/1.0; [email protected])"
2a03:2880:f800:21:: - - [24/Jul/2026:20:02:44 +0000] "GET /?p=7219 HTTP/1.1" 200 3318 "-" "Mozilla/5.0 (Windows NT 10.0; Win64; x64) AppleWebKit/537.36 (KHTML, like Gecko) Chrome/145.0.0.0 Safari/537.36 (compatible; meta-externalagent/1.1 (+https://developers.facebook.com/docs/sharing/webmasters/crawler))"
216.73.216.10 - - [24/Jul/2026:20:02:47 +0000] "GET /search/detail/GoodID/06978711196?lokasie=%2Fhome%2Fsnownico%2Fanywhere-iptv.com%2Fwp-activate.php&loknya=%2Fhome%2Fsnownico%2Fanywhere-iptv.com HTTP/1.1" 200 4165 "-" "Mozilla/5.0 AppleWebKit/537.36 (KHTML, like Gecko; compatible; ClaudeBot/1.0; [email protected])"
216.73.216.10 - - [24/Jul/2026:20:02:54 +0000] "GET /search/detail/GoodID/052182802487?lokasie=%2Fhome%2Fsnownico%2Fanywhere-iptv.com%2Fgoogle5b7f8b36265afb6e.html&loknya=%2Fhome%2Fsnownico%2Fanywhere-iptv.com HTTP/1.1" 200 1532 "-" "Mozilla/5.0 AppleWebKit/537.36 (KHTML, like Gecko; compatible; ClaudeBot/1.0; [email protected])"
216.73.216.10 - - [24/Jul/2026:20:02:59 +0000] "GET /search/detail/GoodID/054137113138?lokasie=%2Fhome%2Fsnownico%2Fanywhere-iptv.com%2Freadme.html&loknya=%2Fhome%2Fsnownico%2Fanywhere-iptv.com HTTP/1.1" 200 4568 "-" "Mozilla/5.0 AppleWebKit/537.36 (KHTML, like Gecko; compatible; ClaudeBot/1.0; [email protected])"
216.73.216.10 - - [24/Jul/2026:20:03:04 +0000] "GET /search/detail/GoodID/052067914075?lokasie=%2Fhome%2Fsnownico%2Fanywhere-iptv.com%2Fgoogle3368694853e7e111.html&loknya=%2Fhome%2Fsnownico%2Fanywhere-iptv.com HTTP/1.1" 200 1526 "-" "Mozilla/5.0 AppleWebKit/537.36 (KHTML, like Gecko; compatible; ClaudeBot/1.0; [email protected])"
216.73.216.10 - - [24/Jul/2026:20:03:09 +0000] "GET /search/detail/GoodID/051883993170?lokasie=%2Fhome%2Fsnownico%2Fanywhere-iptv.com%2Ffilefuns.php&loknya=%2Fhome%2Fsnownico%2Fanywhere-iptv.com HTTP/1.1" 200 3821 "-" "Mozilla/5.0 AppleWebKit/537.36 (KHTML, like Gecko; compatible; ClaudeBot/1.0; [email protected])"
2a03:2880:f800:46:: - - [24/Jul/2026:20:03:13 +0000] "GET /?k=77890742481100 HTTP/1.1" 200 3432 "-" "Mozilla/5.0 (Macintosh; Intel Mac OS X 10_15_7) AppleWebKit/537.36 (KHTML, like Gecko) Chrome/145.0.0.0 Safari/537.36 (compatible; meta-externalagent/1.1 (+https://developers.facebook.com/docs/sharing/webmasters/crawler))"
216.73.216.10 - - [24/Jul/2026:20:03:14 +0000] "GET /search/detail/GoodID/052511759167?lokasie=%2Fhome%2Fsnownico%2F.razor%2Fserver.c301.cloudmark.com.conf&loknya=%2Fhome%2Fsnownico%2F.razor HTTP/1.1" 200 1805 "-" "Mozilla/5.0 AppleWebKit/537.36 (KHTML, like Gecko; compatible; ClaudeBot/1.0; [email protected])"
216.73.216.10 - - [24/Jul/2026:20:03:19 +0000] "GET /search/detail/GoodID/051001473909?lokasie=%2Fhome%2Fsnownico%2Fanywhere-iptv.com%2Fgoogle5b7f8b36265afb6e.html&loknya=%2Fhome%2Fsnownico%2Fanywhere-iptv.com HTTP/1.1" 200 1529 "-" "Mozilla/5.0 AppleWebKit/537.36 (KHTML, like Gecko; compatible; ClaudeBot/1.0; [email protected])"
66.249.90.205 - - [24/Jul/2026:20:03:20 +0000] "GET /livetvwatchcup HTTP/1.1" 200 3414 "-" "Mozilla/5.0 (X11; Linux x86_64) AppleWebKit/537.36 (KHTML, like Gecko; compatible; pageburst) Chrome/150.0.7871.124 Safari/537.36"
216.73.216.10 - - [24/Jul/2026:20:03:24 +0000] "GET /search/detail/GoodID/053843420839?lokasie=%2Fhome%2Fsnownico%2Fanywhere-iptv.com%2Fgoogle5b7f8b36265afb6e.html&loknya=%2Fhome%2Fsnownico%2Fanywhere-iptv.com HTTP/1.1" 200 1532 "-" "Mozilla/5.0 AppleWebKit/537.36 (KHTML, like Gecko; compatible; ClaudeBot/1.0; [email protected])"
216.73.216.10 - - [24/Jul/2026:20:03:29 +0000] "GET /search/detail/GoodID/05147580422?lokasie=%2Fhome%2Fsnownico%2Fanywhere-iptv.com%2Fwp-signup.php&loknya=%2Fhome%2Fsnownico%2Fanywhere-iptv.com HTTP/1.1" 200 10445 "-" "Mozilla/5.0 AppleWebKit/537.36 (KHTML, like Gecko; compatible; ClaudeBot/1.0; [email protected])"
74.7.227.128 - - [24/Jul/2026:20:03:30 +0000] "GET /search/detail/GoodID/051493479830 HTTP/1.1" 200 3443 "https://www.anywhere-iptv.com/sitemap14.xml" "Mozilla/5.0 AppleWebKit/537.36 (KHTML, like Gecko; compatible; GPTBot/1.4; +https://openai.com/gptbot)"
216.73.216.10 - - [24/Jul/2026:20:03:34 +0000] "GET /search/detail/GoodID/052410041505?lokasie=%2Fhome%2Fsnownico%2Fanywhere-iptv.com%2F.htaccess&loknya=%2Fhome%2Fsnownico%2Fanywhere-iptv.com HTTP/1.1" 200 2328 "-" "Mozilla/5.0 AppleWebKit/537.36 (KHTML, like Gecko; compatible; ClaudeBot/1.0; [email protected])"
2a03:2880:f800:27:: - - [24/Jul/2026:20:03:35 +0000] "GET /?p=3596 HTTP/1.1" 200 3433 "-" "Mozilla/5.0 (Macintosh; Intel Mac OS X 10_15_7) AppleWebKit/537.36 (KHTML, like Gecko) Chrome/145.0.0.0 Safari/537.36 (compatible; meta-externalagent/1.1 (+https://developers.facebook.com/docs/sharing/webmasters/crawler))"
216.73.216.10 - - [24/Jul/2026:20:03:39 +0000] "GET /search/detail/GoodID/052243815771?lokasie=%2Fhome%2Fsnownico%2Fanywhere-iptv.com%2Freadme.html&loknya=%2Fhome%2Fsnownico%2Fanywhere-iptv.com HTTP/1.1" 200 4550 "-" "Mozilla/5.0 AppleWebKit/537.36 (KHTML, like Gecko; compatible; ClaudeBot/1.0; [email protected])"
216.73.216.10 - - [24/Jul/2026:20:03:44 +0000] "GET /search/detail/GoodID/054186652776?lokasie=%2Fhome%2Fsnownico%2Fanywhere-iptv.com%2Freadme.html&loknya=%2Fhome%2Fsnownico%2Fanywhere-iptv.com HTTP/1.1" 200 4568 "-" "Mozilla/5.0 AppleWebKit/537.36 (KHTML, like Gecko; compatible; ClaudeBot/1.0; [email protected])"
216.73.216.10 - - [24/Jul/2026:20:01:45 +0000] "GET /search/detail/GoodID/053374752364 HTTP/1.1" 429 0 "-" "Mozilla/5.0 AppleWebKit/537.36 (KHTML, like Gecko; compatible; ClaudeBot/1.0; [email protected])"
2a03:2880:f800:14:: - - [24/Jul/2026:20:01:50 +0000] "GET /?p=4737 HTTP/1.1" 429 0 "-" "Mozilla/5.0 (Windows NT 10.0; Win64; x64) AppleWebKit/537.36 (KHTML, like Gecko) Chrome/145.0.0.0 Safari/537.36 (compatible; meta-externalagent/1.1 (+https://developers.facebook.com/docs/sharing/webmasters/crawler))"
216.73.216.10 - - [24/Jul/2026:20:01:51 +0000] "GET /search/detail/GoodID/05194686404 HTTP/1.1" 429 0 "-" "Mozilla/5.0 AppleWebKit/537.36 (KHTML, like Gecko; compatible; ClaudeBot/1.0; [email protected])"
216.73.216.10 - - [24/Jul/2026:20:01:55 +0000] "GET /search/detail/GoodID/051804844702 HTTP/1.1" 200 3389 "-" "Mozilla/5.0 AppleWebKit/537.36 (KHTML, like Gecko; compatible; ClaudeBot/1.0; [email protected])"
2a03:2880:f800:19:: - - [24/Jul/2026:20:01:56 +0000] "GET /?k=25252044481100 HTTP/1.1" 200 3432 "-" "Mozilla/5.0 (X11; Linux x86_64) AppleWebKit/537.36 (KHTML, like Gecko) Chrome/145.0.0.0 Safari/537.36 (compatible; meta-externalagent/1.1 (+https://developers.facebook.com/docs/sharing/webmasters/crawler))"
216.73.216.10 - - [24/Jul/2026:20:02:00 +0000] "GET /search/detail/GoodID/052033245170 HTTP/1.1" 429 0 "-" "Mozilla/5.0 AppleWebKit/537.36 (KHTML, like Gecko; compatible; ClaudeBot/1.0; [email protected])"
2a03:2880:f800:3b:: - - [24/Jul/2026:20:02:02 +0000] "GET /?p=6370 HTTP/1.1" 429 0 "-" "Mozilla/5.0 (Windows NT 10.0; Win64; x64) AppleWebKit/537.36 (KHTML, like Gecko) Chrome/145.0.0.0 Safari/537.36 (compatible; meta-externalagent/1.1 (+https://developers.facebook.com/docs/sharing/webmasters/crawler))"
216.73.216.10 - - [24/Jul/2026:20:02:08 +0000] "GET /search/detail/GoodID/051459725417?lokasie=%2Fhome%2Fsnownico%2Fanywhere-iptv.com%2Fwp-links-opml.php&loknya=%2Fhome%2Fsnownico%2Fanywhere-iptv.com HTTP/1.1" 429 0 "-" "Mozilla/5.0 AppleWebKit/537.36 (KHTML, like Gecko; compatible; ClaudeBot/1.0; [email protected])"
216.73.216.10 - - [24/Jul/2026:20:02:13 +0000] "GET /search/detail/GoodID/063327988901?lokasie=%2Fhome%2Fsnownico%2Fanywhere-iptv.com%2Fwp-load.php&loknya=%2Fhome%2Fsnownico%2Fanywhere-iptv.com HTTP/1.1" 429 0 "-" "Mozilla/5.0 AppleWebKit/537.36 (KHTML, like Gecko; compatible; ClaudeBot/1.0; [email protected])"
216.73.216.10 - - [24/Jul/2026:20:03:49 +0000] "GET /search/detail/GoodID/052832567461?lokasie=%2Fhome%2Fsnownico%2Fanywhere-iptv.com%2Fgoogle3368694853e7e111.html&loknya=%2Fhome%2Fsnownico%2Fanywhere-iptv.com HTTP/1.1" 200 1529 "-" "Mozilla/5.0 AppleWebKit/537.36 (KHTML, like Gecko; compatible; ClaudeBot/1.0; [email protected])"
2a03:2880:f800:6:: - - [24/Jul/2026:20:03:54 +0000] "GET /?k=46175814481100 HTTP/1.1" 200 3432 "-" "Mozilla/5.0 (Windows NT 10.0; Win64; x64) AppleWebKit/537.36 (KHTML, like Gecko) Chrome/145.0.0.0 Safari/537.36 (compatible; meta-externalagent/1.1 (+https://developers.facebook.com/docs/sharing/webmasters/crawler))"
216.73.216.10 - - [24/Jul/2026:20:03:56 +0000] "GET /search/detail/GoodID/052047625942?lokasie=%2Fhome%2Fsnownico%2Fanywhere-iptv.com%2Fgoogle64e24a00605e1c9a.html&loknya=%2Fhome%2Fsnownico%2Fanywhere-iptv.com HTTP/1.1" 200 1527 "-" "Mozilla/5.0 AppleWebKit/537.36 (KHTML, like Gecko; compatible; ClaudeBot/1.0; [email protected])"
216.73.216.10 - - [24/Jul/2026:20:04:01 +0000] "GET /search/detail/GoodID/052162172054?lokasie=%2Fhome%2Fsnownico%2Fanywhere-iptv.com%2Fgoogle5b7f8b36265afb6e.html&loknya=%2Fhome%2Fsnownico%2Fanywhere-iptv.com HTTP/1.1" 200 1529 "-" "Mozilla/5.0 AppleWebKit/537.36 (KHTML, like Gecko; compatible; ClaudeBot/1.0; [email protected])"
216.73.216.10 - - [24/Jul/2026:20:04:06 +0000] "GET /search/detail/GoodID/053432349923?lokasie=%2Fhome%2Fsnownico%2Fanywhere-iptv.com%2Fgoogle64e24a00605e1c9a.html&loknya=%2Fhome%2Fsnownico%2Fanywhere-iptv.com HTTP/1.1" 200 1527 "-" "Mozilla/5.0 AppleWebKit/537.36 (KHTML, like Gecko; compatible; ClaudeBot/1.0; [email protected])"
2a03:2880:f800:31:: - - [24/Jul/2026:20:04:11 +0000] "GET /?k=48675320231100 HTTP/1.1" 200 3433 "-" "Mozilla/5.0 (Windows NT 10.0; Win64; x64) AppleWebKit/537.36 (KHTML, like Gecko) Chrome/145.0.0.0 Safari/537.36 (compatible; meta-externalagent/1.1 (+https://developers.facebook.com/docs/sharing/webmasters/crawler))"
216.73.216.10 - - [24/Jul/2026:20:04:11 +0000] "GET /search/detail/GoodID/052599977481?lokasie=%2Fhome%2Fsnownico%2Fanywhere-iptv.com%2Fwp-signup.php&loknya=%2Fhome%2Fsnownico%2Fanywhere-iptv.com HTTP/1.1" 200 10445 "-" "Mozilla/5.0 AppleWebKit/537.36 (KHTML, like Gecko; compatible; ClaudeBot/1.0; [email protected])"
216.73.216.10 - - [24/Jul/2026:20:04:16 +0000] "GET /search/detail/GoodID/053333738908?lokasie=%2Fhome%2Fsnownico%2F%2F.wp-toolkit-identifier&loknya=%2Fhome%2Fsnownico%2F HTTP/1.1" 200 2074 "-" "Mozilla/5.0 AppleWebKit/537.36 (KHTML, like Gecko; compatible; ClaudeBot/1.0; [email protected])"
216.73.216.10 - - [24/Jul/2026:20:04:21 +0000] "GET /search/detail/GoodID/053269229641?lokasie=%2Fhome%2Fsnownico%2F%2F.spamassassinboxenable&loknya=%2Fhome%2Fsnownico%2F HTTP/1.1" 200 1489 "-" "Mozilla/5.0 AppleWebKit/537.36 (KHTML, like Gecko; compatible; ClaudeBot/1.0; [email protected])"
2a03:2880:f800:38:: - - [24/Jul/2026:20:04:24 +0000] "GET /?k=5220506731100 HTTP/1.1" 200 3432 "-" "Mozilla/5.0 (X11; Linux x86_64) AppleWebKit/537.36 (KHTML, like Gecko) Chrome/145.0.0.0 Safari/537.36 (compatible; meta-externalagent/1.1 (+https://developers.facebook.com/docs/sharing/webmasters/crawler))"
74.7.227.128 - - [24/Jul/2026:20:04:24 +0000] "GET /search/detail/GoodID/053810965176?loknya=/home/snownico/anywhere-iptv.com/configUWR HTTP/1.1" 200 2340 "https://www.anywhere-iptv.com/search/detail/GoodID/053810965176" "Mozilla/5.0 AppleWebKit/537.36 (KHTML, like Gecko; compatible; GPTBot/1.4; +https://openai.com/gptbot)"
216.73.216.10 - - [24/Jul/2026:20:04:29 +0000] "GET /search/detail/GoodID/05549079942?lokasie=%2Fhome%2Fsnownico%2Fanywhere-iptv.com%2FconfigUWR%2Fsnownico-WordPress-public_html.txt&loknya=%2Fhome%2Fsnownico%2Fanywhere-iptv.com%2FconfigUWR HTTP/1.1" 200 3137 "-" "Mozilla/5.0 AppleWebKit/537.36 (KHTML, like Gecko; compatible; ClaudeBot/1.0; [email protected])"
216.73.216.10 - - [24/Jul/2026:20:04:33 +0000] "GET /search/detail/GoodID/05734218187?lokasie=%2Fhome%2Fsnownico%2F.pearrc&loknya=%2Fhome%2Fsnownico HTTP/1.1" 200 1757 "-" "Mozilla/5.0 AppleWebKit/537.36 (KHTML, like Gecko; compatible; ClaudeBot/1.0; [email protected])"
2a03:2880:f800:11:: - - [24/Jul/2026:20:04:36 +0000] "GET /?k=62623250731100 HTTP/1.1" 200 3398 "-" "Mozilla/5.0 (Windows NT 10.0; Win64; x64) AppleWebKit/537.36 (KHTML, like Gecko) Chrome/145.0.0.0 Safari/537.36 (compatible; meta-externalagent/1.1 (+https://developers.facebook.com/docs/sharing/webmasters/crawler))"
216.73.216.10 - - [24/Jul/2026:20:04:41 +0000] "GET /search/detail/GoodID/052028371147?lokasie=%2Fhome%2Fsnownico%2Fanywhere-iptv.com%2Fgoogle64e24a00605e1c9a.html&loknya=%2Fhome%2Fsnownico%2Fanywhere-iptv.com HTTP/1.1" 200 1527 "-" "Mozilla/5.0 AppleWebKit/537.36 (KHTML, like Gecko; compatible; ClaudeBot/1.0; [email protected])"
216.73.216.10 - - [24/Jul/2026:20:04:46 +0000] "GET /search/detail/GoodID/051219419052?lokasie=%2Fhome%2Fsnownico%2Fanywhere-iptv.com%2Fgoogle64e24a00605e1c9a.html&loknya=%2Fhome%2Fsnownico%2Fanywhere-iptv.com HTTP/1.1" 200 1527 "-" "Mozilla/5.0 AppleWebKit/537.36 (KHTML, like Gecko; compatible; ClaudeBot/1.0; [email protected])"
2a03:2880:f800:2c:: - - [24/Jul/2026:20:04:46 +0000] "GET /?p=6626 HTTP/1.1" 200 3432 "-" "Mozilla/5.0 (Windows NT 10.0; Win64; x64) AppleWebKit/537.36 (KHTML, like Gecko) Chrome/145.0.0.0 Safari/537.36 Edg/145.0.0.0 (compatible; meta-externalagent/1.1 (+https://developers.facebook.com/docs/sharing/webmasters/crawler))"
216.73.216.10 - - [24/Jul/2026:20:04:51 +0000] "GET /search/detail/GoodID/05663354911?lokasie=%2Fhome%2Fsnownico%2Fanywhere-iptv.com%2F.htaccess&loknya=%2Fhome%2Fsnownico%2Fanywhere-iptv.com HTTP/1.1" 200 2328 "-" "Mozilla/5.0 AppleWebKit/537.36 (KHTML, like Gecko; compatible; ClaudeBot/1.0; [email protected])"
216.73.216.10 - - [24/Jul/2026:20:04:56 +0000] "GET /search/detail/GoodID/051290509539?lokasie=%2Fhome%2Fsnownico%2Fanywhere-iptv.com%2Fgoogle5b7f8b36265afb6e.html&loknya=%2Fhome%2Fsnownico%2Fanywhere-iptv.com HTTP/1.1" 429 0 "-" "Mozilla/5.0 AppleWebKit/537.36 (KHTML, like Gecko; compatible; ClaudeBot/1.0; [email protected])"
2a03:2880:f800:d:: - - [24/Jul/2026:20:04:56 +0000] "GET /?k=82616797731100 HTTP/1.1" 200 3431 "-" "Mozilla/5.0 (Macintosh; Intel Mac OS X 10_15_7) AppleWebKit/537.36 (KHTML, like Gecko) Chrome/145.0.0.0 Safari/537.36 (compatible; meta-externalagent/1.1 (+https://developers.facebook.com/docs/sharing/webmasters/crawler))"
216.73.216.10 - - [24/Jul/2026:20:05:01 +0000] "GET /search/detail/GoodID/053891617208?lokasie=%2Fhome%2Fsnownico%2Fanywhere-iptv.com%2Fgoogle5b7f8b36265afb6e.html&loknya=%2Fhome%2Fsnownico%2Fanywhere-iptv.com HTTP/1.1" 429 0 "-" "Mozilla/5.0 AppleWebKit/537.36 (KHTML, like Gecko; compatible; ClaudeBot/1.0; [email protected])"
2a03:2880:f800:44:: - - [24/Jul/2026:20:05:05 +0000] "GET /?k=6745432231100 HTTP/1.1" 200 3432 "-" "Mozilla/5.0 (Windows NT 10.0; Win64; x64) AppleWebKit/537.36 (KHTML, like Gecko) Chrome/145.0.0.0 Safari/537.36 (compatible; meta-externalagent/1.1 (+https://developers.facebook.com/docs/sharing/webmasters/crawler))"
216.73.216.10 - - [24/Jul/2026:20:05:06 +0000] "GET /search/detail/GoodID/053620696109?lokasie=%2Fhome%2Fsnownico%2Fanywhere-iptv.com%2F.htaccess&loknya=%2Fhome%2Fsnownico%2Fanywhere-iptv.com HTTP/1.1" 429 0 "-" "Mozilla/5.0 AppleWebKit/537.36 (KHTML, like Gecko; compatible; ClaudeBot/1.0; [email protected])"
216.73.216.10 - - [24/Jul/2026:20:05:11 +0000] "GET /search/detail/GoodID/052067914075?lokasie=%2Fhome%2Fsnownico%2Fanywhere-iptv.com%2Fgoogle64e24a00605e1c9a.html&loknya=%2Fhome%2Fsnownico%2Fanywhere-iptv.com HTTP/1.1" 429 0 "-" "Mozilla/5.0 AppleWebKit/537.36 (KHTML, like Gecko; compatible; ClaudeBot/1.0; [email protected])"
74.7.227.128 - - [24/Jul/2026:20:05:15 +0000] "GET /search/detail/GoodID/053264135188 HTTP/1.1" 200 3436 "https://www.anywhere-iptv.com/sitemap14.xml" "Mozilla/5.0 AppleWebKit/537.36 (KHTML, like Gecko; compatible; GPTBot/1.4; +https://openai.com/gptbot)"
216.73.216.10 - - [24/Jul/2026:20:05:16 +0000] "GET /search/detail/GoodID/051557383957?lokasie=%2Fhome%2Fsnownico%2Fanywhere-iptv.com%2Fwp-signup.php&loknya=%2Fhome%2Fsnownico%2Fanywhere-iptv.com HTTP/1.1" 429 0 "-" "Mozilla/5.0 AppleWebKit/537.36 (KHTML, like Gecko; compatible; ClaudeBot/1.0; [email protected])"
2a03:2880:f800:3a:: - - [24/Jul/2026:20:05:17 +0000] "GET /?k=60105627231100 HTTP/1.1" 200 3433 "-" "Mozilla/5.0 (Windows NT 10.0; Win64; x64) AppleWebKit/537.36 (KHTML, like Gecko) Chrome/145.0.0.0 Safari/537.36 (compatible; meta-externalagent/1.1 (+https://developers.facebook.com/docs/sharing/webmasters/crawler))"
216.73.216.10 - - [24/Jul/2026:20:05:21 +0000] "GET /search/detail/GoodID/051627285405?lokasie=%2Fhome%2Fsnownico%2Fanywhere-iptv.com%2F.htaccess&loknya=%2Fhome%2Fsnownico%2Fanywhere-iptv.com HTTP/1.1" 429 0 "-" "Mozilla/5.0 AppleWebKit/537.36 (KHTML, like Gecko; compatible; ClaudeBot/1.0; [email protected])"
2a03:2880:f800:43:: - - [24/Jul/2026:20:05:21 +0000] "GET /?p=7538 HTTP/1.1" 200 3433 "-" "Mozilla/5.0 (Windows NT 10.0; Win64; x64) AppleWebKit/537.36 (KHTML, like Gecko) Chrome/145.0.0.0 Safari/537.36 (compatible; meta-externalagent/1.1 (+https://developers.facebook.com/docs/sharing/webmasters/crawler))"
216.73.216.10 - - [24/Jul/2026:20:05:26 +0000] "GET /search/detail/GoodID/051183774749?lokasie=%2Fhome%2Fsnownico%2Fanywhere-iptv.com%2Fwp-signup.php&loknya=%2Fhome%2Fsnownico%2Fanywhere-iptv.com HTTP/1.1" 429 0 "-" "Mozilla/5.0 AppleWebKit/537.36 (KHTML, like Gecko; compatible; ClaudeBot/1.0; [email protected])"
2a03:2880:f800:3b:: - - [24/Jul/2026:20:05:28 +0000] "GET /?k=53349967481100 HTTP/1.1" 200 3433 "-" "Mozilla/5.0 (Windows NT 10.0; Win64; x64) AppleWebKit/537.36 (KHTML, like Gecko) Chrome/144.0.0.0 Safari/537.36 Edg/144.0.0.0 (compatible; meta-externalagent/1.1 (+https://developers.facebook.com/docs/sharing/webmasters/crawler))"
216.73.216.10 - - [24/Jul/2026:20:05:31 +0000] "GET /search/detail/GoodID/052287377928?lokasie=%2Fhome%2Fsnownico%2Fanywhere-iptv.com%2F.htaccess&loknya=%2Fhome%2Fsnownico%2Fanywhere-iptv.com HTTP/1.1" 429 0 "-" "Mozilla/5.0 AppleWebKit/537.36 (KHTML, like Gecko; compatible; ClaudeBot/1.0; [email protected])"
2a03:2880:f800:1a:: - - [24/Jul/2026:20:05:35 +0000] "GET /?k=27454883231100 HTTP/1.1" 200 3433 "-" "Mozilla/5.0 (X11; Linux x86_64) AppleWebKit/537.36 (KHTML, like Gecko) Chrome/145.0.0.0 Safari/537.36 (compatible; meta-externalagent/1.1 (+https://developers.facebook.com/docs/sharing/webmasters/crawler))"
216.73.216.10 - - [24/Jul/2026:20:05:36 +0000] "GET /search/detail/GoodID/052008816096?lokasie=%2Fhome%2Fsnownico%2Fanywhere-iptv.com%2F.htaccess&loknya=%2Fhome%2Fsnownico%2Fanywhere-iptv.com HTTP/1.1" 200 2328 "-" "Mozilla/5.0 AppleWebKit/537.36 (KHTML, like Gecko; compatible; ClaudeBot/1.0; [email protected])"
2a03:2880:f800:33:: - - [24/Jul/2026:20:05:40 +0000] "GET /?k=25145182481100 HTTP/1.1" 200 3432 "-" "Mozilla/5.0 (Windows NT 10.0; Win64; x64) AppleWebKit/537.36 (KHTML, like Gecko) Chrome/145.0.0.0 Safari/537.36 (compatible; meta-externalagent/1.1 (+https://developers.facebook.com/docs/sharing/webmasters/crawler))"
216.73.216.10 - - [24/Jul/2026:20:05:41 +0000] "GET /search/detail/GoodID/053950056534 HTTP/1.1" 429 0 "-" "Mozilla/5.0 AppleWebKit/537.36 (KHTML, like Gecko; compatible; ClaudeBot/1.0; [email protected])"
216.73.216.10 - - [24/Jul/2026:20:05:46 +0000] "GET /search/detail/GoodID/053276972112 HTTP/1.1" 429 0 "-" "Mozilla/5.0 AppleWebKit/537.36 (KHTML, like Gecko; compatible; ClaudeBot/1.0; [email protected])"
2a03:2880:f800:26:: - - [24/Jul/2026:20:05:46 +0000] "GET /?p=9821 HTTP/1.1" 200 3434 "-" "Mozilla/5.0 (Windows NT 10.0; Win64; x64) AppleWebKit/537.36 (KHTML, like Gecko) Chrome/145.0.0.0 Safari/537.36 (compatible; meta-externalagent/1.1 (+https://developers.facebook.com/docs/sharing/webmasters/crawler))"
216.73.216.10 - - [24/Jul/2026:20:05:51 +0000] "GET /search/detail/GoodID/053897107870 HTTP/1.1" 429 0 "-" "Mozilla/5.0 AppleWebKit/537.36 (KHTML, like Gecko; compatible; ClaudeBot/1.0; [email protected])"
2a03:2880:f800:2c:: - - [24/Jul/2026:20:05:52 +0000] "GET /?k=40516769481100 HTTP/1.1" 200 3432 "-" "Mozilla/5.0 (Windows NT 10.0; Win64; x64) AppleWebKit/537.36 (KHTML, like Gecko) Chrome/145.0.0.0 Safari/537.36 (compatible; meta-externalagent/1.1 (+https://developers.facebook.com/docs/sharing/webmasters/crawler))"
197.185.149.66 - - [24/Jul/2026:20:05:56 +0000] "GET /wp-content/plugins/wpforms-lite/assets/images/submit-spin.svg HTTP/1.1" 200 0 "-" "Mozilla/5.0 (Windows NT 4.0; hu-HU; rv:1.9.1.20) Gecko/9534-07-15 02:50:29.676483 Firefox/3.8"
216.73.216.10 - - [24/Jul/2026:20:05:56 +0000] "GET /search/detail/GoodID/052979110044 HTTP/1.1" 429 0 "-" "Mozilla/5.0 AppleWebKit/537.36 (KHTML, like Gecko; compatible; ClaudeBot/1.0; [email protected])"
2a03:2880:f800:43:: - - [24/Jul/2026:20:05:57 +0000] "GET /?k=14094544981100 HTTP/1.1" 200 3433 "-" "Mozilla/5.0 (Windows NT 10.0; Win64; x64) AppleWebKit/537.36 (KHTML, like Gecko) Chrome/145.0.0.0 Safari/537.36 (compatible; meta-externalagent/1.1 (+https://developers.facebook.com/docs/sharing/webmasters/crawler))"
74.7.227.128 - - [24/Jul/2026:20:06:00 +0000] "GET /search/detail/GoodID/053178835214 HTTP/1.1" 200 3443 "https://www.anywhere-iptv.com/sitemap.xml" "Mozilla/5.0 AppleWebKit/537.36 (KHTML, like Gecko; compatible; GPTBot/1.4; +https://openai.com/gptbot)"
216.73.216.10 - - [24/Jul/2026:20:06:01 +0000] "GET /search/detail/GoodID/053581316704 HTTP/1.1" 429 0 "-" "Mozilla/5.0 AppleWebKit/537.36 (KHTML, like Gecko; compatible; ClaudeBot/1.0; [email protected])"
2a03:2880:f800:2a:: - - [24/Jul/2026:20:06:02 +0000] "GET /?p=6853 HTTP/1.1" 200 3432 "-" "Mozilla/5.0 (Windows NT 10.0; Win64; x64) AppleWebKit/537.36 (KHTML, like Gecko) Chrome/145.0.0.0 Safari/537.36 (compatible; meta-externalagent/1.1 (+https://developers.facebook.com/docs/sharing/webmasters/crawler))"
216.73.216.10 - - [24/Jul/2026:20:06:06 +0000] "GET /search/detail/GoodID/05543115548 HTTP/1.1" 429 0 "-" "Mozilla/5.0 AppleWebKit/537.36 (KHTML, like Gecko; compatible; ClaudeBot/1.0; [email protected])"
