2a03:2880:f800:1b:: - - [24/Jul/2026:19:03:00 +0000] "GET /?p=2227 HTTP/1.1" 429 0 "-" "Mozilla/5.0 (Windows NT 10.0; Win64; x64) AppleWebKit/537.36 (KHTML, like Gecko) Chrome/145.0.0.0 Safari/537.36 (compatible; meta-externalagent/1.1 (+https://developers.facebook.com/docs/sharing/webmasters/crawler))"
2a03:2880:f800:21:: - - [24/Jul/2026:19:03:07 +0000] "GET /?p=6922 HTTP/1.1" 429 0 "-" "Mozilla/5.0 (Macintosh; Intel Mac OS X 10_15_7) AppleWebKit/537.36 (KHTML, like Gecko) Chrome/145.0.0.0 Safari/537.36 (compatible; meta-externalagent/1.1 (+https://developers.facebook.com/docs/sharing/webmasters/crawler))"
216.73.216.10 - - [24/Jul/2026:19:03:08 +0000] "GET /search/detail/GoodID/05814863973?lokasie=%2Fhome%2Fsnownico%2Fanywhere-iptv.com%2Ffilefuns.php&loknya=%2Fhome%2Fsnownico%2Fanywhere-iptv.com HTTP/1.1" 429 0 "-" "Mozilla/5.0 AppleWebKit/537.36 (KHTML, like Gecko; compatible; ClaudeBot/1.0; [email protected])"
2a03:2880:f800:c:: - - [24/Jul/2026:19:03:12 +0000] "GET /?p=2770 HTTP/1.1" 429 0 "-" "Mozilla/5.0 (Windows NT 10.0; Win64; x64) AppleWebKit/537.36 (KHTML, like Gecko) Chrome/145.0.0.0 Safari/537.36 (compatible; meta-externalagent/1.1 (+https://developers.facebook.com/docs/sharing/webmasters/crawler))"
216.73.216.10 - - [24/Jul/2026:19:03:13 +0000] "GET /search/detail/GoodID/05239566207?loknya=%2Fhome%2Fsnownico%2Fpromax-iptv4k.com%2Fimages HTTP/1.1" 429 0 "-" "Mozilla/5.0 AppleWebKit/537.36 (KHTML, like Gecko; compatible; ClaudeBot/1.0; [email protected])"
216.73.216.10 - - [24/Jul/2026:19:03:17 +0000] "GET /search/detail/GoodID/053330198680?lokasie=%2Fhome%2Fsnownico%2Fwp-cron.php&loknya=%2Fhome%2Fsnownico HTTP/1.1" 429 0 "-" "Mozilla/5.0 AppleWebKit/537.36 (KHTML, like Gecko; compatible; ClaudeBot/1.0; [email protected])"
216.73.216.10 - - [24/Jul/2026:19:03:27 +0000] "GET /search/detail/GoodID/054138060388?lokasie=%2Fhome%2Fsnownico%2Fanywhere-iptv.com%2Ftxets.php&loknya=%2Fhome%2Fsnownico%2Fanywhere-iptv.com HTTP/1.1" 429 0 "-" "Mozilla/5.0 AppleWebKit/537.36 (KHTML, like Gecko; compatible; ClaudeBot/1.0; [email protected])"
216.73.216.10 - - [24/Jul/2026:19:03:32 +0000] "GET /search/detail/GoodID/052330943714?lokasie=%2Fhome%2Fsnownico%2Fanywhere-iptv.com%2Fgoogle12f08e4ae2fe7b3e.html&loknya=%2Fhome%2Fsnownico%2Fanywhere-iptv.com HTTP/1.1" 200 1527 "-" "Mozilla/5.0 AppleWebKit/537.36 (KHTML, like Gecko; compatible; ClaudeBot/1.0; [email protected])"
216.73.216.10 - - [24/Jul/2026:19:03:37 +0000] "GET /search/detail/GoodID/0551562353?lokasie=%2Fhome%2Fsnownico%2Fanywhere-iptv.com%2Findex.php&loknya=%2Fhome%2Fsnownico%2Fanywhere-iptv.com HTTP/1.1" 429 0 "-" "Mozilla/5.0 AppleWebKit/537.36 (KHTML, like Gecko; compatible; ClaudeBot/1.0; [email protected])"
216.73.216.10 - - [24/Jul/2026:19:03:42 +0000] "GET /search/detail/GoodID/054233294730?lokasie=%2Fhome%2Fsnownico%2Fanywhere-iptv.com%2Fgoogle4e9e64589d679d23.html&loknya=%2Fhome%2Fsnownico%2Fanywhere-iptv.com HTTP/1.1" 429 0 "-" "Mozilla/5.0 AppleWebKit/537.36 (KHTML, like Gecko; compatible; ClaudeBot/1.0; [email protected])"
216.73.216.10 - - [24/Jul/2026:19:03:47 +0000] "GET /search/detail/GoodID/051014368291?lokasie=%2Fhome%2Fsnownico%2Fanywhere-iptv.com%2Fgoogle8074ed7be21b3b54.html&loknya=%2Fhome%2Fsnownico%2Fanywhere-iptv.com HTTP/1.1" 429 0 "-" "Mozilla/5.0 AppleWebKit/537.36 (KHTML, like Gecko; compatible; ClaudeBot/1.0; [email protected])"
216.73.216.10 - - [24/Jul/2026:19:03:52 +0000] "GET /search/detail/GoodID/053231749993?lokasie=%2Fhome%2Fsnownico%2Fanywhere-iptv.com%2Ftxets.php&loknya=%2Fhome%2Fsnownico%2Fanywhere-iptv.com HTTP/1.1" 429 0 "-" "Mozilla/5.0 AppleWebKit/537.36 (KHTML, like Gecko; compatible; ClaudeBot/1.0; [email protected])"
216.73.216.10 - - [24/Jul/2026:19:03:57 +0000] "GET /search/detail/GoodID/053434774121?lokasie=%2Fhome%2Fsnownico%2Fanywhere-iptv.com%2Findex.php&loknya=%2Fhome%2Fsnownico%2Fanywhere-iptv.com HTTP/1.1" 429 0 "-" "Mozilla/5.0 AppleWebKit/537.36 (KHTML, like Gecko; compatible; ClaudeBot/1.0; [email protected])"
216.73.216.10 - - [24/Jul/2026:19:04:02 +0000] "GET /search/detail/GoodID/051956030939?lokasie=%2Fhome%2Fsnownico%2Fanywhere-iptv.com%2Fwp-blog-header.php&loknya=%2Fhome%2Fsnownico%2Fanywhere-iptv.com HTTP/1.1" 429 0 "-" "Mozilla/5.0 AppleWebKit/537.36 (KHTML, like Gecko; compatible; ClaudeBot/1.0; [email protected])"
74.7.227.128 - - [24/Jul/2026:19:04:05 +0000] "GET /search/detail/GoodID/051397298238 HTTP/1.1" 429 0 "https://www.anywhere-iptv.com/sitemap14.xml" "Mozilla/5.0 AppleWebKit/537.36 (KHTML, like Gecko; compatible; GPTBot/1.4; +https://openai.com/gptbot)"
216.73.216.10 - - [24/Jul/2026:19:04:07 +0000] "GET /search/detail/GoodID/051620272403?lokasie=%2Fhome%2Fsnownico%2Fanywhere-iptv.com%2Fwp-login.php&loknya=%2Fhome%2Fsnownico%2Fanywhere-iptv.com HTTP/1.1" 429 0 "-" "Mozilla/5.0 AppleWebKit/537.36 (KHTML, like Gecko; compatible; ClaudeBot/1.0; [email protected])"
216.73.216.10 - - [24/Jul/2026:19:04:12 +0000] "GET /search/detail/GoodID/05694410410?lokasie=%2Fhome%2Fsnownico%2Fanywhere-iptv.com%2Fgoogle8074ed7be21b3b54.html&loknya=%2Fhome%2Fsnownico%2Fanywhere-iptv.com HTTP/1.1" 429 0 "-" "Mozilla/5.0 AppleWebKit/537.36 (KHTML, like Gecko; compatible; ClaudeBot/1.0; [email protected])"
216.73.216.10 - - [24/Jul/2026:19:04:17 +0000] "GET /search/detail/GoodID/053519919309?lokasie=%2Fhome%2Fsnownico%2Fanywhere-iptv.com%2Ftxets.php&loknya=%2Fhome%2Fsnownico%2Fanywhere-iptv.com HTTP/1.1" 200 1502 "-" "Mozilla/5.0 AppleWebKit/537.36 (KHTML, like Gecko; compatible; ClaudeBot/1.0; [email protected])"
2a03:2880:f800:46:: - - [24/Jul/2026:19:04:19 +0000] "GET /?p=5712 HTTP/1.1" 429 0 "-" "Mozilla/5.0 (Macintosh; Intel Mac OS X 10_15_7) AppleWebKit/537.36 (KHTML, like Gecko) Chrome/145.0.0.0 Safari/537.36 (compatible; meta-externalagent/1.1 (+https://developers.facebook.com/docs/sharing/webmasters/crawler))"
216.73.216.10 - - [24/Jul/2026:19:04:22 +0000] "GET /search/detail/GoodID/05124648682?lokasie=%2Fhome%2Fsnownico%2Fanywhere-iptv.com%2Findex.php&loknya=%2Fhome%2Fsnownico%2Fanywhere-iptv.com HTTP/1.1" 429 0 "-" "Mozilla/5.0 AppleWebKit/537.36 (KHTML, like Gecko; compatible; ClaudeBot/1.0; [email protected])"
216.73.216.10 - - [24/Jul/2026:19:04:27 +0000] "GET /search/detail/GoodID/054161113856?lokasie=%2Fhome%2Fsnownico%2Fanywhere-iptv.com%2Fwp-trackback.php&loknya=%2Fhome%2Fsnownico%2Fanywhere-iptv.com HTTP/1.1" 429 0 "-" "Mozilla/5.0 AppleWebKit/537.36 (KHTML, like Gecko; compatible; ClaudeBot/1.0; [email protected])"
216.73.216.10 - - [24/Jul/2026:19:04:32 +0000] "GET /search/detail/GoodID/051760162902?lokasie=%2Fhome%2Fsnownico%2Fanywhere-iptv.com%2Fwp-links-opml.php&loknya=%2Fhome%2Fsnownico%2Fanywhere-iptv.com HTTP/1.1" 429 0 "-" "Mozilla/5.0 AppleWebKit/537.36 (KHTML, like Gecko; compatible; ClaudeBot/1.0; [email protected])"
2a03:2880:10ff:46:: - - [24/Jul/2026:19:04:45 +0000] "GET /robots.txt HTTP/1.1" 304 0 "-" "facebookexternalhit/1.1 (+http://www.facebook.com/externalhit_uatext.php)"
216.73.216.10 - - [24/Jul/2026:19:04:47 +0000] "GET /search/detail/GoodID/051730483025?lokasie=%2Fhome%2Fsnownico%2Fanywhere-iptv.com%2Ftxets.php&loknya=%2Fhome%2Fsnownico%2Fanywhere-iptv.com HTTP/1.1" 429 0 "-" "Mozilla/5.0 AppleWebKit/537.36 (KHTML, like Gecko; compatible; ClaudeBot/1.0; [email protected])"
216.73.216.10 - - [24/Jul/2026:19:04:52 +0000] "GET /search/detail/GoodID/05411321575?lokasie=%2Fhome%2Fsnownico%2Fanywhere-iptv.com%2Fgoogle12f08e4ae2fe7b3e.html&loknya=%2Fhome%2Fsnownico%2Fanywhere-iptv.com HTTP/1.1" 429 0 "-" "Mozilla/5.0 AppleWebKit/537.36 (KHTML, like Gecko; compatible; ClaudeBot/1.0; [email protected])"
216.73.216.10 - - [24/Jul/2026:19:04:57 +0000] "GET /search/detail/GoodID/053433562022?lokasie=%2Fhome%2Fsnownico%2Fanywhere-iptv.com%2Fwp-login.php&loknya=%2Fhome%2Fsnownico%2Fanywhere-iptv.com HTTP/1.1" 429 0 "-" "Mozilla/5.0 AppleWebKit/537.36 (KHTML, like Gecko; compatible; ClaudeBot/1.0; [email protected])"
216.73.216.10 - - [24/Jul/2026:19:05:02 +0000] "GET /search/detail/GoodID/052187554814?lokasie=%2Fhome%2Fsnownico%2Fanywhere-iptv.com%2Findex.php&loknya=%2Fhome%2Fsnownico%2Fanywhere-iptv.com HTTP/1.1" 200 10574 "-" "Mozilla/5.0 AppleWebKit/537.36 (KHTML, like Gecko; compatible; ClaudeBot/1.0; [email protected])"
74.7.227.128 - - [24/Jul/2026:19:05:07 +0000] "GET /search/detail/GoodID/051012948704 HTTP/1.1" 429 0 "https://www.anywhere-iptv.com/sitemap.xml" "Mozilla/5.0 AppleWebKit/537.36 (KHTML, like Gecko; compatible; GPTBot/1.4; +https://openai.com/gptbot)"
216.73.216.10 - - [24/Jul/2026:19:05:07 +0000] "GET /search/detail/GoodID/052330943714?lokasie=%2Fhome%2Fsnownico%2Fanywhere-iptv.com%2Fwp-login.php&loknya=%2Fhome%2Fsnownico%2Fanywhere-iptv.com HTTP/1.1" 429 0 "-" "Mozilla/5.0 AppleWebKit/537.36 (KHTML, like Gecko; compatible; ClaudeBot/1.0; [email protected])"
216.73.216.10 - - [24/Jul/2026:19:05:12 +0000] "GET /search/detail/GoodID/05169687803?lokasie=%2Fhome%2Fsnownico%2Fanywhere-iptv.com%2Fwp-links-opml.php&loknya=%2Fhome%2Fsnownico%2Fanywhere-iptv.com HTTP/1.1" 429 0 "-" "Mozilla/5.0 AppleWebKit/537.36 (KHTML, like Gecko; compatible; ClaudeBot/1.0; [email protected])"
216.73.216.10 - - [24/Jul/2026:19:05:17 +0000] "GET /search/detail/GoodID/05857095948?lokasie=%2Fhome%2Fsnownico%2Fanywhere-iptv.com%2Fgoogle4e9e64589d679d23.html&loknya=%2Fhome%2Fsnownico%2Fanywhere-iptv.com HTTP/1.1" 429 0 "-" "Mozilla/5.0 AppleWebKit/537.36 (KHTML, like Gecko; compatible; ClaudeBot/1.0; [email protected])"
216.73.216.10 - - [24/Jul/2026:19:05:22 +0000] "GET /search/detail/GoodID/05197676548?lokasie=%2Fhome%2Fsnownico%2Fanywhere-iptv.com%2Fwp-links-opml.php&loknya=%2Fhome%2Fsnownico%2Fanywhere-iptv.com HTTP/1.1" 429 0 "-" "Mozilla/5.0 AppleWebKit/537.36 (KHTML, like Gecko; compatible; ClaudeBot/1.0; [email protected])"
2a03:2880:16ff:41:: - - [24/Jul/2026:19:05:26 +0000] "GET /robots.txt HTTP/1.1" 304 0 "-" "facebookexternalhit/1.1 (+http://www.facebook.com/externalhit_uatext.php)"
2a03:2880:f800:1a:: - - [24/Jul/2026:19:05:26 +0000] "GET /?k=82482476481100 HTTP/1.1" 429 0 "-" "Mozilla/5.0 (Windows NT 10.0; Win64; x64) AppleWebKit/537.36 (KHTML, like Gecko) Chrome/145.0.0.0 Safari/537.36 (compatible; meta-externalagent/1.1 (+https://developers.facebook.com/docs/sharing/webmasters/crawler))"
216.73.216.10 - - [24/Jul/2026:19:05:27 +0000] "GET /search/detail/GoodID/052204689264?lokasie=%2Fhome%2Fsnownico%2Fanywhere-iptv.com%2Fwp-cron.php&loknya=%2Fhome%2Fsnownico%2Fanywhere-iptv.com HTTP/1.1" 429 0 "-" "Mozilla/5.0 AppleWebKit/537.36 (KHTML, like Gecko; compatible; ClaudeBot/1.0; [email protected])"
216.73.216.10 - - [24/Jul/2026:19:05:32 +0000] "GET /search/detail/GoodID/052067914075?lokasie=%2Fhome%2Fsnownico%2Fanywhere-iptv.com%2Fgoogle8074ed7be21b3b54.html&loknya=%2Fhome%2Fsnownico%2Fanywhere-iptv.com HTTP/1.1" 429 0 "-" "Mozilla/5.0 AppleWebKit/537.36 (KHTML, like Gecko; compatible; ClaudeBot/1.0; [email protected])"
216.73.216.10 - - [24/Jul/2026:19:05:37 +0000] "GET /search/detail/GoodID/05173228015?lokasie=%2Fhome%2Fsnownico%2Fanywhere-iptv.com%2Findex.php&loknya=%2Fhome%2Fsnownico%2Fanywhere-iptv.com HTTP/1.1" 429 0 "-" "Mozilla/5.0 AppleWebKit/537.36 (KHTML, like Gecko; compatible; ClaudeBot/1.0; [email protected])"
216.73.216.10 - - [24/Jul/2026:19:05:42 +0000] "GET /search/detail/GoodID/051662769211?lokasie=%2Fhome%2Fsnownico%2Fanywhere-iptv.com%2Fgoogle12f08e4ae2fe7b3e.html&loknya=%2Fhome%2Fsnownico%2Fanywhere-iptv.com HTTP/1.1" 429 0 "-" "Mozilla/5.0 AppleWebKit/537.36 (KHTML, like Gecko; compatible; ClaudeBot/1.0; [email protected])"
216.73.216.10 - - [24/Jul/2026:19:05:52 +0000] "GET /search/detail/GoodID/052562599143?lokasie=%2Fhome%2Fsnownico%2Fanywhere-iptv.com%2Ftxets.php&loknya=%2Fhome%2Fsnownico%2Fanywhere-iptv.com HTTP/1.1" 200 1502 "-" "Mozilla/5.0 AppleWebKit/537.36 (KHTML, like Gecko; compatible; ClaudeBot/1.0; [email protected])"
216.73.216.10 - - [24/Jul/2026:19:05:57 +0000] "GET /search/detail/GoodID/053689394795?lokasie=%2Fhome%2Fsnownico%2Fanywhere-iptv.com%2Fwp-login.php&loknya=%2Fhome%2Fsnownico%2Fanywhere-iptv.com HTTP/1.1" 429 0 "-" "Mozilla/5.0 AppleWebKit/537.36 (KHTML, like Gecko; compatible; ClaudeBot/1.0; [email protected])"
216.73.216.10 - - [24/Jul/2026:19:06:02 +0000] "GET /search/detail/GoodID/053689394795?lokasie=%2Fhome%2Fsnownico%2Fanywhere-iptv.com%2Fgoogle12f08e4ae2fe7b3e.html&loknya=%2Fhome%2Fsnownico%2Fanywhere-iptv.com HTTP/1.1" 429 0 "-" "Mozilla/5.0 AppleWebKit/537.36 (KHTML, like Gecko; compatible; ClaudeBot/1.0; [email protected])"
216.73.216.10 - - [24/Jul/2026:19:06:07 +0000] "GET /search/detail/GoodID/051463626547?lokasie=%2Fhome%2Fsnownico%2Fanywhere-iptv.com%2Ffilefuns.php&loknya=%2Fhome%2Fsnownico%2Fanywhere-iptv.com HTTP/1.1" 429 0 "-" "Mozilla/5.0 AppleWebKit/537.36 (KHTML, like Gecko; compatible; ClaudeBot/1.0; [email protected])"
74.7.227.128 - - [24/Jul/2026:19:06:10 +0000] "GET /search/detail/GoodID/051663672496 HTTP/1.1" 429 0 "https://www.anywhere-iptv.com/sitemap.xml" "Mozilla/5.0 AppleWebKit/537.36 (KHTML, like Gecko; compatible; GPTBot/1.4; +https://openai.com/gptbot)"
216.73.216.10 - - [24/Jul/2026:19:06:14 +0000] "GET /search/detail/GoodID/06244104565 HTTP/1.1" 429 0 "-" "Mozilla/5.0 AppleWebKit/537.36 (KHTML, like Gecko; compatible; ClaudeBot/1.0; [email protected])"
216.73.216.10 - - [24/Jul/2026:19:06:18 +0000] "GET /search/detail/GoodID/06397823641 HTTP/1.1" 429 0 "-" "Mozilla/5.0 AppleWebKit/537.36 (KHTML, like Gecko; compatible; ClaudeBot/1.0; [email protected])"
216.73.216.10 - - [24/Jul/2026:19:06:23 +0000] "GET /search/detail/GoodID/063099778010 HTTP/1.1" 429 0 "-" "Mozilla/5.0 AppleWebKit/537.36 (KHTML, like Gecko; compatible; ClaudeBot/1.0; [email protected])"
2a03:2880:f800:3a:: - - [24/Jul/2026:19:06:32 +0000] "GET /?k=68485190731100 HTTP/1.1" 429 0 "-" "Mozilla/5.0 (Windows NT 10.0; Win64; x64) AppleWebKit/537.36 (KHTML, like Gecko) Chrome/145.0.0.0 Safari/537.36 (compatible; meta-externalagent/1.1 (+https://developers.facebook.com/docs/sharing/webmasters/crawler))"
216.73.216.10 - - [24/Jul/2026:19:06:32 +0000] "GET /search/detail/GoodID/06628249031 HTTP/1.1" 429 0 "-" "Mozilla/5.0 AppleWebKit/537.36 (KHTML, like Gecko; compatible; ClaudeBot/1.0; [email protected])"
216.73.216.10 - - [24/Jul/2026:19:06:34 +0000] "GET /search/detail/GoodID/06781593470 HTTP/1.1" 429 0 "-" "Mozilla/5.0 AppleWebKit/537.36 (KHTML, like Gecko; compatible; ClaudeBot/1.0; [email protected])"
216.73.216.10 - - [24/Jul/2026:19:06:43 +0000] "GET /search/detail/GoodID/06978711196 HTTP/1.1" 200 3415 "-" "Mozilla/5.0 AppleWebKit/537.36 (KHTML, like Gecko; compatible; ClaudeBot/1.0; [email protected])"
216.73.216.10 - - [24/Jul/2026:19:06:45 +0000] "GET /search/detail/GoodID/06594801699 HTTP/1.1" 429 0 "-" "Mozilla/5.0 AppleWebKit/537.36 (KHTML, like Gecko; compatible; ClaudeBot/1.0; [email protected])"
216.73.216.10 - - [24/Jul/2026:19:06:50 +0000] "GET /search/detail/GoodID/06270407769 HTTP/1.1" 429 0 "-" "Mozilla/5.0 AppleWebKit/537.36 (KHTML, like Gecko; compatible; ClaudeBot/1.0; [email protected])"
216.73.216.10 - - [24/Jul/2026:19:06:55 +0000] "GET /search/detail/GoodID/06929348120 HTTP/1.1" 429 0 "-" "Mozilla/5.0 AppleWebKit/537.36 (KHTML, like Gecko; compatible; ClaudeBot/1.0; [email protected])"
216.73.216.10 - - [24/Jul/2026:19:07:00 +0000] "GET /search/detail/GoodID/062022356307 HTTP/1.1" 429 0 "-" "Mozilla/5.0 AppleWebKit/537.36 (KHTML, like Gecko; compatible; ClaudeBot/1.0; [email protected])"
216.73.216.10 - - [24/Jul/2026:19:07:05 +0000] "GET /search/detail/GoodID/06442597913 HTTP/1.1" 429 0 "-" "Mozilla/5.0 AppleWebKit/537.36 (KHTML, like Gecko; compatible; ClaudeBot/1.0; [email protected])"
216.73.216.10 - - [24/Jul/2026:19:07:10 +0000] "GET /search/detail/GoodID/063094073208 HTTP/1.1" 429 0 "-" "Mozilla/5.0 AppleWebKit/537.36 (KHTML, like Gecko; compatible; ClaudeBot/1.0; [email protected])"
74.7.227.128 - - [24/Jul/2026:19:07:11 +0000] "GET /search/detail/GoodID/052181546407 HTTP/1.1" 429 0 "https://www.anywhere-iptv.com/sitemap.xml" "Mozilla/5.0 AppleWebKit/537.36 (KHTML, like Gecko; compatible; GPTBot/1.4; +https://openai.com/gptbot)"
216.73.216.10 - - [24/Jul/2026:19:07:18 +0000] "GET /search/detail/GoodID/06156871107 HTTP/1.1" 429 0 "-" "Mozilla/5.0 AppleWebKit/537.36 (KHTML, like Gecko; compatible; ClaudeBot/1.0; [email protected])"
216.73.216.10 - - [24/Jul/2026:19:07:21 +0000] "GET /search/detail/GoodID/06206624917 HTTP/1.1" 429 0 "-" "Mozilla/5.0 AppleWebKit/537.36 (KHTML, like Gecko; compatible; ClaudeBot/1.0; [email protected])"
216.73.216.10 - - [24/Jul/2026:19:07:26 +0000] "GET /search/detail/GoodID/063327988901 HTTP/1.1" 200 3415 "-" "Mozilla/5.0 AppleWebKit/537.36 (KHTML, like Gecko; compatible; ClaudeBot/1.0; [email protected])"
216.73.216.10 - - [24/Jul/2026:19:07:31 +0000] "GET /search/detail/GoodID/063873606790 HTTP/1.1" 429 0 "-" "Mozilla/5.0 AppleWebKit/537.36 (KHTML, like Gecko; compatible; ClaudeBot/1.0; [email protected])"
216.73.216.10 - - [24/Jul/2026:19:07:37 +0000] "GET /search/detail/GoodID/06817237773 HTTP/1.1" 429 0 "-" "Mozilla/5.0 AppleWebKit/537.36 (KHTML, like Gecko; compatible; ClaudeBot/1.0; [email protected])"
2a03:2880:f800:12:: - - [24/Jul/2026:19:07:38 +0000] "GET /?k=4538606981100 HTTP/1.1" 429 0 "-" "Mozilla/5.0 (Windows NT 10.0; Win64; x64) AppleWebKit/537.36 (KHTML, like Gecko) Chrome/145.0.0.0 Safari/537.36 (compatible; meta-externalagent/1.1 (+https://developers.facebook.com/docs/sharing/webmasters/crawler))"
216.73.216.10 - - [24/Jul/2026:19:07:41 +0000] "GET /search/detail/GoodID/063022161372 HTTP/1.1" 429 0 "-" "Mozilla/5.0 AppleWebKit/537.36 (KHTML, like Gecko; compatible; ClaudeBot/1.0; [email protected])"
216.73.216.10 - - [24/Jul/2026:19:07:46 +0000] "GET /search/detail/GoodID/063624664940 HTTP/1.1" 429 0 "-" "Mozilla/5.0 AppleWebKit/537.36 (KHTML, like Gecko; compatible; ClaudeBot/1.0; [email protected])"
216.73.216.10 - - [24/Jul/2026:19:07:56 +0000] "GET /search/detail/GoodID/062511973586 HTTP/1.1" 429 0 "-" "Mozilla/5.0 AppleWebKit/537.36 (KHTML, like Gecko; compatible; ClaudeBot/1.0; [email protected])"
216.73.216.10 - - [24/Jul/2026:19:07:59 +0000] "GET /search/detail/GoodID/06963616817 HTTP/1.1" 429 0 "-" "Mozilla/5.0 AppleWebKit/537.36 (KHTML, like Gecko; compatible; ClaudeBot/1.0; [email protected])"
216.73.216.10 - - [24/Jul/2026:19:08:04 +0000] "GET /search/detail/GoodID/061382095955 HTTP/1.1" 429 0 "-" "Mozilla/5.0 AppleWebKit/537.36 (KHTML, like Gecko; compatible; ClaudeBot/1.0; [email protected])"
216.73.216.10 - - [24/Jul/2026:19:08:09 +0000] "GET /search/detail/GoodID/06207837016 HTTP/1.1" 429 0 "-" "Mozilla/5.0 AppleWebKit/537.36 (KHTML, like Gecko; compatible; ClaudeBot/1.0; [email protected])"
74.7.227.128 - - [24/Jul/2026:19:08:12 +0000] "GET /search/detail/GoodID/052561078230 HTTP/1.1" 429 0 "https://www.anywhere-iptv.com/sitemap.xml" "Mozilla/5.0 AppleWebKit/537.36 (KHTML, like Gecko; compatible; GPTBot/1.4; +https://openai.com/gptbot)"
216.73.216.10 - - [24/Jul/2026:19:08:14 +0000] "GET /search/detail/GoodID/063973001580 HTTP/1.1" 200 3415 "-" "Mozilla/5.0 AppleWebKit/537.36 (KHTML, like Gecko; compatible; ClaudeBot/1.0; [email protected])"
216.73.216.10 - - [24/Jul/2026:19:08:19 +0000] "GET /search/detail/GoodID/063428759313 HTTP/1.1" 429 0 "-" "Mozilla/5.0 AppleWebKit/537.36 (KHTML, like Gecko; compatible; ClaudeBot/1.0; [email protected])"
216.73.216.10 - - [24/Jul/2026:19:08:24 +0000] "GET /search/detail/GoodID/061013370611 HTTP/1.1" 429 0 "-" "Mozilla/5.0 AppleWebKit/537.36 (KHTML, like Gecko; compatible; ClaudeBot/1.0; [email protected])"
216.73.216.10 - - [24/Jul/2026:19:08:29 +0000] "GET /search/detail/GoodID/063598621344 HTTP/1.1" 429 0 "-" "Mozilla/5.0 AppleWebKit/537.36 (KHTML, like Gecko; compatible; ClaudeBot/1.0; [email protected])"
216.73.216.10 - - [24/Jul/2026:19:08:34 +0000] "GET /search/detail/GoodID/061809261348 HTTP/1.1" 429 0 "-" "Mozilla/5.0 AppleWebKit/537.36 (KHTML, like Gecko; compatible; ClaudeBot/1.0; [email protected])"
216.73.216.10 - - [24/Jul/2026:19:08:39 +0000] "GET /search/detail/GoodID/063499622589 HTTP/1.1" 429 0 "-" "Mozilla/5.0 AppleWebKit/537.36 (KHTML, like Gecko; compatible; ClaudeBot/1.0; [email protected])"
216.73.216.10 - - [24/Jul/2026:19:08:44 +0000] "GET /search/detail/GoodID/063664732293 HTTP/1.1" 429 0 "-" "Mozilla/5.0 AppleWebKit/537.36 (KHTML, like Gecko; compatible; ClaudeBot/1.0; [email protected])"
2a03:2880:15ff:4d:: - - [24/Jul/2026:19:08:46 +0000] "GET /robots.txt HTTP/1.1" 304 0 "-" "facebookexternalhit/1.1 (+http://www.facebook.com/externalhit_uatext.php)"
2a03:2880:f800:11:: - - [24/Jul/2026:19:08:46 +0000] "GET /?k=52697282231100 HTTP/1.1" 429 0 "-" "Mozilla/5.0 (Windows NT 10.0; Win64; x64) AppleWebKit/537.36 (KHTML, like Gecko) Chrome/145.0.0.0 Safari/537.36 (compatible; meta-externalagent/1.1 (+https://developers.facebook.com/docs/sharing/webmasters/crawler))"
216.73.216.10 - - [24/Jul/2026:19:08:49 +0000] "GET /search/detail/GoodID/061886366938 HTTP/1.1" 429 0 "-" "Mozilla/5.0 AppleWebKit/537.36 (KHTML, like Gecko; compatible; ClaudeBot/1.0; [email protected])"
216.73.216.10 - - [24/Jul/2026:19:08:54 +0000] "GET /search/detail/GoodID/061582817613 HTTP/1.1" 429 0 "-" "Mozilla/5.0 AppleWebKit/537.36 (KHTML, like Gecko; compatible; ClaudeBot/1.0; [email protected])"
216.73.216.10 - - [24/Jul/2026:19:08:59 +0000] "GET /search/detail/GoodID/061907867170 HTTP/1.1" 200 3415 "-" "Mozilla/5.0 AppleWebKit/537.36 (KHTML, like Gecko; compatible; ClaudeBot/1.0; [email protected])"
216.73.216.10 - - [24/Jul/2026:19:09:04 +0000] "GET /search/detail/GoodID/063120162212 HTTP/1.1" 429 0 "-" "Mozilla/5.0 AppleWebKit/537.36 (KHTML, like Gecko; compatible; ClaudeBot/1.0; [email protected])"
216.73.216.10 - - [24/Jul/2026:19:09:09 +0000] "GET /search/detail/GoodID/061785760081 HTTP/1.1" 429 0 "-" "Mozilla/5.0 AppleWebKit/537.36 (KHTML, like Gecko; compatible; ClaudeBot/1.0; [email protected])"
216.73.216.10 - - [24/Jul/2026:19:09:14 +0000] "GET /search/detail/GoodID/063332741228 HTTP/1.1" 429 0 "-" "Mozilla/5.0 AppleWebKit/537.36 (KHTML, like Gecko; compatible; ClaudeBot/1.0; [email protected])"
74.7.227.128 - - [24/Jul/2026:19:09:15 +0000] "GET /search/detail/GoodID/051824116074 HTTP/1.1" 429 0 "https://www.anywhere-iptv.com/sitemap14.xml" "Mozilla/5.0 AppleWebKit/537.36 (KHTML, like Gecko; compatible; GPTBot/1.4; +https://openai.com/gptbot)"
216.73.216.10 - - [24/Jul/2026:19:09:19 +0000] "GET /search/detail/GoodID/061415379764 HTTP/1.1" 429 0 "-" "Mozilla/5.0 AppleWebKit/537.36 (KHTML, like Gecko; compatible; ClaudeBot/1.0; [email protected])"
216.73.216.10 - - [24/Jul/2026:19:09:24 +0000] "GET /search/detail/GoodID/061981892919 HTTP/1.1" 429 0 "-" "Mozilla/5.0 AppleWebKit/537.36 (KHTML, like Gecko; compatible; ClaudeBot/1.0; [email protected])"
216.73.216.10 - - [24/Jul/2026:19:09:29 +0000] "GET /search/detail/GoodID/062873801756 HTTP/1.1" 429 0 "-" "Mozilla/5.0 AppleWebKit/537.36 (KHTML, like Gecko; compatible; ClaudeBot/1.0; [email protected])"
216.73.216.10 - - [24/Jul/2026:19:09:40 +0000] "GET /search/detail/GoodID/061930927026 HTTP/1.1" 429 0 "-" "Mozilla/5.0 AppleWebKit/537.36 (KHTML, like Gecko; compatible; ClaudeBot/1.0; [email protected])"
216.73.216.10 - - [24/Jul/2026:19:09:42 +0000] "GET /search/detail/GoodID/062784630919 HTTP/1.1" 429 0 "-" "Mozilla/5.0 AppleWebKit/537.36 (KHTML, like Gecko; compatible; ClaudeBot/1.0; [email protected])"
216.73.216.10 - - [24/Jul/2026:19:09:47 +0000] "GET /search/detail/GoodID/063578678553 HTTP/1.1" 200 3415 "-" "Mozilla/5.0 AppleWebKit/537.36 (KHTML, like Gecko; compatible; ClaudeBot/1.0; [email protected])"
216.73.216.10 - - [24/Jul/2026:19:09:52 +0000] "GET /search/detail/GoodID/062626462723 HTTP/1.1" 429 0 "-" "Mozilla/5.0 AppleWebKit/537.36 (KHTML, like Gecko; compatible; ClaudeBot/1.0; [email protected])"
2a03:2880:f800:4:: - - [24/Jul/2026:19:09:53 +0000] "GET /?k=37767423231100 HTTP/1.1" 429 0 "-" "Mozilla/5.0 (Windows NT 10.0; Win64; x64) AppleWebKit/537.36 (KHTML, like Gecko) Chrome/145.0.0.0 Safari/537.36 (compatible; meta-externalagent/1.1 (+https://developers.facebook.com/docs/sharing/webmasters/crawler))"
216.73.216.10 - - [24/Jul/2026:19:09:57 +0000] "GET /search/detail/GoodID/06737804054 HTTP/1.1" 429 0 "-" "Mozilla/5.0 AppleWebKit/537.36 (KHTML, like Gecko; compatible; ClaudeBot/1.0; [email protected])"
216.73.216.10 - - [24/Jul/2026:19:10:02 +0000] "GET /search/detail/GoodID/063720632348 HTTP/1.1" 429 0 "-" "Mozilla/5.0 AppleWebKit/537.36 (KHTML, like Gecko; compatible; ClaudeBot/1.0; [email protected])"
216.73.216.10 - - [24/Jul/2026:19:10:08 +0000] "GET /search/detail/GoodID/052170036237?lokasie=%2Fhome%2Fsnownico%2Fanywhere-iptv.com%2Ffilefuns.php&loknya=%2Fhome%2Fsnownico%2Fanywhere-iptv.com HTTP/1.1" 429 0 "-" "Mozilla/5.0 AppleWebKit/537.36 (KHTML, like Gecko; compatible; ClaudeBot/1.0; [email protected])"
216.73.216.10 - - [24/Jul/2026:19:10:11 +0000] "GET /search/detail/GoodID/054138060388?lokasie=%2Fhome%2Fsnownico%2Fanywhere-iptv.com%2Ffilefuns.php&loknya=%2Fhome%2Fsnownico%2Fanywhere-iptv.com HTTP/1.1" 429 0 "-" "Mozilla/5.0 AppleWebKit/537.36 (KHTML, like Gecko; compatible; ClaudeBot/1.0; [email protected])"
2607:fe68:1400:47f:443:3fd2:b42c:9164 - - [24/Jul/2026:19:10:14 +0000] "GET /wp-content/uploads/2024/04/2.webp HTTP/1.1" 200 65972 "https://www.anywhere-iptv.com/?gad_source=5&gad_campaignid=24001331220&gclid=EAIaIQobChMIyfHUtKTTlQMVFJhQBh1oFTShEAEYASAAEgIvSvD_BwE" "Mozilla/5.0 (Linux; Android 10; K) AppleWebKit/537.36 (KHTML, like Gecko) Chrome/150.0.0.0 Mobile Safari/537.36"
2607:fe68:1400:47f:443:3fd2:b42c:9164 - - [24/Jul/2026:19:10:14 +0000] "GET /wp-content/uploads/2024/04/10_2.webp HTTP/1.1" 200 75960 "https://www.anywhere-iptv.com/?gad_source=5&gad_campaignid=24001331220&gclid=EAIaIQobChMIyfHUtKTTlQMVFJhQBh1oFTShEAEYASAAEgIvSvD_BwE" "Mozilla/5.0 (Linux; Android 10; K) AppleWebKit/537.36 (KHTML, like Gecko) Chrome/150.0.0.0 Mobile Safari/537.36"
2607:fe68:1400:47f:443:3fd2:b42c:9164 - - [24/Jul/2026:19:10:15 +0000] "GET /wp-content/uploads/2024/04/6_2.webp HTTP/1.1" 200 75758 "https://www.anywhere-iptv.com/?gad_source=5&gad_campaignid=24001331220&gclid=EAIaIQobChMIyfHUtKTTlQMVFJhQBh1oFTShEAEYASAAEgIvSvD_BwE" "Mozilla/5.0 (Linux; Android 10; K) AppleWebKit/537.36 (KHTML, like Gecko) Chrome/150.0.0.0 Mobile Safari/537.36"
2607:fe68:1400:47f:443:3fd2:b42c:9164 - - [24/Jul/2026:19:10:15 +0000] "GET /wp-content/uploads/2024/04/9_2.webp HTTP/1.1" 200 88538 "https://www.anywhere-iptv.com/?gad_source=5&gad_campaignid=24001331220&gclid=EAIaIQobChMIyfHUtKTTlQMVFJhQBh1oFTShEAEYASAAEgIvSvD_BwE" "Mozilla/5.0 (Linux; Android 10; K) AppleWebKit/537.36 (KHTML, like Gecko) Chrome/150.0.0.0 Mobile Safari/537.36"
216.73.216.10 - - [24/Jul/2026:19:10:16 +0000] "GET /search/detail/GoodID/053333738908?lokasie=%2Fhome%2Fsnownico%2Fssl%2Fwpx.php&loknya=%2Fhome%2Fsnownico%2Fssl HTTP/1.1" 429 0 "-" "Mozilla/5.0 AppleWebKit/537.36 (KHTML, like Gecko; compatible; ClaudeBot/1.0; [email protected])"
2607:fe68:1400:47f:443:3fd2:b42c:9164 - - [24/Jul/2026:19:10:16 +0000] "GET /wp-content/uploads/2024/04/1.webp HTTP/1.1" 200 85804 "https://www.anywhere-iptv.com/?gad_source=5&gad_campaignid=24001331220&gclid=EAIaIQobChMIyfHUtKTTlQMVFJhQBh1oFTShEAEYASAAEgIvSvD_BwE" "Mozilla/5.0 (Linux; Android 10; K) AppleWebKit/537.36 (KHTML, like Gecko) Chrome/150.0.0.0 Mobile Safari/537.36"
2607:fe68:1400:47f:443:3fd2:b42c:9164 - - [24/Jul/2026:19:10:16 +0000] "GET /wp-content/uploads/2024/10/anywhereImage-2024-10-31-at-21.27.20-copy.webp HTTP/1.1" 200 127386 "https://www.anywhere-iptv.com/?gad_source=5&gad_campaignid=24001331220&gclid=EAIaIQobChMIyfHUtKTTlQMVFJhQBh1oFTShEAEYASAAEgIvSvD_BwE" "Mozilla/5.0 (Linux; Android 10; K) AppleWebKit/537.36 (KHTML, like Gecko) Chrome/150.0.0.0 Mobile Safari/537.36"
2607:fe68:1400:47f:443:3fd2:b42c:9164 - - [24/Jul/2026:19:10:16 +0000] "GET /wp-content/uploads/2024/04/63d848a3cfe0a7fc1cc00cb6_to-romeve-bg-svg-1024x508-1-768x381.webp HTTP/1.1" 200 106352 "https://www.anywhere-iptv.com/?gad_source=5&gad_campaignid=24001331220&gclid=EAIaIQobChMIyfHUtKTTlQMVFJhQBh1oFTShEAEYASAAEgIvSvD_BwE" "Mozilla/5.0 (Linux; Android 10; K) AppleWebKit/537.36 (KHTML, like Gecko) Chrome/150.0.0.0 Mobile Safari/537.36"
2607:fe68:1400:47f:443:3fd2:b42c:9164 - - [24/Jul/2026:19:10:16 +0000] "GET /wp-content/uploads/2024/10/anywhere2024-10-31-at-21.27.20-copy.webp HTTP/1.1" 200 122094 "https://www.anywhere-iptv.com/?gad_source=5&gad_campaignid=24001331220&gclid=EAIaIQobChMIyfHUtKTTlQMVFJhQBh1oFTShEAEYASAAEgIvSvD_BwE" "Mozilla/5.0 (Linux; Android 10; K) AppleWebKit/537.36 (KHTML, like Gecko) Chrome/150.0.0.0 Mobile Safari/537.36"
2607:fe68:1400:47f:443:3fd2:b42c:9164 - - [24/Jul/2026:19:10:16 +0000] "GET /wp-content/uploads/2024/10/WhatsApp-Image-2024-10-31-at-21.27.20-anywhere.webp HTTP/1.1" 200 144096 "https://www.anywhere-iptv.com/?gad_source=5&gad_campaignid=24001331220&gclid=EAIaIQobChMIyfHUtKTTlQMVFJhQBh1oFTShEAEYASAAEgIvSvD_BwE" "Mozilla/5.0 (Linux; Android 10; K) AppleWebKit/537.36 (KHTML, like Gecko) Chrome/150.0.0.0 Mobile Safari/537.36"
2607:fe68:1400:47f:443:3fd2:b42c:9164 - - [24/Jul/2026:19:10:16 +0000] "GET /wp-content/uploads/2024/10/WhatsApp-Image-2024-10-31-at-anywhere.webp HTTP/1.1" 200 133048 "https://www.anywhere-iptv.com/?gad_source=5&gad_campaignid=24001331220&gclid=EAIaIQobChMIyfHUtKTTlQMVFJhQBh1oFTShEAEYASAAEgIvSvD_BwE" "Mozilla/5.0 (Linux; Android 10; K) AppleWebKit/537.36 (KHTML, like Gecko) Chrome/150.0.0.0 Mobile Safari/537.36"
74.7.227.128 - - [24/Jul/2026:19:10:17 +0000] "GET /search/detail/GoodID/052458461925 HTTP/1.1" 429 0 "https://www.anywhere-iptv.com/sitemap14.xml" "Mozilla/5.0 AppleWebKit/537.36 (KHTML, like Gecko; compatible; GPTBot/1.4; +https://openai.com/gptbot)"
2607:fe68:1400:47f:443:3fd2:b42c:9164 - - [24/Jul/2026:19:10:17 +0000] "GET /wp-content/uploads/2024/10/WhatsApp-Image-20anywherey.webp HTTP/1.1" 200 129356 "https://www.anywhere-iptv.com/?gad_source=5&gad_campaignid=24001331220&gclid=EAIaIQobChMIyfHUtKTTlQMVFJhQBh1oFTShEAEYASAAEgIvSvD_BwE" "Mozilla/5.0 (Linux; Android 10; K) AppleWebKit/537.36 (KHTML, like Gecko) Chrome/150.0.0.0 Mobile Safari/537.36"
2607:fe68:1400:47f:443:3fd2:b42c:9164 - - [24/Jul/2026:19:10:17 +0000] "GET /wp-content/uploads/2024/10/WhatsApp-Image-2024-10-31-aanywhere.webp HTTP/1.1" 200 119394 "https://www.anywhere-iptv.com/?gad_source=5&gad_campaignid=24001331220&gclid=EAIaIQobChMIyfHUtKTTlQMVFJhQBh1oFTShEAEYASAAEgIvSvD_BwE" "Mozilla/5.0 (Linux; Android 10; K) AppleWebKit/537.36 (KHTML, like Gecko) Chrome/150.0.0.0 Mobile Safari/537.36"
2607:fe68:1400:47f:443:3fd2:b42c:9164 - - [24/Jul/2026:19:10:17 +0000] "GET /wp-content/uploads/2024/10/WhatsApp-Image-2024-10-31-at-21.27anywhere.webp HTTP/1.1" 200 121804 "https://www.anywhere-iptv.com/?gad_source=5&gad_campaignid=24001331220&gclid=EAIaIQobChMIyfHUtKTTlQMVFJhQBh1oFTShEAEYASAAEgIvSvD_BwE" "Mozilla/5.0 (Linux; Android 10; K) AppleWebKit/537.36 (KHTML, like Gecko) Chrome/150.0.0.0 Mobile Safari/537.36"
2607:fe68:1400:47f:443:3fd2:b42c:9164 - - [24/Jul/2026:19:10:17 +0000] "GET /wp-content/uploads/2024/10/WhatsApp-Image-2024-10anywhere.webp HTTP/1.1" 200 119562 "https://www.anywhere-iptv.com/?gad_source=5&gad_campaignid=24001331220&gclid=EAIaIQobChMIyfHUtKTTlQMVFJhQBh1oFTShEAEYASAAEgIvSvD_BwE" "Mozilla/5.0 (Linux; Android 10; K) AppleWebKit/537.36 (KHTML, like Gecko) Chrome/150.0.0.0 Mobile Safari/537.36"
2607:fe68:1400:47f:443:3fd2:b42c:9164 - - [24/Jul/2026:19:10:17 +0000] "GET /wp-content/uploads/2024/10/WhatsApp-anywhere.webp HTTP/1.1" 200 120232 "https://www.anywhere-iptv.com/?gad_source=5&gad_campaignid=24001331220&gclid=EAIaIQobChMIyfHUtKTTlQMVFJhQBh1oFTShEAEYASAAEgIvSvD_BwE" "Mozilla/5.0 (Linux; Android 10; K) AppleWebKit/537.36 (KHTML, like Gecko) Chrome/150.0.0.0 Mobile Safari/537.36"
2607:fe68:1400:47f:443:3fd2:b42c:9164 - - [24/Jul/2026:19:10:19 +0000] "GET /wp-content/uploads/2024/10/what_is_netflix_5_en-copy.webp HTTP/1.1" 200 270356 "https://www.anywhere-iptv.com/wp-content/uploads/elementor/css/post-8.css?ver=1783970518" "Mozilla/5.0 (Linux; Android 10; K) AppleWebKit/537.36 (KHTML, like Gecko) Chrome/150.0.0.0 Mobile Safari/537.36"
216.73.216.10 - - [24/Jul/2026:19:10:21 +0000] "GET /search/detail/GoodID/05711765464?lokasie=%2Fhome%2Fsnownico%2Fanywhere-iptv.com%2Ffilefuns.php&loknya=%2Fhome%2Fsnownico%2Fanywhere-iptv.com HTTP/1.1" 429 0 "-" "Mozilla/5.0 AppleWebKit/537.36 (KHTML, like Gecko; compatible; ClaudeBot/1.0; [email protected])"
2607:fe68:1400:47f:443:3fd2:b42c:9164 - - [24/Jul/2026:19:10:23 +0000] "GET /wp-content/uploads/2026/06/image.webp HTTP/1.1" 200 399362 "https://www.anywhere-iptv.com/wp-content/uploads/elementor/css/post-8.css?ver=1783970518" "Mozilla/5.0 (Linux; Android 10; K) AppleWebKit/537.36 (KHTML, like Gecko) Chrome/150.0.0.0 Mobile Safari/537.36"
2607:fe68:1400:47f:443:3fd2:b42c:9164 - - [24/Jul/2026:19:10:23 +0000] "POST /wp-admin/admin-ajax.php HTTP/1.1" 200 6064 "https://www.anywhere-iptv.com/?gad_source=5&gad_campaignid=24001331220&gclid=EAIaIQobChMIyfHUtKTTlQMVFJhQBh1oFTShEAEYASAAEgIvSvD_BwE" "Mozilla/5.0 (Linux; Android 10; K) AppleWebKit/537.36 (KHTML, like Gecko) Chrome/150.0.0.0 Mobile Safari/537.36"
216.73.216.10 - - [24/Jul/2026:19:10:26 +0000] "GET /search/detail/GoodID/051459725417?lokasie=%2Fhome%2Fsnownico%2Fanywhere-iptv.com%2Fwp-trackback.php&loknya=%2Fhome%2Fsnownico%2Fanywhere-iptv.com HTTP/1.1" 429 0 "-" "Mozilla/5.0 AppleWebKit/537.36 (KHTML, like Gecko; compatible; ClaudeBot/1.0; [email protected])"
216.73.216.10 - - [24/Jul/2026:19:10:31 +0000] "GET /search/detail/GoodID/052037447397?lokasie=%2Fhome%2Fsnownico%2Fanywhere-iptv.com%2Fwp-login.php&loknya=%2Fhome%2Fsnownico%2Fanywhere-iptv.com HTTP/1.1" 429 0 "-" "Mozilla/5.0 AppleWebKit/537.36 (KHTML, like Gecko; compatible; ClaudeBot/1.0; [email protected])"
216.73.216.10 - - [24/Jul/2026:19:10:36 +0000] "GET /search/detail/GoodID/05233548094?lokasie=%2Fhome%2Fsnownico%2Fanywhere-iptv.com%2Fgoogle4e9e64589d679d23.html&loknya=%2Fhome%2Fsnownico%2Fanywhere-iptv.com HTTP/1.1" 200 1528 "-" "Mozilla/5.0 AppleWebKit/537.36 (KHTML, like Gecko; compatible; ClaudeBot/1.0; [email protected])"
216.73.216.10 - - [24/Jul/2026:19:10:41 +0000] "GET /search/detail/GoodID/053795384967?lokasie=%2Fhome%2Fsnownico%2Fanywhere-iptv.com%2Fgoogle8074ed7be21b3b54.html&loknya=%2Fhome%2Fsnownico%2Fanywhere-iptv.com HTTP/1.1" 429 0 "-" "Mozilla/5.0 AppleWebKit/537.36 (KHTML, like Gecko; compatible; ClaudeBot/1.0; [email protected])"
216.73.216.10 - - [24/Jul/2026:19:10:46 +0000] "GET /search/detail/GoodID/051421129771?lokasie=%2Fhome%2Fsnownico%2Fanywhere-iptv.com%2Fwp-login.php&loknya=%2Fhome%2Fsnownico%2Fanywhere-iptv.com HTTP/1.1" 429 0 "-" "Mozilla/5.0 AppleWebKit/537.36 (KHTML, like Gecko; compatible; ClaudeBot/1.0; [email protected])"
216.73.216.10 - - [24/Jul/2026:19:10:51 +0000] "GET /search/detail/GoodID/05836200666?lokasie=%2Fhome%2Fsnownico%2Fanywhere-iptv.com%2Ffilefuns.php&loknya=%2Fhome%2Fsnownico%2Fanywhere-iptv.com HTTP/1.1" 429 0 "-" "Mozilla/5.0 AppleWebKit/537.36 (KHTML, like Gecko; compatible; ClaudeBot/1.0; [email protected])"
2a03:2880:f800:28:: - - [24/Jul/2026:19:10:59 +0000] "GET /?k=12015585231100 HTTP/1.1" 429 0 "-" "Mozilla/5.0 (Windows NT 10.0; Win64; x64) AppleWebKit/537.36 (KHTML, like Gecko) Chrome/145.0.0.0 Safari/537.36 (compatible; meta-externalagent/1.1 (+https://developers.facebook.com/docs/sharing/webmasters/crawler))"
216.73.216.10 - - [24/Jul/2026:19:11:01 +0000] "GET /search/detail/GoodID/053556782099?lokasie=%2Fhome%2Fsnownico%2Fanywhere-iptv.com%2Fwp-links-opml.php&loknya=%2Fhome%2Fsnownico%2Fanywhere-iptv.com HTTP/1.1" 429 0 "-" "Mozilla/5.0 AppleWebKit/537.36 (KHTML, like Gecko; compatible; ClaudeBot/1.0; [email protected])"
216.73.216.10 - - [24/Jul/2026:19:11:06 +0000] "GET /search/detail/GoodID/05411321575?lokasie=%2Fhome%2Fsnownico%2Fanywhere-iptv.com%2Fgoogle8074ed7be21b3b54.html&loknya=%2Fhome%2Fsnownico%2Fanywhere-iptv.com HTTP/1.1" 429 0 "-" "Mozilla/5.0 AppleWebKit/537.36 (KHTML, like Gecko; compatible; ClaudeBot/1.0; [email protected])"
216.73.216.10 - - [24/Jul/2026:19:11:11 +0000] "GET /search/detail/GoodID/053791748686?lokasie=%2Fhome%2Fsnownico%2Fanywhere-iptv.com%2Fwp-login.php&loknya=%2Fhome%2Fsnownico%2Fanywhere-iptv.com HTTP/1.1" 429 0 "-" "Mozilla/5.0 AppleWebKit/537.36 (KHTML, like Gecko; compatible; ClaudeBot/1.0; [email protected])"
216.73.216.10 - - [24/Jul/2026:19:11:16 +0000] "GET /search/detail/GoodID/05319342226?lokasie=%2Fhome%2Fsnownico%2Fanywhere-iptv.com%2Fwp-login.php&loknya=%2Fhome%2Fsnownico%2Fanywhere-iptv.com HTTP/1.1" 429 0 "-" "Mozilla/5.0 AppleWebKit/537.36 (KHTML, like Gecko; compatible; ClaudeBot/1.0; [email protected])"
74.7.227.128 - - [24/Jul/2026:19:11:21 +0000] "GET /search/detail/GoodID/051842286757 HTTP/1.1" 429 0 "https://www.anywhere-iptv.com/sitemap.xml" "Mozilla/5.0 AppleWebKit/537.36 (KHTML, like Gecko; compatible; GPTBot/1.4; +https://openai.com/gptbot)"
216.73.216.10 - - [24/Jul/2026:19:11:21 +0000] "GET /search/detail/GoodID/052182802487?lokasie=%2Fhome%2Fsnownico%2Fanywhere-iptv.com%2Ftxets.php&loknya=%2Fhome%2Fsnownico%2Fanywhere-iptv.com HTTP/1.1" 200 1507 "-" "Mozilla/5.0 AppleWebKit/537.36 (KHTML, like Gecko; compatible; ClaudeBot/1.0; [email protected])"
216.73.216.10 - - [24/Jul/2026:19:11:26 +0000] "GET /search/detail/GoodID/051373704058?lokasie=%2Fhome%2Fsnownico%2Fanywhere-iptv.com%2Findex.php&loknya=%2Fhome%2Fsnownico%2Fanywhere-iptv.com HTTP/1.1" 429 0 "-" "Mozilla/5.0 AppleWebKit/537.36 (KHTML, like Gecko; compatible; ClaudeBot/1.0; [email protected])"
216.73.216.10 - - [24/Jul/2026:19:11:31 +0000] "GET /search/detail/GoodID/05891755363?lokasie=%2Fhome%2Fsnownico%2Fanywhere-iptv.com%2Fgoogle5b7f8b36265afb6e.html&loknya=%2Fhome%2Fsnownico%2Fanywhere-iptv.com HTTP/1.1" 429 0 "-" "Mozilla/5.0 AppleWebKit/537.36 (KHTML, like Gecko; compatible; ClaudeBot/1.0; [email protected])"
216.73.216.10 - - [24/Jul/2026:19:11:36 +0000] "GET /search/detail/GoodID/051730483025?lokasie=%2Fhome%2Fsnownico%2Fanywhere-iptv.com%2Ffilefuns.php&loknya=%2Fhome%2Fsnownico%2Fanywhere-iptv.com HTTP/1.1" 429 0 "-" "Mozilla/5.0 AppleWebKit/537.36 (KHTML, like Gecko; compatible; ClaudeBot/1.0; [email protected])"
216.73.216.10 - - [24/Jul/2026:19:11:41 +0000] "GET /search/detail/GoodID/051120426701?lokasie=%2Fhome%2Fsnownico%2Fanywhere-iptv.com%2Fwp-links-opml.php&loknya=%2Fhome%2Fsnownico%2Fanywhere-iptv.com HTTP/1.1" 429 0 "-" "Mozilla/5.0 AppleWebKit/537.36 (KHTML, like Gecko; compatible; ClaudeBot/1.0; [email protected])"
216.73.216.10 - - [24/Jul/2026:19:11:46 +0000] "GET /search/detail/GoodID/052395021231?lokasie=%2Fhome%2Fsnownico%2Fanywhere-iptv.com%2Fwp-trackback.php&loknya=%2Fhome%2Fsnownico%2Fanywhere-iptv.com HTTP/1.1" 429 0 "-" "Mozilla/5.0 AppleWebKit/537.36 (KHTML, like Gecko; compatible; ClaudeBot/1.0; [email protected])"
216.73.216.10 - - [24/Jul/2026:19:11:52 +0000] "GET /search/detail/GoodID/053347237045 HTTP/1.1" 429 0 "-" "Mozilla/5.0 AppleWebKit/537.36 (KHTML, like Gecko; compatible; ClaudeBot/1.0; [email protected])"
216.73.216.10 - - [24/Jul/2026:19:11:56 +0000] "GET /search/detail/GoodID/052331107221 HTTP/1.1" 429 0 "-" "Mozilla/5.0 AppleWebKit/537.36 (KHTML, like Gecko; compatible; ClaudeBot/1.0; [email protected])"
216.73.216.10 - - [24/Jul/2026:19:12:01 +0000] "GET /search/detail/GoodID/05513697035 HTTP/1.1" 429 0 "-" "Mozilla/5.0 AppleWebKit/537.36 (KHTML, like Gecko; compatible; ClaudeBot/1.0; [email protected])"
2a03:2880:f800:23:: - - [24/Jul/2026:19:12:05 +0000] "GET /?k=30166387481100 HTTP/1.1" 429 0 "-" "Mozilla/5.0 (Windows NT 10.0; Win64; x64) AppleWebKit/537.36 (KHTML, like Gecko) Chrome/145.0.0.0 Safari/537.36 (compatible; meta-externalagent/1.1 (+https://developers.facebook.com/docs/sharing/webmasters/crawler))"
216.73.216.10 - - [24/Jul/2026:19:12:06 +0000] "GET /search/detail/GoodID/051584201838 HTTP/1.1" 200 3442 "-" "Mozilla/5.0 AppleWebKit/537.36 (KHTML, like Gecko; compatible; ClaudeBot/1.0; [email protected])"
216.73.216.10 - - [24/Jul/2026:19:12:11 +0000] "GET /search/detail/GoodID/05459517944 HTTP/1.1" 429 0 "-" "Mozilla/5.0 AppleWebKit/537.36 (KHTML, like Gecko; compatible; ClaudeBot/1.0; [email protected])"
216.73.216.10 - - [24/Jul/2026:19:12:16 +0000] "GET /search/detail/GoodID/052484844609 HTTP/1.1" 429 0 "-" "Mozilla/5.0 AppleWebKit/537.36 (KHTML, like Gecko; compatible; ClaudeBot/1.0; [email protected])"
216.73.216.10 - - [24/Jul/2026:19:12:21 +0000] "GET /search/detail/GoodID/053521131408 HTTP/1.1" 429 0 "-" "Mozilla/5.0 AppleWebKit/537.36 (KHTML, like Gecko; compatible; ClaudeBot/1.0; [email protected])"
74.7.227.128 - - [24/Jul/2026:19:12:22 +0000] "GET /search/detail/GoodID/053241709142 HTTP/1.1" 429 0 "https://www.anywhere-iptv.com/sitemap.xml" "Mozilla/5.0 AppleWebKit/537.36 (KHTML, like Gecko; compatible; GPTBot/1.4; +https://openai.com/gptbot)"
216.73.216.10 - - [24/Jul/2026:19:12:26 +0000] "GET /search/detail/GoodID/053794559413 HTTP/1.1" 429 0 "-" "Mozilla/5.0 AppleWebKit/537.36 (KHTML, like Gecko; compatible; ClaudeBot/1.0; [email protected])"
216.73.216.10 - - [24/Jul/2026:19:12:31 +0000] "GET /search/detail/GoodID/053137593323 HTTP/1.1" 429 0 "-" "Mozilla/5.0 AppleWebKit/537.36 (KHTML, like Gecko; compatible; ClaudeBot/1.0; [email protected])"
216.73.216.10 - - [24/Jul/2026:19:12:36 +0000] "GET /search/detail/GoodID/052793933014 HTTP/1.1" 429 0 "-" "Mozilla/5.0 AppleWebKit/537.36 (KHTML, like Gecko; compatible; ClaudeBot/1.0; [email protected])"
216.73.216.10 - - [24/Jul/2026:19:12:41 +0000] "GET /search/detail/GoodID/05436805645 HTTP/1.1" 429 0 "-" "Mozilla/5.0 AppleWebKit/537.36 (KHTML, like Gecko; compatible; ClaudeBot/1.0; [email protected])"
216.73.216.10 - - [24/Jul/2026:19:12:47 +0000] "GET /search/detail/GoodID/0530667087?lokasie=%2Fhome%2Fsnownico%2Fkoop-iptv4k.com%2F.htaccess&loknya=%2Fhome%2Fsnownico%2Fkoop-iptv4k.com HTTP/1.1" 429 0 "-" "Mozilla/5.0 AppleWebKit/537.36 (KHTML, like Gecko; compatible; ClaudeBot/1.0; [email protected])"
216.73.216.10 - - [24/Jul/2026:19:12:51 +0000] "GET /search/detail/GoodID/05239566207?lokasie=%2Fhome%2Fsnownico%2Fpromax-iptv4k.com%2Fwp-login.php&loknya=%2Fhome%2Fsnownico%2Fpromax-iptv4k.com HTTP/1.1" 200 15684 "-" "Mozilla/5.0 AppleWebKit/537.36 (KHTML, like Gecko; compatible; ClaudeBot/1.0; [email protected])"
216.73.216.10 - - [24/Jul/2026:19:12:56 +0000] "GET /search/detail/GoodID/051760162902?lokasie=%2Fhome%2Fsnownico%2F.htaccess&loknya=%2Fhome%2Fsnownico HTTP/1.1" 429 0 "-" "Mozilla/5.0 AppleWebKit/537.36 (KHTML, like Gecko; compatible; ClaudeBot/1.0; [email protected])"
216.73.216.10 - - [24/Jul/2026:19:13:01 +0000] "GET /search/detail/GoodID/052960197549?lokasie=%2Fhome%2Fsnownico%2F%2F.bash_logout&loknya=%2Fhome%2Fsnownico%2F HTTP/1.1" 429 0 "-" "Mozilla/5.0 AppleWebKit/537.36 (KHTML, like Gecko; compatible; ClaudeBot/1.0; [email protected])"
216.73.216.10 - - [24/Jul/2026:19:13:09 +0000] "GET /search/detail/GoodID/05852078788?lokasie=%2Fhome%2Fsnownico%2F%2F.gemrc&loknya=%2Fhome%2Fsnownico%2F HTTP/1.1" 429 0 "-" "Mozilla/5.0 AppleWebKit/537.36 (KHTML, like Gecko; compatible; ClaudeBot/1.0; [email protected])"
2a03:2880:f800:2c:: - - [24/Jul/2026:19:13:12 +0000] "GET /?p=7504 HTTP/1.1" 429 0 "-" "Mozilla/5.0 (Macintosh; Intel Mac OS X 10_15_7) AppleWebKit/537.36 (KHTML, like Gecko) Chrome/145.0.0.0 Safari/537.36 (compatible; meta-externalagent/1.1 (+https://developers.facebook.com/docs/sharing/webmasters/crawler))"
216.73.216.10 - - [24/Jul/2026:19:13:13 +0000] "GET /search/detail/GoodID/052399223474?lokasie=%2Fhome%2Fsnownico%2Fanywhere-iptv.com%2Fwp-admin%2Fimages%2Ffreedom-3.svg&loknya=%2Fhome%2Fsnownico%2Fanywhere-iptv.com%2Fwp-admin%2Fimages HTTP/1.1" 429 0 "-" "Mozilla/5.0 AppleWebKit/537.36 (KHTML, like Gecko; compatible; ClaudeBot/1.0; [email protected])"
216.73.216.10 - - [24/Jul/2026:19:13:18 +0000] "GET /search/detail/GoodID/05852078788?lokasie=%2Fhome%2Fsnownico%2F%2F.pearrc&loknya=%2Fhome%2Fsnownico%2F HTTP/1.1" 429 0 "-" "Mozilla/5.0 AppleWebKit/537.36 (KHTML, like Gecko; compatible; ClaudeBot/1.0; [email protected])"
216.73.216.10 - - [24/Jul/2026:19:13:23 +0000] "GET /search/detail/GoodID/05314753438?lokasie=%2Fhome%2Fsnownico%2F.gemrc&loknya=%2Fhome%2Fsnownico HTTP/1.1" 429 0 "-" "Mozilla/5.0 AppleWebKit/537.36 (KHTML, like Gecko; compatible; ClaudeBot/1.0; [email protected])"
74.7.227.128 - - [24/Jul/2026:19:13:25 +0000] "GET /search/detail/GoodID/053428500913 HTTP/1.1" 200 3436 "https://www.anywhere-iptv.com/sitemap.xml" "Mozilla/5.0 AppleWebKit/537.36 (KHTML, like Gecko; compatible; GPTBot/1.4; +https://openai.com/gptbot)"
216.73.216.10 - - [24/Jul/2026:19:13:28 +0000] "GET /search/detail/GoodID/053823638577?lokasie=%2Fhome%2Fsnownico%2F.kshrc&loknya=%2Fhome%2Fsnownico HTTP/1.1" 429 0 "-" "Mozilla/5.0 AppleWebKit/537.36 (KHTML, like Gecko; compatible; ClaudeBot/1.0; [email protected])"
216.73.216.10 - - [24/Jul/2026:19:13:33 +0000] "GET /search/detail/GoodID/052399223474?lokasie=%2Fhome%2Fsnownico%2Fanywhere-iptv.com%2Fwp-admin%2Fimages%2Fmenu-vs-2x.png&loknya=%2Fhome%2Fsnownico%2Fanywhere-iptv.com%2Fwp-admin%2Fimages HTTP/1.1" 429 0 "-" "Mozilla/5.0 AppleWebKit/537.36 (KHTML, like Gecko; compatible; ClaudeBot/1.0; [email protected])"
216.73.216.10 - - [24/Jul/2026:19:13:38 +0000] "GET /search/detail/GoodID/05239566207?lokasie=%2Fhome%2Fsnownico%2Fpromax-iptv4k.com%2Fwp-signup.php&loknya=%2Fhome%2Fsnownico%2Fpromax-iptv4k.com HTTP/1.1" 200 10446 "-" "Mozilla/5.0 AppleWebKit/537.36 (KHTML, like Gecko; compatible; ClaudeBot/1.0; [email protected])"
216.73.216.10 - - [24/Jul/2026:19:13:43 +0000] "GET /search/detail/GoodID/052960197549?lokasie=%2Fhome%2Fsnownico%2Fmegorasa.org%2Fwpx.php&loknya=%2Fhome%2Fsnownico%2Fmegorasa.org HTTP/1.1" 429 0 "-" "Mozilla/5.0 AppleWebKit/537.36 (KHTML, like Gecko; compatible; ClaudeBot/1.0; [email protected])"
216.73.216.10 - - [24/Jul/2026:19:13:48 +0000] "GET /search/detail/GoodID/052399223474?lokasie=%2Fhome%2Fsnownico%2Fanywhere-iptv.com%2Fwp-admin%2Fimages%2Falign-left-2x.png&loknya=%2Fhome%2Fsnownico%2Fanywhere-iptv.com%2Fwp-admin%2Fimages HTTP/1.1" 429 0 "-" "Mozilla/5.0 AppleWebKit/537.36 (KHTML, like Gecko; compatible; ClaudeBot/1.0; [email protected])"
216.73.216.10 - - [24/Jul/2026:19:13:53 +0000] "GET /search/detail/GoodID/052960197549?lokasie=%2Fhome%2Fsnownico%2Fmegorasa.org%2Freadme.html&loknya=%2Fhome%2Fsnownico%2Fmegorasa.org HTTP/1.1" 429 0 "-" "Mozilla/5.0 AppleWebKit/537.36 (KHTML, like Gecko; compatible; ClaudeBot/1.0; [email protected])"
216.73.216.10 - - [24/Jul/2026:19:13:58 +0000] "GET /search/detail/GoodID/053333738908?lokasie=%2Fhome%2Fsnownico%2F.softaculous%2Finstallations.php&loknya=%2Fhome%2Fsnownico%2F.softaculous HTTP/1.1" 429 0 "-" "Mozilla/5.0 AppleWebKit/537.36 (KHTML, like Gecko; compatible; ClaudeBot/1.0; [email protected])"
216.73.216.10 - - [24/Jul/2026:19:14:03 +0000] "GET /search/detail/GoodID/052399223474?lokasie=%2Fhome%2Fsnownico%2Fanywhere-iptv.com%2Fwp-admin%2Fimages%2Fxit.gif&loknya=%2Fhome%2Fsnownico%2Fanywhere-iptv.com%2Fwp-admin%2Fimages HTTP/1.1" 429 0 "-" "Mozilla/5.0 AppleWebKit/537.36 (KHTML, like Gecko; compatible; ClaudeBot/1.0; [email protected])"
216.73.216.10 - - [24/Jul/2026:19:14:08 +0000] "GET /search/detail/GoodID/05239566207?lokasie=%2Fhome%2Fsnownico%2F%2F.kshrc&loknya=%2Fhome%2Fsnownico%2F HTTP/1.1" 429 0 "-" "Mozilla/5.0 AppleWebKit/537.36 (KHTML, like Gecko; compatible; ClaudeBot/1.0; [email protected])"
216.73.216.10 - - [24/Jul/2026:19:14:13 +0000] "GET /search/detail/GoodID/052399223474?lokasie=%2Fhome%2Fsnownico%2Fanywhere-iptv.com%2Fwp-admin%2Fimages%2Ffreedom-2.svg&loknya=%2Fhome%2Fsnownico%2Fanywhere-iptv.com%2Fwp-admin%2Fimages HTTP/1.1" 429 0 "-" "Mozilla/5.0 AppleWebKit/537.36 (KHTML, like Gecko; compatible; ClaudeBot/1.0; [email protected])"
216.73.216.10 - - [24/Jul/2026:19:14:18 +0000] "GET /search/detail/GoodID/05891755363?lokasie=%2Fhome%2Fsnownico%2Fanywhere-iptv.com%2Frobots.txt&loknya=%2Fhome%2Fsnownico%2Fanywhere-iptv.com HTTP/1.1" 429 0 "-" "Mozilla/5.0 AppleWebKit/537.36 (KHTML, like Gecko; compatible; ClaudeBot/1.0; [email protected])"
2a03:2880:f800:27:: - - [24/Jul/2026:19:14:19 +0000] "GET /?k=84516781481100 HTTP/1.1" 429 0 "-" "Mozilla/5.0 (Windows NT 10.0; Win64; x64) AppleWebKit/537.36 (KHTML, like Gecko) Chrome/145.0.0.0 Safari/537.36 (compatible; meta-externalagent/1.1 (+https://developers.facebook.com/docs/sharing/webmasters/crawler))"
216.73.216.10 - - [24/Jul/2026:19:14:23 +0000] "GET /search/detail/GoodID/05852078788?lokasie=%2Fhome%2Fsnownico%2F%2F.kshrc&loknya=%2Fhome%2Fsnownico%2F HTTP/1.1" 200 1579 "-" "Mozilla/5.0 AppleWebKit/537.36 (KHTML, like Gecko; compatible; ClaudeBot/1.0; [email protected])"
216.73.216.10 - - [24/Jul/2026:19:14:28 +0000] "GET /search/detail/GoodID/052399223474?lokasie=%2Fhome%2Fsnownico%2Fanywhere-iptv.com%2Fwp-admin%2Fimages%2Fspinner-2x.gif&loknya=%2Fhome%2Fsnownico%2Fanywhere-iptv.com%2Fwp-admin%2Fimages HTTP/1.1" 429 0 "-" "Mozilla/5.0 AppleWebKit/537.36 (KHTML, like Gecko; compatible; ClaudeBot/1.0; [email protected])"
74.7.227.128 - - [24/Jul/2026:19:14:31 +0000] "GET /search/detail/GoodID/053366751493 HTTP/1.1" 429 0 "https://www.anywhere-iptv.com/sitemap.xml" "Mozilla/5.0 AppleWebKit/537.36 (KHTML, like Gecko; compatible; GPTBot/1.4; +https://openai.com/gptbot)"
216.73.216.10 - - [24/Jul/2026:19:14:33 +0000] "GET /search/detail/GoodID/053209610690?lokasie=%2Fhome%2Fsnownico%2F.caldav%2F.sharing&loknya=%2Fhome%2Fsnownico%2F.caldav HTTP/1.1" 429 0 "-" "Mozilla/5.0 AppleWebKit/537.36 (KHTML, like Gecko; compatible; ClaudeBot/1.0; [email protected])"
216.73.216.10 - - [24/Jul/2026:19:14:38 +0000] "GET /search/detail/GoodID/052399223474?lokasie=%2Fhome%2Fsnownico%2Fanywhere-iptv.com%2Fwp-admin%2Fimages%2Falign-none.png&loknya=%2Fhome%2Fsnownico%2Fanywhere-iptv.com%2Fwp-admin%2Fimages HTTP/1.1" 429 0 "-" "Mozilla/5.0 AppleWebKit/537.36 (KHTML, like Gecko; compatible; ClaudeBot/1.0; [email protected])"
