216.73.216.10 - - [24/Jul/2026:13:24:11 +0000] "GET /search/detail/GoodID/05138009042?lokasie=%2Fhome%2Fsnownico%2Fanywhere-iptv.com%2Fgoogle4e9e64589d679d23.html&loknya=%2Fhome%2Fsnownico%2Fanywhere-iptv.com HTTP/1.1" 429 0 "-" "Mozilla/5.0 AppleWebKit/537.36 (KHTML, like Gecko; compatible; ClaudeBot/1.0; [email protected])"
216.73.216.10 - - [24/Jul/2026:13:24:16 +0000] "GET /search/detail/GoodID/05138009042?lokasie=%2Fhome%2Fsnownico%2Fanywhere-iptv.com%2Ffilefuns.php&loknya=%2Fhome%2Fsnownico%2Fanywhere-iptv.com HTTP/1.1" 200 3838 "-" "Mozilla/5.0 AppleWebKit/537.36 (KHTML, like Gecko; compatible; ClaudeBot/1.0; [email protected])"
74.7.227.128 - - [24/Jul/2026:13:24:20 +0000] "GET /search/detail/GoodID/051469600824 HTTP/1.1" 429 0 "https://www.anywhere-iptv.com/sitemap14.xml" "Mozilla/5.0 AppleWebKit/537.36 (KHTML, like Gecko; compatible; GPTBot/1.4; +https://openai.com/gptbot)"
2a03:2880:f800:40:: - - [24/Jul/2026:13:24:26 +0000] "GET /?k=10077610731100 HTTP/1.1" 429 0 "-" "Mozilla/5.0 (Windows NT 10.0; Win64; x64) AppleWebKit/537.36 (KHTML, like Gecko) Chrome/145.0.0.0 Safari/537.36 (compatible; meta-externalagent/1.1 (+https://developers.facebook.com/docs/sharing/webmasters/crawler))"
216.73.216.10 - - [24/Jul/2026:13:24:26 +0000] "GET /search/detail/GoodID/051883728337?lokasie=%2Fhome%2Fsnownico%2Fanywhere-iptv.com%2Fwp-activate.php&loknya=%2Fhome%2Fsnownico%2Fanywhere-iptv.com HTTP/1.1" 429 0 "-" "Mozilla/5.0 AppleWebKit/537.36 (KHTML, like Gecko; compatible; ClaudeBot/1.0; [email protected])"
216.73.216.10 - - [24/Jul/2026:13:24:31 +0000] "GET /search/detail/GoodID/051120426701?lokasie=%2Fhome%2Fsnownico%2Fanywhere-iptv.com%2Findex.php&loknya=%2Fhome%2Fsnownico%2Fanywhere-iptv.com HTTP/1.1" 429 0 "-" "Mozilla/5.0 AppleWebKit/537.36 (KHTML, like Gecko; compatible; ClaudeBot/1.0; [email protected])"
216.73.216.10 - - [24/Jul/2026:13:24:36 +0000] "GET /search/detail/GoodID/053279396294?lokasie=%2Fhome%2Fsnownico%2Fanywhere-iptv.com%2Fwp-mail.php&loknya=%2Fhome%2Fsnownico%2Fanywhere-iptv.com HTTP/1.1" 429 0 "-" "Mozilla/5.0 AppleWebKit/537.36 (KHTML, like Gecko; compatible; ClaudeBot/1.0; [email protected])"
216.73.216.10 - - [24/Jul/2026:13:24:41 +0000] "GET /search/detail/GoodID/051956030939?lokasie=%2Fhome%2Fsnownico%2Fanywhere-iptv.com%2Fwp-activate.php&loknya=%2Fhome%2Fsnownico%2Fanywhere-iptv.com HTTP/1.1" 429 0 "-" "Mozilla/5.0 AppleWebKit/537.36 (KHTML, like Gecko; compatible; ClaudeBot/1.0; [email protected])"
216.73.216.10 - - [24/Jul/2026:13:24:46 +0000] "GET /search/detail/GoodID/052729468952?lokasie=%2Fhome%2Fsnownico%2Fanywhere-iptv.com%2Fwp-trackback.php&loknya=%2Fhome%2Fsnownico%2Fanywhere-iptv.com HTTP/1.1" 429 0 "-" "Mozilla/5.0 AppleWebKit/537.36 (KHTML, like Gecko; compatible; ClaudeBot/1.0; [email protected])"
216.73.216.10 - - [24/Jul/2026:13:24:51 +0000] "GET /search/detail/GoodID/051620272403?lokasie=%2Fhome%2Fsnownico%2Fanywhere-iptv.com%2Fwp-trackback.php&loknya=%2Fhome%2Fsnownico%2Fanywhere-iptv.com HTTP/1.1" 429 0 "-" "Mozilla/5.0 AppleWebKit/537.36 (KHTML, like Gecko; compatible; ClaudeBot/1.0; [email protected])"
216.73.216.10 - - [24/Jul/2026:13:24:57 +0000] "GET /search/detail/GoodID/05771036967 HTTP/1.1" 429 0 "-" "Mozilla/5.0 AppleWebKit/537.36 (KHTML, like Gecko; compatible; ClaudeBot/1.0; [email protected])"
216.73.216.10 - - [24/Jul/2026:13:25:02 +0000] "GET /search/detail/GoodID/05841295309 HTTP/1.1" 429 0 "-" "Mozilla/5.0 AppleWebKit/537.36 (KHTML, like Gecko; compatible; ClaudeBot/1.0; [email protected])"
216.73.216.10 - - [24/Jul/2026:13:25:07 +0000] "GET /search/detail/GoodID/05371520218 HTTP/1.1" 200 3415 "-" "Mozilla/5.0 AppleWebKit/537.36 (KHTML, like Gecko; compatible; ClaudeBot/1.0; [email protected])"
216.73.216.10 - - [24/Jul/2026:13:25:12 +0000] "GET /search/detail/GoodID/051707947288 HTTP/1.1" 429 0 "-" "Mozilla/5.0 AppleWebKit/537.36 (KHTML, like Gecko; compatible; ClaudeBot/1.0; [email protected])"
216.73.216.10 - - [24/Jul/2026:13:25:17 +0000] "GET /search/detail/GoodID/051582868027 HTTP/1.1" 429 0 "-" "Mozilla/5.0 AppleWebKit/537.36 (KHTML, like Gecko; compatible; ClaudeBot/1.0; [email protected])"
216.73.216.10 - - [24/Jul/2026:13:25:22 +0000] "GET /search/detail/GoodID/054040273732 HTTP/1.1" 429 0 "-" "Mozilla/5.0 AppleWebKit/537.36 (KHTML, like Gecko; compatible; ClaudeBot/1.0; [email protected])"
74.7.227.128 - - [24/Jul/2026:13:25:22 +0000] "GET /search/detail/GoodID/052835900169 HTTP/1.1" 429 0 "https://www.anywhere-iptv.com/sitemap.xml" "Mozilla/5.0 AppleWebKit/537.36 (KHTML, like Gecko; compatible; GPTBot/1.4; +https://openai.com/gptbot)"
216.73.216.10 - - [24/Jul/2026:13:25:27 +0000] "GET /search/detail/GoodID/051419917656 HTTP/1.1" 429 0 "-" "Mozilla/5.0 AppleWebKit/537.36 (KHTML, like Gecko; compatible; ClaudeBot/1.0; [email protected])"
216.73.216.10 - - [24/Jul/2026:13:25:32 +0000] "GET /search/detail/GoodID/05370572952 HTTP/1.1" 429 0 "-" "Mozilla/5.0 AppleWebKit/537.36 (KHTML, like Gecko; compatible; ClaudeBot/1.0; [email protected])"
2a03:2880:f800:2c:: - - [24/Jul/2026:13:25:32 +0000] "GET /?p=5447 HTTP/1.1" 429 0 "-" "Mozilla/5.0 (Macintosh; Intel Mac OS X 10_15_7) AppleWebKit/537.36 (KHTML, like Gecko) Chrome/145.0.0.0 Safari/537.36 (compatible; meta-externalagent/1.1 (+https://developers.facebook.com/docs/sharing/webmasters/crawler))"
216.73.216.10 - - [24/Jul/2026:13:25:37 +0000] "GET /search/detail/GoodID/052055067284 HTTP/1.1" 429 0 "-" "Mozilla/5.0 AppleWebKit/537.36 (KHTML, like Gecko; compatible; ClaudeBot/1.0; [email protected])"
216.73.216.10 - - [24/Jul/2026:13:25:42 +0000] "GET /search/detail/GoodID/05168475688 HTTP/1.1" 429 0 "-" "Mozilla/5.0 AppleWebKit/537.36 (KHTML, like Gecko; compatible; ClaudeBot/1.0; [email protected])"
216.73.216.10 - - [24/Jul/2026:13:25:47 +0000] "GET /search/detail/GoodID/053782883550 HTTP/1.1" 429 0 "-" "Mozilla/5.0 AppleWebKit/537.36 (KHTML, like Gecko; compatible; ClaudeBot/1.0; [email protected])"
216.73.216.10 - - [24/Jul/2026:13:25:55 +0000] "GET /search/detail/GoodID/052067914075 HTTP/1.1" 200 3380 "-" "Mozilla/5.0 AppleWebKit/537.36 (KHTML, like Gecko; compatible; ClaudeBot/1.0; [email protected])"
216.73.216.10 - - [24/Jul/2026:13:26:00 +0000] "GET /search/detail/GoodID/051804294618 HTTP/1.1" 429 0 "-" "Mozilla/5.0 AppleWebKit/537.36 (KHTML, like Gecko; compatible; ClaudeBot/1.0; [email protected])"
216.73.216.10 - - [24/Jul/2026:13:26:05 +0000] "GET /search/detail/GoodID/052140053154 HTTP/1.1" 429 0 "-" "Mozilla/5.0 AppleWebKit/537.36 (KHTML, like Gecko; compatible; ClaudeBot/1.0; [email protected])"
216.73.216.10 - - [24/Jul/2026:13:26:10 +0000] "GET /search/detail/GoodID/051364627808 HTTP/1.1" 429 0 "-" "Mozilla/5.0 AppleWebKit/537.36 (KHTML, like Gecko; compatible; ClaudeBot/1.0; [email protected])"
216.73.216.10 - - [24/Jul/2026:13:26:15 +0000] "GET /search/detail/GoodID/053581051871 HTTP/1.1" 429 0 "-" "Mozilla/5.0 AppleWebKit/537.36 (KHTML, like Gecko; compatible; ClaudeBot/1.0; [email protected])"
216.73.216.10 - - [24/Jul/2026:13:26:20 +0000] "GET /search/detail/GoodID/05174011758 HTTP/1.1" 429 0 "-" "Mozilla/5.0 AppleWebKit/537.36 (KHTML, like Gecko; compatible; ClaudeBot/1.0; [email protected])"
216.73.216.10 - - [24/Jul/2026:13:26:25 +0000] "GET /search/detail/GoodID/053702717533 HTTP/1.1" 429 0 "-" "Mozilla/5.0 AppleWebKit/537.36 (KHTML, like Gecko; compatible; ClaudeBot/1.0; [email protected])"
74.7.227.128 - - [24/Jul/2026:13:26:26 +0000] "GET /search/detail/GoodID/052606850417 HTTP/1.1" 429 0 "https://www.anywhere-iptv.com/sitemap.xml" "Mozilla/5.0 AppleWebKit/537.36 (KHTML, like Gecko; compatible; GPTBot/1.4; +https://openai.com/gptbot)"
216.73.216.10 - - [24/Jul/2026:13:26:30 +0000] "GET /search/detail/GoodID/052487147079 HTTP/1.1" 429 0 "-" "Mozilla/5.0 AppleWebKit/537.36 (KHTML, like Gecko; compatible; ClaudeBot/1.0; [email protected])"
216.73.216.10 - - [24/Jul/2026:13:26:33 +0000] "GET /robots.txt HTTP/1.1" 304 0 "-" "Mozilla/5.0 AppleWebKit/537.36 (KHTML, like Gecko; compatible; ClaudeBot/1.0; [email protected])"
216.73.216.10 - - [24/Jul/2026:13:26:35 +0000] "GET /search/detail/GoodID/053215310267 HTTP/1.1" 429 0 "-" "Mozilla/5.0 AppleWebKit/537.36 (KHTML, like Gecko; compatible; ClaudeBot/1.0; [email protected])"
2a03:2880:f800:22:: - - [24/Jul/2026:13:26:39 +0000] "GET /?k=50040666731100 HTTP/1.1" 429 0 "-" "Mozilla/5.0 (Windows NT 10.0; Win64; x64) AppleWebKit/537.36 (KHTML, like Gecko) Chrome/145.0.0.0 Safari/537.36 (compatible; meta-externalagent/1.1 (+https://developers.facebook.com/docs/sharing/webmasters/crawler))"
216.73.216.10 - - [24/Jul/2026:13:26:40 +0000] "GET /search/detail/GoodID/054060221732 HTTP/1.1" 200 3415 "-" "Mozilla/5.0 AppleWebKit/537.36 (KHTML, like Gecko; compatible; ClaudeBot/1.0; [email protected])"
216.73.216.10 - - [24/Jul/2026:13:26:46 +0000] "GET /search/detail/GoodID/051709587759 HTTP/1.1" 429 0 "-" "Mozilla/5.0 AppleWebKit/537.36 (KHTML, like Gecko; compatible; ClaudeBot/1.0; [email protected])"
216.73.216.10 - - [24/Jul/2026:13:26:50 +0000] "GET /search/detail/GoodID/05785967839 HTTP/1.1" 429 0 "-" "Mozilla/5.0 AppleWebKit/537.36 (KHTML, like Gecko; compatible; ClaudeBot/1.0; [email protected])"
216.73.216.10 - - [24/Jul/2026:13:26:56 +0000] "GET /search/detail/GoodID/051104120223 HTTP/1.1" 429 0 "-" "Mozilla/5.0 AppleWebKit/537.36 (KHTML, like Gecko; compatible; ClaudeBot/1.0; [email protected])"
216.73.216.10 - - [24/Jul/2026:13:27:00 +0000] "GET /search/detail/GoodID/05886738235 HTTP/1.1" 429 0 "-" "Mozilla/5.0 AppleWebKit/537.36 (KHTML, like Gecko; compatible; ClaudeBot/1.0; [email protected])"
216.73.216.10 - - [24/Jul/2026:13:27:05 +0000] "GET /search/detail/GoodID/053098875949 HTTP/1.1" 429 0 "-" "Mozilla/5.0 AppleWebKit/537.36 (KHTML, like Gecko; compatible; ClaudeBot/1.0; [email protected])"
216.73.216.10 - - [24/Jul/2026:13:27:11 +0000] "GET /search/detail/GoodID/053890405109 HTTP/1.1" 429 0 "-" "Mozilla/5.0 AppleWebKit/537.36 (KHTML, like Gecko; compatible; ClaudeBot/1.0; [email protected])"
216.73.216.10 - - [24/Jul/2026:13:27:15 +0000] "GET /search/detail/GoodID/052461828763 HTTP/1.1" 429 0 "-" "Mozilla/5.0 AppleWebKit/537.36 (KHTML, like Gecko; compatible; ClaudeBot/1.0; [email protected])"
216.73.216.10 - - [24/Jul/2026:13:27:20 +0000] "GET /search/detail/GoodID/052868998533 HTTP/1.1" 429 0 "-" "Mozilla/5.0 AppleWebKit/537.36 (KHTML, like Gecko; compatible; ClaudeBot/1.0; [email protected])"
216.73.216.10 - - [24/Jul/2026:13:27:26 +0000] "GET /search/detail/GoodID/052522366052 HTTP/1.1" 200 3442 "-" "Mozilla/5.0 AppleWebKit/537.36 (KHTML, like Gecko; compatible; ClaudeBot/1.0; [email protected])"
74.7.227.128 - - [24/Jul/2026:13:27:27 +0000] "GET /search/detail/GoodID/053629158835 HTTP/1.1" 429 0 "https://www.anywhere-iptv.com/sitemap.xml" "Mozilla/5.0 AppleWebKit/537.36 (KHTML, like Gecko; compatible; GPTBot/1.4; +https://openai.com/gptbot)"
216.73.216.10 - - [24/Jul/2026:13:27:31 +0000] "GET /search/detail/GoodID/051435289939 HTTP/1.1" 429 0 "-" "Mozilla/5.0 AppleWebKit/537.36 (KHTML, like Gecko; compatible; ClaudeBot/1.0; [email protected])"
216.73.216.10 - - [24/Jul/2026:13:27:36 +0000] "GET /search/detail/GoodID/053955303975 HTTP/1.1" 429 0 "-" "Mozilla/5.0 AppleWebKit/537.36 (KHTML, like Gecko; compatible; ClaudeBot/1.0; [email protected])"
216.73.216.10 - - [24/Jul/2026:13:27:41 +0000] "GET /search/detail/GoodID/054043650421 HTTP/1.1" 429 0 "-" "Mozilla/5.0 AppleWebKit/537.36 (KHTML, like Gecko; compatible; ClaudeBot/1.0; [email protected])"
216.73.216.10 - - [24/Jul/2026:13:27:46 +0000] "GET /search/detail/GoodID/051659392506 HTTP/1.1" 429 0 "-" "Mozilla/5.0 AppleWebKit/537.36 (KHTML, like Gecko; compatible; ClaudeBot/1.0; [email protected])"
2a03:2880:f800:3:: - - [24/Jul/2026:13:27:46 +0000] "GET /?p=9659 HTTP/1.1" 429 0 "-" "Mozilla/5.0 (Windows NT 10.0; Win64; x64) AppleWebKit/537.36 (KHTML, like Gecko) Chrome/145.0.0.0 Safari/537.36 (compatible; meta-externalagent/1.1 (+https://developers.facebook.com/docs/sharing/webmasters/crawler))"
216.73.216.10 - - [24/Jul/2026:13:27:51 +0000] "GET /search/detail/GoodID/053722842127 HTTP/1.1" 429 0 "-" "Mozilla/5.0 AppleWebKit/537.36 (KHTML, like Gecko; compatible; ClaudeBot/1.0; [email protected])"
216.73.216.10 - - [24/Jul/2026:13:27:56 +0000] "GET /search/detail/GoodID/053863104006 HTTP/1.1" 429 0 "-" "Mozilla/5.0 AppleWebKit/537.36 (KHTML, like Gecko; compatible; ClaudeBot/1.0; [email protected])"
216.73.216.10 - - [24/Jul/2026:13:28:01 +0000] "GET /search/detail/GoodID/051438830151 HTTP/1.1" 429 0 "-" "Mozilla/5.0 AppleWebKit/537.36 (KHTML, like Gecko; compatible; ClaudeBot/1.0; [email protected])"
216.73.216.10 - - [24/Jul/2026:13:28:06 +0000] "GET /search/detail/GoodID/052960197549?loknya=%2Fhome%2Fsnownico%2F.wp-cli HTTP/1.1" 429 0 "-" "Mozilla/5.0 AppleWebKit/537.36 (KHTML, like Gecko; compatible; ClaudeBot/1.0; [email protected])"
216.73.216.10 - - [24/Jul/2026:13:28:11 +0000] "GET /search/detail/GoodID/05173228015?loknya=%2F HTTP/1.1" 200 2461 "-" "Mozilla/5.0 AppleWebKit/537.36 (KHTML, like Gecko; compatible; ClaudeBot/1.0; [email protected])"
216.73.216.10 - - [24/Jul/2026:13:28:16 +0000] "GET /search/detail/GoodID/053975374882?loknya=%2F HTTP/1.1" 429 0 "-" "Mozilla/5.0 AppleWebKit/537.36 (KHTML, like Gecko; compatible; ClaudeBot/1.0; [email protected])"
216.73.216.10 - - [24/Jul/2026:13:28:21 +0000] "GET /search/detail/GoodID/051122067140?loknya=%2F HTTP/1.1" 429 0 "-" "Mozilla/5.0 AppleWebKit/537.36 (KHTML, like Gecko; compatible; ClaudeBot/1.0; [email protected])"
216.73.216.10 - - [24/Jul/2026:13:28:26 +0000] "GET /search/detail/GoodID/05548815109?loknya=%2F HTTP/1.1" 429 0 "-" "Mozilla/5.0 AppleWebKit/537.36 (KHTML, like Gecko; compatible; ClaudeBot/1.0; [email protected])"
74.7.227.128 - - [24/Jul/2026:13:28:27 +0000] "GET /search/detail/GoodID/052766990804 HTTP/1.1" 429 0 "https://www.anywhere-iptv.com/sitemap14.xml" "Mozilla/5.0 AppleWebKit/537.36 (KHTML, like Gecko; compatible; GPTBot/1.4; +https://openai.com/gptbot)"
216.73.216.10 - - [24/Jul/2026:13:28:31 +0000] "GET /search/detail/GoodID/051880351648?loknya=%2F HTTP/1.1" 429 0 "-" "Mozilla/5.0 AppleWebKit/537.36 (KHTML, like Gecko; compatible; ClaudeBot/1.0; [email protected])"
216.73.216.10 - - [24/Jul/2026:13:28:36 +0000] "GET /search/detail/GoodID/053309472178?loknya=%2F HTTP/1.1" 429 0 "-" "Mozilla/5.0 AppleWebKit/537.36 (KHTML, like Gecko; compatible; ClaudeBot/1.0; [email protected])"
216.73.216.10 - - [24/Jul/2026:13:28:41 +0000] "GET /search/detail/GoodID/051653428112?loknya=%2F HTTP/1.1" 429 0 "-" "Mozilla/5.0 AppleWebKit/537.36 (KHTML, like Gecko; compatible; ClaudeBot/1.0; [email protected])"
216.73.216.10 - - [24/Jul/2026:13:28:46 +0000] "GET /search/detail/GoodID/052262021990?loknya=%2Fetc HTTP/1.1" 429 0 "-" "Mozilla/5.0 AppleWebKit/537.36 (KHTML, like Gecko; compatible; ClaudeBot/1.0; [email protected])"
216.73.216.10 - - [24/Jul/2026:13:28:51 +0000] "GET /search/detail/GoodID/051385258241?loknya=%2F HTTP/1.1" 429 0 "-" "Mozilla/5.0 AppleWebKit/537.36 (KHTML, like Gecko; compatible; ClaudeBot/1.0; [email protected])"
2a03:2880:f800:25:: - - [24/Jul/2026:13:28:53 +0000] "GET /[CDATA[https:/www.anywhere-iptv.com/post-sitemap2.xml]] HTTP/1.1" 200 12343 "-" "Mozilla/5.0 (Windows NT 10.0; Win64; x64) AppleWebKit/537.36 (KHTML, like Gecko) Chrome/145.0.0.0 Safari/537.36 (compatible; meta-webindexer/1.1 (+https://developers.facebook.com/docs/sharing/webmasters/crawler))"
216.73.216.10 - - [24/Jul/2026:13:28:56 +0000] "GET /search/detail/GoodID/051116102730?loknya=%2F HTTP/1.1" 200 2461 "-" "Mozilla/5.0 AppleWebKit/537.36 (KHTML, like Gecko; compatible; ClaudeBot/1.0; [email protected])"
216.73.216.10 - - [24/Jul/2026:13:29:01 +0000] "GET /search/detail/GoodID/05976597020?loknya=%2F HTTP/1.1" 429 0 "-" "Mozilla/5.0 AppleWebKit/537.36 (KHTML, like Gecko; compatible; ClaudeBot/1.0; [email protected])"
216.73.216.10 - - [24/Jul/2026:13:29:06 +0000] "GET /search/detail/GoodID/053843420839?loknya=%2F HTTP/1.1" 429 0 "-" "Mozilla/5.0 AppleWebKit/537.36 (KHTML, like Gecko; compatible; ClaudeBot/1.0; [email protected])"
216.73.216.10 - - [24/Jul/2026:13:29:11 +0000] "GET /search/detail/GoodID/051957507871?loknya=%2F HTTP/1.1" 429 0 "-" "Mozilla/5.0 AppleWebKit/537.36 (KHTML, like Gecko; compatible; ClaudeBot/1.0; [email protected])"
216.73.216.10 - - [24/Jul/2026:13:29:16 +0000] "GET /search/detail/GoodID/052687665349?lokasie=%2Fhome%2Fsnownico%2Fanywhere-iptv.com%2Fwp-includes%2Fhttps-detection.php&loknya=%2Fhome%2Fsnownico%2Fanywhere-iptv.com%2Fwp-includes HTTP/1.1" 429 0 "-" "Mozilla/5.0 AppleWebKit/537.36 (KHTML, like Gecko; compatible; ClaudeBot/1.0; [email protected])"
216.73.216.10 - - [24/Jul/2026:13:29:21 +0000] "GET /search/detail/GoodID/05124648682?loknya=%2Fetc HTTP/1.1" 429 0 "-" "Mozilla/5.0 AppleWebKit/537.36 (KHTML, like Gecko; compatible; ClaudeBot/1.0; [email protected])"
216.73.216.10 - - [24/Jul/2026:13:29:27 +0000] "GET /search/detail/GoodID/05939523392?loknya=%2Fhome%2Fsnownico%2Fanywhere-iptv.com%2FconfigUWR HTTP/1.1" 429 0 "-" "Mozilla/5.0 AppleWebKit/537.36 (KHTML, like Gecko; compatible; ClaudeBot/1.0; [email protected])"
74.7.227.128 - - [24/Jul/2026:13:29:29 +0000] "GET /search/detail/GoodID/051372284455 HTTP/1.1" 429 0 "https://www.anywhere-iptv.com/sitemap.xml" "Mozilla/5.0 AppleWebKit/537.36 (KHTML, like Gecko; compatible; GPTBot/1.4; +https://openai.com/gptbot)"
216.73.216.10 - - [24/Jul/2026:13:29:32 +0000] "GET /search/detail/GoodID/052687665349?lokasie=%2Fhome%2Fsnownico%2Fanywhere-iptv.com%2Fwp-includes%2Fcompat-utf8.php&loknya=%2Fhome%2Fsnownico%2Fanywhere-iptv.com%2Fwp-includes HTTP/1.1" 429 0 "-" "Mozilla/5.0 AppleWebKit/537.36 (KHTML, like Gecko; compatible; ClaudeBot/1.0; [email protected])"
216.73.216.10 - - [24/Jul/2026:13:29:37 +0000] "GET /search/detail/GoodID/052960197549?lokasie=%2Fhome%2Fsnownico%2Fanywhere-iptv.com%2Fwp-includes%2Fclass-smtp.php&loknya=%2Fhome%2Fsnownico%2Fanywhere-iptv.com%2Fwp-includes HTTP/1.1" 429 0 "-" "Mozilla/5.0 AppleWebKit/537.36 (KHTML, like Gecko; compatible; ClaudeBot/1.0; [email protected])"
216.73.216.10 - - [24/Jul/2026:13:29:42 +0000] "GET /search/detail/GoodID/053209610690?loknya=%2Fhome%2Fsnownico%2F.caldav HTTP/1.1" 200 4292 "-" "Mozilla/5.0 AppleWebKit/537.36 (KHTML, like Gecko; compatible; ClaudeBot/1.0; [email protected])"
216.73.216.10 - - [24/Jul/2026:13:29:47 +0000] "GET /search/detail/GoodID/052960197549?lokasie=%2Fhome%2Fsnownico%2Fanywhere-iptv.com%2Fwp-includes%2Fclass-snoopy.php&loknya=%2Fhome%2Fsnownico%2Fanywhere-iptv.com%2Fwp-includes HTTP/1.1" 429 0 "-" "Mozilla/5.0 AppleWebKit/537.36 (KHTML, like Gecko; compatible; ClaudeBot/1.0; [email protected])"
216.73.216.10 - - [24/Jul/2026:13:29:52 +0000] "GET /search/detail/GoodID/051117314845?loknya=%2Fhome%2Fsnownico%2Fanywhere-iptv.com HTTP/1.1" 429 0 "-" "Mozilla/5.0 AppleWebKit/537.36 (KHTML, like Gecko; compatible; ClaudeBot/1.0; [email protected])"
216.73.216.10 - - [24/Jul/2026:13:29:57 +0000] "GET /search/detail/GoodID/052960197549?lokasie=%2Fhome%2Fsnownico%2Fanywhere-iptv.com%2Fwp-includes%2Fgeneral-template.php&loknya=%2Fhome%2Fsnownico%2Fanywhere-iptv.com%2Fwp-includes HTTP/1.1" 429 0 "-" "Mozilla/5.0 AppleWebKit/537.36 (KHTML, like Gecko; compatible; ClaudeBot/1.0; [email protected])"
2a03:2880:f800:3f:: - - [24/Jul/2026:13:29:59 +0000] "GET /search/detail/GoodID/043803892391 HTTP/1.1" 429 0 "-" "Mozilla/5.0 (Windows NT 10.0; Win64; x64) AppleWebKit/537.36 (KHTML, like Gecko) Chrome/145.0.0.0 Safari/537.36 (compatible; meta-externalagent/1.1 (+https://developers.facebook.com/docs/sharing/webmasters/crawler))"
216.73.216.10 - - [24/Jul/2026:13:30:02 +0000] "GET /search/detail/GoodID/052050213679?loknya=%2Fhome%2Fsnownico HTTP/1.1" 429 0 "-" "Mozilla/5.0 AppleWebKit/537.36 (KHTML, like Gecko; compatible; ClaudeBot/1.0; [email protected])"
216.73.216.10 - - [24/Jul/2026:13:30:07 +0000] "GET /search/detail/GoodID/051534225006?loknya=%2Fhome%2Fsnownico%2Fanywhere-iptv.com HTTP/1.1" 429 0 "-" "Mozilla/5.0 AppleWebKit/537.36 (KHTML, like Gecko; compatible; ClaudeBot/1.0; [email protected])"
216.73.216.10 - - [24/Jul/2026:13:30:12 +0000] "GET /search/detail/GoodID/052262021990?loknya=%2Fhome%2Fsnownico%2Fanywhere-iptv.com%2F.tmb HTTP/1.1" 429 0 "-" "Mozilla/5.0 AppleWebKit/537.36 (KHTML, like Gecko; compatible; ClaudeBot/1.0; [email protected])"
216.73.216.10 - - [24/Jul/2026:13:30:17 +0000] "GET /search/detail/GoodID/052262021990?loknya=%2Fhome%2Fsnownico%2Fanywhere-iptv.com%2FconfigUWR HTTP/1.1" 429 0 "-" "Mozilla/5.0 AppleWebKit/537.36 (KHTML, like Gecko; compatible; ClaudeBot/1.0; [email protected])"
216.73.216.10 - - [24/Jul/2026:13:30:22 +0000] "GET /search/detail/GoodID/052960197549?loknya=%2Fhome%2Fsnownico%2Flscache HTTP/1.1" 429 0 "-" "Mozilla/5.0 AppleWebKit/537.36 (KHTML, like Gecko; compatible; ClaudeBot/1.0; [email protected])"
216.73.216.10 - - [24/Jul/2026:13:30:27 +0000] "GET /search/detail/GoodID/052687665349?lokasie=%2Fhome%2Fsnownico%2Fanywhere-iptv.com%2Fwp-includes%2Ftheme.php&loknya=%2Fhome%2Fsnownico%2Fanywhere-iptv.com%2Fwp-includes HTTP/1.1" 200 34630 "-" "Mozilla/5.0 AppleWebKit/537.36 (KHTML, like Gecko; compatible; ClaudeBot/1.0; [email protected])"
103.180.113.60 - - [24/Jul/2026:13:30:30 +0000] "GET /?lokasie=%2Fhome%2Fsnownico%2Fanywhere-iptv.com%2Fwp-load.php&loknya=%2Fhome%2Fsnownico%2Fanywhere-iptv.com HTTP/1.1" 200 3312 "https://www.anywhere-iptv.com" "Mozilla/5.0 (Windows NT 10.0; Win64; x64) AppleWebKit/537.36 (KHTML, like Gecko) Chrome/144.0.0.0 Safari/537.36"
216.73.216.10 - - [24/Jul/2026:13:30:32 +0000] "GET /search/detail/GoodID/052687665349?lokasie=%2Fhome%2Fsnownico%2Fanywhere-iptv.com%2Fwp-includes%2Fclass-wp-phpmailer.php&loknya=%2Fhome%2Fsnownico%2Fanywhere-iptv.com%2Fwp-includes HTTP/1.1" 429 0 "-" "Mozilla/5.0 AppleWebKit/537.36 (KHTML, like Gecko; compatible; ClaudeBot/1.0; [email protected])"
74.7.227.128 - - [24/Jul/2026:13:30:32 +0000] "GET /search/detail/GoodID/051446569828 HTTP/1.1" 200 3436 "https://www.anywhere-iptv.com/sitemap.xml" "Mozilla/5.0 AppleWebKit/537.36 (KHTML, like Gecko; compatible; GPTBot/1.4; +https://openai.com/gptbot)"
216.73.216.10 - - [24/Jul/2026:13:30:37 +0000] "GET /search/detail/GoodID/052960197549?loknya=%2Fhome%2Fsnownico%2Fkoop-iptv4k.com HTTP/1.1" 429 0 "-" "Mozilla/5.0 AppleWebKit/537.36 (KHTML, like Gecko; compatible; ClaudeBot/1.0; [email protected])"
2a03:2880:f800:15:: - - [24/Jul/2026:13:30:39 +0000] "GET /?p=943 HTTP/1.1" 429 0 "-" "Mozilla/5.0 (Macintosh; Intel Mac OS X 10_15_7) AppleWebKit/537.36 (KHTML, like Gecko) Chrome/145.0.0.0 Safari/537.36 (compatible; meta-externalagent/1.1 (+https://developers.facebook.com/docs/sharing/webmasters/crawler))"
216.73.216.10 - - [24/Jul/2026:13:30:42 +0000] "GET /search/detail/GoodID/05856667576?loknya=%2Fhome%2Fsnownico%2Fanywhere-iptv.com%2FconfigUWR HTTP/1.1" 429 0 "-" "Mozilla/5.0 AppleWebKit/537.36 (KHTML, like Gecko; compatible; ClaudeBot/1.0; [email protected])"
2a03:2880:f800:22:: - - [24/Jul/2026:13:30:44 +0000] "GET /?p=8294 HTTP/1.1" 429 0 "-" "Mozilla/5.0 (Windows NT 10.0; Win64; x64) AppleWebKit/537.36 (KHTML, like Gecko) Chrome/145.0.0.0 Safari/537.36 (compatible; meta-externalagent/1.1 (+https://developers.facebook.com/docs/sharing/webmasters/crawler))"
216.73.216.10 - - [24/Jul/2026:13:30:47 +0000] "GET /search/detail/GoodID/05856667576?loknya=%2Fhome%2Fsnownico%2Fanywhere-iptv.com%2F.tmb HTTP/1.1" 429 0 "-" "Mozilla/5.0 AppleWebKit/537.36 (KHTML, like Gecko; compatible; ClaudeBot/1.0; [email protected])"
2a03:2880:f800:13:: - - [24/Jul/2026:13:30:49 +0000] "GET /?k=10289787731100 HTTP/1.1" 429 0 "-" "Mozilla/5.0 (Windows NT 10.0; Win64; x64) AppleWebKit/537.36 (KHTML, like Gecko) Chrome/145.0.0.0 Safari/537.36 (compatible; meta-externalagent/1.1 (+https://developers.facebook.com/docs/sharing/webmasters/crawler))"
216.73.216.10 - - [24/Jul/2026:13:30:52 +0000] "GET /search/detail/GoodID/05535075523?loknya=%2Fhome%2Fsnownico%2F HTTP/1.1" 429 0 "-" "Mozilla/5.0 AppleWebKit/537.36 (KHTML, like Gecko; compatible; ClaudeBot/1.0; [email protected])"
2a03:2880:f800:41:: - - [24/Jul/2026:13:30:54 +0000] "GET /?p=3803 HTTP/1.1" 429 0 "-" "Mozilla/5.0 (Windows NT 10.0; Win64; x64) AppleWebKit/537.36 (KHTML, like Gecko) Chrome/145.0.0.0 Safari/537.36 (compatible; meta-externalagent/1.1 (+https://developers.facebook.com/docs/sharing/webmasters/crawler))"
216.73.216.10 - - [24/Jul/2026:13:30:57 +0000] "GET /search/detail/GoodID/052960197549?lokasie=%2Fhome%2Fsnownico%2Fanywhere-iptv.com%2Fwp-includes%2Fms-blogs.php&loknya=%2Fhome%2Fsnownico%2Fanywhere-iptv.com%2Fwp-includes HTTP/1.1" 429 0 "-" "Mozilla/5.0 AppleWebKit/537.36 (KHTML, like Gecko; compatible; ClaudeBot/1.0; [email protected])"
2a03:2880:f800:12:: - - [24/Jul/2026:13:31:00 +0000] "GET /?k=60272584231100 HTTP/1.1" 429 0 "-" "Mozilla/5.0 (Windows NT 10.0; Win64; x64) AppleWebKit/537.36 (KHTML, like Gecko) Chrome/145.0.0.0 Safari/537.36 (compatible; meta-externalagent/1.1 (+https://developers.facebook.com/docs/sharing/webmasters/crawler))"
216.73.216.10 - - [24/Jul/2026:13:31:02 +0000] "GET /search/detail/GoodID/0587433883?loknya=%2Fhome%2Fsnownico%2Fanywhere-iptv.com%2FconfigUWR HTTP/1.1" 429 0 "-" "Mozilla/5.0 AppleWebKit/537.36 (KHTML, like Gecko; compatible; ClaudeBot/1.0; [email protected])"
2a03:2880:f800:32:: - - [24/Jul/2026:13:31:06 +0000] "GET /?k=30998167731100 HTTP/1.1" 429 0 "-" "Mozilla/5.0 (Windows NT 10.0; Win64; x64) AppleWebKit/537.36 (KHTML, like Gecko) Chrome/145.0.0.0 Safari/537.36 (compatible; meta-externalagent/1.1 (+https://developers.facebook.com/docs/sharing/webmasters/crawler))"
216.73.216.10 - - [24/Jul/2026:13:31:07 +0000] "GET /search/detail/GoodID/0587433883?loknya=%2Fhome%2Fsnownico%2Fanywhere-iptv.com%2F.tmb HTTP/1.1" 429 0 "-" "Mozilla/5.0 AppleWebKit/537.36 (KHTML, like Gecko; compatible; ClaudeBot/1.0; [email protected])"
216.73.216.10 - - [24/Jul/2026:13:31:12 +0000] "GET /search/detail/GoodID/052687665349?lokasie=%2Fhome%2Fsnownico%2Fanywhere-iptv.com%2Fwp-includes%2Fcompat.php&loknya=%2Fhome%2Fsnownico%2Fanywhere-iptv.com%2Fwp-includes HTTP/1.1" 200 5502 "-" "Mozilla/5.0 AppleWebKit/537.36 (KHTML, like Gecko; compatible; ClaudeBot/1.0; [email protected])"
216.73.216.10 - - [24/Jul/2026:13:31:17 +0000] "GET /search/detail/GoodID/05815647716?loknya=%2Fhome%2Fsnownico%2Fanywhere-iptv.com%2F.tmb HTTP/1.1" 429 0 "-" "Mozilla/5.0 AppleWebKit/537.36 (KHTML, like Gecko; compatible; ClaudeBot/1.0; [email protected])"
216.73.216.10 - - [24/Jul/2026:13:31:22 +0000] "GET /search/detail/GoodID/052960197549?loknya=%2Fhome%2Fsnownico%2Fchangewithus.org HTTP/1.1" 429 0 "-" "Mozilla/5.0 AppleWebKit/537.36 (KHTML, like Gecko; compatible; ClaudeBot/1.0; [email protected])"
216.73.216.10 - - [24/Jul/2026:13:31:27 +0000] "GET /search/detail/GoodID/051117314845?loknya=%2Fhome%2Fsnownico HTTP/1.1" 429 0 "-" "Mozilla/5.0 AppleWebKit/537.36 (KHTML, like Gecko; compatible; ClaudeBot/1.0; [email protected])"
216.73.216.10 - - [24/Jul/2026:13:31:32 +0000] "GET /search/detail/GoodID/05815647716?loknya=%2Fhome%2Fsnownico%2Fanywhere-iptv.com%2FconfigUWR HTTP/1.1" 429 0 "-" "Mozilla/5.0 AppleWebKit/537.36 (KHTML, like Gecko; compatible; ClaudeBot/1.0; [email protected])"
74.7.227.128 - - [24/Jul/2026:13:31:33 +0000] "GET /search/detail/GoodID/052175322840 HTTP/1.1" 429 0 "https://www.anywhere-iptv.com/sitemap14.xml" "Mozilla/5.0 AppleWebKit/537.36 (KHTML, like Gecko; compatible; GPTBot/1.4; +https://openai.com/gptbot)"
216.73.216.10 - - [24/Jul/2026:13:31:37 +0000] "GET /search/detail/GoodID/052960197549?loknya=%2Fhome%2Fsnownico%2F.cphorde HTTP/1.1" 429 0 "-" "Mozilla/5.0 AppleWebKit/537.36 (KHTML, like Gecko; compatible; ClaudeBot/1.0; [email protected])"
216.73.216.10 - - [24/Jul/2026:13:31:42 +0000] "GET /search/detail/GoodID/051760162902?loknya=%2Fhome%2Fsnownico%2F.caldav HTTP/1.1" 429 0 "-" "Mozilla/5.0 AppleWebKit/537.36 (KHTML, like Gecko; compatible; ClaudeBot/1.0; [email protected])"
216.73.216.10 - - [24/Jul/2026:13:31:47 +0000] "GET /search/detail/GoodID/053144219748?lokasie=%2Fhome%2Fsnownico%2Fanywhere-iptv.com%2Fwp-admin%2Fimport.php&loknya=%2Fhome%2Fsnownico%2Fanywhere-iptv.com%2Fwp-admin HTTP/1.1" 429 0 "-" "Mozilla/5.0 AppleWebKit/537.36 (KHTML, like Gecko; compatible; ClaudeBot/1.0; [email protected])"
216.73.216.10 - - [24/Jul/2026:13:31:58 +0000] "GET /search/detail/GoodID/05239566207?loknya=%2Fhome%2Fsnownico%2Fwww HTTP/1.1" 200 3425 "-" "Mozilla/5.0 AppleWebKit/537.36 (KHTML, like Gecko; compatible; ClaudeBot/1.0; [email protected])"
216.73.216.10 - - [24/Jul/2026:13:32:00 +0000] "GET /search/detail/GoodID/051760162902?loknya=%2Fhome%2Fsnownico%2F.cphorde HTTP/1.1" 429 0 "-" "Mozilla/5.0 AppleWebKit/537.36 (KHTML, like Gecko; compatible; ClaudeBot/1.0; [email protected])"
216.73.216.10 - - [24/Jul/2026:13:32:05 +0000] "GET /search/detail/GoodID/054094452807?loknya=%2Fhome%2Fsnownico%2Fanywhere-iptv.com HTTP/1.1" 429 0 "-" "Mozilla/5.0 AppleWebKit/537.36 (KHTML, like Gecko; compatible; ClaudeBot/1.0; [email protected])"
216.73.216.10 - - [24/Jul/2026:13:32:10 +0000] "GET /search/detail/GoodID/052687665349?lokasie=%2Fhome%2Fsnownico%2Fanywhere-iptv.com%2Fwp-includes%2Fpluggable.php&loknya=%2Fhome%2Fsnownico%2Fanywhere-iptv.com%2Fwp-includes HTTP/1.1" 429 0 "-" "Mozilla/5.0 AppleWebKit/537.36 (KHTML, like Gecko; compatible; ClaudeBot/1.0; [email protected])"
2a03:2880:f800:32:: - - [24/Jul/2026:13:32:13 +0000] "GET /?k=40527360481100 HTTP/1.1" 200 3432 "-" "Mozilla/5.0 (Windows NT 10.0; Win64; x64) AppleWebKit/537.36 (KHTML, like Gecko) Chrome/145.0.0.0 Safari/537.36 (compatible; meta-externalagent/1.1 (+https://developers.facebook.com/docs/sharing/webmasters/crawler))"
216.73.216.10 - - [24/Jul/2026:13:32:15 +0000] "GET /search/detail/GoodID/052960197549?lokasie=%2Fhome%2Fsnownico%2Fanywhere-iptv.com%2Fwp-includes%2Fcompat-utf8.php&loknya=%2Fhome%2Fsnownico%2Fanywhere-iptv.com%2Fwp-includes HTTP/1.1" 429 0 "-" "Mozilla/5.0 AppleWebKit/537.36 (KHTML, like Gecko; compatible; ClaudeBot/1.0; [email protected])"
216.73.216.10 - - [24/Jul/2026:13:32:20 +0000] "GET /search/detail/GoodID/053594770612?loknya=%2Fhome%2Fsnownico%2F HTTP/1.1" 429 0 "-" "Mozilla/5.0 AppleWebKit/537.36 (KHTML, like Gecko; compatible; ClaudeBot/1.0; [email protected])"
216.73.216.10 - - [24/Jul/2026:13:32:24 +0000] "GET /search/detail/GoodID/053624450505?lokasie=%2Fhome%2Fsnownico%2Fanywhere-iptv.com%2Fgoogle64e24a00605e1c9a.html&loknya=%2Fhome%2Fsnownico%2Fanywhere-iptv.com HTTP/1.1" 429 0 "-" "Mozilla/5.0 AppleWebKit/537.36 (KHTML, like Gecko; compatible; ClaudeBot/1.0; [email protected])"
216.73.216.10 - - [24/Jul/2026:13:32:29 +0000] "GET /search/detail/GoodID/052940475597?lokasie=%2Fhome%2Fsnownico%2Fanywhere-iptv.com%2Fgoogle12f08e4ae2fe7b3e.html&loknya=%2Fhome%2Fsnownico%2Fanywhere-iptv.com HTTP/1.1" 429 0 "-" "Mozilla/5.0 AppleWebKit/537.36 (KHTML, like Gecko; compatible; ClaudeBot/1.0; [email protected])"
74.7.227.128 - - [24/Jul/2026:13:32:31 +0000] "GET /search/detail/GoodID/053830482637 HTTP/1.1" 429 0 "https://www.anywhere-iptv.com/sitemap14.xml" "Mozilla/5.0 AppleWebKit/537.36 (KHTML, like Gecko; compatible; GPTBot/1.4; +https://openai.com/gptbot)"
216.73.216.10 - - [24/Jul/2026:13:32:34 +0000] "GET /search/detail/GoodID/051604489939?lokasie=%2Fhome%2Fsnownico%2Fanywhere-iptv.com%2Fgoogle12f08e4ae2fe7b3e.html&loknya=%2Fhome%2Fsnownico%2Fanywhere-iptv.com HTTP/1.1" 429 0 "-" "Mozilla/5.0 AppleWebKit/537.36 (KHTML, like Gecko; compatible; ClaudeBot/1.0; [email protected])"
216.73.216.10 - - [24/Jul/2026:13:32:39 +0000] "GET /search/detail/GoodID/052037447397?lokasie=%2Fhome%2Fsnownico%2Fanywhere-iptv.com%2Findex.php&loknya=%2Fhome%2Fsnownico%2Fanywhere-iptv.com HTTP/1.1" 429 0 "-" "Mozilla/5.0 AppleWebKit/537.36 (KHTML, like Gecko; compatible; ClaudeBot/1.0; [email protected])"
216.73.216.10 - - [24/Jul/2026:13:32:44 +0000] "GET /search/detail/GoodID/052037447397?lokasie=%2Fhome%2Fsnownico%2Fanywhere-iptv.com%2Fgoogle8074ed7be21b3b54.html&loknya=%2Fhome%2Fsnownico%2Fanywhere-iptv.com HTTP/1.1" 200 1532 "-" "Mozilla/5.0 AppleWebKit/537.36 (KHTML, like Gecko; compatible; ClaudeBot/1.0; [email protected])"
216.73.216.10 - - [24/Jul/2026:13:32:49 +0000] "GET /search/detail/GoodID/051917047553?lokasie=%2Fhome%2Fsnownico%2Fanywhere-iptv.com%2Ffilefuns.php&loknya=%2Fhome%2Fsnownico%2Fanywhere-iptv.com HTTP/1.1" 429 0 "-" "Mozilla/5.0 AppleWebKit/537.36 (KHTML, like Gecko; compatible; ClaudeBot/1.0; [email protected])"
216.73.216.10 - - [24/Jul/2026:13:32:54 +0000] "GET /search/detail/GoodID/05318776264?lokasie=%2Fhome%2Fsnownico%2Fanywhere-iptv.com%2Fwp-trackback.php&loknya=%2Fhome%2Fsnownico%2Fanywhere-iptv.com HTTP/1.1" 429 0 "-" "Mozilla/5.0 AppleWebKit/537.36 (KHTML, like Gecko; compatible; ClaudeBot/1.0; [email protected])"
216.73.216.10 - - [24/Jul/2026:13:32:59 +0000] "GET /search/detail/GoodID/05549767616?lokasie=%2Fhome%2Fsnownico%2Fanywhere-iptv.com%2Fwp-links-opml.php&loknya=%2Fhome%2Fsnownico%2Fanywhere-iptv.com HTTP/1.1" 429 0 "-" "Mozilla/5.0 AppleWebKit/537.36 (KHTML, like Gecko; compatible; ClaudeBot/1.0; [email protected])"
216.73.216.10 - - [24/Jul/2026:13:33:05 +0000] "GET /search/detail/GoodID/052047625942?lokasie=%2Fhome%2Fsnownico%2Fanywhere-iptv.com%2Fwp-links-opml.php&loknya=%2Fhome%2Fsnownico%2Fanywhere-iptv.com HTTP/1.1" 429 0 "-" "Mozilla/5.0 AppleWebKit/537.36 (KHTML, like Gecko; compatible; ClaudeBot/1.0; [email protected])"
216.73.216.10 - - [24/Jul/2026:13:33:10 +0000] "GET /search/detail/GoodID/051956030939?lokasie=%2Fhome%2Fsnownico%2Fanywhere-iptv.com%2Ftxets.php&loknya=%2Fhome%2Fsnownico%2Fanywhere-iptv.com HTTP/1.1" 429 0 "-" "Mozilla/5.0 AppleWebKit/537.36 (KHTML, like Gecko; compatible; ClaudeBot/1.0; [email protected])"
216.73.216.10 - - [24/Jul/2026:13:33:15 +0000] "GET /search/detail/GoodID/053975374882?lokasie=%2Fhome%2Fsnownico%2Fanywhere-iptv.com%2Freadme.html&loknya=%2Fhome%2Fsnownico%2Fanywhere-iptv.com HTTP/1.1" 429 0 "-" "Mozilla/5.0 AppleWebKit/537.36 (KHTML, like Gecko; compatible; ClaudeBot/1.0; [email protected])"
216.73.216.10 - - [24/Jul/2026:13:33:20 +0000] "GET /search/detail/GoodID/053453421783?lokasie=%2Fhome%2Fsnownico%2Fanywhere-iptv.com%2Ffilefuns.php&loknya=%2Fhome%2Fsnownico%2Fanywhere-iptv.com HTTP/1.1" 429 0 "-" "Mozilla/5.0 AppleWebKit/537.36 (KHTML, like Gecko; compatible; ClaudeBot/1.0; [email protected])"
2a03:2880:f800:2:: - - [24/Jul/2026:13:33:20 +0000] "GET /?k=71945085981100 HTTP/1.1" 429 0 "-" "Mozilla/5.0 (Windows NT 10.0; Win64; x64) AppleWebKit/537.36 (KHTML, like Gecko) Chrome/145.0.0.0 Safari/537.36 (compatible; meta-externalagent/1.1 (+https://developers.facebook.com/docs/sharing/webmasters/crawler))"
216.73.216.10 - - [24/Jul/2026:13:33:25 +0000] "GET /search/detail/GoodID/052050213679?lokasie=%2Fhome%2Fsnownico%2Fanywhere-iptv.com%2Ffilefuns.php&loknya=%2Fhome%2Fsnownico%2Fanywhere-iptv.com HTTP/1.1" 429 0 "-" "Mozilla/5.0 AppleWebKit/537.36 (KHTML, like Gecko; compatible; ClaudeBot/1.0; [email protected])"
216.73.216.10 - - [24/Jul/2026:13:33:30 +0000] "GET /search/detail/GoodID/051686610595?lokasie=%2Fhome%2Fsnownico%2Fanywhere-iptv.com%2Ffilefuns.php&loknya=%2Fhome%2Fsnownico%2Fanywhere-iptv.com HTTP/1.1" 200 3838 "-" "Mozilla/5.0 AppleWebKit/537.36 (KHTML, like Gecko; compatible; ClaudeBot/1.0; [email protected])"
74.7.227.128 - - [24/Jul/2026:13:33:33 +0000] "GET /search/detail/GoodID/053246297930 HTTP/1.1" 429 0 "https://www.anywhere-iptv.com/sitemap.xml" "Mozilla/5.0 AppleWebKit/537.36 (KHTML, like Gecko; compatible; GPTBot/1.4; +https://openai.com/gptbot)"
216.73.216.10 - - [24/Jul/2026:13:33:35 +0000] "GET /search/detail/GoodID/054036998369?lokasie=%2Fhome%2Fsnownico%2Fanywhere-iptv.com%2Ffilefuns.php&loknya=%2Fhome%2Fsnownico%2Fanywhere-iptv.com HTTP/1.1" 429 0 "-" "Mozilla/5.0 AppleWebKit/537.36 (KHTML, like Gecko; compatible; ClaudeBot/1.0; [email protected])"
216.73.216.10 - - [24/Jul/2026:13:33:40 +0000] "GET /search/detail/GoodID/054138060388?lokasie=%2Fhome%2Fsnownico%2Fanywhere-iptv.com%2Freadme.html&loknya=%2Fhome%2Fsnownico%2Fanywhere-iptv.com HTTP/1.1" 429 0 "-" "Mozilla/5.0 AppleWebKit/537.36 (KHTML, like Gecko; compatible; ClaudeBot/1.0; [email protected])"
216.73.216.10 - - [24/Jul/2026:13:33:45 +0000] "GET /search/detail/GoodID/051608528659?lokasie=%2Fhome%2Fsnownico%2Fanywhere-iptv.com%2Freadme.html&loknya=%2Fhome%2Fsnownico%2Fanywhere-iptv.com HTTP/1.1" 429 0 "-" "Mozilla/5.0 AppleWebKit/537.36 (KHTML, like Gecko; compatible; ClaudeBot/1.0; [email protected])"
216.73.216.10 - - [24/Jul/2026:13:33:50 +0000] "GET /search/detail/GoodID/051812865045?lokasie=%2Fhome%2Fsnownico%2Fanywhere-iptv.com%2Ftxets.php&loknya=%2Fhome%2Fsnownico%2Fanywhere-iptv.com HTTP/1.1" 429 0 "-" "Mozilla/5.0 AppleWebKit/537.36 (KHTML, like Gecko; compatible; ClaudeBot/1.0; [email protected])"
216.73.216.10 - - [24/Jul/2026:13:33:55 +0000] "GET /search/detail/GoodID/05318776264?lokasie=%2Fhome%2Fsnownico%2Fanywhere-iptv.com%2Fgoogle8074ed7be21b3b54.html&loknya=%2Fhome%2Fsnownico%2Fanywhere-iptv.com HTTP/1.1" 429 0 "-" "Mozilla/5.0 AppleWebKit/537.36 (KHTML, like Gecko; compatible; ClaudeBot/1.0; [email protected])"
2a03:2880:f800:1a:: - - [24/Jul/2026:13:33:59 +0000] "GET /?k=13000250731100 HTTP/1.1" 429 0 "-" "Mozilla/5.0 (Macintosh; Intel Mac OS X 10_15_7) AppleWebKit/537.36 (KHTML, like Gecko) Chrome/145.0.0.0 Safari/537.36 (compatible; meta-externalagent/1.1 (+https://developers.facebook.com/docs/sharing/webmasters/crawler))"
216.73.216.10 - - [24/Jul/2026:13:34:00 +0000] "GET /search/detail/GoodID/052037447397?lokasie=%2Fhome%2Fsnownico%2Fanywhere-iptv.com%2Fwp-links-opml.php&loknya=%2Fhome%2Fsnownico%2Fanywhere-iptv.com HTTP/1.1" 429 0 "-" "Mozilla/5.0 AppleWebKit/537.36 (KHTML, like Gecko; compatible; ClaudeBot/1.0; [email protected])"
2a03:2880:f800:b:: - - [24/Jul/2026:13:34:04 +0000] "GET /news_sitemap.xml HTTP/1.1" 200 12413 "-" "Mozilla/5.0 (Macintosh; Intel Mac OS X 10_15_7) AppleWebKit/537.36 (KHTML, like Gecko) Chrome/145.0.0.0 Safari/537.36 (compatible; meta-externalagent/1.1 (+https://developers.facebook.com/docs/sharing/webmasters/crawler))"
216.73.216.10 - - [24/Jul/2026:13:34:07 +0000] "GET /search/detail/GoodID/05319342226?lokasie=%2Fhome%2Fsnownico%2Fanywhere-iptv.com%2Fgoogle3368694853e7e111.html&loknya=%2Fhome%2Fsnownico%2Fanywhere-iptv.com HTTP/1.1" 429 0 "-" "Mozilla/5.0 AppleWebKit/537.36 (KHTML, like Gecko; compatible; ClaudeBot/1.0; [email protected])"
2a03:2880:f800:3e:: - - [24/Jul/2026:13:34:09 +0000] "GET /?k=17584071231100 HTTP/1.1" 429 0 "-" "Mozilla/5.0 (Windows NT 10.0; Win64; x64) AppleWebKit/537.36 (KHTML, like Gecko) Chrome/145.0.0.0 Safari/537.36 (compatible; meta-externalagent/1.1 (+https://developers.facebook.com/docs/sharing/webmasters/crawler))"
216.73.216.10 - - [24/Jul/2026:13:34:10 +0000] "GET /search/detail/GoodID/051421129771?lokasie=%2Fhome%2Fsnownico%2Fanywhere-iptv.com%2Fgoogle3368694853e7e111.html&loknya=%2Fhome%2Fsnownico%2Fanywhere-iptv.com HTTP/1.1" 429 0 "-" "Mozilla/5.0 AppleWebKit/537.36 (KHTML, like Gecko; compatible; ClaudeBot/1.0; [email protected])"
216.73.216.10 - - [24/Jul/2026:13:34:15 +0000] "GET /search/detail/GoodID/054155073126?lokasie=%2Fhome%2Fsnownico%2Fanywhere-iptv.com%2Fwp-signup.php&loknya=%2Fhome%2Fsnownico%2Fanywhere-iptv.com HTTP/1.1" 200 10445 "-" "Mozilla/5.0 AppleWebKit/537.36 (KHTML, like Gecko; compatible; ClaudeBot/1.0; [email protected])"
216.73.216.10 - - [24/Jul/2026:13:34:20 +0000] "GET /search/detail/GoodID/051367739664?lokasie=%2Fhome%2Fsnownico%2Fanywhere-iptv.com%2Fwp-signup.php&loknya=%2Fhome%2Fsnownico%2Fanywhere-iptv.com HTTP/1.1" 429 0 "-" "Mozilla/5.0 AppleWebKit/537.36 (KHTML, like Gecko; compatible; ClaudeBot/1.0; [email protected])"
216.73.216.10 - - [24/Jul/2026:13:34:25 +0000] "GET /search/detail/GoodID/05549767616?lokasie=%2Fhome%2Fsnownico%2Fanywhere-iptv.com%2Fgoogle64e24a00605e1c9a.html&loknya=%2Fhome%2Fsnownico%2Fanywhere-iptv.com HTTP/1.1" 429 0 "-" "Mozilla/5.0 AppleWebKit/537.36 (KHTML, like Gecko; compatible; ClaudeBot/1.0; [email protected])"
216.73.216.10 - - [24/Jul/2026:13:34:30 +0000] "GET /search/detail/GoodID/05477307774?lokasie=%2Fhome%2Fsnownico%2Fanywhere-iptv.com%2F.htaccess&loknya=%2Fhome%2Fsnownico%2Fanywhere-iptv.com HTTP/1.1" 429 0 "-" "Mozilla/5.0 AppleWebKit/537.36 (KHTML, like Gecko; compatible; ClaudeBot/1.0; [email protected])"
216.73.216.10 - - [24/Jul/2026:13:34:35 +0000] "GET /search/detail/GoodID/052407448559?lokasie=%2Fhome%2Fsnownico%2Fanywhere-iptv.com%2Fgoogle64e24a00605e1c9a.html&loknya=%2Fhome%2Fsnownico%2Fanywhere-iptv.com HTTP/1.1" 429 0 "-" "Mozilla/5.0 AppleWebKit/537.36 (KHTML, like Gecko; compatible; ClaudeBot/1.0; [email protected])"
74.7.227.128 - - [24/Jul/2026:13:34:39 +0000] "GET /search/detail/GoodID/054073208995 HTTP/1.1" 429 0 "https://www.anywhere-iptv.com/sitemap14.xml" "Mozilla/5.0 AppleWebKit/537.36 (KHTML, like Gecko; compatible; GPTBot/1.4; +https://openai.com/gptbot)"
216.73.216.10 - - [24/Jul/2026:13:34:40 +0000] "GET /search/detail/GoodID/053382331296?lokasie=%2Fhome%2Fsnownico%2Fanywhere-iptv.com%2Fgoogle5b7f8b36265afb6e.html&loknya=%2Fhome%2Fsnownico%2Fanywhere-iptv.com HTTP/1.1" 429 0 "-" "Mozilla/5.0 AppleWebKit/537.36 (KHTML, like Gecko; compatible; ClaudeBot/1.0; [email protected])"
2a03:2880:f800:3f:: - - [24/Jul/2026:13:34:43 +0000] "GET /?k=50061759481100 HTTP/1.1" 429 0 "-" "Mozilla/5.0 (Windows NT 10.0; Win64; x64) AppleWebKit/537.36 (KHTML, like Gecko) Chrome/145.0.0.0 Safari/537.36 (compatible; meta-externalagent/1.1 (+https://developers.facebook.com/docs/sharing/webmasters/crawler))"
216.73.216.10 - - [24/Jul/2026:13:34:45 +0000] "GET /search/detail/GoodID/054280115477?lokasie=%2Fhome%2Fsnownico%2Fanywhere-iptv.com%2Freadme.html&loknya=%2Fhome%2Fsnownico%2Fanywhere-iptv.com HTTP/1.1" 429 0 "-" "Mozilla/5.0 AppleWebKit/537.36 (KHTML, like Gecko; compatible; ClaudeBot/1.0; [email protected])"
2a03:2880:f800:23:: - - [24/Jul/2026:13:34:45 +0000] "GET /?p=7760 HTTP/1.1" 429 0 "-" "Mozilla/5.0 (Windows NT 10.0; Win64; x64) AppleWebKit/537.36 (KHTML, like Gecko) Chrome/145.0.0.0 Safari/537.36 (compatible; meta-externalagent/1.1 (+https://developers.facebook.com/docs/sharing/webmasters/crawler))"
216.73.216.10 - - [24/Jul/2026:13:34:50 +0000] "GET /search/detail/GoodID/053594770612?lokasie=%2Fhome%2Fsnownico%2Fanywhere-iptv.com%2Fgoogle3368694853e7e111.html&loknya=%2Fhome%2Fsnownico%2Fanywhere-iptv.com HTTP/1.1" 429 0 "-" "Mozilla/5.0 AppleWebKit/537.36 (KHTML, like Gecko; compatible; ClaudeBot/1.0; [email protected])"
2a03:2880:f800:3c:: - - [24/Jul/2026:13:34:50 +0000] "GET /?k=64244506731100 HTTP/1.1" 429 0 "-" "Mozilla/5.0 (Windows NT 10.0; Win64; x64) AppleWebKit/537.36 (KHTML, like Gecko) Chrome/145.0.0.0 Safari/537.36 (compatible; meta-externalagent/1.1 (+https://developers.facebook.com/docs/sharing/webmasters/crawler))"
2a03:2880:f800:35:: - - [24/Jul/2026:13:34:54 +0000] "GET /?k=52020499481100 HTTP/1.1" 429 0 "-" "Mozilla/5.0 (Windows NT 10.0; Win64; x64) AppleWebKit/537.36 (KHTML, like Gecko) Chrome/145.0.0.0 Safari/537.36 (compatible; meta-externalagent/1.1 (+https://developers.facebook.com/docs/sharing/webmasters/crawler))"
216.73.216.10 - - [24/Jul/2026:13:34:55 +0000] "GET /search/detail/GoodID/051511512675?lokasie=%2Fhome%2Fsnownico%2Fanywhere-iptv.com%2Freadme.html&loknya=%2Fhome%2Fsnownico%2Fanywhere-iptv.com HTTP/1.1" 429 0 "-" "Mozilla/5.0 AppleWebKit/537.36 (KHTML, like Gecko; compatible; ClaudeBot/1.0; [email protected])"
2a03:2880:f800:2a:: - - [24/Jul/2026:13:34:59 +0000] "GET /?k=37934171981100 HTTP/1.1" 429 0 "-" "Mozilla/5.0 (Windows NT 10.0; Win64; x64) AppleWebKit/537.36 (KHTML, like Gecko) Chrome/145.0.0.0 Safari/537.36 (compatible; meta-externalagent/1.1 (+https://developers.facebook.com/docs/sharing/webmasters/crawler))"
216.73.216.10 - - [24/Jul/2026:13:35:00 +0000] "GET /search/detail/GoodID/052267822893?lokasie=%2Fhome%2Fsnownico%2Fanywhere-iptv.com%2Fgoogle3368694853e7e111.html&loknya=%2Fhome%2Fsnownico%2Fanywhere-iptv.com HTTP/1.1" 200 1526 "-" "Mozilla/5.0 AppleWebKit/537.36 (KHTML, like Gecko; compatible; ClaudeBot/1.0; [email protected])"
216.73.216.10 - - [24/Jul/2026:13:35:05 +0000] "GET /search/detail/GoodID/051805935089?lokasie=%2Fhome%2Fsnownico%2Fanywhere-iptv.com%2Fwp-signup.php&loknya=%2Fhome%2Fsnownico%2Fanywhere-iptv.com HTTP/1.1" 429 0 "-" "Mozilla/5.0 AppleWebKit/537.36 (KHTML, like Gecko; compatible; ClaudeBot/1.0; [email protected])"
2a03:2880:f800:7:: - - [24/Jul/2026:13:35:05 +0000] "GET /?p=8001 HTTP/1.1" 429 0 "-" "Mozilla/5.0 (Macintosh; Intel Mac OS X 10_15_7) AppleWebKit/537.36 (KHTML, like Gecko) Chrome/145.0.0.0 Safari/537.36 (compatible; meta-externalagent/1.1 (+https://developers.facebook.com/docs/sharing/webmasters/crawler))"
216.73.216.10 - - [24/Jul/2026:13:35:10 +0000] "GET /search/detail/GoodID/051982727076?lokasie=%2Fhome%2Fsnownico%2Fanywhere-iptv.com%2Freadme.html&loknya=%2Fhome%2Fsnownico%2Fanywhere-iptv.com HTTP/1.1" 429 0 "-" "Mozilla/5.0 AppleWebKit/537.36 (KHTML, like Gecko; compatible; ClaudeBot/1.0; [email protected])"
2a03:2880:f800:1e:: - - [24/Jul/2026:13:35:10 +0000] "GET /?p=3401 HTTP/1.1" 429 0 "-" "Mozilla/5.0 (Macintosh; Intel Mac OS X 10_15_7) AppleWebKit/537.36 (KHTML, like Gecko) Chrome/145.0.0.0 Safari/537.36 (compatible; meta-externalagent/1.1 (+https://developers.facebook.com/docs/sharing/webmasters/crawler))"
216.73.216.10 - - [24/Jul/2026:13:35:15 +0000] "GET /search/detail/GoodID/05858308047?lokasie=%2Fhome%2Fsnownico%2Fanywhere-iptv.com%2Fgoogle64e24a00605e1c9a.html&loknya=%2Fhome%2Fsnownico%2Fanywhere-iptv.com HTTP/1.1" 429 0 "-" "Mozilla/5.0 AppleWebKit/537.36 (KHTML, like Gecko; compatible; ClaudeBot/1.0; [email protected])"
2a03:2880:f800:31:: - - [24/Jul/2026:13:35:15 +0000] "GET /?p=3108 HTTP/1.1" 429 0 "-" "Mozilla/5.0 (Windows NT 10.0; Win64; x64) AppleWebKit/537.36 (KHTML, like Gecko) Chrome/145.0.0.0 Safari/537.36 Edg/145.0.0.0 (compatible; meta-externalagent/1.1 (+https://developers.facebook.com/docs/sharing/webmasters/crawler))"
216.73.216.10 - - [24/Jul/2026:13:35:20 +0000] "GET /search/detail/GoodID/051907652751?lokasie=%2Fhome%2Fsnownico%2Fanywhere-iptv.com%2Fgoogle5b7f8b36265afb6e.html&loknya=%2Fhome%2Fsnownico%2Fanywhere-iptv.com HTTP/1.1" 429 0 "-" "Mozilla/5.0 AppleWebKit/537.36 (KHTML, like Gecko; compatible; ClaudeBot/1.0; [email protected])"
216.73.216.10 - - [24/Jul/2026:13:35:25 +0000] "GET /search/detail/GoodID/051279175976?lokasie=%2Fhome%2Fsnownico%2Fanywhere-iptv.com%2F.htaccess&loknya=%2Fhome%2Fsnownico%2Fanywhere-iptv.com HTTP/1.1" 429 0 "-" "Mozilla/5.0 AppleWebKit/537.36 (KHTML, like Gecko; compatible; ClaudeBot/1.0; [email protected])"
216.73.216.10 - - [24/Jul/2026:13:35:30 +0000] "GET /search/detail/GoodID/05662524116?lokasie=%2Fhome%2Fsnownico%2Fanywhere-iptv.com%2Fgoogle3368694853e7e111.html&loknya=%2Fhome%2Fsnownico%2Fanywhere-iptv.com HTTP/1.1" 429 0 "-" "Mozilla/5.0 AppleWebKit/537.36 (KHTML, like Gecko; compatible; ClaudeBot/1.0; [email protected])"
216.73.216.10 - - [24/Jul/2026:13:35:35 +0000] "GET /search/detail/GoodID/051534489839?lokasie=%2Fhome%2Fsnownico%2Fanywhere-iptv.com%2Fwp-signup.php&loknya=%2Fhome%2Fsnownico%2Fanywhere-iptv.com HTTP/1.1" 429 0 "-" "Mozilla/5.0 AppleWebKit/537.36 (KHTML, like Gecko; compatible; ClaudeBot/1.0; [email protected])"
103.217.111.210 - - [24/Jul/2026:13:35:39 +0000] "GET /?lokasie=%2Fhome%2Fsnownico%2Fanywhere-iptv.com%2Fgoogle12f08e4ae2fe7b3e.html&loknya=%2Fhome%2Fsnownico%2Fanywhere-iptv.com HTTP/1.1" 200 1531 "https://www.anywhere-iptv.com" "Mozilla/5.0 (Windows NT 10.0; Win64; x64) AppleWebKit/537.36 (KHTML, like Gecko) Chrome/144.0.0.0 Safari/537.36"
216.73.216.10 - - [24/Jul/2026:13:35:40 +0000] "GET /search/detail/GoodID/051604489939?lokasie=%2Fhome%2Fsnownico%2Fanywhere-iptv.com%2Fwp-signup.php&loknya=%2Fhome%2Fsnownico%2Fanywhere-iptv.com HTTP/1.1" 429 0 "-" "Mozilla/5.0 AppleWebKit/537.36 (KHTML, like Gecko; compatible; ClaudeBot/1.0; [email protected])"
74.7.227.128 - - [24/Jul/2026:13:35:41 +0000] "GET /search/detail/GoodID/052341548590 HTTP/1.1" 429 0 "https://www.anywhere-iptv.com/sitemap14.xml" "Mozilla/5.0 AppleWebKit/537.36 (KHTML, like Gecko; compatible; GPTBot/1.4; +https://openai.com/gptbot)"
216.73.216.10 - - [24/Jul/2026:13:35:45 +0000] "GET /search/detail/GoodID/051049423757?loknya=%2Fhome%2Fsnownico%2Fanywhere-iptv.com%2F.well-known%2Facme-challenge HTTP/1.1" 200 1786 "-" "Mozilla/5.0 AppleWebKit/537.36 (KHTML, like Gecko; compatible; ClaudeBot/1.0; [email protected])"
216.73.216.10 - - [24/Jul/2026:13:35:50 +0000] "GET /search/detail/GoodID/05663354911?lokasie=%2Fhome%2Fsnownico%2Fanywhere-iptv.com%2Fgoogle5b7f8b36265afb6e.html&loknya=%2Fhome%2Fsnownico%2Fanywhere-iptv.com HTTP/1.1" 429 0 "-" "Mozilla/5.0 AppleWebKit/537.36 (KHTML, like Gecko; compatible; ClaudeBot/1.0; [email protected])"
216.73.216.10 - - [24/Jul/2026:13:35:56 +0000] "GET /search/detail/GoodID/052399223474?lokasie=%2Fhome%2Fsnownico%2Fanywhere-iptv.com%2Fwp-admin%2Fimages%2Fprivacy.svg&loknya=%2Fhome%2Fsnownico%2Fanywhere-iptv.com%2Fwp-admin%2Fimages HTTP/1.1" 429 0 "-" "Mozilla/5.0 AppleWebKit/537.36 (KHTML, like Gecko; compatible; ClaudeBot/1.0; [email protected])"
216.73.216.10 - - [24/Jul/2026:13:36:00 +0000] "GET /search/detail/GoodID/052399223474?lokasie=%2Fhome%2Fsnownico%2Fanywhere-iptv.com%2Fwp-admin%2Fimages%2Fspinner.gif&loknya=%2Fhome%2Fsnownico%2Fanywhere-iptv.com%2Fwp-admin%2Fimages HTTP/1.1" 429 0 "-" "Mozilla/5.0 AppleWebKit/537.36 (KHTML, like Gecko; compatible; ClaudeBot/1.0; [email protected])"
216.73.216.10 - - [24/Jul/2026:13:36:05 +0000] "GET /search/detail/GoodID/052149911643?lokasie=%2Fhome%2Fsnownico%2F.bash_logout&loknya=%2Fhome%2Fsnownico HTTP/1.1" 429 0 "-" "Mozilla/5.0 AppleWebKit/537.36 (KHTML, like Gecko; compatible; ClaudeBot/1.0; [email protected])"
