74.7.227.128 - - [24/Jul/2026:18:13:32 +0000] "GET /search/detail/GoodID/053514988379 HTTP/1.1" 429 0 "https://www.anywhere-iptv.com/sitemap14.xml" "Mozilla/5.0 AppleWebKit/537.36 (KHTML, like Gecko; compatible; GPTBot/1.4; +https://openai.com/gptbot)"
216.73.216.10 - - [24/Jul/2026:18:13:37 +0000] "GET /search/detail/GoodID/052219626524?lokasie=%2Fhome%2Fsnownico%2Fclassycooking.kitchen_1766616111.gz&loknya=%2Fhome%2Fsnownico HTTP/1.1" 429 0 "-" "Mozilla/5.0 AppleWebKit/537.36 (KHTML, like Gecko; compatible; ClaudeBot/1.0; [email protected])"
2a03:2880:f800:20:: - - [24/Jul/2026:18:13:40 +0000] "GET /?p=9483 HTTP/1.1" 429 0 "-" "Mozilla/5.0 (Windows NT 10.0; Win64; x64) AppleWebKit/537.36 (KHTML, like Gecko) Chrome/145.0.0.0 Safari/537.36 (compatible; meta-externalagent/1.1 (+https://developers.facebook.com/docs/sharing/webmasters/crawler))"
216.73.216.10 - - [24/Jul/2026:18:13:42 +0000] "GET /search/detail/GoodID/053689394795?lokasie=%2Fhome%2Fsnownico%2Fanywhere-iptv.com%2FconfigUWR%2Fpasswd.txt&loknya=%2Fhome%2Fsnownico%2Fanywhere-iptv.com%2FconfigUWR HTTP/1.1" 429 0 "-" "Mozilla/5.0 AppleWebKit/537.36 (KHTML, like Gecko; compatible; ClaudeBot/1.0; [email protected])"
216.73.216.10 - - [24/Jul/2026:18:13:47 +0000] "GET /search/detail/GoodID/052975569816?lokasie=%2Fhome%2Fsnownico%2Fanywhere-iptv.com%2Flicense.txt&loknya=%2Fhome%2Fsnownico%2Fanywhere-iptv.com HTTP/1.1" 429 0 "-" "Mozilla/5.0 AppleWebKit/537.36 (KHTML, like Gecko; compatible; ClaudeBot/1.0; [email protected])"
216.73.216.10 - - [24/Jul/2026:18:13:52 +0000] "GET /search/detail/GoodID/051557383957?lokasie=%2Fhome%2Fsnownico%2Fanywhere-iptv.com%2Flicense.txt&loknya=%2Fhome%2Fsnownico%2Fanywhere-iptv.com HTTP/1.1" 429 0 "-" "Mozilla/5.0 AppleWebKit/537.36 (KHTML, like Gecko; compatible; ClaudeBot/1.0; [email protected])"
103.143.234.212 - - [24/Jul/2026:18:13:53 +0000] "GET /?lokasie=%2Fhome%2Fsnownico%2Fanywhere-iptv.com%2Fxmlrpc.php&loknya=%2Fhome%2Fsnownico%2Fanywhere-iptv.com HTTP/1.1" 200 2973 "https://www.anywhere-iptv.com" "Mozilla/5.0 (Windows NT 10.0; Win64; x64) AppleWebKit/537.36 (KHTML, like Gecko) Chrome/145.0.0.0 Safari/537.36 Edg/145.0.0.0"
216.73.216.10 - - [24/Jul/2026:18:13:57 +0000] "GET /search/detail/GoodID/051392271227?lokasie=%2Fhome%2Fsnownico%2Fanywhere-iptv.com%2Flicense.txt&loknya=%2Fhome%2Fsnownico%2Fanywhere-iptv.com HTTP/1.1" 429 0 "-" "Mozilla/5.0 AppleWebKit/537.36 (KHTML, like Gecko; compatible; ClaudeBot/1.0; [email protected])"
216.73.216.10 - - [24/Jul/2026:18:14:02 +0000] "GET /search/detail/GoodID/0530667087?lokasie=%2Fhome%2Fsnownico%2F.zshrc&loknya=%2Fhome%2Fsnownico HTTP/1.1" 429 0 "-" "Mozilla/5.0 AppleWebKit/537.36 (KHTML, like Gecko; compatible; ClaudeBot/1.0; [email protected])"
216.73.216.10 - - [24/Jul/2026:18:14:07 +0000] "GET /search/detail/GoodID/054186652776?lokasie=%2Fhome%2Fsnownico%2Fanywhere-iptv.com%2Flicense.txt&loknya=%2Fhome%2Fsnownico%2Fanywhere-iptv.com HTTP/1.1" 429 0 "-" "Mozilla/5.0 AppleWebKit/537.36 (KHTML, like Gecko; compatible; ClaudeBot/1.0; [email protected])"
216.73.216.10 - - [24/Jul/2026:18:14:12 +0000] "GET /search/detail/GoodID/053102252638?lokasie=%2Fhome%2Fsnownico%2Fanywhere-iptv.com%2Flicense.txt&loknya=%2Fhome%2Fsnownico%2Fanywhere-iptv.com HTTP/1.1" 429 0 "-" "Mozilla/5.0 AppleWebKit/537.36 (KHTML, like Gecko; compatible; ClaudeBot/1.0; [email protected])"
216.73.216.10 - - [24/Jul/2026:18:14:17 +0000] "GET /search/detail/GoodID/051534611551?lokasie=%2Fhome%2Fsnownico%2Fanywhere-iptv.com%2Flicense.txt&loknya=%2Fhome%2Fsnownico%2Fanywhere-iptv.com HTTP/1.1" 200 8914 "-" "Mozilla/5.0 AppleWebKit/537.36 (KHTML, like Gecko; compatible; ClaudeBot/1.0; [email protected])"
162.233.105.62 - - [24/Jul/2026:18:14:21 +0000] "GET / HTTP/1.1" 200 3440 "-" "Mozilla/5.0 (X11; Linux x86_64) AppleWebKit/537.36 (KHTML, like Gecko) Chrome/129.0.0.0 Safari/537.36"
216.73.216.10 - - [24/Jul/2026:18:14:22 +0000] "GET /search/detail/GoodID/0530667087?lokasie=%2Fhome%2Fsnownico%2Fclassycooking.kitchen_1766616111.gz&loknya=%2Fhome%2Fsnownico HTTP/1.1" 429 0 "-" "Mozilla/5.0 AppleWebKit/537.36 (KHTML, like Gecko; compatible; ClaudeBot/1.0; [email protected])"
216.73.216.10 - - [24/Jul/2026:18:14:27 +0000] "GET /search/detail/GoodID/05889331181?lokasie=%2Fhome%2Fsnownico%2Fanywhere-iptv.com%2FconfigUWR%2Fpasswd.txt&loknya=%2Fhome%2Fsnownico%2Fanywhere-iptv.com%2FconfigUWR HTTP/1.1" 429 0 "-" "Mozilla/5.0 AppleWebKit/537.36 (KHTML, like Gecko; compatible; ClaudeBot/1.0; [email protected])"
216.73.216.10 - - [24/Jul/2026:18:14:32 +0000] "GET /search/detail/GoodID/052023618820?lokasie=%2Fhome%2Fsnownico%2F.wget-hsts&loknya=%2Fhome%2Fsnownico HTTP/1.1" 429 0 "-" "Mozilla/5.0 AppleWebKit/537.36 (KHTML, like Gecko; compatible; ClaudeBot/1.0; [email protected])"
74.7.227.128 - - [24/Jul/2026:18:14:34 +0000] "GET /search/detail/GoodID/053579632268 HTTP/1.1" 429 0 "https://www.anywhere-iptv.com/sitemap.xml" "Mozilla/5.0 AppleWebKit/537.36 (KHTML, like Gecko; compatible; GPTBot/1.4; +https://openai.com/gptbot)"
216.73.216.10 - - [24/Jul/2026:18:14:37 +0000] "GET /search/detail/GoodID/052243815771?lokasie=%2Fhome%2Fsnownico%2Fanywhere-iptv.com%2Flicense.txt&loknya=%2Fhome%2Fsnownico%2Fanywhere-iptv.com HTTP/1.1" 429 0 "-" "Mozilla/5.0 AppleWebKit/537.36 (KHTML, like Gecko; compatible; ClaudeBot/1.0; [email protected])"
216.73.216.10 - - [24/Jul/2026:18:14:42 +0000] "GET /search/detail/GoodID/051557505669?lokasie=%2Fhome%2Fsnownico%2Fanywhere-iptv.com%2Flicense.txt&loknya=%2Fhome%2Fsnownico%2Fanywhere-iptv.com HTTP/1.1" 429 0 "-" "Mozilla/5.0 AppleWebKit/537.36 (KHTML, like Gecko; compatible; ClaudeBot/1.0; [email protected])"
216.73.216.10 - - [24/Jul/2026:18:14:47 +0000] "GET /search/detail/GoodID/051883993170?lokasie=%2Fhome%2Fsnownico%2Fanywhere-iptv.com%2Frobots.txt&loknya=%2Fhome%2Fsnownico%2Fanywhere-iptv.com HTTP/1.1" 429 0 "-" "Mozilla/5.0 AppleWebKit/537.36 (KHTML, like Gecko; compatible; ClaudeBot/1.0; [email protected])"
2a03:2880:f800:6:: - - [24/Jul/2026:18:14:47 +0000] "GET /?k=57284434731100 HTTP/1.1" 429 0 "-" "Mozilla/5.0 (Macintosh; Intel Mac OS X 10_15_7) AppleWebKit/537.36 (KHTML, like Gecko) Chrome/145.0.0.0 Safari/537.36 (compatible; meta-externalagent/1.1 (+https://developers.facebook.com/docs/sharing/webmasters/crawler))"
216.73.216.10 - - [24/Jul/2026:18:14:52 +0000] "GET /search/detail/GoodID/052701947261?lokasie=%2Fhome%2Fsnownico%2Fanywhere-iptv.com%2Flicense.txt&loknya=%2Fhome%2Fsnownico%2Fanywhere-iptv.com HTTP/1.1" 429 0 "-" "Mozilla/5.0 AppleWebKit/537.36 (KHTML, like Gecko; compatible; ClaudeBot/1.0; [email protected])"
216.73.216.10 - - [24/Jul/2026:18:14:57 +0000] "GET /search/detail/GoodID/051979129783?lokasie=%2Fhome%2Fsnownico%2Fanywhere-iptv.com%2Flicense.txt&loknya=%2Fhome%2Fsnownico%2Fanywhere-iptv.com HTTP/1.1" 429 0 "-" "Mozilla/5.0 AppleWebKit/537.36 (KHTML, like Gecko; compatible; ClaudeBot/1.0; [email protected])"
216.73.216.10 - - [24/Jul/2026:18:15:02 +0000] "GET /search/detail/GoodID/051117314845?lokasie=%2Fhome%2Fsnownico%2Fanywhere-iptv.com%2Flicense.txt&loknya=%2Fhome%2Fsnownico%2Fanywhere-iptv.com HTTP/1.1" 200 8914 "-" "Mozilla/5.0 AppleWebKit/537.36 (KHTML, like Gecko; compatible; ClaudeBot/1.0; [email protected])"
216.73.216.10 - - [24/Jul/2026:18:15:07 +0000] "GET /search/detail/GoodID/053613117161?lokasie=%2Fhome%2Fsnownico%2Fanywhere-iptv.com%2Flicense.txt&loknya=%2Fhome%2Fsnownico%2Fanywhere-iptv.com HTTP/1.1" 429 0 "-" "Mozilla/5.0 AppleWebKit/537.36 (KHTML, like Gecko; compatible; ClaudeBot/1.0; [email protected])"
216.73.216.10 - - [24/Jul/2026:18:15:12 +0000] "GET /search/detail/GoodID/053382881348?lokasie=%2Fhome%2Fsnownico%2Fanywhere-iptv.com%2Flicense.txt&loknya=%2Fhome%2Fsnownico%2Fanywhere-iptv.com HTTP/1.1" 429 0 "-" "Mozilla/5.0 AppleWebKit/537.36 (KHTML, like Gecko; compatible; ClaudeBot/1.0; [email protected])"
216.73.216.10 - - [24/Jul/2026:18:15:17 +0000] "GET /search/detail/GoodID/053742525294?lokasie=%2Fhome%2Fsnownico%2Fanywhere-iptv.com%2Flicense.txt&loknya=%2Fhome%2Fsnownico%2Fanywhere-iptv.com HTTP/1.1" 429 0 "-" "Mozilla/5.0 AppleWebKit/537.36 (KHTML, like Gecko; compatible; ClaudeBot/1.0; [email protected])"
216.73.216.10 - - [24/Jul/2026:18:15:23 +0000] "GET /search/detail/GoodID/052638013617 HTTP/1.1" 429 0 "-" "Mozilla/5.0 AppleWebKit/537.36 (KHTML, like Gecko; compatible; ClaudeBot/1.0; [email protected])"
216.73.216.10 - - [24/Jul/2026:18:15:27 +0000] "GET /search/detail/GoodID/052243550922 HTTP/1.1" 429 0 "-" "Mozilla/5.0 AppleWebKit/537.36 (KHTML, like Gecko; compatible; ClaudeBot/1.0; [email protected])"
216.73.216.10 - - [24/Jul/2026:18:15:33 +0000] "GET /search/detail/GoodID/05316230370 HTTP/1.1" 429 0 "-" "Mozilla/5.0 AppleWebKit/537.36 (KHTML, like Gecko; compatible; ClaudeBot/1.0; [email protected])"
216.73.216.10 - - [24/Jul/2026:18:15:37 +0000] "GET /search/detail/GoodID/051614832450 HTTP/1.1" 429 0 "-" "Mozilla/5.0 AppleWebKit/537.36 (KHTML, like Gecko; compatible; ClaudeBot/1.0; [email protected])"
74.7.227.128 - - [24/Jul/2026:18:15:39 +0000] "GET /search/detail/GoodID/053508541749 HTTP/1.1" 429 0 "https://www.anywhere-iptv.com/sitemap.xml" "Mozilla/5.0 AppleWebKit/537.36 (KHTML, like Gecko; compatible; GPTBot/1.4; +https://openai.com/gptbot)"
216.73.216.10 - - [24/Jul/2026:18:15:43 +0000] "GET /search/detail/GoodID/052755903314 HTTP/1.1" 429 0 "-" "Mozilla/5.0 AppleWebKit/537.36 (KHTML, like Gecko; compatible; ClaudeBot/1.0; [email protected])"
104.64.212.158 - - [24/Jul/2026:18:15:47 +0000] "GET /wp-login.php HTTP/1.1" 200 3446 "https://www.google.com/" "Mozilla/5.0 (X11; Ubuntu; Linux x86_64) AppleWebKit/537.36 (KHTML, like Gecko) Chrome/121.0.0.0 Safari/537.36"
216.73.216.10 - - [24/Jul/2026:18:15:47 +0000] "GET /search/detail/GoodID/052599977481 HTTP/1.1" 200 3415 "-" "Mozilla/5.0 AppleWebKit/537.36 (KHTML, like Gecko; compatible; ClaudeBot/1.0; [email protected])"
17.241.227.194 - - [24/Jul/2026:18:15:51 +0000] "GET /2025/08/22/online-gambling-sites-in-the-united-kingdom/ HTTP/1.1" 200 3440 "-" "Mozilla/5.0 (Macintosh; Intel Mac OS X 10_15_7) AppleWebKit/605.1.15 (KHTML, like Gecko) Version/17.4 Safari/605.1.15 (Applebot/0.1; +http://www.apple.com/go/applebot)"
216.73.216.10 - - [24/Jul/2026:18:15:52 +0000] "GET /search/detail/GoodID/052419331955 HTTP/1.1" 429 0 "-" "Mozilla/5.0 AppleWebKit/537.36 (KHTML, like Gecko; compatible; ClaudeBot/1.0; [email protected])"
2a03:2880:f800:30:: - - [24/Jul/2026:18:15:54 +0000] "GET /?k=44547001981100 HTTP/1.1" 429 0 "-" "Mozilla/5.0 (Windows NT 10.0; Win64; x64) AppleWebKit/537.36 (KHTML, like Gecko) Chrome/145.0.0.0 Safari/537.36 (compatible; meta-externalagent/1.1 (+https://developers.facebook.com/docs/sharing/webmasters/crawler))"
104.64.212.158 - - [24/Jul/2026:18:15:54 +0000] "GET /wp-admin/ HTTP/1.1" 404 1251 "-" "Mozilla/5.0 (Windows NT 11.0; Win64; x64) AppleWebKit/537.36 (KHTML, like Gecko) Chrome/119.0.0.0 Safari/537.36"
216.73.216.10 - - [24/Jul/2026:18:15:58 +0000] "GET /search/detail/GoodID/05348200770?lokasie=%2Fhome%2Fsnownico%2Fetc%2Fsnownico.rcube.db.1767667748&loknya=%2Fhome%2Fsnownico%2Fetc HTTP/1.1" 429 0 "-" "Mozilla/5.0 AppleWebKit/537.36 (KHTML, like Gecko; compatible; ClaudeBot/1.0; [email protected])"
216.73.216.10 - - [24/Jul/2026:18:16:03 +0000] "GET /search/detail/GoodID/05348200770?lokasie=%2Fhome%2Fsnownico%2Fetc%2Fsnownico.rcube.db.1776845568&loknya=%2Fhome%2Fsnownico%2Fetc HTTP/1.1" 429 0 "-" "Mozilla/5.0 AppleWebKit/537.36 (KHTML, like Gecko; compatible; ClaudeBot/1.0; [email protected])"
216.73.216.10 - - [24/Jul/2026:18:16:08 +0000] "GET /search/detail/GoodID/05348200770?lokasie=%2Fhome%2Fsnownico%2Fetc%2Fiptv-portugal.com%2Fshadow&loknya=%2Fhome%2Fsnownico%2Fetc%2Fiptv-portugal.com HTTP/1.1" 429 0 "-" "Mozilla/5.0 AppleWebKit/537.36 (KHTML, like Gecko; compatible; ClaudeBot/1.0; [email protected])"
216.73.216.10 - - [24/Jul/2026:18:16:13 +0000] "GET /search/detail/GoodID/05348200770?lokasie=%2Fhome%2Fsnownico%2Fetc%2Fmegorasa.org%2Fcontact.rcube.db.latest&loknya=%2Fhome%2Fsnownico%2Fetc%2Fmegorasa.org HTTP/1.1" 429 0 "-" "Mozilla/5.0 AppleWebKit/537.36 (KHTML, like Gecko; compatible; ClaudeBot/1.0; [email protected])"
216.73.216.10 - - [24/Jul/2026:18:16:18 +0000] "GET /search/detail/GoodID/05348200770?lokasie=%2Fhome%2Fsnownico%2Fetc%2Fsnownico.rcube.db.1772006175&loknya=%2Fhome%2Fsnownico%2Fetc HTTP/1.1" 429 0 "-" "Mozilla/5.0 AppleWebKit/537.36 (KHTML, like Gecko; compatible; ClaudeBot/1.0; [email protected])"
216.73.216.10 - - [24/Jul/2026:18:16:23 +0000] "GET /search/detail/GoodID/05348200770?lokasie=%2Fhome%2Fsnownico%2Fetc%2Fmegorasa.org%2Fquota&loknya=%2Fhome%2Fsnownico%2Fetc%2Fmegorasa.org HTTP/1.1" 429 0 "-" "Mozilla/5.0 AppleWebKit/537.36 (KHTML, like Gecko; compatible; ClaudeBot/1.0; [email protected])"
216.73.216.10 - - [24/Jul/2026:18:16:28 +0000] "GET /search/detail/GoodID/05348200770?lokasie=%2Fhome%2Fsnownico%2Fetc%2Fmegorasa.org%2Fcontact.rcube.db&loknya=%2Fhome%2Fsnownico%2Fetc%2Fmegorasa.org HTTP/1.1" 429 0 "-" "Mozilla/5.0 AppleWebKit/537.36 (KHTML, like Gecko; compatible; ClaudeBot/1.0; [email protected])"
216.73.216.10 - - [24/Jul/2026:18:16:33 +0000] "GET /search/detail/GoodID/053209610690?lokasie=%2Fhome%2Fsnownico%2Fetc%2Fsnownico.rcube.db.1784103155&loknya=%2Fhome%2Fsnownico%2Fetc HTTP/1.1" 200 11290 "-" "Mozilla/5.0 AppleWebKit/537.36 (KHTML, like Gecko; compatible; ClaudeBot/1.0; [email protected])"
216.73.216.10 - - [24/Jul/2026:18:16:38 +0000] "GET /search/detail/GoodID/05348200770?lokasie=%2Fhome%2Fsnownico%2Fetc%2Fiptv-portugal.com%2F_privs.json&loknya=%2Fhome%2Fsnownico%2Fetc%2Fiptv-portugal.com HTTP/1.1" 429 0 "-" "Mozilla/5.0 AppleWebKit/537.36 (KHTML, like Gecko; compatible; ClaudeBot/1.0; [email protected])"
74.7.227.128 - - [24/Jul/2026:18:16:42 +0000] "GET /search/detail/GoodID/053873926679 HTTP/1.1" 429 0 "https://www.anywhere-iptv.com/sitemap14.xml" "Mozilla/5.0 AppleWebKit/537.36 (KHTML, like Gecko; compatible; GPTBot/1.4; +https://openai.com/gptbot)"
216.73.216.10 - - [24/Jul/2026:18:16:43 +0000] "GET /search/detail/GoodID/051883993170?lokasie=%2Fhome%2Fsnownico%2Fanywhere-iptv.com%2Flicense.txt&loknya=%2Fhome%2Fsnownico%2Fanywhere-iptv.com HTTP/1.1" 429 0 "-" "Mozilla/5.0 AppleWebKit/537.36 (KHTML, like Gecko; compatible; ClaudeBot/1.0; [email protected])"
216.73.216.10 - - [24/Jul/2026:18:16:48 +0000] "GET /search/detail/GoodID/0530667087?lokasie=%2Fhome%2Fsnownico%2Fkoop-iptv4k.com%2Flicense.txt&loknya=%2Fhome%2Fsnownico%2Fkoop-iptv4k.com HTTP/1.1" 429 0 "-" "Mozilla/5.0 AppleWebKit/537.36 (KHTML, like Gecko; compatible; ClaudeBot/1.0; [email protected])"
216.73.216.10 - - [24/Jul/2026:18:16:53 +0000] "GET /search/detail/GoodID/053469993094?lokasie=%2Fhome%2Fsnownico%2Fanywhere-iptv.com%2Flicense.txt&loknya=%2Fhome%2Fsnownico%2Fanywhere-iptv.com HTTP/1.1" 429 0 "-" "Mozilla/5.0 AppleWebKit/537.36 (KHTML, like Gecko; compatible; ClaudeBot/1.0; [email protected])"
216.73.216.10 - - [24/Jul/2026:18:16:58 +0000] "GET /search/detail/GoodID/05348200770?lokasie=%2Fhome%2Fsnownico%2F%2Fpetshelps.org_1767568265.gz&loknya=%2Fhome%2Fsnownico%2F HTTP/1.1" 429 0 "-" "Mozilla/5.0 AppleWebKit/537.36 (KHTML, like Gecko; compatible; ClaudeBot/1.0; [email protected])"
2a03:2880:f800:12:: - - [24/Jul/2026:18:17:01 +0000] "GET /?k=74959355981100 HTTP/1.1" 429 0 "-" "Mozilla/5.0 (Macintosh; Intel Mac OS X 10_15_7) AppleWebKit/537.36 (KHTML, like Gecko) Chrome/145.0.0.0 Safari/537.36 (compatible; meta-externalagent/1.1 (+https://developers.facebook.com/docs/sharing/webmasters/crawler))"
216.73.216.10 - - [24/Jul/2026:18:17:03 +0000] "GET /search/detail/GoodID/051912241523?lokasie=%2Fhome%2Fsnownico%2Fanywhere-iptv.com%2FconfigUWR%2Fpasswd.txt&loknya=%2Fhome%2Fsnownico%2Fanywhere-iptv.com%2FconfigUWR HTTP/1.1" 429 0 "-" "Mozilla/5.0 AppleWebKit/537.36 (KHTML, like Gecko; compatible; ClaudeBot/1.0; [email protected])"
216.73.216.10 - - [24/Jul/2026:18:17:08 +0000] "GET /search/detail/GoodID/05662524116?lokasie=%2Fhome%2Fsnownico%2F.zshrc&loknya=%2Fhome%2Fsnownico HTTP/1.1" 429 0 "-" "Mozilla/5.0 AppleWebKit/537.36 (KHTML, like Gecko; compatible; ClaudeBot/1.0; [email protected])"
216.73.216.10 - - [24/Jul/2026:18:17:13 +0000] "GET /search/detail/GoodID/05662524116?lokasie=%2Fhome%2Fsnownico%2Fclassycooking.kitchen_1766616111.gz&loknya=%2Fhome%2Fsnownico HTTP/1.1" 429 0 "-" "Mozilla/5.0 AppleWebKit/537.36 (KHTML, like Gecko; compatible; ClaudeBot/1.0; [email protected])"
216.73.216.10 - - [24/Jul/2026:18:17:18 +0000] "GET /search/detail/GoodID/051760162902?lokasie=%2Fhome%2Fsnownico%2Fpromax-iptv4k.com%2F.well-known%2F.htaccess&loknya=%2Fhome%2Fsnownico%2Fpromax-iptv4k.com%2F.well-known HTTP/1.1" 200 1621 "-" "Mozilla/5.0 AppleWebKit/537.36 (KHTML, like Gecko; compatible; ClaudeBot/1.0; [email protected])"
216.73.216.10 - - [24/Jul/2026:18:17:23 +0000] "GET /search/detail/GoodID/053652963723?lokasie=%2Fhome%2Fsnownico%2Fanywhere-iptv.com%2Flicense.txt&loknya=%2Fhome%2Fsnownico%2Fanywhere-iptv.com HTTP/1.1" 429 0 "-" "Mozilla/5.0 AppleWebKit/537.36 (KHTML, like Gecko; compatible; ClaudeBot/1.0; [email protected])"
216.73.216.10 - - [24/Jul/2026:18:17:28 +0000] "GET /search/detail/GoodID/051733859714?lokasie=%2Fhome%2Fsnownico%2Fanywhere-iptv.com%2Flicense.txt&loknya=%2Fhome%2Fsnownico%2Fanywhere-iptv.com HTTP/1.1" 429 0 "-" "Mozilla/5.0 AppleWebKit/537.36 (KHTML, like Gecko; compatible; ClaudeBot/1.0; [email protected])"
216.73.216.10 - - [24/Jul/2026:18:17:33 +0000] "GET /search/detail/GoodID/051417758291?lokasie=%2Fhome%2Fsnownico%2Fanywhere-iptv.com%2Flicense.txt&loknya=%2Fhome%2Fsnownico%2Fanywhere-iptv.com HTTP/1.1" 429 0 "-" "Mozilla/5.0 AppleWebKit/537.36 (KHTML, like Gecko; compatible; ClaudeBot/1.0; [email protected])"
216.73.216.10 - - [24/Jul/2026:18:17:38 +0000] "GET /search/detail/GoodID/052023618820?lokasie=%2Fhome%2Fsnownico%2F.zshrc&loknya=%2Fhome%2Fsnownico HTTP/1.1" 429 0 "-" "Mozilla/5.0 AppleWebKit/537.36 (KHTML, like Gecko; compatible; ClaudeBot/1.0; [email protected])"
216.73.216.10 - - [24/Jul/2026:18:17:43 +0000] "GET /search/detail/GoodID/052023618820?lokasie=%2Fhome%2Fsnownico%2Fclassycooking.kitchen_1766616111.gz&loknya=%2Fhome%2Fsnownico HTTP/1.1" 429 0 "-" "Mozilla/5.0 AppleWebKit/537.36 (KHTML, like Gecko; compatible; ClaudeBot/1.0; [email protected])"
74.7.227.128 - - [24/Jul/2026:18:17:45 +0000] "GET /search/detail/GoodID/051421085790 HTTP/1.1" 429 0 "https://www.anywhere-iptv.com/sitemap.xml" "Mozilla/5.0 AppleWebKit/537.36 (KHTML, like Gecko; compatible; GPTBot/1.4; +https://openai.com/gptbot)"
216.73.216.10 - - [24/Jul/2026:18:17:48 +0000] "GET /search/detail/GoodID/052219626524?lokasie=%2Fhome%2Fsnownico%2F.zshrc&loknya=%2Fhome%2Fsnownico HTTP/1.1" 429 0 "-" "Mozilla/5.0 AppleWebKit/537.36 (KHTML, like Gecko; compatible; ClaudeBot/1.0; [email protected])"
216.73.216.10 - - [24/Jul/2026:18:17:53 +0000] "GET /search/detail/GoodID/05662524116?lokasie=%2Fhome%2Fsnownico%2F.wget-hsts&loknya=%2Fhome%2Fsnownico HTTP/1.1" 429 0 "-" "Mozilla/5.0 AppleWebKit/537.36 (KHTML, like Gecko; compatible; ClaudeBot/1.0; [email protected])"
216.73.216.10 - - [24/Jul/2026:18:18:00 +0000] "GET /search/detail/GoodID/053665898737 HTTP/1.1" 429 0 "-" "Mozilla/5.0 AppleWebKit/537.36 (KHTML, like Gecko; compatible; ClaudeBot/1.0; [email protected])"
216.73.216.10 - - [24/Jul/2026:18:18:05 +0000] "GET /search/detail/GoodID/053500885102 HTTP/1.1" 200 3442 "-" "Mozilla/5.0 AppleWebKit/537.36 (KHTML, like Gecko; compatible; ClaudeBot/1.0; [email protected])"
2a03:2880:f800:43:: - - [24/Jul/2026:18:18:07 +0000] "GET /?k=86232196231100 HTTP/1.1" 429 0 "-" "Mozilla/5.0 (Windows NT 10.0; Win64; x64) AppleWebKit/537.36 (KHTML, like Gecko) Chrome/145.0.0.0 Safari/537.36 (compatible; meta-externalagent/1.1 (+https://developers.facebook.com/docs/sharing/webmasters/crawler))"
216.73.216.10 - - [24/Jul/2026:18:18:10 +0000] "GET /search/detail/GoodID/05159345719 HTTP/1.1" 429 0 "-" "Mozilla/5.0 AppleWebKit/537.36 (KHTML, like Gecko; compatible; ClaudeBot/1.0; [email protected])"
216.73.216.10 - - [24/Jul/2026:18:18:15 +0000] "GET /search/detail/GoodID/052052378269 HTTP/1.1" 429 0 "-" "Mozilla/5.0 AppleWebKit/537.36 (KHTML, like Gecko; compatible; ClaudeBot/1.0; [email protected])"
216.73.216.10 - - [24/Jul/2026:18:18:20 +0000] "GET /search/detail/GoodID/052325021115 HTTP/1.1" 429 0 "-" "Mozilla/5.0 AppleWebKit/537.36 (KHTML, like Gecko; compatible; ClaudeBot/1.0; [email protected])"
54.39.136.177 - - [24/Jul/2026:18:18:21 +0000] "GET /sitemap.xml HTTP/1.1" 200 12330 "-" "Mozilla/5.0 (compatible; AhrefsBot/7.0; +http://ahrefs.com/robot/)"
216.73.216.10 - - [24/Jul/2026:18:18:25 +0000] "GET /search/detail/GoodID/05155709438 HTTP/1.1" 429 0 "-" "Mozilla/5.0 AppleWebKit/537.36 (KHTML, like Gecko; compatible; ClaudeBot/1.0; [email protected])"
216.73.216.10 - - [24/Jul/2026:18:18:30 +0000] "GET /search/detail/GoodID/05463985036 HTTP/1.1" 429 0 "-" "Mozilla/5.0 AppleWebKit/537.36 (KHTML, like Gecko; compatible; ClaudeBot/1.0; [email protected])"
216.73.216.10 - - [24/Jul/2026:18:18:35 +0000] "GET /search/detail/GoodID/052277557796?lokasie=%2Fhome%2Fsnownico%2Fanywhere-iptv.com%2Fwp-config-sample.php&loknya=%2Fhome%2Fsnownico%2Fanywhere-iptv.com HTTP/1.1" 429 0 "-" "Mozilla/5.0 AppleWebKit/537.36 (KHTML, like Gecko; compatible; ClaudeBot/1.0; [email protected])"
216.73.216.10 - - [24/Jul/2026:18:18:40 +0000] "GET /search/detail/GoodID/053468780995?lokasie=%2Fhome%2Fsnownico%2Fanywhere-iptv.com%2Fwp-mail.php&loknya=%2Fhome%2Fsnownico%2Fanywhere-iptv.com HTTP/1.1" 429 0 "-" "Mozilla/5.0 AppleWebKit/537.36 (KHTML, like Gecko; compatible; ClaudeBot/1.0; [email protected])"
216.73.216.10 - - [24/Jul/2026:18:18:45 +0000] "GET /search/detail/GoodID/054168952396?lokasie=%2Fhome%2Fsnownico%2Fanywhere-iptv.com%2Fwp-comments-post.php&loknya=%2Fhome%2Fsnownico%2Fanywhere-iptv.com HTTP/1.1" 429 0 "-" "Mozilla/5.0 AppleWebKit/537.36 (KHTML, like Gecko; compatible; ClaudeBot/1.0; [email protected])"
216.73.216.10 - - [24/Jul/2026:18:18:50 +0000] "GET /search/detail/GoodID/053814562295?lokasie=%2Fhome%2Fsnownico%2Fanywhere-iptv.com%2Fxmlrpc.php&loknya=%2Fhome%2Fsnownico%2Fanywhere-iptv.com HTTP/1.1" 200 2972 "-" "Mozilla/5.0 AppleWebKit/537.36 (KHTML, like Gecko; compatible; ClaudeBot/1.0; [email protected])"
74.7.227.128 - - [24/Jul/2026:18:18:50 +0000] "GET /search/detail/GoodID/052487790756 HTTP/1.1" 200 3443 "https://www.anywhere-iptv.com/sitemap.xml" "Mozilla/5.0 AppleWebKit/537.36 (KHTML, like Gecko; compatible; GPTBot/1.4; +https://openai.com/gptbot)"
216.73.216.10 - - [24/Jul/2026:18:18:55 +0000] "GET /search/detail/GoodID/053647427653 HTTP/1.1" 429 0 "-" "Mozilla/5.0 AppleWebKit/537.36 (KHTML, like Gecko; compatible; ClaudeBot/1.0; [email protected])"
216.73.216.10 - - [24/Jul/2026:18:19:00 +0000] "GET /search/detail/GoodID/052433756988 HTTP/1.1" 429 0 "-" "Mozilla/5.0 AppleWebKit/537.36 (KHTML, like Gecko; compatible; ClaudeBot/1.0; [email protected])"
216.73.216.10 - - [24/Jul/2026:18:19:05 +0000] "GET /search/detail/GoodID/051878237691 HTTP/1.1" 429 0 "-" "Mozilla/5.0 AppleWebKit/537.36 (KHTML, like Gecko; compatible; ClaudeBot/1.0; [email protected])"
216.73.216.10 - - [24/Jul/2026:18:19:10 +0000] "GET /search/detail/GoodID/053970887404 HTTP/1.1" 429 0 "-" "Mozilla/5.0 AppleWebKit/537.36 (KHTML, like Gecko; compatible; ClaudeBot/1.0; [email protected])"
2a03:2880:f800:24:: - - [24/Jul/2026:18:19:14 +0000] "GET /?k=63950933731100 HTTP/1.1" 429 0 "-" "Mozilla/5.0 (Macintosh; Intel Mac OS X 10_15_7) AppleWebKit/537.36 (KHTML, like Gecko) Chrome/145.0.0.0 Safari/537.36 (compatible; meta-externalagent/1.1 (+https://developers.facebook.com/docs/sharing/webmasters/crawler))"
216.73.216.10 - - [24/Jul/2026:18:19:16 +0000] "GET /search/detail/GoodID/054168952396?lokasie=%2Fhome%2Fsnownico%2Fanywhere-iptv.com%2Fgoogle8074ed7be21b3b54.html&loknya=%2Fhome%2Fsnownico%2Fanywhere-iptv.com HTTP/1.1" 429 0 "-" "Mozilla/5.0 AppleWebKit/537.36 (KHTML, like Gecko; compatible; ClaudeBot/1.0; [email protected])"
216.73.216.10 - - [24/Jul/2026:18:19:21 +0000] "GET /search/detail/GoodID/054168952396?lokasie=%2Fhome%2Fsnownico%2Fanywhere-iptv.com%2Findex.php&loknya=%2Fhome%2Fsnownico%2Fanywhere-iptv.com HTTP/1.1" 429 0 "-" "Mozilla/5.0 AppleWebKit/537.36 (KHTML, like Gecko; compatible; ClaudeBot/1.0; [email protected])"
216.73.216.10 - - [24/Jul/2026:18:19:26 +0000] "GET /search/detail/GoodID/052277557796?lokasie=%2Fhome%2Fsnownico%2Fanywhere-iptv.com%2Fwp-links-opml.php&loknya=%2Fhome%2Fsnownico%2Fanywhere-iptv.com HTTP/1.1" 429 0 "-" "Mozilla/5.0 AppleWebKit/537.36 (KHTML, like Gecko; compatible; ClaudeBot/1.0; [email protected])"
216.73.216.10 - - [24/Jul/2026:18:19:31 +0000] "GET /search/detail/GoodID/054168952396?lokasie=%2Fhome%2Fsnownico%2Fanywhere-iptv.com%2Fwp-login.php&loknya=%2Fhome%2Fsnownico%2Fanywhere-iptv.com HTTP/1.1" 429 0 "-" "Mozilla/5.0 AppleWebKit/537.36 (KHTML, like Gecko; compatible; ClaudeBot/1.0; [email protected])"
216.73.216.10 - - [24/Jul/2026:18:19:41 +0000] "GET /search/detail/GoodID/053468780995?lokasie=%2Fhome%2Fsnownico%2Fanywhere-iptv.com%2Fwp-links-opml.php&loknya=%2Fhome%2Fsnownico%2Fanywhere-iptv.com HTTP/1.1" 200 2683 "-" "Mozilla/5.0 AppleWebKit/537.36 (KHTML, like Gecko; compatible; ClaudeBot/1.0; [email protected])"
216.73.216.10 - - [24/Jul/2026:18:19:46 +0000] "GET /search/detail/GoodID/052277557796?lokasie=%2Fhome%2Fsnownico%2Fanywhere-iptv.com%2Ffilefuns.php&loknya=%2Fhome%2Fsnownico%2Fanywhere-iptv.com HTTP/1.1" 429 0 "-" "Mozilla/5.0 AppleWebKit/537.36 (KHTML, like Gecko; compatible; ClaudeBot/1.0; [email protected])"
216.73.216.10 - - [24/Jul/2026:18:19:53 +0000] "GET /search/detail/GoodID/054161113856?lokasie=%2Fhome%2Fsnownico%2Fanywhere-iptv.com%2Flicense.txt&loknya=%2Fhome%2Fsnownico%2Fanywhere-iptv.com HTTP/1.1" 429 0 "-" "Mozilla/5.0 AppleWebKit/537.36 (KHTML, like Gecko; compatible; ClaudeBot/1.0; [email protected])"
74.7.227.128 - - [24/Jul/2026:18:19:55 +0000] "GET /search/detail/GoodID/052565196747 HTTP/1.1" 429 0 "https://www.anywhere-iptv.com/sitemap14.xml" "Mozilla/5.0 AppleWebKit/537.36 (KHTML, like Gecko; compatible; GPTBot/1.4; +https://openai.com/gptbot)"
216.73.216.10 - - [24/Jul/2026:18:19:57 +0000] "GET /search/detail/GoodID/052162172054?lokasie=%2Fhome%2Fsnownico%2Fanywhere-iptv.com%2Flicense.txt&loknya=%2Fhome%2Fsnownico%2Fanywhere-iptv.com HTTP/1.1" 429 0 "-" "Mozilla/5.0 AppleWebKit/537.36 (KHTML, like Gecko; compatible; ClaudeBot/1.0; [email protected])"
216.73.216.10 - - [24/Jul/2026:18:20:04 +0000] "GET /search/detail/GoodID/053468780995?lokasie=%2Fhome%2Fsnownico%2Fanywhere-iptv.com%2Freadme.html&loknya=%2Fhome%2Fsnownico%2Fanywhere-iptv.com HTTP/1.1" 429 0 "-" "Mozilla/5.0 AppleWebKit/537.36 (KHTML, like Gecko; compatible; ClaudeBot/1.0; [email protected])"
216.73.216.10 - - [24/Jul/2026:18:20:08 +0000] "GET /search/detail/GoodID/053870117008?lokasie=%2Fhome%2Fsnownico%2Fanywhere-iptv.com%2Findex.php&loknya=%2Fhome%2Fsnownico%2Fanywhere-iptv.com HTTP/1.1" 429 0 "-" "Mozilla/5.0 AppleWebKit/537.36 (KHTML, like Gecko; compatible; ClaudeBot/1.0; [email protected])"
216.73.216.10 - - [24/Jul/2026:18:20:13 +0000] "GET /search/detail/GoodID/053870117008?lokasie=%2Fhome%2Fsnownico%2Fanywhere-iptv.com%2Fgoogle8074ed7be21b3b54.html&loknya=%2Fhome%2Fsnownico%2Fanywhere-iptv.com HTTP/1.1" 429 0 "-" "Mozilla/5.0 AppleWebKit/537.36 (KHTML, like Gecko; compatible; ClaudeBot/1.0; [email protected])"
2a03:2880:f800:31:: - - [24/Jul/2026:18:20:20 +0000] "GET /?k=5766359731100 HTTP/1.1" 429 0 "-" "Mozilla/5.0 (Windows NT 10.0; Win64; x64) AppleWebKit/537.36 (KHTML, like Gecko) Chrome/145.0.0.0 Safari/537.36 (compatible; meta-externalagent/1.1 (+https://developers.facebook.com/docs/sharing/webmasters/crawler))"
216.73.216.10 - - [24/Jul/2026:18:20:23 +0000] "GET /search/detail/GoodID/053870117008?lokasie=%2Fhome%2Fsnownico%2Fanywhere-iptv.com%2Fwp-login.php&loknya=%2Fhome%2Fsnownico%2Fanywhere-iptv.com HTTP/1.1" 429 0 "-" "Mozilla/5.0 AppleWebKit/537.36 (KHTML, like Gecko; compatible; ClaudeBot/1.0; [email protected])"
216.73.216.10 - - [24/Jul/2026:18:20:28 +0000] "GET /search/detail/GoodID/053870117008?lokasie=%2Fhome%2Fsnownico%2Fanywhere-iptv.com%2Fgoogle12f08e4ae2fe7b3e.html&loknya=%2Fhome%2Fsnownico%2Fanywhere-iptv.com HTTP/1.1" 200 1530 "-" "Mozilla/5.0 AppleWebKit/537.36 (KHTML, like Gecko; compatible; ClaudeBot/1.0; [email protected])"
216.73.216.10 - - [24/Jul/2026:18:20:33 +0000] "GET /search/detail/GoodID/053814562295?lokasie=%2Fhome%2Fsnownico%2Fanywhere-iptv.com%2Fwp-blog-header.php&loknya=%2Fhome%2Fsnownico%2Fanywhere-iptv.com HTTP/1.1" 429 0 "-" "Mozilla/5.0 AppleWebKit/537.36 (KHTML, like Gecko; compatible; ClaudeBot/1.0; [email protected])"
216.73.216.10 - - [24/Jul/2026:18:20:39 +0000] "GET /search/detail/GoodID/051675050024?lokasie=%2Fhome%2Fsnownico%2Fanywhere-iptv.com%2Flicense.txt&loknya=%2Fhome%2Fsnownico%2Fanywhere-iptv.com HTTP/1.1" 429 0 "-" "Mozilla/5.0 AppleWebKit/537.36 (KHTML, like Gecko; compatible; ClaudeBot/1.0; [email protected])"
216.73.216.10 - - [24/Jul/2026:18:20:43 +0000] "GET /search/detail/GoodID/052395021231?lokasie=%2Fhome%2Fsnownico%2Fanywhere-iptv.com%2Flicense.txt&loknya=%2Fhome%2Fsnownico%2Fanywhere-iptv.com HTTP/1.1" 429 0 "-" "Mozilla/5.0 AppleWebKit/537.36 (KHTML, like Gecko; compatible; ClaudeBot/1.0; [email protected])"
216.73.216.10 - - [24/Jul/2026:18:20:48 +0000] "GET /search/detail/GoodID/053209610690?lokasie=%2Fhome%2Fsnownico%2Fetc%2Fftpquota&loknya=%2Fhome%2Fsnownico%2Fetc HTTP/1.1" 429 0 "-" "Mozilla/5.0 AppleWebKit/537.36 (KHTML, like Gecko; compatible; ClaudeBot/1.0; [email protected])"
216.73.216.10 - - [24/Jul/2026:18:20:53 +0000] "GET /search/detail/GoodID/05239566207?lokasie=%2Fhome%2Fsnownico%2Fwww%2Flicense.txt&loknya=%2Fhome%2Fsnownico%2Fwww HTTP/1.1" 429 0 "-" "Mozilla/5.0 AppleWebKit/537.36 (KHTML, like Gecko; compatible; ClaudeBot/1.0; [email protected])"
74.7.227.128 - - [24/Jul/2026:18:20:54 +0000] "GET /search/detail/GoodID/051808369154 HTTP/1.1" 429 0 "https://www.anywhere-iptv.com/sitemap14.xml" "Mozilla/5.0 AppleWebKit/537.36 (KHTML, like Gecko; compatible; GPTBot/1.4; +https://openai.com/gptbot)"
216.73.216.10 - - [24/Jul/2026:18:20:58 +0000] "GET /search/detail/GoodID/052279034728?lokasie=%2Fhome%2Fsnownico%2Fanywhere-iptv.com%2Flicense.txt&loknya=%2Fhome%2Fsnownico%2Fanywhere-iptv.com HTTP/1.1" 429 0 "-" "Mozilla/5.0 AppleWebKit/537.36 (KHTML, like Gecko; compatible; ClaudeBot/1.0; [email protected])"
216.73.216.10 - - [24/Jul/2026:18:21:05 +0000] "GET /search/detail/GoodID/05321104377 HTTP/1.1" 429 0 "-" "Mozilla/5.0 AppleWebKit/537.36 (KHTML, like Gecko; compatible; ClaudeBot/1.0; [email protected])"
216.73.216.10 - - [24/Jul/2026:18:21:09 +0000] "GET /search/detail/GoodID/0549519459 HTTP/1.1" 429 0 "-" "Mozilla/5.0 AppleWebKit/537.36 (KHTML, like Gecko; compatible; ClaudeBot/1.0; [email protected])"
216.73.216.10 - - [24/Jul/2026:18:21:20 +0000] "GET /search/detail/GoodID/05685191039?lokasie=%2Fhome%2Fsnownico%2Fanywhere-iptv.com%2Flicense.txt&loknya=%2Fhome%2Fsnownico%2Fanywhere-iptv.com HTTP/1.1" 200 8896 "-" "Mozilla/5.0 AppleWebKit/537.36 (KHTML, like Gecko; compatible; ClaudeBot/1.0; [email protected])"
216.73.216.10 - - [24/Jul/2026:18:21:23 +0000] "GET /search/detail/GoodID/054280115477?lokasie=%2Fhome%2Fsnownico%2Fanywhere-iptv.com%2Flicense.txt&loknya=%2Fhome%2Fsnownico%2Fanywhere-iptv.com HTTP/1.1" 429 0 "-" "Mozilla/5.0 AppleWebKit/537.36 (KHTML, like Gecko; compatible; ClaudeBot/1.0; [email protected])"
2a03:2880:f800:43:: - - [24/Jul/2026:18:21:27 +0000] "GET /wp-sitemap-taxonomies-category-1.xml?lokasie=/home/snownico/anywhere-iptv.com/goods.php&loknya=/home/snownico/anywhere-iptv.com HTTP/1.1" 200 1509 "-" "Mozilla/5.0 (Macintosh; Intel Mac OS X 10_15_7) AppleWebKit/537.36 (KHTML, like Gecko) Chrome/145.0.0.0 Safari/537.36 (compatible; meta-externalagent/1.1 (+https://developers.facebook.com/docs/sharing/webmasters/crawler))"
216.73.216.10 - - [24/Jul/2026:18:21:28 +0000] "GET /search/detail/GoodID/05348200770?lokasie=%2Fhome%2Fsnownico%2Fyassaw.org%2Fsitemap14.xml&loknya=%2Fhome%2Fsnownico%2Fyassaw.org HTTP/1.1" 429 0 "-" "Mozilla/5.0 AppleWebKit/537.36 (KHTML, like Gecko; compatible; ClaudeBot/1.0; [email protected])"
216.73.216.10 - - [24/Jul/2026:18:21:33 +0000] "GET /search/detail/GoodID/051459725417?lokasie=%2Fhome%2Fsnownico%2Fanywhere-iptv.com%2Flicense.txt&loknya=%2Fhome%2Fsnownico%2Fanywhere-iptv.com HTTP/1.1" 429 0 "-" "Mozilla/5.0 AppleWebKit/537.36 (KHTML, like Gecko; compatible; ClaudeBot/1.0; [email protected])"
216.73.216.10 - - [24/Jul/2026:18:21:38 +0000] "GET /search/detail/GoodID/052149911643?lokasie=%2Fhome%2Fsnownico%2F.zshrc&loknya=%2Fhome%2Fsnownico HTTP/1.1" 429 0 "-" "Mozilla/5.0 AppleWebKit/537.36 (KHTML, like Gecko; compatible; ClaudeBot/1.0; [email protected])"
216.73.216.10 - - [24/Jul/2026:18:21:43 +0000] "GET /search/detail/GoodID/053884440715?lokasie=%2Fhome%2Fsnownico%2Fanywhere-iptv.com%2Flicense.txt&loknya=%2Fhome%2Fsnownico%2Fanywhere-iptv.com HTTP/1.1" 429 0 "-" "Mozilla/5.0 AppleWebKit/537.36 (KHTML, like Gecko; compatible; ClaudeBot/1.0; [email protected])"
216.73.216.10 - - [24/Jul/2026:18:21:51 +0000] "GET /search/detail/GoodID/0529576700 HTTP/1.1" 429 0 "-" "Mozilla/5.0 AppleWebKit/537.36 (KHTML, like Gecko; compatible; ClaudeBot/1.0; [email protected])"
216.73.216.10 - - [24/Jul/2026:18:21:54 +0000] "GET /search/detail/GoodID/052901879935 HTTP/1.1" 429 0 "-" "Mozilla/5.0 AppleWebKit/537.36 (KHTML, like Gecko; compatible; ClaudeBot/1.0; [email protected])"
74.7.227.128 - - [24/Jul/2026:18:21:54 +0000] "GET /search/detail/GoodID/051426156782 HTTP/1.1" 429 0 "https://www.anywhere-iptv.com/sitemap14.xml" "Mozilla/5.0 AppleWebKit/537.36 (KHTML, like Gecko; compatible; GPTBot/1.4; +https://openai.com/gptbot)"
216.73.216.10 - - [24/Jul/2026:18:21:59 +0000] "GET /search/detail/GoodID/05351011497 HTTP/1.1" 429 0 "-" "Mozilla/5.0 AppleWebKit/537.36 (KHTML, like Gecko; compatible; ClaudeBot/1.0; [email protected])"
216.73.216.10 - - [24/Jul/2026:18:22:08 +0000] "GET /search/detail/GoodID/052674831234 HTTP/1.1" 200 3442 "-" "Mozilla/5.0 AppleWebKit/537.36 (KHTML, like Gecko; compatible; ClaudeBot/1.0; [email protected])"
216.73.216.10 - - [24/Jul/2026:18:22:11 +0000] "GET /search/detail/GoodID/051170055976 HTTP/1.1" 429 0 "-" "Mozilla/5.0 AppleWebKit/537.36 (KHTML, like Gecko; compatible; ClaudeBot/1.0; [email protected])"
216.73.216.10 - - [24/Jul/2026:18:22:16 +0000] "GET /search/detail/GoodID/053184248348 HTTP/1.1" 429 0 "-" "Mozilla/5.0 AppleWebKit/537.36 (KHTML, like Gecko; compatible; ClaudeBot/1.0; [email protected])"
216.73.216.10 - - [24/Jul/2026:18:22:21 +0000] "GET /search/detail/GoodID/054078303448 HTTP/1.1" 429 0 "-" "Mozilla/5.0 AppleWebKit/537.36 (KHTML, like Gecko; compatible; ClaudeBot/1.0; [email protected])"
216.73.216.10 - - [24/Jul/2026:18:22:26 +0000] "GET /search/detail/GoodID/052402034201 HTTP/1.1" 429 0 "-" "Mozilla/5.0 AppleWebKit/537.36 (KHTML, like Gecko; compatible; ClaudeBot/1.0; [email protected])"
216.73.216.10 - - [24/Jul/2026:18:22:31 +0000] "GET /search/detail/GoodID/053313230187 HTTP/1.1" 429 0 "-" "Mozilla/5.0 AppleWebKit/537.36 (KHTML, like Gecko; compatible; ClaudeBot/1.0; [email protected])"
2a03:2880:f800:32:: - - [24/Jul/2026:18:22:33 +0000] "GET /?p=1809 HTTP/1.1" 429 0 "-" "Mozilla/5.0 (Windows NT 10.0; Win64; x64) AppleWebKit/537.36 (KHTML, like Gecko) Chrome/145.0.0.0 Safari/537.36 (compatible; meta-externalagent/1.1 (+https://developers.facebook.com/docs/sharing/webmasters/crawler))"
216.73.216.10 - - [24/Jul/2026:18:22:36 +0000] "GET /search/detail/GoodID/054012192483 HTTP/1.1" 429 0 "-" "Mozilla/5.0 AppleWebKit/537.36 (KHTML, like Gecko; compatible; ClaudeBot/1.0; [email protected])"
216.73.216.10 - - [24/Jul/2026:18:22:41 +0000] "GET /search/detail/GoodID/051404816873 HTTP/1.1" 429 0 "-" "Mozilla/5.0 AppleWebKit/537.36 (KHTML, like Gecko; compatible; ClaudeBot/1.0; [email protected])"
216.73.216.10 - - [24/Jul/2026:18:22:46 +0000] "GET /search/detail/GoodID/051047809219 HTTP/1.1" 429 0 "-" "Mozilla/5.0 AppleWebKit/537.36 (KHTML, like Gecko; compatible; ClaudeBot/1.0; [email protected])"
216.73.216.10 - - [24/Jul/2026:18:22:57 +0000] "GET /search/detail/GoodID/052945889923 HTTP/1.1" 200 3415 "-" "Mozilla/5.0 AppleWebKit/537.36 (KHTML, like Gecko; compatible; ClaudeBot/1.0; [email protected])"
74.7.227.128 - - [24/Jul/2026:18:22:59 +0000] "GET /search/detail/GoodID/053907146800 HTTP/1.1" 429 0 "https://www.anywhere-iptv.com/sitemap14.xml" "Mozilla/5.0 AppleWebKit/537.36 (KHTML, like Gecko; compatible; GPTBot/1.4; +https://openai.com/gptbot)"
216.73.216.10 - - [24/Jul/2026:18:23:01 +0000] "GET /search/detail/GoodID/052800559471 HTTP/1.1" 429 0 "-" "Mozilla/5.0 AppleWebKit/537.36 (KHTML, like Gecko; compatible; ClaudeBot/1.0; [email protected])"
216.73.216.10 - - [24/Jul/2026:18:23:02 +0000] "GET /search/detail/GoodID/053670222676 HTTP/1.1" 429 0 "-" "Mozilla/5.0 AppleWebKit/537.36 (KHTML, like Gecko; compatible; ClaudeBot/1.0; [email protected])"
216.73.216.10 - - [24/Jul/2026:18:23:07 +0000] "GET /search/detail/GoodID/053234576614 HTTP/1.1" 429 0 "-" "Mozilla/5.0 AppleWebKit/537.36 (KHTML, like Gecko; compatible; ClaudeBot/1.0; [email protected])"
216.73.216.10 - - [24/Jul/2026:18:23:12 +0000] "GET /search/detail/GoodID/053315008216 HTTP/1.1" 429 0 "-" "Mozilla/5.0 AppleWebKit/537.36 (KHTML, like Gecko; compatible; ClaudeBot/1.0; [email protected])"
2a03:2880:f800:e:: - - [24/Jul/2026:18:23:13 +0000] "GET /?k=88253083981100 HTTP/1.1" 429 0 "-" "Mozilla/5.0 (Windows NT 10.0; Win64; x64) AppleWebKit/537.36 (KHTML, like Gecko) Chrome/145.0.0.0 Safari/537.36 (compatible; meta-externalagent/1.1 (+https://developers.facebook.com/docs/sharing/webmasters/crawler))"
216.73.216.10 - - [24/Jul/2026:18:23:17 +0000] "GET /search/detail/GoodID/051977795972 HTTP/1.1" 429 0 "-" "Mozilla/5.0 AppleWebKit/537.36 (KHTML, like Gecko; compatible; ClaudeBot/1.0; [email protected])"
2a03:2880:f800:33:: - - [24/Jul/2026:18:23:17 +0000] "GET /?p=1498 HTTP/1.1" 429 0 "-" "Mozilla/5.0 (Macintosh; Intel Mac OS X 10_15_7) AppleWebKit/537.36 (KHTML, like Gecko) Chrome/145.0.0.0 Safari/537.36 (compatible; meta-externalagent/1.1 (+https://developers.facebook.com/docs/sharing/webmasters/crawler))"
216.73.216.10 - - [24/Jul/2026:18:23:22 +0000] "GET /search/detail/GoodID/052687501842 HTTP/1.1" 429 0 "-" "Mozilla/5.0 AppleWebKit/537.36 (KHTML, like Gecko; compatible; ClaudeBot/1.0; [email protected])"
2a03:2880:f800:1d:: - - [24/Jul/2026:18:23:23 +0000] "GET /?p=10135 HTTP/1.1" 429 0 "-" "Mozilla/5.0 (Macintosh; Intel Mac OS X 10_15_7) AppleWebKit/537.36 (KHTML, like Gecko) Chrome/145.0.0.0 Safari/537.36 (compatible; meta-externalagent/1.1 (+https://developers.facebook.com/docs/sharing/webmasters/crawler))"
216.73.216.10 - - [24/Jul/2026:18:23:27 +0000] "GET /search/detail/GoodID/053803513983 HTTP/1.1" 429 0 "-" "Mozilla/5.0 AppleWebKit/537.36 (KHTML, like Gecko; compatible; ClaudeBot/1.0; [email protected])"
2a03:2880:f800:11:: - - [24/Jul/2026:18:23:29 +0000] "GET /?k=8729400231100 HTTP/1.1" 200 3432 "-" "Mozilla/5.0 (Windows NT 10.0; Win64; x64) AppleWebKit/537.36 (KHTML, like Gecko) Chrome/145.0.0.0 Safari/537.36 (compatible; meta-externalagent/1.1 (+https://developers.facebook.com/docs/sharing/webmasters/crawler))"
216.73.216.10 - - [24/Jul/2026:18:23:32 +0000] "GET /search/detail/GoodID/052403812246 HTTP/1.1" 429 0 "-" "Mozilla/5.0 AppleWebKit/537.36 (KHTML, like Gecko; compatible; ClaudeBot/1.0; [email protected])"
2a03:2880:f800:6:: - - [24/Jul/2026:18:23:34 +0000] "GET /?k=37169656481100 HTTP/1.1" 429 0 "-" "Mozilla/5.0 (Windows NT 10.0; Win64; x64) AppleWebKit/537.36 (KHTML, like Gecko) Chrome/145.0.0.0 Safari/537.36 (compatible; meta-externalagent/1.1 (+https://developers.facebook.com/docs/sharing/webmasters/crawler))"
216.73.216.10 - - [24/Jul/2026:18:23:37 +0000] "GET /search/detail/GoodID/052951854349 HTTP/1.1" 429 0 "-" "Mozilla/5.0 AppleWebKit/537.36 (KHTML, like Gecko; compatible; ClaudeBot/1.0; [email protected])"
216.73.216.10 - - [24/Jul/2026:18:23:44 +0000] "GET /search/detail/GoodID/052187819647 HTTP/1.1" 200 3415 "-" "Mozilla/5.0 AppleWebKit/537.36 (KHTML, like Gecko; compatible; ClaudeBot/1.0; [email protected])"
216.73.216.10 - - [24/Jul/2026:18:23:47 +0000] "GET /search/detail/GoodID/053020999671 HTTP/1.1" 429 0 "-" "Mozilla/5.0 AppleWebKit/537.36 (KHTML, like Gecko; compatible; ClaudeBot/1.0; [email protected])"
216.73.216.10 - - [24/Jul/2026:18:23:52 +0000] "GET /search/detail/GoodID/052165712266 HTTP/1.1" 429 0 "-" "Mozilla/5.0 AppleWebKit/537.36 (KHTML, like Gecko; compatible; ClaudeBot/1.0; [email protected])"
216.73.216.10 - - [24/Jul/2026:18:23:57 +0000] "GET /search/detail/GoodID/051618107813 HTTP/1.1" 429 0 "-" "Mozilla/5.0 AppleWebKit/537.36 (KHTML, like Gecko; compatible; ClaudeBot/1.0; [email protected])"
74.7.227.128 - - [24/Jul/2026:18:23:59 +0000] "GET /search/detail/GoodID/052450966751 HTTP/1.1" 429 0 "https://www.anywhere-iptv.com/sitemap.xml" "Mozilla/5.0 AppleWebKit/537.36 (KHTML, like Gecko; compatible; GPTBot/1.4; +https://openai.com/gptbot)"
216.73.216.10 - - [24/Jul/2026:18:24:02 +0000] "GET /search/detail/GoodID/05365213492 HTTP/1.1" 429 0 "-" "Mozilla/5.0 AppleWebKit/537.36 (KHTML, like Gecko; compatible; ClaudeBot/1.0; [email protected])"
216.73.216.10 - - [24/Jul/2026:18:24:07 +0000] "GET /search/detail/GoodID/053332791626 HTTP/1.1" 429 0 "-" "Mozilla/5.0 AppleWebKit/537.36 (KHTML, like Gecko; compatible; ClaudeBot/1.0; [email protected])"
216.73.216.10 - - [24/Jul/2026:18:24:12 +0000] "GET /search/detail/GoodID/052293178831 HTTP/1.1" 429 0 "-" "Mozilla/5.0 AppleWebKit/537.36 (KHTML, like Gecko; compatible; ClaudeBot/1.0; [email protected])"
2a03:2880:f800:12:: - - [24/Jul/2026:18:24:14 +0000] "GET /?k=27721800231100 HTTP/1.1" 429 0 "-" "Mozilla/5.0 (Windows NT 10.0; Win64; x64) AppleWebKit/537.36 (KHTML, like Gecko) Chrome/145.0.0.0 Safari/537.36 (compatible; meta-externalagent/1.1 (+https://developers.facebook.com/docs/sharing/webmasters/crawler))"
2a03:2880:f800:1b:: - - [24/Jul/2026:18:24:16 +0000] "GET /?k=80455519731100 HTTP/1.1" 429 0 "-" "Mozilla/5.0 (Macintosh; Intel Mac OS X 10_15_7) AppleWebKit/537.36 (KHTML, like Gecko) Chrome/145.0.0.0 Safari/537.36 (compatible; meta-externalagent/1.1 (+https://developers.facebook.com/docs/sharing/webmasters/crawler))"
216.73.216.10 - - [24/Jul/2026:18:24:17 +0000] "GET /search/detail/GoodID/051269393450 HTTP/1.1" 429 0 "-" "Mozilla/5.0 AppleWebKit/537.36 (KHTML, like Gecko; compatible; ClaudeBot/1.0; [email protected])"
2a03:2880:f800:3f:: - - [24/Jul/2026:18:24:21 +0000] "GET /?k=72403949981100 HTTP/1.1" 429 0 "-" "Mozilla/5.0 (Windows NT 10.0; Win64; x64) AppleWebKit/537.36 (KHTML, like Gecko) Chrome/145.0.0.0 Safari/537.36 (compatible; meta-externalagent/1.1 (+https://developers.facebook.com/docs/sharing/webmasters/crawler))"
216.73.216.10 - - [24/Jul/2026:18:24:22 +0000] "GET /search/detail/GoodID/053169966436 HTTP/1.1" 429 0 "-" "Mozilla/5.0 AppleWebKit/537.36 (KHTML, like Gecko; compatible; ClaudeBot/1.0; [email protected])"
2a03:2880:f800:29:: - - [24/Jul/2026:18:24:26 +0000] "GET /?k=70701327731100 HTTP/1.1" 429 0 "-" "Mozilla/5.0 (Windows NT 10.0; Win64; x64) AppleWebKit/537.36 (KHTML, like Gecko) Chrome/145.0.0.0 Safari/537.36 (compatible; meta-externalagent/1.1 (+https://developers.facebook.com/docs/sharing/webmasters/crawler))"
216.73.216.10 - - [24/Jul/2026:18:24:27 +0000] "GET /search/detail/GoodID/05941118423 HTTP/1.1" 200 3415 "-" "Mozilla/5.0 AppleWebKit/537.36 (KHTML, like Gecko; compatible; ClaudeBot/1.0; [email protected])"
2a03:2880:f800:45:: - - [24/Jul/2026:18:24:32 +0000] "GET /?p=6876 HTTP/1.1" 429 0 "-" "Mozilla/5.0 (Windows NT 10.0; Win64; x64) AppleWebKit/537.36 (KHTML, like Gecko) Chrome/145.0.0.0 Safari/537.36 (compatible; meta-externalagent/1.1 (+https://developers.facebook.com/docs/sharing/webmasters/crawler))"
216.73.216.10 - - [24/Jul/2026:18:24:32 +0000] "GET /search/detail/GoodID/052750021918 HTTP/1.1" 429 0 "-" "Mozilla/5.0 AppleWebKit/537.36 (KHTML, like Gecko; compatible; ClaudeBot/1.0; [email protected])"
216.73.216.10 - - [24/Jul/2026:18:24:37 +0000] "GET /search/detail/GoodID/052594441427 HTTP/1.1" 429 0 "-" "Mozilla/5.0 AppleWebKit/537.36 (KHTML, like Gecko; compatible; ClaudeBot/1.0; [email protected])"
2a03:2880:f800:38:: - - [24/Jul/2026:18:24:38 +0000] "GET /?p=9867 HTTP/1.1" 429 0 "-" "Mozilla/5.0 (Macintosh; Intel Mac OS X 10_15_7) AppleWebKit/537.36 (KHTML, like Gecko) Chrome/145.0.0.0 Safari/537.36 (compatible; meta-externalagent/1.1 (+https://developers.facebook.com/docs/sharing/webmasters/crawler))"
2a03:2880:f800:40:: - - [24/Jul/2026:18:24:41 +0000] "GET /?p=1553 HTTP/1.1" 429 0 "-" "Mozilla/5.0 (Macintosh; Intel Mac OS X 10_15_7) AppleWebKit/537.36 (KHTML, like Gecko) Chrome/145.0.0.0 Safari/537.36 (compatible; meta-externalagent/1.1 (+https://developers.facebook.com/docs/sharing/webmasters/crawler))"
216.73.216.10 - - [24/Jul/2026:18:24:42 +0000] "GET /search/detail/GoodID/05852343621 HTTP/1.1" 429 0 "-" "Mozilla/5.0 AppleWebKit/537.36 (KHTML, like Gecko; compatible; ClaudeBot/1.0; [email protected])"
216.73.216.10 - - [24/Jul/2026:18:24:47 +0000] "GET /search/detail/GoodID/052949266612 HTTP/1.1" 429 0 "-" "Mozilla/5.0 AppleWebKit/537.36 (KHTML, like Gecko; compatible; ClaudeBot/1.0; [email protected])"
216.73.216.10 - - [24/Jul/2026:18:24:52 +0000] "GET /search/detail/GoodID/052450063450 HTTP/1.1" 429 0 "-" "Mozilla/5.0 AppleWebKit/537.36 (KHTML, like Gecko; compatible; ClaudeBot/1.0; [email protected])"
216.73.216.10 - - [24/Jul/2026:18:24:57 +0000] "GET /search/detail/GoodID/053173343125 HTTP/1.1" 429 0 "-" "Mozilla/5.0 AppleWebKit/537.36 (KHTML, like Gecko; compatible; ClaudeBot/1.0; [email protected])"
74.7.227.128 - - [24/Jul/2026:18:25:00 +0000] "GET /search/detail/GoodID/051386426343 HTTP/1.1" 429 0 "https://www.anywhere-iptv.com/sitemap.xml" "Mozilla/5.0 AppleWebKit/537.36 (KHTML, like Gecko; compatible; GPTBot/1.4; +https://openai.com/gptbot)"
216.73.216.10 - - [24/Jul/2026:18:25:02 +0000] "GET /search/detail/GoodID/051522724542 HTTP/1.1" 429 0 "-" "Mozilla/5.0 AppleWebKit/537.36 (KHTML, like Gecko; compatible; ClaudeBot/1.0; [email protected])"
216.73.216.10 - - [24/Jul/2026:18:25:07 +0000] "GET /search/detail/GoodID/053143272498 HTTP/1.1" 429 0 "-" "Mozilla/5.0 AppleWebKit/537.36 (KHTML, like Gecko; compatible; ClaudeBot/1.0; [email protected])"
216.73.216.10 - - [24/Jul/2026:18:25:13 +0000] "GET /search/detail/GoodID/051410841406 HTTP/1.1" 200 3442 "-" "Mozilla/5.0 AppleWebKit/537.36 (KHTML, like Gecko; compatible; ClaudeBot/1.0; [email protected])"
216.73.216.10 - - [24/Jul/2026:18:25:17 +0000] "GET /search/detail/GoodID/051877025576 HTTP/1.1" 429 0 "-" "Mozilla/5.0 AppleWebKit/537.36 (KHTML, like Gecko; compatible; ClaudeBot/1.0; [email protected])"
216.73.216.10 - - [24/Jul/2026:18:25:25 +0000] "GET /search/detail/GoodID/051730483025?loknya=%2Fhome%2Fsnownico%2Fanywhere-iptv.com%2Fwp-includes%2FRequests HTTP/1.1" 429 0 "-" "Mozilla/5.0 AppleWebKit/537.36 (KHTML, like Gecko; compatible; ClaudeBot/1.0; [email protected])"
216.73.216.10 - - [24/Jul/2026:18:25:29 +0000] "GET /search/detail/GoodID/05809846845?loknya=%2Fhome HTTP/1.1" 429 0 "-" "Mozilla/5.0 AppleWebKit/537.36 (KHTML, like Gecko; compatible; ClaudeBot/1.0; [email protected])"
216.73.216.10 - - [24/Jul/2026:18:25:35 +0000] "GET /search/detail/GoodID/05734218187?loknya=%2Fhome7 HTTP/1.1" 429 0 "-" "Mozilla/5.0 AppleWebKit/537.36 (KHTML, like Gecko; compatible; ClaudeBot/1.0; [email protected])"
216.73.216.10 - - [24/Jul/2026:18:25:39 +0000] "GET /search/detail/GoodID/05124648682?loknya=%2Fhome5 HTTP/1.1" 429 0 "-" "Mozilla/5.0 AppleWebKit/537.36 (KHTML, like Gecko; compatible; ClaudeBot/1.0; [email protected])"
216.73.216.10 - - [24/Jul/2026:18:25:44 +0000] "GET /search/detail/GoodID/053309472178?loknya=%2Fhome HTTP/1.1" 429 0 "-" "Mozilla/5.0 AppleWebKit/537.36 (KHTML, like Gecko; compatible; ClaudeBot/1.0; [email protected])"
2a03:2880:f800:1b:: - - [24/Jul/2026:18:25:48 +0000] "GET /?k=64994028231100 HTTP/1.1" 429 0 "-" "Mozilla/5.0 (Windows NT 10.0; Win64; x64) AppleWebKit/537.36 (KHTML, like Gecko) Chrome/145.0.0.0 Safari/537.36 (compatible; meta-externalagent/1.1 (+https://developers.facebook.com/docs/sharing/webmasters/crawler))"
216.73.216.10 - - [24/Jul/2026:18:25:50 +0000] "GET /search/detail/GoodID/052219626524?loknya=%2Fhome%2Fsnownico%2Fanywhere-iptv.com%2Fwp-includes%2Fstyle-engine HTTP/1.1" 429 0 "-" "Mozilla/5.0 AppleWebKit/537.36 (KHTML, like Gecko; compatible; ClaudeBot/1.0; [email protected])"
216.73.216.10 - - [24/Jul/2026:18:25:54 +0000] "GET /search/detail/GoodID/053209610690?loknya=%2Fhome%2Fsnownico%2Fnederland-iptv.com%2Fwp-admin%2Fcss HTTP/1.1" 429 0 "-" "Mozilla/5.0 AppleWebKit/537.36 (KHTML, like Gecko; compatible; ClaudeBot/1.0; [email protected])"
216.73.216.10 - - [24/Jul/2026:18:25:59 +0000] "GET /search/detail/GoodID/0530667087?loknya=%2Fhome%2Fsnownico%2Fmax-iptv4k.com%2Fcgi-bin HTTP/1.1" 200 2065 "-" "Mozilla/5.0 AppleWebKit/537.36 (KHTML, like Gecko; compatible; ClaudeBot/1.0; [email protected])"
74.7.227.128 - - [24/Jul/2026:18:26:02 +0000] "GET /search/detail/GoodID/052419287974 HTTP/1.1" 429 0 "https://www.anywhere-iptv.com/sitemap.xml" "Mozilla/5.0 AppleWebKit/537.36 (KHTML, like Gecko; compatible; GPTBot/1.4; +https://openai.com/gptbot)"
216.73.216.10 - - [24/Jul/2026:18:26:04 +0000] "GET /search/detail/GoodID/051292674145?loknya=%2Fhome HTTP/1.1" 429 0 "-" "Mozilla/5.0 AppleWebKit/537.36 (KHTML, like Gecko; compatible; ClaudeBot/1.0; [email protected])"
216.73.216.10 - - [24/Jul/2026:18:26:09 +0000] "GET /search/detail/GoodID/052390700654?loknya=%2Fhome HTTP/1.1" 429 0 "-" "Mozilla/5.0 AppleWebKit/537.36 (KHTML, like Gecko; compatible; ClaudeBot/1.0; [email protected])"
216.73.216.10 - - [24/Jul/2026:18:26:14 +0000] "GET /search/detail/GoodID/053048137251?loknya=%2Fhome2 HTTP/1.1" 429 0 "-" "Mozilla/5.0 AppleWebKit/537.36 (KHTML, like Gecko; compatible; ClaudeBot/1.0; [email protected])"
