17.22.253.182 - - [17/Jul/2026:06:05:35 +0000] "GET /wp-content/plugins/elementor/assets/css/widget-image.min.css?ver=3.32.4 HTTP/2" 200 119 "https://www.yassaw.com/unraveling-the-power-of-nutrition/" "Mozilla/5.0 (Macintosh; Intel Mac OS X 10_15_7) AppleWebKit/605.1.15 (KHTML, like Gecko) Version/17.4 Safari/605.1.15 (Applebot/0.1; +http://www.apple.com/go/applebot)"
17.22.253.182 - - [17/Jul/2026:06:05:37 +0000] "GET /wp-content/plugins/elementor-pro/assets/css/widget-nav-menu.min.css?ver=3.25.3 HTTP/2" 200 3142 "https://www.yassaw.com/unraveling-the-power-of-nutrition/" "Mozilla/5.0 (Macintosh; Intel Mac OS X 10_15_7) AppleWebKit/605.1.15 (KHTML, like Gecko) Version/17.4 Safari/605.1.15 (Applebot/0.1; +http://www.apple.com/go/applebot)"
18.136.194.21 - - [17/Jul/2026:06:05:34 +0000] "GET /local/.env HTTP/1.1" 404 35281 "-" "Mozilla/5.0 (X11; Linux x86_64) AppleWebKit/537.36 (KHTML, like Gecko) Chrome/131.0.0.0 Safari/537.36"
17.22.253.182 - - [17/Jul/2026:06:05:38 +0000] "GET /wp-content/plugins/elementor/assets/css/widget-heading.min.css?ver=3.32.4 HTTP/2" 200 154 "https://www.yassaw.com/unraveling-the-power-of-nutrition/" "Mozilla/5.0 (Macintosh; Intel Mac OS X 10_15_7) AppleWebKit/605.1.15 (KHTML, like Gecko) Version/17.4 Safari/605.1.15 (Applebot/0.1; +http://www.apple.com/go/applebot)"
17.22.253.182 - - [17/Jul/2026:06:05:40 +0000] "GET /wp-content/plugins/elementor/assets/css/widget-icon-list.min.css?ver=3.32.4 HTTP/2" 200 961 "https://www.yassaw.com/unraveling-the-power-of-nutrition/" "Mozilla/5.0 (Macintosh; Intel Mac OS X 10_15_7) AppleWebKit/605.1.15 (KHTML, like Gecko) Version/17.4 Safari/605.1.15 (Applebot/0.1; +http://www.apple.com/go/applebot)"
18.136.194.21 - - [17/Jul/2026:06:05:37 +0000] "GET /portal/.env HTTP/1.1" 404 35281 "-" "Mozilla/5.0 (X11; Linux x86_64) AppleWebKit/537.36 (KHTML, like Gecko) Chrome/131.0.0.0 Safari/537.36"
17.22.253.182 - - [17/Jul/2026:06:05:41 +0000] "GET /wp-content/plugins/elementor-pro/assets/css/conditionals/popup.min.css?ver=3.25.3 HTTP/2" 200 322 "https://www.yassaw.com/unraveling-the-power-of-nutrition/" "Mozilla/5.0 (Macintosh; Intel Mac OS X 10_15_7) AppleWebKit/605.1.15 (KHTML, like Gecko) Version/17.4 Safari/605.1.15 (Applebot/0.1; +http://www.apple.com/go/applebot)"
17.22.253.182 - - [17/Jul/2026:06:05:43 +0000] "GET /wp-content/uploads/elementor/css/post-69.css?ver=1760911995 HTTP/2" 200 379 "https://www.yassaw.com/unraveling-the-power-of-nutrition/" "Mozilla/5.0 (Macintosh; Intel Mac OS X 10_15_7) AppleWebKit/605.1.15 (KHTML, like Gecko) Version/17.4 Safari/605.1.15 (Applebot/0.1; +http://www.apple.com/go/applebot)"
17.22.253.182 - - [17/Jul/2026:06:05:44 +0000] "GET /wp-content/uploads/elementor/css/post-140.css?ver=1760802133 HTTP/2" 200 1473 "https://www.yassaw.com/unraveling-the-power-of-nutrition/" "Mozilla/5.0 (Macintosh; Intel Mac OS X 10_15_7) AppleWebKit/605.1.15 (KHTML, like Gecko) Version/17.4 Safari/605.1.15 (Applebot/0.1; +http://www.apple.com/go/applebot)"
18.136.194.21 - - [17/Jul/2026:06:05:41 +0000] "GET /dashboard/.env HTTP/1.1" 404 35281 "-" "Mozilla/5.0 (X11; Linux x86_64) AppleWebKit/537.36 (KHTML, like Gecko) Chrome/131.0.0.0 Safari/537.36"
17.22.253.182 - - [17/Jul/2026:06:05:46 +0000] "GET /wp-content/uploads/elementor/css/post-147.css?ver=1760802133 HTTP/2" 200 1411 "https://www.yassaw.com/unraveling-the-power-of-nutrition/" "Mozilla/5.0 (Macintosh; Intel Mac OS X 10_15_7) AppleWebKit/605.1.15 (KHTML, like Gecko) Version/17.4 Safari/605.1.15 (Applebot/0.1; +http://www.apple.com/go/applebot)"
17.22.253.182 - - [17/Jul/2026:06:05:47 +0000] "GET /wp-includes/js/jquery/jquery.min.js?ver=3.7.1 HTTP/2" 200 29744 "https://www.yassaw.com/unraveling-the-power-of-nutrition/" "Mozilla/5.0 (Macintosh; Intel Mac OS X 10_15_7) AppleWebKit/605.1.15 (KHTML, like Gecko) Version/17.4 Safari/605.1.15 (Applebot/0.1; +http://www.apple.com/go/applebot)"
17.22.253.182 - - [17/Jul/2026:06:05:49 +0000] "GET /wp-includes/js/jquery/jquery-migrate.min.js?ver=3.4.1 HTTP/2" 200 4678 "https://www.yassaw.com/unraveling-the-power-of-nutrition/" "Mozilla/5.0 (Macintosh; Intel Mac OS X 10_15_7) AppleWebKit/605.1.15 (KHTML, like Gecko) Version/17.4 Safari/605.1.15 (Applebot/0.1; +http://www.apple.com/go/applebot)"
18.136.194.21 - - [17/Jul/2026:06:05:46 +0000] "GET /panel/.env HTTP/1.1" 404 35281 "-" "Mozilla/5.0 (X11; Linux x86_64) AppleWebKit/537.36 (KHTML, like Gecko) Chrome/131.0.0.0 Safari/537.36"
17.22.253.182 - - [17/Jul/2026:06:05:50 +0000] "GET /wp-content/plugins/elementor-pro/assets/css/modules/motion-fx.min.css?ver=3.25.3 HTTP/2" 200 210 "https://www.yassaw.com/unraveling-the-power-of-nutrition/" "Mozilla/5.0 (Macintosh; Intel Mac OS X 10_15_7) AppleWebKit/605.1.15 (KHTML, like Gecko) Version/17.4 Safari/605.1.15 (Applebot/0.1; +http://www.apple.com/go/applebot)"
17.22.253.182 - - [17/Jul/2026:06:05:52 +0000] "GET /wp-content/plugins/cookieadmin/assets/js/consent.js?ver=1.1.1 HTTP/2" 200 4278 "https://www.yassaw.com/unraveling-the-power-of-nutrition/" "Mozilla/5.0 (Macintosh; Intel Mac OS X 10_15_7) AppleWebKit/605.1.15 (KHTML, like Gecko) Version/17.4 Safari/605.1.15 (Applebot/0.1; +http://www.apple.com/go/applebot)"
17.22.253.182 - - [17/Jul/2026:06:05:53 +0000] "GET /wp-content/themes/hello-elementor/assets/js/hello-frontend.js?ver=3.4.4 HTTP/2" 200 496 "https://www.yassaw.com/unraveling-the-power-of-nutrition/" "Mozilla/5.0 (Macintosh; Intel Mac OS X 10_15_7) AppleWebKit/605.1.15 (KHTML, like Gecko) Version/17.4 Safari/605.1.15 (Applebot/0.1; +http://www.apple.com/go/applebot)"
18.136.194.21 - - [17/Jul/2026:06:05:50 +0000] "GET /crm/.env HTTP/1.1" 404 35281 "-" "Mozilla/5.0 (X11; Linux x86_64) AppleWebKit/537.36 (KHTML, like Gecko) Chrome/131.0.0.0 Safari/537.36"
17.22.253.182 - - [17/Jul/2026:06:05:55 +0000] "GET /wp-content/plugins/elementor/assets/js/webpack.runtime.min.js?ver=3.32.4 HTTP/2" 200 2320 "https://www.yassaw.com/unraveling-the-power-of-nutrition/" "Mozilla/5.0 (Macintosh; Intel Mac OS X 10_15_7) AppleWebKit/605.1.15 (KHTML, like Gecko) Version/17.4 Safari/605.1.15 (Applebot/0.1; +http://www.apple.com/go/applebot)"
17.22.253.182 - - [17/Jul/2026:06:05:56 +0000] "GET /wp-content/plugins/elementor/assets/js/frontend-modules.min.js?ver=3.32.4 HTTP/2" 200 17961 "https://www.yassaw.com/unraveling-the-power-of-nutrition/" "Mozilla/5.0 (Macintosh; Intel Mac OS X 10_15_7) AppleWebKit/605.1.15 (KHTML, like Gecko) Version/17.4 Safari/605.1.15 (Applebot/0.1; +http://www.apple.com/go/applebot)"
18.136.194.21 - - [17/Jul/2026:06:05:54 +0000] "GET /erp/.env HTTP/1.1" 404 35281 "-" "Mozilla/5.0 (X11; Linux x86_64) AppleWebKit/537.36 (KHTML, like Gecko) Chrome/131.0.0.0 Safari/537.36"
17.22.253.182 - - [17/Jul/2026:06:05:58 +0000] "GET /wp-includes/js/jquery/ui/core.min.js?ver=1.13.3 HTTP/2" 200 6812 "https://www.yassaw.com/unraveling-the-power-of-nutrition/" "Mozilla/5.0 (Macintosh; Intel Mac OS X 10_15_7) AppleWebKit/605.1.15 (KHTML, like Gecko) Version/17.4 Safari/605.1.15 (Applebot/0.1; +http://www.apple.com/go/applebot)"
17.22.253.182 - - [17/Jul/2026:06:05:59 +0000] "GET /wp-content/plugins/elementor/assets/js/frontend.min.js?ver=3.32.4 HTTP/2" 200 10164 "https://www.yassaw.com/unraveling-the-power-of-nutrition/" "Mozilla/5.0 (Macintosh; Intel Mac OS X 10_15_7) AppleWebKit/605.1.15 (KHTML, like Gecko) Version/17.4 Safari/605.1.15 (Applebot/0.1; +http://www.apple.com/go/applebot)"
18.136.194.21 - - [17/Jul/2026:06:05:57 +0000] "GET /shop/.env HTTP/1.1" 404 35281 "-" "Mozilla/5.0 (X11; Linux x86_64) AppleWebKit/537.36 (KHTML, like Gecko) Chrome/131.0.0.0 Safari/537.36"
17.22.253.182 - - [17/Jul/2026:06:06:00 +0000] "GET /wp-content/plugins/elementor-pro/assets/lib/smartmenus/jquery.smartmenus.min.js?ver=1.2.1 HTTP/2" 200 6867 "https://www.yassaw.com/unraveling-the-power-of-nutrition/" "Mozilla/5.0 (Macintosh; Intel Mac OS X 10_15_7) AppleWebKit/605.1.15 (KHTML, like Gecko) Version/17.4 Safari/605.1.15 (Applebot/0.1; +http://www.apple.com/go/applebot)"
17.22.253.182 - - [17/Jul/2026:06:06:02 +0000] "GET /wp-content/plugins/cookieadmin-pro/assets/js/consent.js?ver=1.1.1 HTTP/2" 200 383 "https://www.yassaw.com/unraveling-the-power-of-nutrition/" "Mozilla/5.0 (Macintosh; Intel Mac OS X 10_15_7) AppleWebKit/605.1.15 (KHTML, like Gecko) Version/17.4 Safari/605.1.15 (Applebot/0.1; +http://www.apple.com/go/applebot)"
17.22.253.182 - - [17/Jul/2026:06:06:03 +0000] "GET /wp-content/plugins/elementor-pro/assets/js/webpack-pro.runtime.min.js?ver=3.25.3 HTTP/2" 200 2628 "https://www.yassaw.com/unraveling-the-power-of-nutrition/" "Mozilla/5.0 (Macintosh; Intel Mac OS X 10_15_7) AppleWebKit/605.1.15 (KHTML, like Gecko) Version/17.4 Safari/605.1.15 (Applebot/0.1; +http://www.apple.com/go/applebot)"
17.22.253.182 - - [17/Jul/2026:06:06:05 +0000] "GET /wp-includes/js/dist/hooks.min.js?ver=7496969728ca0f95732d HTTP/2" 200 1734 "https://www.yassaw.com/unraveling-the-power-of-nutrition/" "Mozilla/5.0 (Macintosh; Intel Mac OS X 10_15_7) AppleWebKit/605.1.15 (KHTML, like Gecko) Version/17.4 Safari/605.1.15 (Applebot/0.1; +http://www.apple.com/go/applebot)"
18.136.194.21 - - [17/Jul/2026:06:06:01 +0000] "GET /store/.env HTTP/1.1" 404 35281 "-" "Mozilla/5.0 (X11; Linux x86_64) AppleWebKit/537.36 (KHTML, like Gecko) Chrome/131.0.0.0 Safari/537.36"
17.22.253.182 - - [17/Jul/2026:06:06:06 +0000] "GET /wp-includes/js/dist/i18n.min.js?ver=781d11515ad3d91786ec HTTP/2" 200 2354 "https://www.yassaw.com/unraveling-the-power-of-nutrition/" "Mozilla/5.0 (Macintosh; Intel Mac OS X 10_15_7) AppleWebKit/605.1.15 (KHTML, like Gecko) Version/17.4 Safari/605.1.15 (Applebot/0.1; +http://www.apple.com/go/applebot)"
17.22.253.182 - - [17/Jul/2026:06:06:08 +0000] "GET /wp-content/plugins/elementor-pro/assets/js/frontend.min.js?ver=3.25.3 HTTP/2" 200 6446 "https://www.yassaw.com/unraveling-the-power-of-nutrition/" "Mozilla/5.0 (Macintosh; Intel Mac OS X 10_15_7) AppleWebKit/605.1.15 (KHTML, like Gecko) Version/17.4 Safari/605.1.15 (Applebot/0.1; +http://www.apple.com/go/applebot)"
17.22.253.182 - - [17/Jul/2026:06:06:09 +0000] "GET /wp-content/plugins/elementor-pro/assets/js/elements-handlers.min.js?ver=3.25.3 HTTP/2" 200 9746 "https://www.yassaw.com/unraveling-the-power-of-nutrition/" "Mozilla/5.0 (Macintosh; Intel Mac OS X 10_15_7) AppleWebKit/605.1.15 (KHTML, like Gecko) Version/17.4 Safari/605.1.15 (Applebot/0.1; +http://www.apple.com/go/applebot)"
18.136.194.21 - - [17/Jul/2026:06:06:07 +0000] "GET /saas/.env HTTP/1.1" 404 35281 "-" "Mozilla/5.0 (X11; Linux x86_64) AppleWebKit/537.36 (KHTML, like Gecko) Chrome/131.0.0.0 Safari/537.36"
17.22.253.182 - - [17/Jul/2026:06:06:11 +0000] "GET /wp-includes/js/wp-emoji-release.min.js?ver=7.0.1 HTTP/2" 200 4974 "https://www.yassaw.com/unraveling-the-power-of-nutrition/" "Mozilla/5.0 (Macintosh; Intel Mac OS X 10_15_7) AppleWebKit/605.1.15 (KHTML, like Gecko) Version/17.4 Safari/605.1.15 (Applebot/0.1; +http://www.apple.com/go/applebot)"
17.22.253.182 - - [17/Jul/2026:06:06:12 +0000] "GET /wp-content/plugins/elementor-pro/assets/js/nav-menu.7e665d03657d48aef483.bundle.min.js HTTP/2" 200 1766 "https://www.yassaw.com/unraveling-the-power-of-nutrition/" "Mozilla/5.0 (Macintosh; Intel Mac OS X 10_15_7) AppleWebKit/605.1.15 (KHTML, like Gecko) Version/17.4 Safari/605.1.15 (Applebot/0.1; +http://www.apple.com/go/applebot)"
17.22.253.182 - - [17/Jul/2026:06:06:14 +0000] "GET /wp-content/plugins/elementor/assets/js/section-frontend-handlers.d85ab872da118940910d.bundle.min.js HTTP/2" 200 254 "https://www.yassaw.com/unraveling-the-power-of-nutrition/" "Mozilla/5.0 (Macintosh; Intel Mac OS X 10_15_7) AppleWebKit/605.1.15 (KHTML, like Gecko) Version/17.4 Safari/605.1.15 (Applebot/0.1; +http://www.apple.com/go/applebot)"
18.136.194.21 - - [17/Jul/2026:06:06:10 +0000] "GET /client/.env HTTP/1.1" 404 35281 "-" "Mozilla/5.0 (X11; Linux x86_64) AppleWebKit/537.36 (KHTML, like Gecko) Chrome/131.0.0.0 Safari/537.36"
17.22.253.182 - - [17/Jul/2026:06:06:15 +0000] "GET /wp-content/plugins/elementor/assets/js/text-editor.abc8f59c62f2820dc25a.bundle.min.js HTTP/2" 200 618 "https://www.yassaw.com/unraveling-the-power-of-nutrition/" "Mozilla/5.0 (Macintosh; Intel Mac OS X 10_15_7) AppleWebKit/605.1.15 (KHTML, like Gecko) Version/17.4 Safari/605.1.15 (Applebot/0.1; +http://www.apple.com/go/applebot)"
17.22.253.182 - - [17/Jul/2026:06:06:17 +0000] "GET /wp-content/plugins/elementor/assets/js/shared-frontend-handlers.4c8abccc3e268b0767b2.bundle.min.js HTTP/2" 200 2542 "https://www.yassaw.com/unraveling-the-power-of-nutrition/" "Mozilla/5.0 (Macintosh; Intel Mac OS X 10_15_7) AppleWebKit/605.1.15 (KHTML, like Gecko) Version/17.4 Safari/605.1.15 (Applebot/0.1; +http://www.apple.com/go/applebot)"
18.136.194.21 - - [17/Jul/2026:06:06:15 +0000] "GET /project/.env HTTP/1.1" 404 35281 "-" "Mozilla/5.0 (X11; Linux x86_64) AppleWebKit/537.36 (KHTML, like Gecko) Chrome/131.0.0.0 Safari/537.36"
18.136.194.21 - - [17/Jul/2026:06:06:22 +0000] "GET /admin-panel/.env HTTP/1.1" 404 35281 "-" "Mozilla/5.0 (X11; Linux x86_64) AppleWebKit/537.36 (KHTML, like Gecko) Chrome/131.0.0.0 Safari/537.36"
65.181.116.207 - - [17/Jul/2026:06:06:34 +0000] "POST /wp-cron.php?doing_wp_cron=1784268394.0555698871612548828125 HTTP/1.1" 200 0 "-" "WordPress/7.0.1; https://www.yassaw.com"
18.136.194.21 - - [17/Jul/2026:06:06:28 +0000] "GET /control-panel/.env HTTP/1.1" 404 35281 "-" "Mozilla/5.0 (X11; Linux x86_64) AppleWebKit/537.36 (KHTML, like Gecko) Chrome/131.0.0.0 Safari/537.36"
18.136.194.21 - - [17/Jul/2026:06:06:34 +0000] "GET /user-panel/.env HTTP/1.1" 404 35281 "-" "Mozilla/5.0 (X11; Linux x86_64) AppleWebKit/537.36 (KHTML, like Gecko) Chrome/131.0.0.0 Safari/537.36"
18.136.194.21 - - [17/Jul/2026:06:06:39 +0000] "GET /node/.env HTTP/1.1" 404 35281 "-" "Mozilla/5.0 (X11; Linux x86_64) AppleWebKit/537.36 (KHTML, like Gecko) Chrome/131.0.0.0 Safari/537.36"
18.136.194.21 - - [17/Jul/2026:06:06:45 +0000] "GET /express/.env HTTP/1.1" 404 35281 "-" "Mozilla/5.0 (X11; Linux x86_64) AppleWebKit/537.36 (KHTML, like Gecko) Chrome/131.0.0.0 Safari/537.36"
18.136.194.21 - - [17/Jul/2026:06:06:49 +0000] "GET /next/.env HTTP/1.1" 404 35281 "-" "Mozilla/5.0 (X11; Linux x86_64) AppleWebKit/537.36 (KHTML, like Gecko) Chrome/131.0.0.0 Safari/537.36"
18.136.194.21 - - [17/Jul/2026:06:06:53 +0000] "GET /nuxt/.env HTTP/1.1" 404 35281 "-" "Mozilla/5.0 (X11; Linux x86_64) AppleWebKit/537.36 (KHTML, like Gecko) Chrome/131.0.0.0 Safari/537.36"
18.136.194.21 - - [17/Jul/2026:06:06:58 +0000] "GET /nest/.env HTTP/1.1" 404 35281 "-" "Mozilla/5.0 (X11; Linux x86_64) AppleWebKit/537.36 (KHTML, like Gecko) Chrome/131.0.0.0 Safari/537.36"
18.136.194.21 - - [17/Jul/2026:06:07:04 +0000] "GET /react/.env HTTP/1.1" 404 35281 "-" "Mozilla/5.0 (X11; Linux x86_64) AppleWebKit/537.36 (KHTML, like Gecko) Chrome/131.0.0.0 Safari/537.36"
168.144.174.85 - - [17/Jul/2026:06:07:13 +0000] "POST /wp-login.php HTTP/1.1" 200 6508 "-" "Mozilla/5.0"
18.136.194.21 - - [17/Jul/2026:06:07:12 +0000] "GET /vue/.env HTTP/1.1" 404 35281 "-" "Mozilla/5.0 (X11; Linux x86_64) AppleWebKit/537.36 (KHTML, like Gecko) Chrome/131.0.0.0 Safari/537.36"
18.136.194.21 - - [17/Jul/2026:06:07:18 +0000] "GET /angular/.env HTTP/1.1" 404 35281 "-" "Mozilla/5.0 (X11; Linux x86_64) AppleWebKit/537.36 (KHTML, like Gecko) Chrome/131.0.0.0 Safari/537.36"
65.181.116.207 - - [17/Jul/2026:06:07:31 +0000] "POST /wp-cron.php?doing_wp_cron=1784268451.1153919696807861328125 HTTP/1.1" 200 0 "-" "WordPress/7.0.1; https://www.yassaw.com"
18.136.194.21 - - [17/Jul/2026:06:07:25 +0000] "GET /svelte/.env HTTP/1.1" 404 35281 "-" "Mozilla/5.0 (X11; Linux x86_64) AppleWebKit/537.36 (KHTML, like Gecko) Chrome/131.0.0.0 Safari/537.36"
18.136.194.21 - - [17/Jul/2026:06:07:31 +0000] "GET /vite/.env HTTP/1.1" 404 35281 "-" "Mozilla/5.0 (X11; Linux x86_64) AppleWebKit/537.36 (KHTML, like Gecko) Chrome/131.0.0.0 Safari/537.36"
18.136.194.21 - - [17/Jul/2026:06:07:34 +0000] "GET /backup/.env HTTP/1.1" 404 35281 "-" "Mozilla/5.0 (X11; Linux x86_64) AppleWebKit/537.36 (KHTML, like Gecko) Chrome/131.0.0.0 Safari/537.36"
18.136.194.21 - - [17/Jul/2026:06:07:38 +0000] "GET /backups/.env HTTP/1.1" 404 35281 "-" "Mozilla/5.0 (X11; Linux x86_64) AppleWebKit/537.36 (KHTML, like Gecko) Chrome/131.0.0.0 Safari/537.36"
18.136.194.21 - - [17/Jul/2026:06:07:42 +0000] "GET /old/.env HTTP/1.1" 404 35281 "-" "Mozilla/5.0 (X11; Linux x86_64) AppleWebKit/537.36 (KHTML, like Gecko) Chrome/131.0.0.0 Safari/537.36"
18.136.194.21 - - [17/Jul/2026:06:07:45 +0000] "GET /tmp/.env HTTP/1.1" 404 35281 "-" "Mozilla/5.0 (X11; Linux x86_64) AppleWebKit/537.36 (KHTML, like Gecko) Chrome/131.0.0.0 Safari/537.36"
18.136.194.21 - - [17/Jul/2026:06:07:49 +0000] "GET /temp/.env HTTP/1.1" 404 35281 "-" "Mozilla/5.0 (X11; Linux x86_64) AppleWebKit/537.36 (KHTML, like Gecko) Chrome/131.0.0.0 Safari/537.36"
18.136.194.21 - - [17/Jul/2026:06:07:55 +0000] "GET /lab/.env HTTP/1.1" 404 35281 "-" "Mozilla/5.0 (X11; Linux x86_64) AppleWebKit/537.36 (KHTML, like Gecko) Chrome/131.0.0.0 Safari/537.36"
18.136.194.21 - - [17/Jul/2026:06:07:58 +0000] "GET /cronlab/.env HTTP/1.1" 404 35281 "-" "Mozilla/5.0 (X11; Linux x86_64) AppleWebKit/537.36 (KHTML, like Gecko) Chrome/131.0.0.0 Safari/537.36"
18.136.194.21 - - [17/Jul/2026:06:08:03 +0000] "GET /cron/.env HTTP/1.1" 404 35281 "-" "Mozilla/5.0 (X11; Linux x86_64) AppleWebKit/537.36 (KHTML, like Gecko) Chrome/131.0.0.0 Safari/537.36"
18.136.194.21 - - [17/Jul/2026:06:08:07 +0000] "GET /en/.env HTTP/1.1" 404 35281 "-" "Mozilla/5.0 (X11; Linux x86_64) AppleWebKit/537.36 (KHTML, like Gecko) Chrome/131.0.0.0 Safari/537.36"
18.136.194.21 - - [17/Jul/2026:06:08:13 +0000] "GET /administrator/.env HTTP/1.1" 404 35281 "-" "Mozilla/5.0 (X11; Linux x86_64) AppleWebKit/537.36 (KHTML, like Gecko) Chrome/131.0.0.0 Safari/537.36"
18.136.194.21 - - [17/Jul/2026:06:08:19 +0000] "GET /psnlink/.env HTTP/1.1" 404 35281 "-" "Mozilla/5.0 (X11; Linux x86_64) AppleWebKit/537.36 (KHTML, like Gecko) Chrome/131.0.0.0 Safari/537.36"
18.136.194.21 - - [17/Jul/2026:06:08:23 +0000] "GET /exapi/.env HTTP/1.1" 404 35281 "-" "Mozilla/5.0 (X11; Linux x86_64) AppleWebKit/537.36 (KHTML, like Gecko) Chrome/131.0.0.0 Safari/537.36"
65.181.116.207 - - [17/Jul/2026:06:08:33 +0000] "POST /wp-cron.php?doing_wp_cron=1784268513.5658109188079833984375 HTTP/1.1" 200 0 "-" "WordPress/7.0.1; https://www.yassaw.com"
18.136.194.21 - - [17/Jul/2026:06:08:28 +0000] "GET /sitemaps/.env HTTP/1.1" 404 35281 "-" "Mozilla/5.0 (X11; Linux x86_64) AppleWebKit/537.36 (KHTML, like Gecko) Chrome/131.0.0.0 Safari/537.36"
18.136.194.21 - - [17/Jul/2026:06:08:34 +0000] "GET /.env.backup1 HTTP/1.1" 404 35281 "-" "Mozilla/5.0 (X11; Linux x86_64) AppleWebKit/537.36 (KHTML, like Gecko) Chrome/131.0.0.0 Safari/537.36"
18.136.194.21 - - [17/Jul/2026:06:08:37 +0000] "GET /.env.backup2 HTTP/1.1" 404 35281 "-" "Mozilla/5.0 (X11; Linux x86_64) AppleWebKit/537.36 (KHTML, like Gecko) Chrome/131.0.0.0 Safari/537.36"
45.148.10.120 - - [17/Jul/2026:06:08:42 +0000] "GET /.git/config HTTP/1.1" 401 53 "-" "Mozilla/5.0 (Linux; Android 8.1.0; Nexus 6P) AppleWebKit/537.36 (KHTML, like Gecko) Chrome/76.0.3809.111 Mobile Safari/537.36"
18.136.194.21 - - [17/Jul/2026:06:08:41 +0000] "GET /logs/.env HTTP/1.1" 404 35281 "-" "Mozilla/5.0 (X11; Linux x86_64) AppleWebKit/537.36 (KHTML, like Gecko) Chrome/131.0.0.0 Safari/537.36"
18.136.194.21 - - [17/Jul/2026:06:08:45 +0000] "GET /cache/.env HTTP/1.1" 404 35281 "-" "Mozilla/5.0 (X11; Linux x86_64) AppleWebKit/537.36 (KHTML, like Gecko) Chrome/131.0.0.0 Safari/537.36"
18.136.194.21 - - [17/Jul/2026:06:08:49 +0000] "GET /mailer/.env HTTP/1.1" 404 35281 "-" "Mozilla/5.0 (X11; Linux x86_64) AppleWebKit/537.36 (KHTML, like Gecko) Chrome/131.0.0.0 Safari/537.36"
18.136.194.21 - - [17/Jul/2026:06:08:53 +0000] "GET /mail/.env HTTP/1.1" 404 35281 "-" "Mozilla/5.0 (X11; Linux x86_64) AppleWebKit/537.36 (KHTML, like Gecko) Chrome/131.0.0.0 Safari/537.36"
45.148.10.120 - - [17/Jul/2026:06:08:59 +0000] "GET /.git/config HTTP/1.1" 403 1242 "-" "Mozilla/5.0 (X11; U; Linux x86_64; en-US) AppleWebKit/540.0 (KHTML, like Gecko) Ubuntu/10.10 Chrome/9.1.0.0 Safari/540.0"
18.136.194.21 - - [17/Jul/2026:06:08:58 +0000] "GET /email/.env HTTP/1.1" 404 35281 "-" "Mozilla/5.0 (X11; Linux x86_64) AppleWebKit/537.36 (KHTML, like Gecko) Chrome/131.0.0.0 Safari/537.36"
18.136.194.21 - - [17/Jul/2026:06:09:01 +0000] "GET /smtp/.env HTTP/1.1" 404 35281 "-" "Mozilla/5.0 (X11; Linux x86_64) AppleWebKit/537.36 (KHTML, like Gecko) Chrome/131.0.0.0 Safari/537.36"
18.136.194.21 - - [17/Jul/2026:06:09:08 +0000] "GET /mailing/.env HTTP/1.1" 404 35281 "-" "Mozilla/5.0 (X11; Linux x86_64) AppleWebKit/537.36 (KHTML, like Gecko) Chrome/131.0.0.0 Safari/537.36"
18.136.194.21 - - [17/Jul/2026:06:09:12 +0000] "GET /notifications/.env HTTP/1.1" 404 35281 "-" "Mozilla/5.0 (X11; Linux x86_64) AppleWebKit/537.36 (KHTML, like Gecko) Chrome/131.0.0.0 Safari/537.36"
18.136.194.21 - - [17/Jul/2026:06:09:17 +0000] "GET /notify/.env HTTP/1.1" 404 35281 "-" "Mozilla/5.0 (X11; Linux x86_64) AppleWebKit/537.36 (KHTML, like Gecko) Chrome/131.0.0.0 Safari/537.36"
18.136.194.21 - - [17/Jul/2026:06:09:21 +0000] "GET /sender/.env HTTP/1.1" 404 35281 "-" "Mozilla/5.0 (X11; Linux x86_64) AppleWebKit/537.36 (KHTML, like Gecko) Chrome/131.0.0.0 Safari/537.36"
65.181.116.207 - - [17/Jul/2026:06:09:32 +0000] "POST /wp-cron.php?doing_wp_cron=1784268572.0609428882598876953125 HTTP/1.1" 200 0 "-" "WordPress/7.0.1; https://www.yassaw.com"
18.136.194.21 - - [17/Jul/2026:06:09:27 +0000] "GET /campaign/.env HTTP/1.1" 404 35281 "-" "Mozilla/5.0 (X11; Linux x86_64) AppleWebKit/537.36 (KHTML, like Gecko) Chrome/131.0.0.0 Safari/537.36"
18.136.194.21 - - [17/Jul/2026:06:09:32 +0000] "GET /newsletter/.env HTTP/1.1" 404 35281 "-" "Mozilla/5.0 (X11; Linux x86_64) AppleWebKit/537.36 (KHTML, like Gecko) Chrome/131.0.0.0 Safari/537.36"
18.136.194.21 - - [17/Jul/2026:06:09:35 +0000] "GET /ses/.env HTTP/1.1" 404 35281 "-" "Mozilla/5.0 (X11; Linux x86_64) AppleWebKit/537.36 (KHTML, like Gecko) Chrome/131.0.0.0 Safari/537.36"
18.136.194.21 - - [17/Jul/2026:06:09:39 +0000] "GET /sendgrid/.env HTTP/1.1" 404 35281 "-" "Mozilla/5.0 (X11; Linux x86_64) AppleWebKit/537.36 (KHTML, like Gecko) Chrome/131.0.0.0 Safari/537.36"
134.199.168.6 - - [17/Jul/2026:06:09:43 +0000] "POST /wp-login.php HTTP/1.1" 200 6508 "-" "Mozilla/5.0"
18.136.194.21 - - [17/Jul/2026:06:09:42 +0000] "GET /sparkpost/.env HTTP/1.1" 404 35281 "-" "Mozilla/5.0 (X11; Linux x86_64) AppleWebKit/537.36 (KHTML, like Gecko) Chrome/131.0.0.0 Safari/537.36"
18.136.194.21 - - [17/Jul/2026:06:09:46 +0000] "GET /postmark/.env HTTP/1.1" 404 35281 "-" "Mozilla/5.0 (X11; Linux x86_64) AppleWebKit/537.36 (KHTML, like Gecko) Chrome/131.0.0.0 Safari/537.36"
18.136.194.21 - - [17/Jul/2026:06:09:49 +0000] "GET /mailgun/.env HTTP/1.1" 404 35281 "-" "Mozilla/5.0 (X11; Linux x86_64) AppleWebKit/537.36 (KHTML, like Gecko) Chrome/131.0.0.0 Safari/537.36"
18.136.194.21 - - [17/Jul/2026:06:09:53 +0000] "GET /mandrill/.env HTTP/1.1" 404 35281 "-" "Mozilla/5.0 (X11; Linux x86_64) AppleWebKit/537.36 (KHTML, like Gecko) Chrome/131.0.0.0 Safari/537.36"
18.136.194.21 - - [17/Jul/2026:06:09:56 +0000] "GET /mailjet/.env HTTP/1.1" 404 35281 "-" "Mozilla/5.0 (X11; Linux x86_64) AppleWebKit/537.36 (KHTML, like Gecko) Chrome/131.0.0.0 Safari/537.36"
18.136.194.21 - - [17/Jul/2026:06:10:01 +0000] "GET /brevo/.env HTTP/1.1" 404 35281 "-" "Mozilla/5.0 (X11; Linux x86_64) AppleWebKit/537.36 (KHTML, like Gecko) Chrome/131.0.0.0 Safari/537.36"
18.136.194.21 - - [17/Jul/2026:06:10:09 +0000] "GET /transactional/.env HTTP/1.1" 404 35281 "-" "Mozilla/5.0 (X11; Linux x86_64) AppleWebKit/537.36 (KHTML, like Gecko) Chrome/131.0.0.0 Safari/537.36"
18.136.194.21 - - [17/Jul/2026:06:10:16 +0000] "GET /bulk/.env HTTP/1.1" 404 35281 "-" "Mozilla/5.0 (X11; Linux x86_64) AppleWebKit/537.36 (KHTML, like Gecko) Chrome/131.0.0.0 Safari/537.36"
18.136.194.21 - - [17/Jul/2026:06:10:23 +0000] "GET /aws/.env HTTP/1.1" 404 35281 "-" "Mozilla/5.0 (X11; Linux x86_64) AppleWebKit/537.36 (KHTML, like Gecko) Chrome/131.0.0.0 Safari/537.36"
65.181.116.207 - - [17/Jul/2026:06:10:31 +0000] "POST /wp-cron.php?doing_wp_cron=1784268631.2672460079193115234375 HTTP/1.1" 200 0 "-" "WordPress/7.0.1; https://www.yassaw.com"
18.136.194.21 - - [17/Jul/2026:06:10:27 +0000] "GET /azure/.env HTTP/1.1" 404 35281 "-" "Mozilla/5.0 (X11; Linux x86_64) AppleWebKit/537.36 (KHTML, like Gecko) Chrome/131.0.0.0 Safari/537.36"
18.136.194.21 - - [17/Jul/2026:06:10:31 +0000] "GET /gcp/.env HTTP/1.1" 404 35281 "-" "Mozilla/5.0 (X11; Linux x86_64) AppleWebKit/537.36 (KHTML, like Gecko) Chrome/131.0.0.0 Safari/537.36"
18.136.194.21 - - [17/Jul/2026:06:10:34 +0000] "GET /cloud/.env HTTP/1.1" 404 35281 "-" "Mozilla/5.0 (X11; Linux x86_64) AppleWebKit/537.36 (KHTML, like Gecko) Chrome/131.0.0.0 Safari/537.36"
18.136.194.21 - - [17/Jul/2026:06:10:38 +0000] "GET /infrastructure/.env HTTP/1.1" 404 35281 "-" "Mozilla/5.0 (X11; Linux x86_64) AppleWebKit/537.36 (KHTML, like Gecko) Chrome/131.0.0.0 Safari/537.36"
18.136.194.21 - - [17/Jul/2026:06:10:42 +0000] "GET /docker/.env HTTP/1.1" 404 35281 "-" "Mozilla/5.0 (X11; Linux x86_64) AppleWebKit/537.36 (KHTML, like Gecko) Chrome/131.0.0.0 Safari/537.36"
18.136.194.21 - - [17/Jul/2026:06:10:45 +0000] "GET /k8s/.env HTTP/1.1" 404 35281 "-" "Mozilla/5.0 (X11; Linux x86_64) AppleWebKit/537.36 (KHTML, like Gecko) Chrome/131.0.0.0 Safari/537.36"
18.136.194.21 - - [17/Jul/2026:06:10:48 +0000] "GET /kubernetes/.env HTTP/1.1" 404 35281 "-" "Mozilla/5.0 (X11; Linux x86_64) AppleWebKit/537.36 (KHTML, like Gecko) Chrome/131.0.0.0 Safari/537.36"
195.178.110.223 - - [17/Jul/2026:06:10:56 +0000] "GET / HTTP/1.1" 401 53 "-" "Mozilla/5.0 (X11; Linux x86_64) AppleWebKit/537.36 (KHTML, like Gecko) Chrome/131.0.0.0 Safari/537.36"
18.136.194.21 - - [17/Jul/2026:06:10:52 +0000] "GET /terraform/.env HTTP/1.1" 404 35281 "-" "Mozilla/5.0 (X11; Linux x86_64) AppleWebKit/537.36 (KHTML, like Gecko) Chrome/131.0.0.0 Safari/537.36"
18.136.194.21 - - [17/Jul/2026:06:10:57 +0000] "GET /ansible/.env HTTP/1.1" 404 35281 "-" "Mozilla/5.0 (X11; Linux x86_64) AppleWebKit/537.36 (KHTML, like Gecko) Chrome/131.0.0.0 Safari/537.36"
18.136.194.21 - - [17/Jul/2026:06:11:00 +0000] "GET /.git/.env HTTP/1.1" 403 1242 "-" "Mozilla/5.0 (X11; Linux x86_64) AppleWebKit/537.36 (KHTML, like Gecko) Chrome/131.0.0.0 Safari/537.36"
18.136.194.21 - - [17/Jul/2026:06:11:00 +0000] "GET /ci/.env HTTP/1.1" 404 35281 "-" "Mozilla/5.0 (X11; Linux x86_64) AppleWebKit/537.36 (KHTML, like Gecko) Chrome/131.0.0.0 Safari/537.36"
18.136.194.21 - - [17/Jul/2026:06:11:07 +0000] "GET /cd/.env HTTP/1.1" 404 35281 "-" "Mozilla/5.0 (X11; Linux x86_64) AppleWebKit/537.36 (KHTML, like Gecko) Chrome/131.0.0.0 Safari/537.36"
18.136.194.21 - - [17/Jul/2026:06:11:11 +0000] "GET /jenkins/.env HTTP/1.1" 404 35281 "-" "Mozilla/5.0 (X11; Linux x86_64) AppleWebKit/537.36 (KHTML, like Gecko) Chrome/131.0.0.0 Safari/537.36"
18.136.194.21 - - [17/Jul/2026:06:11:14 +0000] "GET /gitlab/.env HTTP/1.1" 404 35281 "-" "Mozilla/5.0 (X11; Linux x86_64) AppleWebKit/537.36 (KHTML, like Gecko) Chrome/131.0.0.0 Safari/537.36"
18.136.194.21 - - [17/Jul/2026:06:11:19 +0000] "GET /github/.env HTTP/1.1" 404 35281 "-" "Mozilla/5.0 (X11; Linux x86_64) AppleWebKit/537.36 (KHTML, like Gecko) Chrome/131.0.0.0 Safari/537.36"
18.136.194.21 - - [17/Jul/2026:06:11:22 +0000] "GET /actions/.env HTTP/1.1" 404 35281 "-" "Mozilla/5.0 (X11; Linux x86_64) AppleWebKit/537.36 (KHTML, like Gecko) Chrome/131.0.0.0 Safari/537.36"
65.181.116.207 - - [17/Jul/2026:06:11:29 +0000] "POST /wp-cron.php?doing_wp_cron=1784268689.7467939853668212890625 HTTP/1.1" 200 0 "-" "WordPress/7.0.1; https://www.yassaw.com"
18.136.194.21 - - [17/Jul/2026:06:11:26 +0000] "GET /circleci/.env HTTP/1.1" 404 35281 "-" "Mozilla/5.0 (X11; Linux x86_64) AppleWebKit/537.36 (KHTML, like Gecko) Chrome/131.0.0.0 Safari/537.36"
18.136.194.21 - - [17/Jul/2026:06:11:30 +0000] "GET /travis/.env HTTP/1.1" 404 35281 "-" "Mozilla/5.0 (X11; Linux x86_64) AppleWebKit/537.36 (KHTML, like Gecko) Chrome/131.0.0.0 Safari/537.36"
18.136.194.21 - - [17/Jul/2026:06:11:33 +0000] "GET /buildkite/.env HTTP/1.1" 404 35281 "-" "Mozilla/5.0 (X11; Linux x86_64) AppleWebKit/537.36 (KHTML, like Gecko) Chrome/131.0.0.0 Safari/537.36"
18.136.194.21 - - [17/Jul/2026:06:11:37 +0000] "GET /mysql/.env HTTP/1.1" 404 35281 "-" "Mozilla/5.0 (X11; Linux x86_64) AppleWebKit/537.36 (KHTML, like Gecko) Chrome/131.0.0.0 Safari/537.36"
18.136.194.21 - - [17/Jul/2026:06:11:40 +0000] "GET /postgres/.env HTTP/1.1" 404 35281 "-" "Mozilla/5.0 (X11; Linux x86_64) AppleWebKit/537.36 (KHTML, like Gecko) Chrome/131.0.0.0 Safari/537.36"
18.136.194.21 - - [17/Jul/2026:06:11:43 +0000] "GET /mongodb/.env HTTP/1.1" 404 35281 "-" "Mozilla/5.0 (X11; Linux x86_64) AppleWebKit/537.36 (KHTML, like Gecko) Chrome/131.0.0.0 Safari/537.36"
18.136.194.21 - - [17/Jul/2026:06:11:47 +0000] "GET /redis/.env HTTP/1.1" 404 35281 "-" "Mozilla/5.0 (X11; Linux x86_64) AppleWebKit/537.36 (KHTML, like Gecko) Chrome/131.0.0.0 Safari/537.36"
94.154.43.184 - - [17/Jul/2026:06:11:52 +0000] "GET /.env HTTP/1.1" 200 850 "-" "Mozilla/5.0 (Windows NT 10.0; Win64; x64) AppleWebKit/537.36 (KHTML, like Gecko) Chrome/147.0.0.0 Safari/537.36"
18.136.194.21 - - [17/Jul/2026:06:11:51 +0000] "GET /elasticsearch/.env HTTP/1.1" 404 35281 "-" "Mozilla/5.0 (X11; Linux x86_64) AppleWebKit/537.36 (KHTML, like Gecko) Chrome/131.0.0.0 Safari/537.36"
18.136.194.21 - - [17/Jul/2026:06:11:54 +0000] "GET /rabbitmq/.env HTTP/1.1" 404 35281 "-" "Mozilla/5.0 (X11; Linux x86_64) AppleWebKit/537.36 (KHTML, like Gecko) Chrome/131.0.0.0 Safari/537.36"
18.136.194.21 - - [17/Jul/2026:06:11:58 +0000] "GET /kafka/.env HTTP/1.1" 404 35281 "-" "Mozilla/5.0 (X11; Linux x86_64) AppleWebKit/537.36 (KHTML, like Gecko) Chrome/131.0.0.0 Safari/537.36"
18.136.194.21 - - [17/Jul/2026:06:12:01 +0000] "GET /queue/.env HTTP/1.1" 404 35281 "-" "Mozilla/5.0 (X11; Linux x86_64) AppleWebKit/537.36 (KHTML, like Gecko) Chrome/131.0.0.0 Safari/537.36"
18.136.194.21 - - [17/Jul/2026:06:12:06 +0000] "GET /worker/.env HTTP/1.1" 404 35281 "-" "Mozilla/5.0 (X11; Linux x86_64) AppleWebKit/537.36 (KHTML, like Gecko) Chrome/131.0.0.0 Safari/537.36"
18.136.194.21 - - [17/Jul/2026:06:12:12 +0000] "GET /job/.env HTTP/1.1" 404 35281 "-" "Mozilla/5.0 (X11; Linux x86_64) AppleWebKit/537.36 (KHTML, like Gecko) Chrome/131.0.0.0 Safari/537.36"
18.136.194.21 - - [17/Jul/2026:06:12:17 +0000] "GET /test/.env HTTP/1.1" 404 35281 "-" "Mozilla/5.0 (X11; Linux x86_64) AppleWebKit/537.36 (KHTML, like Gecko) Chrome/131.0.0.0 Safari/537.36"
18.136.194.21 - - [17/Jul/2026:06:12:23 +0000] "GET /qa/.env HTTP/1.1" 404 35281 "-" "Mozilla/5.0 (X11; Linux x86_64) AppleWebKit/537.36 (KHTML, like Gecko) Chrome/131.0.0.0 Safari/537.36"
18.136.194.21 - - [17/Jul/2026:06:12:31 +0000] "GET /preview/.env HTTP/1.1" 404 35281 "-" "Mozilla/5.0 (X11; Linux x86_64) AppleWebKit/537.36 (KHTML, like Gecko) Chrome/131.0.0.0 Safari/537.36"
18.136.194.21 - - [17/Jul/2026:06:12:36 +0000] "GET /beta/.env HTTP/1.1" 404 35281 "-" "Mozilla/5.0 (X11; Linux x86_64) AppleWebKit/537.36 (KHTML, like Gecko) Chrome/131.0.0.0 Safari/537.36"
18.136.194.21 - - [17/Jul/2026:06:12:42 +0000] "GET /uat/.env HTTP/1.1" 404 35281 "-" "Mozilla/5.0 (X11; Linux x86_64) AppleWebKit/537.36 (KHTML, like Gecko) Chrome/131.0.0.0 Safari/537.36"
18.136.194.21 - - [17/Jul/2026:06:12:46 +0000] "GET /stage/.env HTTP/1.1" 404 35281 "-" "Mozilla/5.0 (X11; Linux x86_64) AppleWebKit/537.36 (KHTML, like Gecko) Chrome/131.0.0.0 Safari/537.36"
18.136.194.21 - - [17/Jul/2026:06:12:50 +0000] "GET /development/.env HTTP/1.1" 404 35281 "-" "Mozilla/5.0 (X11; Linux x86_64) AppleWebKit/537.36 (KHTML, like Gecko) Chrome/131.0.0.0 Safari/537.36"
18.136.194.21 - - [17/Jul/2026:06:12:54 +0000] "GET /production/.env HTTP/1.1" 404 35281 "-" "Mozilla/5.0 (X11; Linux x86_64) AppleWebKit/537.36 (KHTML, like Gecko) Chrome/131.0.0.0 Safari/537.36"
18.136.194.21 - - [17/Jul/2026:06:12:57 +0000] "GET /config/app/.env HTTP/1.1" 404 35281 "-" "Mozilla/5.0 (X11; Linux x86_64) AppleWebKit/537.36 (KHTML, like Gecko) Chrome/131.0.0.0 Safari/537.36"
18.136.194.21 - - [17/Jul/2026:06:13:01 +0000] "GET /.env.vault HTTP/1.1" 404 35281 "-" "Mozilla/5.0 (X11; Linux x86_64) AppleWebKit/537.36 (KHTML, like Gecko) Chrome/131.0.0.0 Safari/537.36"
18.136.194.21 - - [17/Jul/2026:06:13:06 +0000] "GET /.env.fly HTTP/1.1" 404 35281 "-" "Mozilla/5.0 (X11; Linux x86_64) AppleWebKit/537.36 (KHTML, like Gecko) Chrome/131.0.0.0 Safari/537.36"
18.136.194.21 - - [17/Jul/2026:06:13:11 +0000] "GET /.env.railway HTTP/1.1" 404 35281 "-" "Mozilla/5.0 (X11; Linux x86_64) AppleWebKit/537.36 (KHTML, like Gecko) Chrome/131.0.0.0 Safari/537.36"
18.136.194.21 - - [17/Jul/2026:06:13:15 +0000] "GET /.env.render HTTP/1.1" 404 35281 "-" "Mozilla/5.0 (X11; Linux x86_64) AppleWebKit/537.36 (KHTML, like Gecko) Chrome/131.0.0.0 Safari/537.36"
18.136.194.21 - - [17/Jul/2026:06:13:18 +0000] "GET /.env.vercel HTTP/1.1" 404 35281 "-" "Mozilla/5.0 (X11; Linux x86_64) AppleWebKit/537.36 (KHTML, like Gecko) Chrome/131.0.0.0 Safari/537.36"
18.136.194.21 - - [17/Jul/2026:06:13:22 +0000] "GET /.env.supabase HTTP/1.1" 404 35281 "-" "Mozilla/5.0 (X11; Linux x86_64) AppleWebKit/537.36 (KHTML, like Gecko) Chrome/131.0.0.0 Safari/537.36"
65.181.116.207 - - [17/Jul/2026:06:13:30 +0000] "POST /wp-cron.php?doing_wp_cron=1784268809.8786940574645996093750 HTTP/1.1" 200 0 "-" "WordPress/7.0.1; https://www.yassaw.com"
18.136.194.21 - - [17/Jul/2026:06:13:26 +0000] "GET /.env.neon HTTP/1.1" 404 35281 "-" "Mozilla/5.0 (X11; Linux x86_64) AppleWebKit/537.36 (KHTML, like Gecko) Chrome/131.0.0.0 Safari/537.36"
18.136.194.21 - - [17/Jul/2026:06:13:30 +0000] "GET /phpinfo.php HTTP/1.1" 404 35281 "-" "Mozilla/5.0 (X11; Linux x86_64) AppleWebKit/537.36 (KHTML, like Gecko) Chrome/131.0.0.0 Safari/537.36"
18.136.194.21 - - [17/Jul/2026:06:13:32 +0000] "GET /info.php HTTP/1.1" 404 35281 "-" "Mozilla/5.0 (X11; Linux x86_64) AppleWebKit/537.36 (KHTML, like Gecko) Chrome/131.0.0.0 Safari/537.36"
18.136.194.21 - - [17/Jul/2026:06:13:35 +0000] "GET /php.php HTTP/1.1" 404 35281 "-" "Mozilla/5.0 (X11; Linux x86_64) AppleWebKit/537.36 (KHTML, like Gecko) Chrome/131.0.0.0 Safari/537.36"
18.136.194.21 - - [17/Jul/2026:06:13:38 +0000] "GET /i.php HTTP/1.1" 404 35281 "-" "Mozilla/5.0 (X11; Linux x86_64) AppleWebKit/537.36 (KHTML, like Gecko) Chrome/131.0.0.0 Safari/537.36"
18.136.194.21 - - [17/Jul/2026:06:13:42 +0000] "GET /pi.php HTTP/1.1" 404 35281 "-" "Mozilla/5.0 (X11; Linux x86_64) AppleWebKit/537.36 (KHTML, like Gecko) Chrome/131.0.0.0 Safari/537.36"
18.136.194.21 - - [17/Jul/2026:06:13:46 +0000] "GET /pinfo.php HTTP/1.1" 404 35281 "-" "Mozilla/5.0 (X11; Linux x86_64) AppleWebKit/537.36 (KHTML, like Gecko) Chrome/131.0.0.0 Safari/537.36"
18.136.194.21 - - [17/Jul/2026:06:13:49 +0000] "GET /test.php HTTP/1.1" 404 35281 "-" "Mozilla/5.0 (X11; Linux x86_64) AppleWebKit/537.36 (KHTML, like Gecko) Chrome/131.0.0.0 Safari/537.36"
18.136.194.21 - - [17/Jul/2026:06:13:52 +0000] "GET /phpinfo HTTP/1.1" 404 35281 "-" "Mozilla/5.0 (X11; Linux x86_64) AppleWebKit/537.36 (KHTML, like Gecko) Chrome/131.0.0.0 Safari/537.36"
18.136.194.21 - - [17/Jul/2026:06:13:55 +0000] "GET /p.php HTTP/1.1" 404 35281 "-" "Mozilla/5.0 (X11; Linux x86_64) AppleWebKit/537.36 (KHTML, like Gecko) Chrome/131.0.0.0 Safari/537.36"
18.136.194.21 - - [17/Jul/2026:06:13:58 +0000] "GET /debug.php HTTP/1.1" 404 35281 "-" "Mozilla/5.0 (X11; Linux x86_64) AppleWebKit/537.36 (KHTML, like Gecko) Chrome/131.0.0.0 Safari/537.36"
18.136.194.21 - - [17/Jul/2026:06:14:01 +0000] "GET /admin/phpinfo.php HTTP/1.1" 404 35281 "-" "Mozilla/5.0 (X11; Linux x86_64) AppleWebKit/537.36 (KHTML, like Gecko) Chrome/131.0.0.0 Safari/537.36"
18.136.194.21 - - [17/Jul/2026:06:14:05 +0000] "GET /test/phpinfo.php HTTP/1.1" 404 35281 "-" "Mozilla/5.0 (X11; Linux x86_64) AppleWebKit/537.36 (KHTML, like Gecko) Chrome/131.0.0.0 Safari/537.36"
18.136.194.21 - - [17/Jul/2026:06:14:09 +0000] "GET /dev/phpinfo.php HTTP/1.1" 404 35281 "-" "Mozilla/5.0 (X11; Linux x86_64) AppleWebKit/537.36 (KHTML, like Gecko) Chrome/131.0.0.0 Safari/537.36"
18.136.194.21 - - [17/Jul/2026:06:14:12 +0000] "GET /old/phpinfo.php HTTP/1.1" 404 35281 "-" "Mozilla/5.0 (X11; Linux x86_64) AppleWebKit/537.36 (KHTML, like Gecko) Chrome/131.0.0.0 Safari/537.36"
18.136.194.21 - - [17/Jul/2026:06:14:16 +0000] "GET /tmp/phpinfo.php HTTP/1.1" 404 35281 "-" "Mozilla/5.0 (X11; Linux x86_64) AppleWebKit/537.36 (KHTML, like Gecko) Chrome/131.0.0.0 Safari/537.36"
18.136.194.21 - - [17/Jul/2026:06:14:20 +0000] "GET /public/phpinfo.php HTTP/1.1" 404 35281 "-" "Mozilla/5.0 (X11; Linux x86_64) AppleWebKit/537.36 (KHTML, like Gecko) Chrome/131.0.0.0 Safari/537.36"
18.136.194.21 - - [17/Jul/2026:06:14:23 +0000] "GET /info HTTP/1.1" 404 35281 "-" "Mozilla/5.0 (X11; Linux x86_64) AppleWebKit/537.36 (KHTML, like Gecko) Chrome/131.0.0.0 Safari/537.36"
65.181.116.207 - - [17/Jul/2026:06:14:32 +0000] "POST /wp-cron.php?doing_wp_cron=1784268872.4921810626983642578125 HTTP/1.1" 200 0 "-" "WordPress/7.0.1; https://www.yassaw.com"
18.136.194.21 - - [17/Jul/2026:06:14:27 +0000] "GET /php-info.php HTTP/1.1" 404 35281 "-" "Mozilla/5.0 (X11; Linux x86_64) AppleWebKit/537.36 (KHTML, like Gecko) Chrome/131.0.0.0 Safari/537.36"
18.136.194.21 - - [17/Jul/2026:06:14:32 +0000] "GET /phpversion.php HTTP/1.1" 404 35281 "-" "Mozilla/5.0 (X11; Linux x86_64) AppleWebKit/537.36 (KHTML, like Gecko) Chrome/131.0.0.0 Safari/537.36"
18.136.194.21 - - [17/Jul/2026:06:14:36 +0000] "GET /_phpinfo.php HTTP/1.1" 404 35281 "-" "Mozilla/5.0 (X11; Linux x86_64) AppleWebKit/537.36 (KHTML, like Gecko) Chrome/131.0.0.0 Safari/537.36"
18.136.194.21 - - [17/Jul/2026:06:14:40 +0000] "GET /old_phpinfo.php HTTP/1.1" 404 35281 "-" "Mozilla/5.0 (X11; Linux x86_64) AppleWebKit/537.36 (KHTML, like Gecko) Chrome/131.0.0.0 Safari/537.36"
18.136.194.21 - - [17/Jul/2026:06:14:44 +0000] "GET /server-info.php HTTP/1.1" 404 35281 "-" "Mozilla/5.0 (X11; Linux x86_64) AppleWebKit/537.36 (KHTML, like Gecko) Chrome/131.0.0.0 Safari/537.36"
18.136.194.21 - - [17/Jul/2026:06:14:47 +0000] "GET /server-status.php HTTP/1.1" 404 35281 "-" "Mozilla/5.0 (X11; Linux x86_64) AppleWebKit/537.36 (KHTML, like Gecko) Chrome/131.0.0.0 Safari/537.36"
18.136.194.21 - - [17/Jul/2026:06:14:52 +0000] "GET /_profiler/phpinfo HTTP/1.1" 404 35281 "-" "Mozilla/5.0 (X11; Linux x86_64) AppleWebKit/537.36 (KHTML, like Gecko) Chrome/131.0.0.0 Safari/537.36"
18.136.194.21 - - [17/Jul/2026:06:14:55 +0000] "GET /_environment HTTP/1.1" 404 35281 "-" "Mozilla/5.0 (X11; Linux x86_64) AppleWebKit/537.36 (KHTML, like Gecko) Chrome/131.0.0.0 Safari/537.36"
18.136.194.21 - - [17/Jul/2026:06:14:58 +0000] "GET /webroot/index.php/_environment HTTP/1.1" 301 0 "-" "Mozilla/5.0 (X11; Linux x86_64) AppleWebKit/537.36 (KHTML, like Gecko) Chrome/131.0.0.0 Safari/537.36"
18.136.194.21 - - [17/Jul/2026:06:14:59 +0000] "GET /webroot/_environment HTTP/1.1" 404 35281 "-" "Mozilla/5.0 (X11; Linux x86_64) AppleWebKit/537.36 (KHTML, like Gecko) Chrome/131.0.0.0 Safari/537.36"
18.136.194.21 - - [17/Jul/2026:06:15:08 +0000] "GET /mail/phpinfo.php HTTP/1.1" 404 35281 "-" "Mozilla/5.0 (X11; Linux x86_64) AppleWebKit/537.36 (KHTML, like Gecko) Chrome/131.0.0.0 Safari/537.36"
18.136.194.21 - - [17/Jul/2026:06:15:16 +0000] "GET /cpanel/phpinfo.php HTTP/1.1" 404 35281 "-" "Mozilla/5.0 (X11; Linux x86_64) AppleWebKit/537.36 (KHTML, like Gecko) Chrome/131.0.0.0 Safari/537.36"
18.136.194.21 - - [17/Jul/2026:06:15:21 +0000] "GET /hosting/phpinfo.php HTTP/1.1" 404 35281 "-" "Mozilla/5.0 (X11; Linux x86_64) AppleWebKit/537.36 (KHTML, like Gecko) Chrome/131.0.0.0 Safari/537.36"
18.136.194.21 - - [17/Jul/2026:06:15:26 +0000] "GET /webmail/phpinfo.php HTTP/1.1" 200 13597 "-" "Mozilla/5.0 (X11; Linux x86_64) AppleWebKit/537.36 (KHTML, like Gecko) Chrome/131.0.0.0 Safari/537.36"
65.181.116.207 - - [17/Jul/2026:06:15:34 +0000] "POST /wp-cron.php?doing_wp_cron=1784268934.5608530044555664062500 HTTP/1.1" 200 0 "-" "WordPress/7.0.1; https://www.yassaw.com"
18.136.194.21 - - [17/Jul/2026:06:15:27 +0000] "GET /smtp/phpinfo.php HTTP/1.1" 404 35281 "-" "Mozilla/5.0 (X11; Linux x86_64) AppleWebKit/537.36 (KHTML, like Gecko) Chrome/131.0.0.0 Safari/537.36"
18.136.194.21 - - [17/Jul/2026:06:15:35 +0000] "GET /phpinfo.php.bak HTTP/1.1" 404 34115 "-" "Mozilla/5.0 (X11; Linux x86_64) AppleWebKit/537.36 (KHTML, like Gecko) Chrome/131.0.0.0 Safari/537.36"
18.136.194.21 - - [17/Jul/2026:06:15:40 +0000] "GET /phpinfo.php.old HTTP/1.1" 404 35281 "-" "Mozilla/5.0 (X11; Linux x86_64) AppleWebKit/537.36 (KHTML, like Gecko) Chrome/131.0.0.0 Safari/537.36"
168.144.174.85 - - [17/Jul/2026:06:15:44 +0000] "POST /wp-login.php HTTP/1.1" 200 6508 "-" "Mozilla/5.0"
18.136.194.21 - - [17/Jul/2026:06:15:46 +0000] "GET /phpinfo.php~ HTTP/1.1" 404 35281 "-" "Mozilla/5.0 (X11; Linux x86_64) AppleWebKit/537.36 (KHTML, like Gecko) Chrome/131.0.0.0 Safari/537.36"
18.136.194.21 - - [17/Jul/2026:06:15:50 +0000] "GET /info.php.bak HTTP/1.1" 404 35281 "-" "Mozilla/5.0 (X11; Linux x86_64) AppleWebKit/537.36 (KHTML, like Gecko) Chrome/131.0.0.0 Safari/537.36"
18.136.194.21 - - [17/Jul/2026:06:15:55 +0000] "GET /phpinfo.php.save HTTP/1.1" 404 35281 "-" "Mozilla/5.0 (X11; Linux x86_64) AppleWebKit/537.36 (KHTML, like Gecko) Chrome/131.0.0.0 Safari/537.36"
18.136.194.21 - - [17/Jul/2026:06:16:00 +0000] "GET /staging/phpinfo.php HTTP/1.1" 404 35281 "-" "Mozilla/5.0 (X11; Linux x86_64) AppleWebKit/537.36 (KHTML, like Gecko) Chrome/131.0.0.0 Safari/537.36"
18.136.194.21 - - [17/Jul/2026:06:16:06 +0000] "GET /beta/phpinfo.php HTTP/1.1" 404 35281 "-" "Mozilla/5.0 (X11; Linux x86_64) AppleWebKit/537.36 (KHTML, like Gecko) Chrome/131.0.0.0 Safari/537.36"
18.136.194.21 - - [17/Jul/2026:06:16:12 +0000] "GET /uat/phpinfo.php HTTP/1.1" 404 35281 "-" "Mozilla/5.0 (X11; Linux x86_64) AppleWebKit/537.36 (KHTML, like Gecko) Chrome/131.0.0.0 Safari/537.36"
18.136.194.21 - - [17/Jul/2026:06:16:18 +0000] "GET /qa/phpinfo.php HTTP/1.1" 404 35281 "-" "Mozilla/5.0 (X11; Linux x86_64) AppleWebKit/537.36 (KHTML, like Gecko) Chrome/131.0.0.0 Safari/537.36"
18.136.194.21 - - [17/Jul/2026:06:16:23 +0000] "GET /preview/phpinfo.php HTTP/1.1" 404 35281 "-" "Mozilla/5.0 (X11; Linux x86_64) AppleWebKit/537.36 (KHTML, like Gecko) Chrome/131.0.0.0 Safari/537.36"
65.181.116.207 - - [17/Jul/2026:06:16:33 +0000] "POST /wp-cron.php?doing_wp_cron=1784268993.4064838886260986328125 HTTP/1.1" 200 0 "-" "WordPress/7.0.1; https://www.yassaw.com"
18.136.194.21 - - [17/Jul/2026:06:16:29 +0000] "GET /www/phpinfo.php HTTP/1.1" 404 35281 "-" "Mozilla/5.0 (X11; Linux x86_64) AppleWebKit/537.36 (KHTML, like Gecko) Chrome/131.0.0.0 Safari/537.36"
18.136.194.21 - - [17/Jul/2026:06:16:33 +0000] "GET /htdocs/phpinfo.php HTTP/1.1" 404 35281 "-" "Mozilla/5.0 (X11; Linux x86_64) AppleWebKit/537.36 (KHTML, like Gecko) Chrome/131.0.0.0 Safari/537.36"
18.136.194.21 - - [17/Jul/2026:06:16:36 +0000] "GET /public_html/phpinfo.php HTTP/1.1" 404 34115 "-" "Mozilla/5.0 (X11; Linux x86_64) AppleWebKit/537.36 (KHTML, like Gecko) Chrome/131.0.0.0 Safari/537.36"
18.136.194.21 - - [17/Jul/2026:06:16:39 +0000] "GET /site/phpinfo.php HTTP/1.1" 404 35281 "-" "Mozilla/5.0 (X11; Linux x86_64) AppleWebKit/537.36 (KHTML, like Gecko) Chrome/131.0.0.0 Safari/537.36"
18.136.194.21 - - [17/Jul/2026:06:16:42 +0000] "GET /docs/phpinfo.php HTTP/1.1" 404 35281 "-" "Mozilla/5.0 (X11; Linux x86_64) AppleWebKit/537.36 (KHTML, like Gecko) Chrome/131.0.0.0 Safari/537.36"
65.181.116.207 - - [17/Jul/2026:06:16:48 +0000] "POST /wp-cron.php?doing_wp_cron=1784269008.0697801113128662109375 HTTP/1.1" 200 0 "-" "WordPress/7.0.1; https://www.yassaw.com"
18.136.194.21 - - [17/Jul/2026:06:16:45 +0000] "GET /wp-admin/phpinfo.php HTTP/1.1" 404 35281 "-" "Mozilla/5.0 (X11; Linux x86_64) AppleWebKit/537.36 (KHTML, like Gecko) Chrome/131.0.0.0 Safari/537.36"
18.136.194.21 - - [17/Jul/2026:06:16:48 +0000] "GET /administrator/phpinfo.php HTTP/1.1" 404 35281 "-" "Mozilla/5.0 (X11; Linux x86_64) AppleWebKit/537.36 (KHTML, like Gecko) Chrome/131.0.0.0 Safari/537.36"
18.136.194.21 - - [17/Jul/2026:06:16:51 +0000] "GET /core/phpinfo.php HTTP/1.1" 404 35281 "-" "Mozilla/5.0 (X11; Linux x86_64) AppleWebKit/537.36 (KHTML, like Gecko) Chrome/131.0.0.0 Safari/537.36"
18.136.194.21 - - [17/Jul/2026:06:16:54 +0000] "GET /includes/phpinfo.php HTTP/1.1" 404 35281 "-" "Mozilla/5.0 (X11; Linux x86_64) AppleWebKit/537.36 (KHTML, like Gecko) Chrome/131.0.0.0 Safari/537.36"
65.181.116.207 - - [17/Jul/2026:06:18:05 +0000] "POST /wp-cron.php?doing_wp_cron=1784269084.9987680912017822265625 HTTP/1.1" 200 0 "-" "WordPress/7.0.1; https://www.yassaw.com"
20.1.128.109 - - [17/Jul/2026:06:18:02 +0000] "HEAD / HTTP/1.1" 301 0 "-" "Mozilla/5.0 (compatible; EngagemiiBot/1.0)"
65.181.116.207 - - [17/Jul/2026:06:22:42 +0000] "POST /wp-cron.php?doing_wp_cron=1784269362.8098800182342529296875 HTTP/1.1" 200 0 "-" "WordPress/7.0.1; https://www.yassaw.com"
134.199.168.6 - - [17/Jul/2026:06:22:40 +0000] "POST /wp-login.php HTTP/1.1" 200 6508 "-" "Mozilla/5.0"
20.1.128.109 - - [17/Jul/2026:06:24:07 +0000] "GET /llms.txt HTTP/1.1" 301 0 "-" "Mozilla/5.0 (Macintosh; Intel Mac OS X 10_15_7) AppleWebKit/537.36 (KHTML, like Gecko) Chrome/124.0.0.0 Safari/537.36"
65.181.116.207 - - [17/Jul/2026:06:24:08 +0000] "POST /wp-cron.php?doing_wp_cron=1784269448.6828289031982421875000 HTTP/1.1" 200 0 "-" "WordPress/7.0.1; https://www.yassaw.com"
65.181.116.207 - - [17/Jul/2026:06:24:08 +0000] "POST /wp-cron.php?doing_wp_cron=1784269448.6820089817047119140625 HTTP/1.1" 200 0 "-" "WordPress/7.0.1; https://www.yassaw.com"
65.181.116.207 - - [17/Jul/2026:06:24:08 +0000] "POST /wp-cron.php?doing_wp_cron=1784269448.6302900314331054687500 HTTP/1.1" 200 0 "-" "WordPress/7.0.1; https://www.yassaw.com"
20.1.128.109 - - [17/Jul/2026:06:24:07 +0000] "GET /sitemap.xml HTTP/1.1" 301 0 "-" "Mozilla/5.0 (Macintosh; Intel Mac OS X 10_15_7) AppleWebKit/537.36 (KHTML, like Gecko) Chrome/124.0.0.0 Safari/537.36"
20.1.128.109 - - [17/Jul/2026:06:24:07 +0000] "GET / HTTP/1.1" 301 0 "-" "Mozilla/5.0 (Macintosh; Intel Mac OS X 10_15_7) AppleWebKit/537.36 (KHTML, like Gecko) Chrome/124.0.0.0 Safari/537.36"
20.1.128.109 - - [17/Jul/2026:06:24:07 +0000] "GET /robots.txt HTTP/1.1" 301 0 "-" "Mozilla/5.0 (Macintosh; Intel Mac OS X 10_15_7) AppleWebKit/537.36 (KHTML, like Gecko) Chrome/124.0.0.0 Safari/537.36"
20.1.128.109 - - [17/Jul/2026:06:24:09 +0000] "GET / HTTP/1.1" 200 38842 "-" "Mozilla/5.0 (Macintosh; Intel Mac OS X 10_15_7) AppleWebKit/537.36 (KHTML, like Gecko) Chrome/124.0.0.0 Safari/537.36"
20.1.128.109 - - [17/Jul/2026:06:24:15 +0000] "GET / HTTP/1.1" 301 0 "-" "Mozilla/5.0 (Macintosh; Intel Mac OS X 10_15_7) AppleWebKit/537.36 (KHTML, like Gecko) Chrome/124.0.0.0 Safari/537.36"
20.1.128.109 - - [17/Jul/2026:06:24:19 +0000] "GET / HTTP/1.1" 200 38844 "-" "Mozilla/5.0 (Macintosh; Intel Mac OS X 10_15_7) AppleWebKit/537.36 (KHTML, like Gecko) Chrome/124.0.0.0 Safari/537.36"
168.144.174.85 - - [17/Jul/2026:06:24:23 +0000] "POST /wp-login.php HTTP/1.1" 200 6508 "-" "Mozilla/5.0"
65.181.116.207 - - [17/Jul/2026:06:33:01 +0000] "POST /wp-cron.php?doing_wp_cron=1784269981.0129179954528808593750 HTTP/1.1" 200 0 "-" "WordPress/7.0.1; https://www.yassaw.com"
168.144.174.85 - - [17/Jul/2026:06:32:59 +0000] "POST /wp-login.php HTTP/1.1" 200 6508 "-" "Mozilla/5.0"
13.222.136.18 - - [17/Jul/2026:06:33:41 +0000] "GET / HTTP/1.1" 200 12491 "-" "Mozilla/5.0 (X11; Linux x86_64) AppleWebKit/537.36 (KHTML, like Gecko) Chrome/131.0.0.0 Safari/537.36"
13.222.136.18 - - [17/Jul/2026:06:33:41 +0000] "POST / HTTP/1.1" 200 12495 "-" "Mozilla/5.0 (X11; Linux x86_64) AppleWebKit/537.36 (KHTML, like Gecko) Chrome/131.0.0.0 Safari/537.36"
13.222.136.18 - - [17/Jul/2026:06:33:41 +0000] "POST / HTTP/1.1" 200 12491 "-" "Mozilla/5.0 (X11; Linux x86_64) AppleWebKit/537.36 (KHTML, like Gecko) Chrome/131.0.0.0 Safari/537.36"
13.222.136.18 - - [17/Jul/2026:06:33:41 +0000] "POST / HTTP/1.1" 200 12492 "-" "Mozilla/5.0 (X11; Linux x86_64) AppleWebKit/537.36 (KHTML, like Gecko) Chrome/131.0.0.0 Safari/537.36"
13.222.136.18 - - [17/Jul/2026:06:33:41 +0000] "GET /.git/config HTTP/1.1" 404 3415 "-" "Mozilla/5.0 (X11; Linux x86_64) AppleWebKit/537.36 (KHTML, like Gecko) Chrome/131.0.0.0 Safari/537.36"
13.222.136.18 - - [17/Jul/2026:06:33:41 +0000] "POST / HTTP/1.1" 200 12487 "-" "Mozilla/5.0 (X11; Linux x86_64) AppleWebKit/537.36 (KHTML, like Gecko) Chrome/131.0.0.0 Safari/537.36"
13.222.136.18 - - [17/Jul/2026:06:33:41 +0000] "GET /.env HTTP/1.1" 404 3415 "-" "Mozilla/5.0 (X11; Linux x86_64) AppleWebKit/537.36 (KHTML, like Gecko) Chrome/131.0.0.0 Safari/537.36"
13.222.136.18 - - [17/Jul/2026:06:33:41 +0000] "GET /.env.local HTTP/1.1" 404 3415 "-" "Mozilla/5.0 (X11; Linux x86_64) AppleWebKit/537.36 (KHTML, like Gecko) Chrome/131.0.0.0 Safari/537.36"
13.222.136.18 - - [17/Jul/2026:06:33:41 +0000] "GET /.env.production HTTP/1.1" 404 3415 "-" "Mozilla/5.0 (X11; Linux x86_64) AppleWebKit/537.36 (KHTML, like Gecko) Chrome/131.0.0.0 Safari/537.36"
13.222.136.18 - - [17/Jul/2026:06:33:41 +0000] "GET /.env.staging HTTP/1.1" 404 3415 "-" "Mozilla/5.0 (X11; Linux x86_64) AppleWebKit/537.36 (KHTML, like Gecko) Chrome/131.0.0.0 Safari/537.36"
13.222.136.18 - - [17/Jul/2026:06:33:41 +0000] "GET /.env.development HTTP/1.1" 404 3415 "-" "Mozilla/5.0 (X11; Linux x86_64) AppleWebKit/537.36 (KHTML, like Gecko) Chrome/131.0.0.0 Safari/537.36"
13.222.136.18 - - [17/Jul/2026:06:33:41 +0000] "GET /.env.test HTTP/1.1" 404 3415 "-" "Mozilla/5.0 (X11; Linux x86_64) AppleWebKit/537.36 (KHTML, like Gecko) Chrome/131.0.0.0 Safari/537.36"
13.222.136.18 - - [17/Jul/2026:06:33:41 +0000] "GET /.env.remote HTTP/1.1" 404 3415 "-" "Mozilla/5.0 (X11; Linux x86_64) AppleWebKit/537.36 (KHTML, like Gecko) Chrome/131.0.0.0 Safari/537.36"
