54.79.227.127 - - [17/Jul/2026:04:20:49 +0000] "GET /administrator/phpinfo.php HTTP/1.1" 401 53 "-" "Mozilla/5.0 (X11; Linux x86_64) AppleWebKit/537.36 (KHTML, like Gecko) Chrome/131.0.0.0 Safari/537.36"
54.79.227.127 - - [17/Jul/2026:04:20:49 +0000] "GET /core/phpinfo.php HTTP/1.1" 401 53 "-" "Mozilla/5.0 (X11; Linux x86_64) AppleWebKit/537.36 (KHTML, like Gecko) Chrome/131.0.0.0 Safari/537.36"
54.79.227.127 - - [17/Jul/2026:04:20:49 +0000] "GET /includes/phpinfo.php HTTP/1.1" 401 53 "-" "Mozilla/5.0 (X11; Linux x86_64) AppleWebKit/537.36 (KHTML, like Gecko) Chrome/131.0.0.0 Safari/537.36"
65.181.116.207 - - [17/Jul/2026:04:23:55 +0000] "POST /wp-cron.php?doing_wp_cron=1784262235.8226170539855957031250 HTTP/1.1" 200 0 "-" "WordPress/7.0.1; https://www.yassaw.com"
168.144.174.85 - - [17/Jul/2026:04:23:53 +0000] "POST /wp-login.php HTTP/1.1" 200 6508 "-" "Mozilla/5.0"
65.181.116.207 - - [17/Jul/2026:04:25:58 +0000] "POST /wp-cron.php?doing_wp_cron=1784262358.8032529354095458984375 HTTP/1.1" 200 0 "-" "WordPress/7.0.1; https://www.yassaw.com"
89.167.32.97 - - [17/Jul/2026:04:25:56 +0000] "GET /robots.txt HTTP/1.1" 200 96 "-" "Mozilla/5.0 AppleWebKit/537.36 (KHTML, like Gecko; compatible; Bravebot/1.0; +https://search.brave.com/help/brave-search-crawler) Chrome/W.X.Y.Z Safari/537.36"
65.181.116.207 - - [17/Jul/2026:04:26:35 +0000] "POST /wp-cron.php?doing_wp_cron=1784262395.1172690391540527343750 HTTP/1.1" 200 0 "-" "WordPress/7.0.1; https://www.yassaw.com"
43.130.3.122 - - [17/Jul/2026:04:26:31 +0000] "GET /author/hgmhr/ HTTP/1.1" 200 35726 "-" "Mozilla/5.0 (iPhone; CPU iPhone OS 13_2_3 like Mac OS X) AppleWebKit/605.1.15 (KHTML, like Gecko) Version/13.0.3 Mobile/15E148 Safari/604.1"
5.161.90.14 - - [17/Jul/2026:04:26:55 +0000] "GET /blog/ HTTP/2" 200 32302 "-" "Mozilla/5.0 (Macintosh; Intel Mac OS X 10_15_7) AppleWebKit/605.1.15 (KHTML, like Gecko) Version/26.0.1 Safari/605.1.15"
5.161.90.14 - - [17/Jul/2026:04:26:55 +0000] "GET / HTTP/2" 200 38844 "-" "Mozilla/5.0 (Macintosh; Intel Mac OS X 10_15_7) AppleWebKit/605.1.15 (KHTML, like Gecko) Version/26.0.1 Safari/605.1.15"
65.181.116.207 - - [17/Jul/2026:04:28:47 +0000] "POST /wp-cron.php?doing_wp_cron=1784262526.8125789165496826171875 HTTP/1.1" 200 0 "-" "WordPress/7.0.1; https://www.yassaw.com"
5.78.196.3 - - [17/Jul/2026:04:28:42 +0000] "GET /terms-and-conditions/ HTTP/2" 200 32908 "-" "Mozilla/5.0 (Macintosh; Intel Mac OS X 10_15_7) AppleWebKit/605.1.15 (KHTML, like Gecko) Version/26.0.1 Safari/605.1.15"
65.181.116.207 - - [17/Jul/2026:04:29:29 +0000] "POST /wp-cron.php?doing_wp_cron=1784262569.1331629753112792968750 HTTP/1.1" 200 0 "-" "WordPress/7.0.1; https://www.yassaw.com"
65.181.116.207 - - [17/Jul/2026:04:31:23 +0000] "POST /wp-cron.php?doing_wp_cron=1784262683.3272149562835693359375 HTTP/1.1" 200 0 "-" "WordPress/7.0.1; https://www.yassaw.com"
134.199.168.6 - - [17/Jul/2026:04:31:20 +0000] "POST /wp-login.php HTTP/1.1" 200 6508 "-" "Mozilla/5.0"
65.181.116.207 - - [17/Jul/2026:04:31:49 +0000] "POST /wp-cron.php?doing_wp_cron=1784262709.1036450862884521484375 HTTP/1.1" 200 0 "-" "WordPress/7.0.1; https://www.yassaw.com"
168.144.174.85 - - [17/Jul/2026:04:31:46 +0000] "POST /wp-login.php HTTP/1.1" 200 6508 "-" "Mozilla/5.0"
65.181.116.207 - - [17/Jul/2026:04:34:24 +0000] "POST /wp-cron.php?doing_wp_cron=1784262864.6213159561157226562500 HTTP/1.1" 200 0 "-" "WordPress/7.0.1; https://www.yassaw.com"
43.134.236.36 - - [17/Jul/2026:04:34:21 +0000] "GET /wp-json/wp/v2/users/1 HTTP/1.1" 200 396 "-" "Mozilla/5.0 (iPhone; CPU iPhone OS 13_2_3 like Mac OS X) AppleWebKit/605.1.15 (KHTML, like Gecko) Version/13.0.3 Mobile/15E148 Safari/604.1"
65.181.116.207 - - [17/Jul/2026:04:39:34 +0000] "POST /wp-cron.php?doing_wp_cron=1784263174.3039140701293945312500 HTTP/1.1" 200 0 "-" "WordPress/7.0.1; https://www.yassaw.com"
168.144.174.85 - - [17/Jul/2026:04:39:32 +0000] "POST /wp-login.php HTTP/1.1" 200 6508 "-" "Mozilla/5.0"
136.116.198.170 - - [17/Jul/2026:04:43:11 +0000] "POST / HTTP/1.1" 200 0 "https://yassaw.com/" "Mozilla/5.0 (Macintosh; Intel Mac OS X 10_15_7) AppleWebKit/537.36 (KHTML, like Gecko) Chrome/145.0.0.0 Safari/537.36"
65.181.116.207 - - [17/Jul/2026:04:43:16 +0000] "POST /wp-cron.php?doing_wp_cron=1784263396.4433410167694091796875 HTTP/1.1" 200 0 "-" "WordPress/7.0.1; https://www.yassaw.com"
134.199.168.6 - - [17/Jul/2026:04:43:19 +0000] "POST /wp-login.php HTTP/1.1" 200 6508 "-" "Mozilla/5.0"
45.148.10.120 - - [17/Jul/2026:04:43:42 +0000] "GET /.git/config HTTP/1.1" 403 1242 "-" "Mozilla/5.0 (X11; Linux x86_64) AppleWebKit/537.36 (KHTML, like Gecko) Ubuntu Chromium/75.0.3770.142 Chrome/75.0.3770.142 Safari/537.36"
65.181.116.207 - - [17/Jul/2026:04:45:20 +0000] "POST /wp-cron.php?doing_wp_cron=1784263520.2878038883209228515625 HTTP/1.1" 200 0 "-" "WordPress/7.0.1; https://www.yassaw.com"
43.134.54.246 - - [17/Jul/2026:04:45:16 +0000] "GET /author/hgmhr/feed/ HTTP/1.1" 200 887 "-" "Mozilla/5.0 (iPhone; CPU iPhone OS 13_2_3 like Mac OS X) AppleWebKit/605.1.15 (KHTML, like Gecko) Version/13.0.3 Mobile/15E148 Safari/604.1"
168.144.174.85 - - [17/Jul/2026:04:47:19 +0000] "POST /wp-login.php HTTP/1.1" 200 6508 "-" "Mozilla/5.0"
65.181.116.207 - - [17/Jul/2026:04:48:24 +0000] "POST /wp-cron.php?doing_wp_cron=1784263704.0298120975494384765625 HTTP/1.1" 200 0 "-" "WordPress/7.0.1; https://www.yassaw.com"
216.73.216.171 - - [17/Jul/2026:04:48:21 +0000] "GET /robots.txt HTTP/2" 200 96 "-" "Mozilla/5.0 AppleWebKit/537.36 (KHTML, like Gecko; compatible; ClaudeBot/1.0; [email protected])"
216.73.216.171 - - [17/Jul/2026:04:48:24 +0000] "GET /sitemaps.xml HTTP/2" 200 232 "-" "Mozilla/5.0 AppleWebKit/537.36 (KHTML, like Gecko; compatible; ClaudeBot/1.0; [email protected])"
65.181.116.207 - - [17/Jul/2026:04:55:14 +0000] "POST /wp-cron.php?doing_wp_cron=1784264114.0729789733886718750000 HTTP/1.1" 200 0 "-" "WordPress/7.0.1; https://www.yassaw.com"
134.199.168.6 - - [17/Jul/2026:04:55:11 +0000] "POST /wp-login.php HTTP/1.1" 200 6508 "-" "Mozilla/5.0"
168.144.174.85 - - [17/Jul/2026:04:55:17 +0000] "POST /wp-login.php HTTP/1.1" 200 6508 "-" "Mozilla/5.0"
65.181.116.207 - - [17/Jul/2026:04:57:58 +0000] "POST /wp-cron.php?doing_wp_cron=1784264277.8960759639739990234375 HTTP/1.1" 200 0 "-" "WordPress/7.0.1; https://www.yassaw.com"
49.51.72.76 - - [17/Jul/2026:04:57:54 +0000] "GET /author/hgmhr/ HTTP/1.1" 200 35726 "-" "Mozilla/5.0 (iPhone; CPU iPhone OS 13_2_3 like Mac OS X) AppleWebKit/605.1.15 (KHTML, like Gecko) Version/13.0.3 Mobile/15E148 Safari/604.1"
65.181.116.207 - - [17/Jul/2026:05:03:09 +0000] "POST /wp-cron.php?doing_wp_cron=1784264589.6439449787139892578125 HTTP/1.1" 200 0 "-" "WordPress/7.0.1; https://www.yassaw.com"
168.144.174.85 - - [17/Jul/2026:05:03:05 +0000] "POST /wp-login.php HTTP/1.1" 200 6508 "-" "Mozilla/5.0"
65.181.116.207 - - [17/Jul/2026:05:06:46 +0000] "POST /wp-cron.php?doing_wp_cron=1784264806.2032709121704101562500 HTTP/1.1" 200 0 "-" "WordPress/7.0.1; https://www.yassaw.com"
170.106.165.76 - - [17/Jul/2026:05:06:41 +0000] "GET /author/hgmhr/ HTTP/1.1" 200 35726 "-" "Mozilla/5.0 (iPhone; CPU iPhone OS 13_2_3 like Mac OS X) AppleWebKit/605.1.15 (KHTML, like Gecko) Version/13.0.3 Mobile/15E148 Safari/604.1"
134.199.168.6 - - [17/Jul/2026:05:07:21 +0000] "POST /wp-login.php HTTP/1.1" 200 6508 "-" "Mozilla/5.0"
65.181.116.207 - - [17/Jul/2026:05:10:37 +0000] "POST /wp-cron.php?doing_wp_cron=1784265037.4134230613708496093750 HTTP/1.1" 200 0 "-" "WordPress/7.0.1; https://www.yassaw.com"
74.7.241.164 - - [17/Jul/2026:05:10:35 +0000] "GET /robots.txt HTTP/2" 200 96 "-" "Mozilla/5.0 (Macintosh; Intel Mac OS X 10_15_7) AppleWebKit/537.36 (KHTML, like Gecko) Chrome/131.0.0.0 Safari/537.36; compatible; OAI-SearchBot/1.4; robots.txt; +https://openai.com/searchbot"
74.7.243.219 - - [17/Jul/2026:05:10:35 +0000] "GET /sitemaps.xml HTTP/2" 200 232 "-" "Mozilla/5.0 AppleWebKit/537.36 (KHTML, like Gecko; compatible; GPTBot/1.4; +https://openai.com/gptbot)"
168.144.174.85 - - [17/Jul/2026:05:10:57 +0000] "POST /wp-login.php HTTP/1.1" 200 6508 "-" "Mozilla/5.0"
65.181.116.207 - - [17/Jul/2026:05:18:48 +0000] "POST /wp-cron.php?doing_wp_cron=1784265528.1526849269866943359375 HTTP/1.1" 200 0 "-" "WordPress/7.0.1; https://www.yassaw.com"
168.144.174.85 - - [17/Jul/2026:05:18:45 +0000] "POST /wp-login.php HTTP/1.1" 200 6508 "-" "Mozilla/5.0"
65.181.116.207 - - [17/Jul/2026:05:19:43 +0000] "POST /wp-cron.php?doing_wp_cron=1784265583.3829009532928466796875 HTTP/1.1" 200 0 "-" "WordPress/7.0.1; https://www.yassaw.com"
134.199.168.6 - - [17/Jul/2026:05:19:40 +0000] "POST /wp-login.php HTTP/1.1" 200 6508 "-" "Mozilla/5.0"
65.181.116.207 - - [17/Jul/2026:05:26:22 +0000] "POST /wp-cron.php?doing_wp_cron=1784265982.2799549102783203125000 HTTP/1.1" 200 0 "-" "WordPress/7.0.1; https://www.yassaw.com"
168.144.174.85 - - [17/Jul/2026:05:26:19 +0000] "POST /wp-login.php HTTP/1.1" 200 6508 "-" "Mozilla/5.0"
65.181.116.207 - - [17/Jul/2026:05:32:07 +0000] "POST /wp-cron.php?doing_wp_cron=1784266327.5027160644531250000000 HTTP/1.1" 200 0 "-" "WordPress/7.0.1; https://www.yassaw.com"
134.199.168.6 - - [17/Jul/2026:05:32:04 +0000] "POST /wp-login.php HTTP/1.1" 200 6508 "-" "Mozilla/5.0"
65.181.116.207 - - [17/Jul/2026:05:34:08 +0000] "POST /wp-cron.php?doing_wp_cron=1784266448.1267549991607666015625 HTTP/1.1" 200 0 "-" "WordPress/7.0.1; https://www.yassaw.com"
168.144.174.85 - - [17/Jul/2026:05:34:05 +0000] "POST /wp-login.php HTTP/1.1" 200 6508 "-" "Mozilla/5.0"
45.148.10.120 - - [17/Jul/2026:05:35:55 +0000] "GET /.git/config HTTP/1.1" 404 3418 "-" "Mozilla/5.0 (Linux; U; Android 8.1.0; zh-CN; Mi Note 3 Build/OPM1.171019.019) AppleWebKit/537.36 (KHTML, like Gecko) Version/4.0 Chrome/57.0.2987.108 UCBrowser/12.5.9.1039 Mobile Safari/537.36"
45.148.10.120 - - [17/Jul/2026:05:37:21 +0000] "GET /.git/config HTTP/1.1" 403 1242 "-" "Mozilla/5.0 (Linux; Android 8.0.0; SM-G965U) AppleWebKit/537.36 (KHTML, like Gecko) Chrome/76.0.3809.89 Mobile Safari/537.36"
65.181.116.207 - - [17/Jul/2026:05:42:23 +0000] "POST /wp-cron.php?doing_wp_cron=1784266943.8904650211334228515625 HTTP/1.1" 200 0 "-" "WordPress/7.0.1; https://www.yassaw.com"
168.144.174.85 - - [17/Jul/2026:05:42:19 +0000] "POST /wp-login.php HTTP/1.1" 200 6508 "-" "Mozilla/5.0"
65.181.116.207 - - [17/Jul/2026:05:44:35 +0000] "POST /wp-cron.php?doing_wp_cron=1784267075.1016459465026855468750 HTTP/1.1" 200 0 "-" "WordPress/7.0.1; https://www.yassaw.com"
134.199.168.6 - - [17/Jul/2026:05:44:32 +0000] "POST /wp-login.php HTTP/1.1" 200 6508 "-" "Mozilla/5.0"
195.178.110.223 - - [17/Jul/2026:05:46:58 +0000] "GET / HTTP/1.1" 200 12489 "-" "Mozilla/5.0 (Windows NT 10.0; Win64; x64) AppleWebKit/537.36 (KHTML, like Gecko) Chrome/131.0.0.0 Safari/537.36"
195.178.110.223 - - [17/Jul/2026:05:46:58 +0000] "GET /.env HTTP/1.1" 404 3415 "-" "Mozilla/5.0 (X11; Linux x86_64) AppleWebKit/537.36 (KHTML, like Gecko) Chrome/131.0.0.0 Safari/537.36"
195.178.110.223 - - [17/Jul/2026:05:46:58 +0000] "GET /sharedjs/jstz.min.js HTTP/1.1" 200 12500 "-" "Mozilla/5.0 (Windows NT 10.0; Win64; x64; rv:133.0) Gecko/20100101 Firefox/133.0"
195.178.110.223 - - [17/Jul/2026:05:46:58 +0000] "GET /unprotected/json-minified.js HTTP/1.1" 200 843 "-" "Mozilla/5.0 (Windows NT 10.0; Win64; x64) AppleWebKit/537.36 (KHTML, like Gecko) Chrome/131.0.0.0 Safari/537.36"
195.178.110.223 - - [17/Jul/2026:05:46:58 +0000] "GET /.env.bak HTTP/1.1" 308 93 "-" "Mozilla/5.0 (Windows NT 10.0; Win64; x64; rv:133.0) Gecko/20100101 Firefox/133.0"
195.178.110.223 - - [17/Jul/2026:05:46:58 +0000] "GET /.env.bak HTTP/1.1" 404 3415 "https://cpanel.yassaw.com/.env.bak" "Mozilla/5.0 (Windows NT 10.0; Win64; x64; rv:133.0) Gecko/20100101 Firefox/133.0"
195.178.110.223 - - [17/Jul/2026:05:46:58 +0000] "GET /.env.save HTTP/1.1" 404 3415 "-" "Mozilla/5.0 (X11; Linux x86_64) AppleWebKit/537.36 (KHTML, like Gecko) Chrome/131.0.0.0 Safari/537.36"
195.178.110.223 - - [17/Jul/2026:05:46:58 +0000] "GET /.env.backup HTTP/1.1" 404 3415 "-" "Mozilla/5.0 (Windows NT 10.0; Win64; x64; rv:133.0) Gecko/20100101 Firefox/133.0"
195.178.110.223 - - [17/Jul/2026:05:46:59 +0000] "GET /.env.example HTTP/1.1" 404 3415 "-" "Mozilla/5.0 (Macintosh; Intel Mac OS X 10_15_7) AppleWebKit/537.36 (KHTML, like Gecko) Chrome/131.0.0.0 Safari/537.36"
195.178.110.223 - - [17/Jul/2026:05:46:59 +0000] "GET /.env.test HTTP/1.1" 404 3415 "-" "Mozilla/5.0 (X11; Linux x86_64) AppleWebKit/537.36 (KHTML, like Gecko) Chrome/131.0.0.0 Safari/537.36"
195.178.110.223 - - [17/Jul/2026:05:46:59 +0000] "GET /.env.prod HTTP/1.1" 404 3415 "-" "Mozilla/5.0 (Windows NT 10.0; Win64; x64; rv:133.0) Gecko/20100101 Firefox/133.0"
195.178.110.223 - - [17/Jul/2026:05:46:59 +0000] "GET /backend/.env HTTP/1.1" 404 3415 "-" "Mozilla/5.0 (Macintosh; Intel Mac OS X 10_15_7) AppleWebKit/537.36 (KHTML, like Gecko) Chrome/131.0.0.0 Safari/537.36"
195.178.110.223 - - [17/Jul/2026:05:46:59 +0000] "GET /admin/.env HTTP/1.1" 404 3415 "-" "Mozilla/5.0 (Windows NT 10.0; Win64; x64; rv:133.0) Gecko/20100101 Firefox/133.0"
195.178.110.223 - - [17/Jul/2026:05:46:59 +0000] "GET /api/.env HTTP/1.1" 404 3415 "-" "Mozilla/5.0 (Windows NT 10.0; Win64; x64; rv:133.0) Gecko/20100101 Firefox/133.0"
195.178.110.223 - - [17/Jul/2026:05:46:59 +0000] "GET /app/.env HTTP/1.1" 404 3415 "-" "Mozilla/5.0 (Macintosh; Intel Mac OS X 10_15_7) AppleWebKit/537.36 (KHTML, like Gecko) Chrome/131.0.0.0 Safari/537.36"
195.178.110.223 - - [17/Jul/2026:05:47:00 +0000] "GET /.git/config HTTP/1.1" 404 3415 "-" "Mozilla/5.0 (Windows NT 10.0; Win64; x64) AppleWebKit/537.36 (KHTML, like Gecko) Chrome/131.0.0.0 Safari/537.36"
195.178.110.223 - - [17/Jul/2026:05:47:00 +0000] "GET /wp-config.php HTTP/1.1" 404 3415 "-" "Mozilla/5.0 (Macintosh; Intel Mac OS X 10_15_7) AppleWebKit/537.36 (KHTML, like Gecko) Chrome/131.0.0.0 Safari/537.36"
195.178.110.223 - - [17/Jul/2026:05:47:00 +0000] "GET /config.js HTTP/1.1" 404 3415 "-" "Mozilla/5.0 (Windows NT 10.0; Win64; x64; rv:133.0) Gecko/20100101 Firefox/133.0"
195.178.110.223 - - [17/Jul/2026:05:47:00 +0000] "GET /config.json HTTP/1.1" 404 3415 "-" "Mozilla/5.0 (Windows NT 10.0; Win64; x64; rv:133.0) Gecko/20100101 Firefox/133.0"
195.178.110.223 - - [17/Jul/2026:05:47:00 +0000] "GET /aws-config.js HTTP/1.1" 404 3415 "-" "Mozilla/5.0 (X11; Linux x86_64) AppleWebKit/537.36 (KHTML, like Gecko) Chrome/131.0.0.0 Safari/537.36"
195.178.110.223 - - [17/Jul/2026:05:47:00 +0000] "GET /aws.config.js HTTP/1.1" 404 3415 "-" "Mozilla/5.0 (Macintosh; Intel Mac OS X 10_15_7) AppleWebKit/537.36 (KHTML, like Gecko) Chrome/131.0.0.0 Safari/537.36"
195.178.110.223 - - [17/Jul/2026:05:47:00 +0000] "GET /_debugbar/ HTTP/1.1" 404 3415 "-" "Mozilla/5.0 (Windows NT 10.0; Win64; x64; rv:133.0) Gecko/20100101 Firefox/133.0"
195.178.110.223 - - [17/Jul/2026:05:47:01 +0000] "GET /debugbar/ HTTP/1.1" 404 3415 "-" "Mozilla/5.0 (Windows NT 10.0; Win64; x64) AppleWebKit/537.36 (KHTML, like Gecko) Chrome/131.0.0.0 Safari/537.36"
195.178.110.223 - - [17/Jul/2026:05:47:01 +0000] "GET /debug/ HTTP/1.1" 404 3415 "-" "Mozilla/5.0 (X11; Linux x86_64) AppleWebKit/537.36 (KHTML, like Gecko) Chrome/131.0.0.0 Safari/537.36"
195.178.110.223 - - [17/Jul/2026:05:47:01 +0000] "GET /phpinfo.php HTTP/1.1" 200 12490 "-" "Mozilla/5.0 (Windows NT 10.0; Win64; x64; rv:133.0) Gecko/20100101 Firefox/133.0"
195.178.110.223 - - [17/Jul/2026:05:47:01 +0000] "GET /info.php HTTP/1.1" 404 3415 "-" "Mozilla/5.0 (Macintosh; Intel Mac OS X 10_15_7) AppleWebKit/537.36 (KHTML, like Gecko) Chrome/131.0.0.0 Safari/537.36"
195.178.110.223 - - [17/Jul/2026:05:47:01 +0000] "GET /test.php HTTP/1.1" 404 3415 "-" "Mozilla/5.0 (Windows NT 10.0; Win64; x64) AppleWebKit/537.36 (KHTML, like Gecko) Chrome/131.0.0.0 Safari/537.36"
195.178.110.223 - - [17/Jul/2026:05:47:01 +0000] "GET /.aws/credentials HTTP/1.1" 404 3415 "-" "Mozilla/5.0 (Windows NT 10.0; Win64; x64) AppleWebKit/537.36 (KHTML, like Gecko) Chrome/131.0.0.0 Safari/537.36"
195.178.110.223 - - [17/Jul/2026:05:47:01 +0000] "GET /.aws/config HTTP/1.1" 404 3415 "-" "Mozilla/5.0 (X11; Linux x86_64) AppleWebKit/537.36 (KHTML, like Gecko) Chrome/131.0.0.0 Safari/537.36"
195.178.110.223 - - [17/Jul/2026:05:47:02 +0000] "GET /aws-credentials HTTP/1.1" 404 3415 "-" "Mozilla/5.0 (Windows NT 10.0; Win64; x64) AppleWebKit/537.36 (KHTML, like Gecko) Chrome/131.0.0.0 Safari/537.36"
195.178.110.223 - - [17/Jul/2026:05:47:02 +0000] "GET /aws.json HTTP/1.1" 404 3415 "-" "Mozilla/5.0 (X11; Linux x86_64) AppleWebKit/537.36 (KHTML, like Gecko) Chrome/131.0.0.0 Safari/537.36"
195.178.110.223 - - [17/Jul/2026:05:47:02 +0000] "GET /.s3cfg HTTP/1.1" 404 3415 "-" "Mozilla/5.0 (Windows NT 10.0; Win64; x64) AppleWebKit/537.36 (KHTML, like Gecko) Chrome/131.0.0.0 Safari/537.36"
195.178.110.223 - - [17/Jul/2026:05:47:02 +0000] "GET /appsettings.json HTTP/1.1" 404 3415 "-" "Mozilla/5.0 (Windows NT 10.0; Win64; x64) AppleWebKit/537.36 (KHTML, like Gecko) Chrome/131.0.0.0 Safari/537.36"
195.178.110.223 - - [17/Jul/2026:05:47:02 +0000] "GET /appsettings.Development.json HTTP/1.1" 404 3415 "-" "Mozilla/5.0 (X11; Linux x86_64) AppleWebKit/537.36 (KHTML, like Gecko) Chrome/131.0.0.0 Safari/537.36"
195.178.110.223 - - [17/Jul/2026:05:47:02 +0000] "GET /web.config HTTP/1.1" 404 3415 "-" "Mozilla/5.0 (Windows NT 10.0; Win64; x64; rv:133.0) Gecko/20100101 Firefox/133.0"
195.178.110.223 - - [17/Jul/2026:05:47:02 +0000] "GET /google-services.json HTTP/1.1" 404 3415 "-" "Mozilla/5.0 (Macintosh; Intel Mac OS X 10_15_7) AppleWebKit/537.36 (KHTML, like Gecko) Chrome/131.0.0.0 Safari/537.36"
195.178.110.223 - - [17/Jul/2026:05:47:03 +0000] "GET /firebase.json HTTP/1.1" 404 3415 "-" "Mozilla/5.0 (Windows NT 10.0; Win64; x64; rv:133.0) Gecko/20100101 Firefox/133.0"
195.178.110.223 - - [17/Jul/2026:05:47:03 +0000] "GET /secrets.json HTTP/1.1" 404 3415 "-" "Mozilla/5.0 (Macintosh; Intel Mac OS X 10_15_7) AppleWebKit/537.36 (KHTML, like Gecko) Chrome/131.0.0.0 Safari/537.36"
195.178.110.223 - - [17/Jul/2026:05:47:03 +0000] "GET /.htpasswd HTTP/1.1" 404 3415 "-" "Mozilla/5.0 (Windows NT 10.0; Win64; x64; rv:133.0) Gecko/20100101 Firefox/133.0"
195.178.110.223 - - [17/Jul/2026:05:47:03 +0000] "GET /docker-compose.yml HTTP/1.1" 404 3415 "-" "Mozilla/5.0 (X11; Linux x86_64) AppleWebKit/537.36 (KHTML, like Gecko) Chrome/131.0.0.0 Safari/537.36"
195.178.110.223 - - [17/Jul/2026:05:47:03 +0000] "GET /.travis.yml HTTP/1.1" 404 3415 "-" "Mozilla/5.0 (Windows NT 10.0; Win64; x64) AppleWebKit/537.36 (KHTML, like Gecko) Chrome/131.0.0.0 Safari/537.36"
195.178.110.223 - - [17/Jul/2026:05:47:03 +0000] "GET /ServiceAccountKey.json HTTP/1.1" 404 3415 "-" "Mozilla/5.0 (Windows NT 10.0; Win64; x64; rv:133.0) Gecko/20100101 Firefox/133.0"
168.144.174.85 - - [17/Jul/2026:05:50:33 +0000] "POST /wp-login.php HTTP/1.1" 200 6508 "-" "Mozilla/5.0"
65.181.116.207 - - [17/Jul/2026:05:50:37 +0000] "POST /wp-cron.php?doing_wp_cron=1784267437.0109190940856933593750 HTTP/1.1" 200 0 "-" "WordPress/7.0.1; https://www.yassaw.com"
45.153.34.243 - - [17/Jul/2026:05:55:30 +0000] "GET /phpinfo HTTP/2" 404 3415 "http://cpanel.yassaw.com/phpinfo" "Mozilla/5.0 (X11; Linux x86_64) AppleWebKit/537.36 (KHTML, like Gecko) Chrome/91.0.4472.124 Safari/537.36"
45.153.34.243 - - [17/Jul/2026:05:55:30 +0000] "GET /phpinfo.php HTTP/2" 200 12497 "http://cpanel.yassaw.com/phpinfo.php" "Mozilla/5.0 (Windows NT 10.0; Win64; x64) AppleWebKit/537.36 (KHTML, like Gecko) Chrome/91.0.4472.124 Safari/537.36"
45.153.34.243 - - [17/Jul/2026:05:55:31 +0000] "GET /test.php HTTP/2" 404 3415 "http://cpanel.yassaw.com/test.php" "Mozilla/5.0 (Macintosh; Intel Mac OS X 10_15_7) AppleWebKit/537.36 (KHTML, like Gecko) Chrome/91.0.4472.124 Safari/537.36"
45.153.34.243 - - [17/Jul/2026:05:55:31 +0000] "GET /_profiler/phpinfo HTTP/2" 404 3415 "http://cpanel.yassaw.com/_profiler/phpinfo" "Mozilla/5.0 (Windows NT 10.0; Win64; x64) AppleWebKit/537.36 (KHTML, like Gecko) Chrome/91.0.4472.124 Safari/537.36"
45.153.34.243 - - [17/Jul/2026:05:55:31 +0000] "GET /info.php HTTP/2" 404 3415 "http://cpanel.yassaw.com/info.php" "Mozilla/5.0 (X11; Linux x86_64) AppleWebKit/537.36 (KHTML, like Gecko) Chrome/91.0.4472.124 Safari/537.36"
45.153.34.243 - - [17/Jul/2026:05:55:31 +0000] "GET /php.php HTTP/2" 404 3415 "http://cpanel.yassaw.com/php.php" "Mozilla/5.0 (Macintosh; Intel Mac OS X 10_15_7) AppleWebKit/537.36 (KHTML, like Gecko) Chrome/91.0.4472.124 Safari/537.36"
45.153.34.243 - - [17/Jul/2026:05:55:32 +0000] "GET /php_info.php HTTP/2" 404 3415 "http://cpanel.yassaw.com/php_info.php" "Mozilla/5.0 (Macintosh; Intel Mac OS X 10_15_7) AppleWebKit/537.36 (KHTML, like Gecko) Chrome/91.0.4472.124 Safari/537.36"
45.153.34.243 - - [17/Jul/2026:05:55:32 +0000] "GET /i.php HTTP/2" 404 3415 "http://cpanel.yassaw.com/i.php" "Mozilla/5.0 (Macintosh; Intel Mac OS X 10_15_7) AppleWebKit/537.36 (KHTML, like Gecko) Chrome/91.0.4472.124 Safari/537.36"
45.153.34.243 - - [17/Jul/2026:05:55:32 +0000] "GET /pi.php HTTP/2" 404 3415 "http://cpanel.yassaw.com/pi.php" "Mozilla/5.0 (Windows NT 10.0; Win64; x64) AppleWebKit/537.36 (KHTML, like Gecko) Chrome/91.0.4472.124 Safari/537.36"
45.153.34.243 - - [17/Jul/2026:05:55:33 +0000] "GET / HTTP/2" 200 12495 "http://cpanel.yassaw.com/" "Mozilla/5.0 (Windows NT 10.0; Win64; x64) AppleWebKit/537.36 (KHTML, like Gecko) Chrome/91.0.4472.124 Safari/537.36"
45.153.34.243 - - [17/Jul/2026:05:55:33 +0000] "GET /admin/phpinfo.php HTTP/2" 404 3415 "http://cpanel.yassaw.com/admin/phpinfo.php" "Mozilla/5.0 (Macintosh; Intel Mac OS X 10_15_7) AppleWebKit/537.36 (KHTML, like Gecko) Chrome/91.0.4472.124 Safari/537.36"
45.153.34.243 - - [17/Jul/2026:05:55:33 +0000] "GET /pinfo.php HTTP/2" 404 3415 "http://cpanel.yassaw.com/pinfo.php" "Mozilla/5.0 (X11; Linux x86_64) AppleWebKit/537.36 (KHTML, like Gecko) Chrome/91.0.4472.124 Safari/537.36"
45.153.34.243 - - [17/Jul/2026:05:55:33 +0000] "GET /php_version.php HTTP/2" 404 3415 "http://cpanel.yassaw.com/php_version.php" "Mozilla/5.0 (X11; Linux x86_64) AppleWebKit/537.36 (KHTML, like Gecko) Chrome/91.0.4472.124 Safari/537.36"
45.153.34.243 - - [17/Jul/2026:05:55:34 +0000] "GET /.aws/credentials HTTP/2" 404 3415 "http://cpanel.yassaw.com/.aws/credentials" "Mozilla/5.0 (Windows NT 10.0; Win64; x64) AppleWebKit/537.36 (KHTML, like Gecko) Chrome/91.0.4472.124 Safari/537.36"
45.153.34.243 - - [17/Jul/2026:05:55:34 +0000] "GET /.env HTTP/2" 404 3415 "http://cpanel.yassaw.com/.env" "Mozilla/5.0 (Macintosh; Intel Mac OS X 10_15_7) AppleWebKit/537.36 (KHTML, like Gecko) Chrome/91.0.4472.124 Safari/537.36"
45.153.34.243 - - [17/Jul/2026:05:55:34 +0000] "GET /.env.example HTTP/2" 404 3415 "http://cpanel.yassaw.com/.env.example" "Mozilla/5.0 (Macintosh; Intel Mac OS X 10_15_7) AppleWebKit/537.36 (KHTML, like Gecko) Chrome/91.0.4472.124 Safari/537.36"
45.153.34.243 - - [17/Jul/2026:05:55:34 +0000] "GET /.env.local HTTP/2" 404 3415 "http://cpanel.yassaw.com/.env.local" "Mozilla/5.0 (Macintosh; Intel Mac OS X 10_15_7) AppleWebKit/537.36 (KHTML, like Gecko) Chrome/91.0.4472.124 Safari/537.36"
45.153.34.243 - - [17/Jul/2026:05:55:35 +0000] "GET /.env.backup HTTP/2" 404 3415 "http://cpanel.yassaw.com/.env.backup" "Mozilla/5.0 (X11; Linux x86_64) AppleWebKit/537.36 (KHTML, like Gecko) Chrome/91.0.4472.124 Safari/537.36"
45.153.34.243 - - [17/Jul/2026:05:55:35 +0000] "GET /config/.env HTTP/2" 404 3415 "http://cpanel.yassaw.com/config/.env" "Mozilla/5.0 (X11; Linux x86_64) AppleWebKit/537.36 (KHTML, like Gecko) Chrome/91.0.4472.124 Safari/537.36"
65.181.116.207 - - [17/Jul/2026:05:56:48 +0000] "POST /wp-cron.php?doing_wp_cron=1784267808.1984519958496093750000 HTTP/1.1" 200 0 "-" "WordPress/7.0.1; https://www.yassaw.com"
18.136.194.21 - - [17/Jul/2026:05:56:40 +0000] "GET / HTTP/1.1" 200 43906 "-" "Mozilla/5.0 (X11; Linux x86_64) AppleWebKit/537.36 (KHTML, like Gecko) Chrome/131.0.0.0 Safari/537.36"
18.136.194.21 - - [17/Jul/2026:05:56:48 +0000] "POST / HTTP/1.1" 200 43899 "-" "Mozilla/5.0 (X11; Linux x86_64) AppleWebKit/537.36 (KHTML, like Gecko) Chrome/131.0.0.0 Safari/537.36"
18.136.194.21 - - [17/Jul/2026:05:56:57 +0000] "POST / HTTP/1.1" 200 43262 "-" "Mozilla/5.0 (X11; Linux x86_64) AppleWebKit/537.36 (KHTML, like Gecko) Chrome/131.0.0.0 Safari/537.36"
57.141.0.55 - - [17/Jul/2026:05:57:03 +0000] "GET /category/uncategorized/ HTTP/2" 200 113989 "-" "Mozilla/5.0 (Windows NT 10.0; Win64; x64) AppleWebKit/537.36 (KHTML, like Gecko) Chrome/145.0.0.0 Safari/537.36 (compatible; meta-externalagent/1.1 (+https://developers.facebook.com/docs/sharing/webmasters/crawler))"
134.199.168.6 - - [17/Jul/2026:05:57:06 +0000] "POST /wp-login.php HTTP/1.1" 200 6508 "-" "Mozilla/5.0"
18.136.194.21 - - [17/Jul/2026:05:57:06 +0000] "POST / HTTP/1.1" 200 43906 "-" "Mozilla/5.0 (X11; Linux x86_64) AppleWebKit/537.36 (KHTML, like Gecko) Chrome/131.0.0.0 Safari/537.36"
18.136.194.21 - - [17/Jul/2026:05:57:10 +0000] "GET /.git/config HTTP/1.1" 403 1242 "-" "Mozilla/5.0 (X11; Linux x86_64) AppleWebKit/537.36 (KHTML, like Gecko) Chrome/131.0.0.0 Safari/537.36"
18.136.194.21 - - [17/Jul/2026:05:57:10 +0000] "POST / HTTP/1.1" 200 43906 "-" "Mozilla/5.0 (X11; Linux x86_64) AppleWebKit/537.36 (KHTML, like Gecko) Chrome/131.0.0.0 Safari/537.36"
18.136.194.21 - - [17/Jul/2026:05:57:17 +0000] "GET /.env HTTP/1.1" 404 35281 "-" "Mozilla/5.0 (X11; Linux x86_64) AppleWebKit/537.36 (KHTML, like Gecko) Chrome/131.0.0.0 Safari/537.36"
18.136.194.21 - - [17/Jul/2026:05:57:23 +0000] "GET /.env.local HTTP/1.1" 404 35281 "-" "Mozilla/5.0 (X11; Linux x86_64) AppleWebKit/537.36 (KHTML, like Gecko) Chrome/131.0.0.0 Safari/537.36"
65.181.116.207 - - [17/Jul/2026:05:57:32 +0000] "POST /wp-cron.php?doing_wp_cron=1784267852.8971970081329345703125 HTTP/1.1" 200 0 "-" "WordPress/7.0.1; https://www.yassaw.com"
18.136.194.21 - - [17/Jul/2026:05:57:28 +0000] "GET /.env.production HTTP/1.1" 404 35281 "-" "Mozilla/5.0 (X11; Linux x86_64) AppleWebKit/537.36 (KHTML, like Gecko) Chrome/131.0.0.0 Safari/537.36"
18.136.194.21 - - [17/Jul/2026:05:57:33 +0000] "GET /.env.staging HTTP/1.1" 404 35281 "-" "Mozilla/5.0 (X11; Linux x86_64) AppleWebKit/537.36 (KHTML, like Gecko) Chrome/131.0.0.0 Safari/537.36"
18.136.194.21 - - [17/Jul/2026:05:57:36 +0000] "GET /.env.development HTTP/1.1" 404 35281 "-" "Mozilla/5.0 (X11; Linux x86_64) AppleWebKit/537.36 (KHTML, like Gecko) Chrome/131.0.0.0 Safari/537.36"
18.136.194.21 - - [17/Jul/2026:05:57:40 +0000] "GET /.env.test HTTP/1.1" 404 35281 "-" "Mozilla/5.0 (X11; Linux x86_64) AppleWebKit/537.36 (KHTML, like Gecko) Chrome/131.0.0.0 Safari/537.36"
18.136.194.21 - - [17/Jul/2026:05:57:46 +0000] "GET /.env.remote HTTP/1.1" 404 35281 "-" "Mozilla/5.0 (X11; Linux x86_64) AppleWebKit/537.36 (KHTML, like Gecko) Chrome/131.0.0.0 Safari/537.36"
18.136.194.21 - - [17/Jul/2026:05:57:50 +0000] "GET /.env.bak HTTP/1.1" 404 35281 "-" "Mozilla/5.0 (X11; Linux x86_64) AppleWebKit/537.36 (KHTML, like Gecko) Chrome/131.0.0.0 Safari/537.36"
18.136.194.21 - - [17/Jul/2026:05:57:53 +0000] "GET /.env.backup HTTP/1.1" 404 35281 "-" "Mozilla/5.0 (X11; Linux x86_64) AppleWebKit/537.36 (KHTML, like Gecko) Chrome/131.0.0.0 Safari/537.36"
18.136.194.21 - - [17/Jul/2026:05:57:57 +0000] "GET /.env.save HTTP/1.1" 404 35281 "-" "Mozilla/5.0 (X11; Linux x86_64) AppleWebKit/537.36 (KHTML, like Gecko) Chrome/131.0.0.0 Safari/537.36"
18.136.194.21 - - [17/Jul/2026:05:58:00 +0000] "GET /.env.old HTTP/1.1" 404 35281 "-" "Mozilla/5.0 (X11; Linux x86_64) AppleWebKit/537.36 (KHTML, like Gecko) Chrome/131.0.0.0 Safari/537.36"
18.136.194.21 - - [17/Jul/2026:05:58:05 +0000] "GET /.env.sample HTTP/1.1" 404 35281 "-" "Mozilla/5.0 (X11; Linux x86_64) AppleWebKit/537.36 (KHTML, like Gecko) Chrome/131.0.0.0 Safari/537.36"
18.136.194.21 - - [17/Jul/2026:05:58:10 +0000] "GET /.env.example HTTP/1.1" 404 35281 "-" "Mozilla/5.0 (X11; Linux x86_64) AppleWebKit/537.36 (KHTML, like Gecko) Chrome/131.0.0.0 Safari/537.36"
18.136.194.21 - - [17/Jul/2026:05:58:15 +0000] "GET /.env.dev HTTP/1.1" 404 35281 "-" "Mozilla/5.0 (X11; Linux x86_64) AppleWebKit/537.36 (KHTML, like Gecko) Chrome/131.0.0.0 Safari/537.36"
18.136.194.21 - - [17/Jul/2026:05:58:18 +0000] "GET /.env.prod HTTP/1.1" 404 35281 "-" "Mozilla/5.0 (X11; Linux x86_64) AppleWebKit/537.36 (KHTML, like Gecko) Chrome/131.0.0.0 Safari/537.36"
18.136.194.21 - - [17/Jul/2026:05:58:24 +0000] "GET /.env.stage HTTP/1.1" 404 35281 "-" "Mozilla/5.0 (X11; Linux x86_64) AppleWebKit/537.36 (KHTML, like Gecko) Chrome/131.0.0.0 Safari/537.36"
65.181.116.207 - - [17/Jul/2026:05:58:34 +0000] "POST /wp-cron.php?doing_wp_cron=1784267914.4826641082763671875000 HTTP/1.1" 200 0 "-" "WordPress/7.0.1; https://www.yassaw.com"
18.136.194.21 - - [17/Jul/2026:05:58:29 +0000] "GET /.env.ci HTTP/1.1" 404 35281 "-" "Mozilla/5.0 (X11; Linux x86_64) AppleWebKit/537.36 (KHTML, like Gecko) Chrome/131.0.0.0 Safari/537.36"
18.136.194.21 - - [17/Jul/2026:05:58:34 +0000] "GET /.env.docker HTTP/1.1" 404 35281 "-" "Mozilla/5.0 (X11; Linux x86_64) AppleWebKit/537.36 (KHTML, like Gecko) Chrome/131.0.0.0 Safari/537.36"
18.136.194.21 - - [17/Jul/2026:05:58:38 +0000] "GET /.env.live HTTP/1.1" 404 35281 "-" "Mozilla/5.0 (X11; Linux x86_64) AppleWebKit/537.36 (KHTML, like Gecko) Chrome/131.0.0.0 Safari/537.36"
18.136.194.21 - - [17/Jul/2026:05:58:41 +0000] "GET /.env.preprod HTTP/1.1" 404 35281 "-" "Mozilla/5.0 (X11; Linux x86_64) AppleWebKit/537.36 (KHTML, like Gecko) Chrome/131.0.0.0 Safari/537.36"
18.136.194.21 - - [17/Jul/2026:05:58:47 +0000] "GET /.env.uat HTTP/1.1" 404 35281 "-" "Mozilla/5.0 (X11; Linux x86_64) AppleWebKit/537.36 (KHTML, like Gecko) Chrome/131.0.0.0 Safari/537.36"
168.144.174.85 - - [17/Jul/2026:05:58:54 +0000] "POST /wp-login.php HTTP/1.1" 200 6508 "-" "Mozilla/5.0"
18.136.194.21 - - [17/Jul/2026:05:58:51 +0000] "GET /.env.dist HTTP/1.1" 404 35281 "-" "Mozilla/5.0 (X11; Linux x86_64) AppleWebKit/537.36 (KHTML, like Gecko) Chrome/131.0.0.0 Safari/537.36"
18.136.194.21 - - [17/Jul/2026:05:58:57 +0000] "GET /.env.swp HTTP/1.1" 404 35281 "-" "Mozilla/5.0 (X11; Linux x86_64) AppleWebKit/537.36 (KHTML, like Gecko) Chrome/131.0.0.0 Safari/537.36"
18.136.194.21 - - [17/Jul/2026:05:59:02 +0000] "GET /.env~ HTTP/1.1" 404 35281 "-" "Mozilla/5.0 (X11; Linux x86_64) AppleWebKit/537.36 (KHTML, like Gecko) Chrome/131.0.0.0 Safari/537.36"
18.136.194.21 - - [17/Jul/2026:05:59:09 +0000] "GET /.env1 HTTP/1.1" 404 35281 "-" "Mozilla/5.0 (X11; Linux x86_64) AppleWebKit/537.36 (KHTML, like Gecko) Chrome/131.0.0.0 Safari/537.36"
18.136.194.21 - - [17/Jul/2026:05:59:16 +0000] "GET /.env2 HTTP/1.1" 404 35281 "-" "Mozilla/5.0 (X11; Linux x86_64) AppleWebKit/537.36 (KHTML, like Gecko) Chrome/131.0.0.0 Safari/537.36"
18.136.194.21 - - [17/Jul/2026:05:59:20 +0000] "GET /.env_copy HTTP/1.1" 404 35281 "-" "Mozilla/5.0 (X11; Linux x86_64) AppleWebKit/537.36 (KHTML, like Gecko) Chrome/131.0.0.0 Safari/537.36"
65.181.116.207 - - [17/Jul/2026:05:59:29 +0000] "POST /wp-cron.php?doing_wp_cron=1784267969.9110999107360839843750 HTTP/1.1" 200 0 "-" "WordPress/7.0.1; https://www.yassaw.com"
18.136.194.21 - - [17/Jul/2026:05:59:25 +0000] "GET /.env.txt HTTP/1.1" 404 35281 "-" "Mozilla/5.0 (X11; Linux x86_64) AppleWebKit/537.36 (KHTML, like Gecko) Chrome/131.0.0.0 Safari/537.36"
18.136.194.21 - - [17/Jul/2026:05:59:30 +0000] "GET /.env.json HTTP/1.1" 404 35281 "-" "Mozilla/5.0 (X11; Linux x86_64) AppleWebKit/537.36 (KHTML, like Gecko) Chrome/131.0.0.0 Safari/537.36"
18.136.194.21 - - [17/Jul/2026:05:59:33 +0000] "GET /.env.yaml HTTP/1.1" 404 35281 "-" "Mozilla/5.0 (X11; Linux x86_64) AppleWebKit/537.36 (KHTML, like Gecko) Chrome/131.0.0.0 Safari/537.36"
18.136.194.21 - - [17/Jul/2026:05:59:36 +0000] "GET /.env.yml HTTP/1.1" 404 35281 "-" "Mozilla/5.0 (X11; Linux x86_64) AppleWebKit/537.36 (KHTML, like Gecko) Chrome/131.0.0.0 Safari/537.36"
18.136.194.21 - - [17/Jul/2026:05:59:40 +0000] "GET /app/.env HTTP/1.1" 404 35281 "-" "Mozilla/5.0 (X11; Linux x86_64) AppleWebKit/537.36 (KHTML, like Gecko) Chrome/131.0.0.0 Safari/537.36"
18.136.194.21 - - [17/Jul/2026:05:59:43 +0000] "GET /apps/.env HTTP/1.1" 404 35281 "-" "Mozilla/5.0 (X11; Linux x86_64) AppleWebKit/537.36 (KHTML, like Gecko) Chrome/131.0.0.0 Safari/537.36"
18.136.194.21 - - [17/Jul/2026:05:59:47 +0000] "GET /api/.env HTTP/1.1" 404 35281 "-" "Mozilla/5.0 (X11; Linux x86_64) AppleWebKit/537.36 (KHTML, like Gecko) Chrome/131.0.0.0 Safari/537.36"
18.136.194.21 - - [17/Jul/2026:05:59:51 +0000] "GET /web/.env HTTP/1.1" 404 35281 "-" "Mozilla/5.0 (X11; Linux x86_64) AppleWebKit/537.36 (KHTML, like Gecko) Chrome/131.0.0.0 Safari/537.36"
18.136.194.21 - - [17/Jul/2026:05:59:55 +0000] "GET /site/.env HTTP/1.1" 404 35281 "-" "Mozilla/5.0 (X11; Linux x86_64) AppleWebKit/537.36 (KHTML, like Gecko) Chrome/131.0.0.0 Safari/537.36"
18.136.194.21 - - [17/Jul/2026:05:59:59 +0000] "GET /public/.env HTTP/1.1" 404 35281 "-" "Mozilla/5.0 (X11; Linux x86_64) AppleWebKit/537.36 (KHTML, like Gecko) Chrome/131.0.0.0 Safari/537.36"
18.136.194.21 - - [17/Jul/2026:06:00:08 +0000] "GET /admin/.env HTTP/1.1" 404 34115 "-" "Mozilla/5.0 (X11; Linux x86_64) AppleWebKit/537.36 (KHTML, like Gecko) Chrome/131.0.0.0 Safari/537.36"
18.136.194.21 - - [17/Jul/2026:06:00:13 +0000] "GET /backend/.env HTTP/1.1" 404 35281 "-" "Mozilla/5.0 (X11; Linux x86_64) AppleWebKit/537.36 (KHTML, like Gecko) Chrome/131.0.0.0 Safari/537.36"
18.136.194.21 - - [17/Jul/2026:06:00:21 +0000] "GET /server/.env HTTP/1.1" 404 35281 "-" "Mozilla/5.0 (X11; Linux x86_64) AppleWebKit/537.36 (KHTML, like Gecko) Chrome/131.0.0.0 Safari/537.36"
65.181.116.207 - - [17/Jul/2026:06:00:37 +0000] "POST /wp-cron.php?doing_wp_cron=1784268037.0562920570373535156250 HTTP/1.1" 200 0 "-" "WordPress/7.0.1; https://www.yassaw.com"
18.136.194.21 - - [17/Jul/2026:06:00:29 +0000] "GET /frontend/.env HTTP/1.1" 404 35281 "-" "Mozilla/5.0 (X11; Linux x86_64) AppleWebKit/537.36 (KHTML, like Gecko) Chrome/131.0.0.0 Safari/537.36"
18.136.194.21 - - [17/Jul/2026:06:00:37 +0000] "GET /src/.env HTTP/1.1" 404 35281 "-" "Mozilla/5.0 (X11; Linux x86_64) AppleWebKit/537.36 (KHTML, like Gecko) Chrome/131.0.0.0 Safari/537.36"
18.136.194.21 - - [17/Jul/2026:06:00:42 +0000] "GET /core/.env HTTP/1.1" 404 35281 "-" "Mozilla/5.0 (X11; Linux x86_64) AppleWebKit/537.36 (KHTML, like Gecko) Chrome/131.0.0.0 Safari/537.36"
18.136.194.21 - - [17/Jul/2026:06:00:45 +0000] "GET /core/app/.env HTTP/1.1" 404 35281 "-" "Mozilla/5.0 (X11; Linux x86_64) AppleWebKit/537.36 (KHTML, like Gecko) Chrome/131.0.0.0 Safari/537.36"
18.136.194.21 - - [17/Jul/2026:06:00:49 +0000] "GET /config/.env HTTP/1.1" 404 35281 "-" "Mozilla/5.0 (X11; Linux x86_64) AppleWebKit/537.36 (KHTML, like Gecko) Chrome/131.0.0.0 Safari/537.36"
18.136.194.21 - - [17/Jul/2026:06:00:52 +0000] "GET /private/.env HTTP/1.1" 404 35281 "-" "Mozilla/5.0 (X11; Linux x86_64) AppleWebKit/537.36 (KHTML, like Gecko) Chrome/131.0.0.0 Safari/537.36"
18.136.194.21 - - [17/Jul/2026:06:00:56 +0000] "GET /application/.env HTTP/1.1" 404 35281 "-" "Mozilla/5.0 (X11; Linux x86_64) AppleWebKit/537.36 (KHTML, like Gecko) Chrome/131.0.0.0 Safari/537.36"
18.136.194.21 - - [17/Jul/2026:06:01:00 +0000] "GET /bootstrap/.env HTTP/1.1" 404 35281 "-" "Mozilla/5.0 (X11; Linux x86_64) AppleWebKit/537.36 (KHTML, like Gecko) Chrome/131.0.0.0 Safari/537.36"
18.136.194.21 - - [17/Jul/2026:06:01:05 +0000] "GET /database/.env HTTP/1.1" 404 35281 "-" "Mozilla/5.0 (X11; Linux x86_64) AppleWebKit/537.36 (KHTML, like Gecko) Chrome/131.0.0.0 Safari/537.36"
18.136.194.21 - - [17/Jul/2026:06:01:09 +0000] "GET /storage/.env HTTP/1.1" 404 35281 "-" "Mozilla/5.0 (X11; Linux x86_64) AppleWebKit/537.36 (KHTML, like Gecko) Chrome/131.0.0.0 Safari/537.36"
18.136.194.21 - - [17/Jul/2026:06:01:18 +0000] "GET /var/www/.env HTTP/1.1" 404 35281 "-" "Mozilla/5.0 (X11; Linux x86_64) AppleWebKit/537.36 (KHTML, like Gecko) Chrome/131.0.0.0 Safari/537.36"
65.181.116.207 - - [17/Jul/2026:06:01:30 +0000] "POST /wp-cron.php?doing_wp_cron=1784268090.0697278976440429687500 HTTP/1.1" 200 0 "-" "WordPress/7.0.1; https://www.yassaw.com"
18.136.194.21 - - [17/Jul/2026:06:01:24 +0000] "GET /var/www/html/.env HTTP/1.1" 404 35281 "-" "Mozilla/5.0 (X11; Linux x86_64) AppleWebKit/537.36 (KHTML, like Gecko) Chrome/131.0.0.0 Safari/537.36"
18.136.194.21 - - [17/Jul/2026:06:01:30 +0000] "GET /current/.env HTTP/1.1" 404 35281 "-" "Mozilla/5.0 (X11; Linux x86_64) AppleWebKit/537.36 (KHTML, like Gecko) Chrome/131.0.0.0 Safari/537.36"
18.136.194.21 - - [17/Jul/2026:06:01:33 +0000] "GET /release/.env HTTP/1.1" 404 35281 "-" "Mozilla/5.0 (X11; Linux x86_64) AppleWebKit/537.36 (KHTML, like Gecko) Chrome/131.0.0.0 Safari/537.36"
18.136.194.21 - - [17/Jul/2026:06:01:38 +0000] "GET /releases/.env HTTP/1.1" 404 35281 "-" "Mozilla/5.0 (X11; Linux x86_64) AppleWebKit/537.36 (KHTML, like Gecko) Chrome/131.0.0.0 Safari/537.36"
17.22.245.19 - - [17/Jul/2026:06:01:41 +0000] "GET /robots.txt HTTP/2" 200 108 "-" "Mozilla/5.0 (Macintosh; Intel Mac OS X 10_15_7) AppleWebKit/605.1.15 (KHTML, like Gecko) Version/17.4 Safari/605.1.15 (Applebot/0.1; +http://www.apple.com/go/applebot)"
18.136.194.21 - - [17/Jul/2026:06:01:44 +0000] "GET /shared/.env HTTP/1.1" 404 35281 "-" "Mozilla/5.0 (X11; Linux x86_64) AppleWebKit/537.36 (KHTML, like Gecko) Chrome/131.0.0.0 Safari/537.36"
17.22.245.19 - - [17/Jul/2026:06:01:44 +0000] "GET /unraveling-the-power-of-nutrition/ HTTP/2" 200 37045 "-" "Mozilla/5.0 (Macintosh; Intel Mac OS X 10_15_7) AppleWebKit/605.1.15 (KHTML, like Gecko) Version/17.4 Safari/605.1.15 (Applebot/0.1; +http://www.apple.com/go/applebot)"
18.136.194.21 - - [17/Jul/2026:06:01:48 +0000] "GET /deploy/.env HTTP/1.1" 404 35281 "-" "Mozilla/5.0 (X11; Linux x86_64) AppleWebKit/537.36 (KHTML, like Gecko) Chrome/131.0.0.0 Safari/537.36"
18.136.194.21 - - [17/Jul/2026:06:01:55 +0000] "GET /build/.env HTTP/1.1" 404 35281 "-" "Mozilla/5.0 (X11; Linux x86_64) AppleWebKit/537.36 (KHTML, like Gecko) Chrome/131.0.0.0 Safari/537.36"
18.136.194.21 - - [17/Jul/2026:06:01:59 +0000] "GET /dist/.env HTTP/1.1" 404 35281 "-" "Mozilla/5.0 (X11; Linux x86_64) AppleWebKit/537.36 (KHTML, like Gecko) Chrome/131.0.0.0 Safari/537.36"
18.136.194.21 - - [17/Jul/2026:06:02:07 +0000] "GET /public_html/.env HTTP/1.1" 404 35281 "-" "Mozilla/5.0 (X11; Linux x86_64) AppleWebKit/537.36 (KHTML, like Gecko) Chrome/131.0.0.0 Safari/537.36"
18.136.194.21 - - [17/Jul/2026:06:02:13 +0000] "GET /htdocs/.env HTTP/1.1" 404 35281 "-" "Mozilla/5.0 (X11; Linux x86_64) AppleWebKit/537.36 (KHTML, like Gecko) Chrome/131.0.0.0 Safari/537.36"
18.136.194.21 - - [17/Jul/2026:06:02:18 +0000] "GET /www/.env HTTP/1.1" 404 35281 "-" "Mozilla/5.0 (X11; Linux x86_64) AppleWebKit/537.36 (KHTML, like Gecko) Chrome/131.0.0.0 Safari/537.36"
18.136.194.21 - - [17/Jul/2026:06:02:23 +0000] "GET /html/.env HTTP/1.1" 404 35281 "-" "Mozilla/5.0 (X11; Linux x86_64) AppleWebKit/537.36 (KHTML, like Gecko) Chrome/131.0.0.0 Safari/537.36"
65.181.116.207 - - [17/Jul/2026:06:02:32 +0000] "POST /wp-cron.php?doing_wp_cron=1784268151.9928960800170898437500 HTTP/1.1" 200 0 "-" "WordPress/7.0.1; https://www.yassaw.com"
18.136.194.21 - - [17/Jul/2026:06:02:27 +0000] "GET /live/.env HTTP/1.1" 404 35281 "-" "Mozilla/5.0 (X11; Linux x86_64) AppleWebKit/537.36 (KHTML, like Gecko) Chrome/131.0.0.0 Safari/537.36"
18.136.194.21 - - [17/Jul/2026:06:02:32 +0000] "GET /prod/.env HTTP/1.1" 404 35281 "-" "Mozilla/5.0 (X11; Linux x86_64) AppleWebKit/537.36 (KHTML, like Gecko) Chrome/131.0.0.0 Safari/537.36"
18.136.194.21 - - [17/Jul/2026:06:02:36 +0000] "GET /dev/.env HTTP/1.1" 404 35281 "-" "Mozilla/5.0 (X11; Linux x86_64) AppleWebKit/537.36 (KHTML, like Gecko) Chrome/131.0.0.0 Safari/537.36"
18.136.194.21 - - [17/Jul/2026:06:02:40 +0000] "GET /staging/.env HTTP/1.1" 404 35281 "-" "Mozilla/5.0 (X11; Linux x86_64) AppleWebKit/537.36 (KHTML, like Gecko) Chrome/131.0.0.0 Safari/537.36"
18.136.194.21 - - [17/Jul/2026:06:02:45 +0000] "GET /opt/.env HTTP/1.1" 404 35281 "-" "Mozilla/5.0 (X11; Linux x86_64) AppleWebKit/537.36 (KHTML, like Gecko) Chrome/131.0.0.0 Safari/537.36"
18.136.194.21 - - [17/Jul/2026:06:02:49 +0000] "GET /laravel/.env HTTP/1.1" 404 35281 "-" "Mozilla/5.0 (X11; Linux x86_64) AppleWebKit/537.36 (KHTML, like Gecko) Chrome/131.0.0.0 Safari/537.36"
18.136.194.21 - - [17/Jul/2026:06:02:53 +0000] "GET /symfony/.env HTTP/1.1" 404 35281 "-" "Mozilla/5.0 (X11; Linux x86_64) AppleWebKit/537.36 (KHTML, like Gecko) Chrome/131.0.0.0 Safari/537.36"
18.136.194.21 - - [17/Jul/2026:06:02:56 +0000] "GET /wordpress/.env HTTP/1.1" 404 35281 "-" "Mozilla/5.0 (X11; Linux x86_64) AppleWebKit/537.36 (KHTML, like Gecko) Chrome/131.0.0.0 Safari/537.36"
18.136.194.21 - - [17/Jul/2026:06:03:00 +0000] "GET /wp/.env HTTP/1.1" 404 35281 "-" "Mozilla/5.0 (X11; Linux x86_64) AppleWebKit/537.36 (KHTML, like Gecko) Chrome/131.0.0.0 Safari/537.36"
18.136.194.21 - - [17/Jul/2026:06:03:06 +0000] "GET /cms/.env HTTP/1.1" 404 35281 "-" "Mozilla/5.0 (X11; Linux x86_64) AppleWebKit/537.36 (KHTML, like Gecko) Chrome/131.0.0.0 Safari/537.36"
18.136.194.21 - - [17/Jul/2026:06:03:11 +0000] "GET /drupal/.env HTTP/1.1" 404 35281 "-" "Mozilla/5.0 (X11; Linux x86_64) AppleWebKit/537.36 (KHTML, like Gecko) Chrome/131.0.0.0 Safari/537.36"
18.136.194.21 - - [17/Jul/2026:06:03:17 +0000] "GET /joomla/.env HTTP/1.1" 404 35281 "-" "Mozilla/5.0 (X11; Linux x86_64) AppleWebKit/537.36 (KHTML, like Gecko) Chrome/131.0.0.0 Safari/537.36"
18.136.194.21 - - [17/Jul/2026:06:03:23 +0000] "GET /magento/.env HTTP/1.1" 404 35281 "-" "Mozilla/5.0 (X11; Linux x86_64) AppleWebKit/537.36 (KHTML, like Gecko) Chrome/131.0.0.0 Safari/537.36"
65.181.116.207 - - [17/Jul/2026:06:03:34 +0000] "POST /wp-cron.php?doing_wp_cron=1784268214.1170229911804199218750 HTTP/1.1" 200 0 "-" "WordPress/7.0.1; https://www.yassaw.com"
18.136.194.21 - - [17/Jul/2026:06:03:29 +0000] "GET /shopify/.env HTTP/1.1" 404 35281 "-" "Mozilla/5.0 (X11; Linux x86_64) AppleWebKit/537.36 (KHTML, like Gecko) Chrome/131.0.0.0 Safari/537.36"
18.136.194.21 - - [17/Jul/2026:06:03:34 +0000] "GET /prestashop/.env HTTP/1.1" 404 35281 "-" "Mozilla/5.0 (X11; Linux x86_64) AppleWebKit/537.36 (KHTML, like Gecko) Chrome/131.0.0.0 Safari/537.36"
18.136.194.21 - - [17/Jul/2026:06:03:38 +0000] "GET /codeigniter/.env HTTP/1.1" 404 35281 "-" "Mozilla/5.0 (X11; Linux x86_64) AppleWebKit/537.36 (KHTML, like Gecko) Chrome/131.0.0.0 Safari/537.36"
18.136.194.21 - - [17/Jul/2026:06:03:43 +0000] "GET /cakephp/.env HTTP/1.1" 404 35281 "-" "Mozilla/5.0 (X11; Linux x86_64) AppleWebKit/537.36 (KHTML, like Gecko) Chrome/131.0.0.0 Safari/537.36"
18.136.194.21 - - [17/Jul/2026:06:03:47 +0000] "GET /zend/.env HTTP/1.1" 404 35281 "-" "Mozilla/5.0 (X11; Linux x86_64) AppleWebKit/537.36 (KHTML, like Gecko) Chrome/131.0.0.0 Safari/537.36"
18.136.194.21 - - [17/Jul/2026:06:03:51 +0000] "GET /yii/.env HTTP/1.1" 404 35281 "-" "Mozilla/5.0 (X11; Linux x86_64) AppleWebKit/537.36 (KHTML, like Gecko) Chrome/131.0.0.0 Safari/537.36"
18.136.194.21 - - [17/Jul/2026:06:03:55 +0000] "GET /laravel5/.env HTTP/1.1" 404 35281 "-" "Mozilla/5.0 (X11; Linux x86_64) AppleWebKit/537.36 (KHTML, like Gecko) Chrome/131.0.0.0 Safari/537.36"
18.136.194.21 - - [17/Jul/2026:06:03:59 +0000] "GET /v1/.env HTTP/1.1" 404 35281 "-" "Mozilla/5.0 (X11; Linux x86_64) AppleWebKit/537.36 (KHTML, like Gecko) Chrome/131.0.0.0 Safari/537.36"
18.136.194.21 - - [17/Jul/2026:06:04:03 +0000] "GET /v2/.env HTTP/1.1" 404 35281 "-" "Mozilla/5.0 (X11; Linux x86_64) AppleWebKit/537.36 (KHTML, like Gecko) Chrome/131.0.0.0 Safari/537.36"
18.136.194.21 - - [17/Jul/2026:06:04:08 +0000] "GET /v3/.env HTTP/1.1" 404 35281 "-" "Mozilla/5.0 (X11; Linux x86_64) AppleWebKit/537.36 (KHTML, like Gecko) Chrome/131.0.0.0 Safari/537.36"
18.136.194.21 - - [17/Jul/2026:06:04:11 +0000] "GET /api/v1/.env HTTP/1.1" 404 35281 "-" "Mozilla/5.0 (X11; Linux x86_64) AppleWebKit/537.36 (KHTML, like Gecko) Chrome/131.0.0.0 Safari/537.36"
18.136.194.21 - - [17/Jul/2026:06:04:16 +0000] "GET /api/v2/.env HTTP/1.1" 404 35281 "-" "Mozilla/5.0 (X11; Linux x86_64) AppleWebKit/537.36 (KHTML, like Gecko) Chrome/131.0.0.0 Safari/537.36"
18.136.194.21 - - [17/Jul/2026:06:04:21 +0000] "GET /rest/.env HTTP/1.1" 404 35281 "-" "Mozilla/5.0 (X11; Linux x86_64) AppleWebKit/537.36 (KHTML, like Gecko) Chrome/131.0.0.0 Safari/537.36"
65.181.116.207 - - [17/Jul/2026:06:04:30 +0000] "POST /wp-cron.php?doing_wp_cron=1784268270.5516710281372070312500 HTTP/1.1" 200 0 "-" "WordPress/7.0.1; https://www.yassaw.com"
18.136.194.21 - - [17/Jul/2026:06:04:25 +0000] "GET /graphql/.env HTTP/1.1" 404 35281 "-" "Mozilla/5.0 (X11; Linux x86_64) AppleWebKit/537.36 (KHTML, like Gecko) Chrome/131.0.0.0 Safari/537.36"
18.136.194.21 - - [17/Jul/2026:06:04:30 +0000] "GET /gateway/.env HTTP/1.1" 404 35281 "-" "Mozilla/5.0 (X11; Linux x86_64) AppleWebKit/537.36 (KHTML, like Gecko) Chrome/131.0.0.0 Safari/537.36"
18.136.194.21 - - [17/Jul/2026:06:04:33 +0000] "GET /microservice/.env HTTP/1.1" 404 35281 "-" "Mozilla/5.0 (X11; Linux x86_64) AppleWebKit/537.36 (KHTML, like Gecko) Chrome/131.0.0.0 Safari/537.36"
18.136.194.21 - - [17/Jul/2026:06:04:37 +0000] "GET /service/.env HTTP/1.1" 404 35281 "-" "Mozilla/5.0 (X11; Linux x86_64) AppleWebKit/537.36 (KHTML, like Gecko) Chrome/131.0.0.0 Safari/537.36"
18.136.194.21 - - [17/Jul/2026:06:04:40 +0000] "GET /api/v3/.env HTTP/1.1" 404 35281 "-" "Mozilla/5.0 (X11; Linux x86_64) AppleWebKit/537.36 (KHTML, like Gecko) Chrome/131.0.0.0 Safari/537.36"
18.136.194.21 - - [17/Jul/2026:06:04:43 +0000] "GET /api/dev/.env HTTP/1.1" 404 35281 "-" "Mozilla/5.0 (X11; Linux x86_64) AppleWebKit/537.36 (KHTML, like Gecko) Chrome/131.0.0.0 Safari/537.36"
18.136.194.21 - - [17/Jul/2026:06:04:47 +0000] "GET /api/staging/.env HTTP/1.1" 404 35281 "-" "Mozilla/5.0 (X11; Linux x86_64) AppleWebKit/537.36 (KHTML, like Gecko) Chrome/131.0.0.0 Safari/537.36"
18.136.194.21 - - [17/Jul/2026:06:04:50 +0000] "GET /vendor/.env HTTP/1.1" 404 35281 "-" "Mozilla/5.0 (X11; Linux x86_64) AppleWebKit/537.36 (KHTML, like Gecko) Chrome/131.0.0.0 Safari/537.36"
18.136.194.21 - - [17/Jul/2026:06:04:54 +0000] "GET /lib/.env HTTP/1.1" 404 35281 "-" "Mozilla/5.0 (X11; Linux x86_64) AppleWebKit/537.36 (KHTML, like Gecko) Chrome/131.0.0.0 Safari/537.36"
18.136.194.21 - - [17/Jul/2026:06:04:57 +0000] "GET /resources/.env HTTP/1.1" 404 35281 "-" "Mozilla/5.0 (X11; Linux x86_64) AppleWebKit/537.36 (KHTML, like Gecko) Chrome/131.0.0.0 Safari/537.36"
18.136.194.21 - - [17/Jul/2026:06:05:00 +0000] "GET /assets/.env HTTP/1.1" 404 35281 "-" "Mozilla/5.0 (X11; Linux x86_64) AppleWebKit/537.36 (KHTML, like Gecko) Chrome/131.0.0.0 Safari/537.36"
18.136.194.21 - - [17/Jul/2026:06:05:05 +0000] "GET /uploads/.env HTTP/1.1" 404 35281 "-" "Mozilla/5.0 (X11; Linux x86_64) AppleWebKit/537.36 (KHTML, like Gecko) Chrome/131.0.0.0 Safari/537.36"
18.136.194.21 - - [17/Jul/2026:06:05:09 +0000] "GET /internal/.env HTTP/1.1" 404 34677 "-" "Mozilla/5.0 (X11; Linux x86_64) AppleWebKit/537.36 (KHTML, like Gecko) Chrome/131.0.0.0 Safari/537.36"
18.136.194.21 - - [17/Jul/2026:06:05:13 +0000] "GET /tools/.env HTTP/1.1" 404 35281 "-" "Mozilla/5.0 (X11; Linux x86_64) AppleWebKit/537.36 (KHTML, like Gecko) Chrome/131.0.0.0 Safari/537.36"
18.136.194.21 - - [17/Jul/2026:06:05:18 +0000] "GET /scripts/.env HTTP/1.1" 404 35281 "-" "Mozilla/5.0 (X11; Linux x86_64) AppleWebKit/537.36 (KHTML, like Gecko) Chrome/131.0.0.0 Safari/537.36"
17.22.253.182 - - [17/Jul/2026:06:05:26 +0000] "GET /wp-content/themes/hello-elementor/assets/css/theme.css?ver=3.4.4 HTTP/2" 200 1126 "https://www.yassaw.com/unraveling-the-power-of-nutrition/" "Mozilla/5.0 (Macintosh; Intel Mac OS X 10_15_7) AppleWebKit/605.1.15 (KHTML, like Gecko) Version/17.4 Safari/605.1.15 (Applebot/0.1; +http://www.apple.com/go/applebot)"
17.22.253.182 - - [17/Jul/2026:06:05:28 +0000] "GET /wp-content/plugins/cookieadmin/assets/css/consent.css?ver=1.1.1 HTTP/2" 200 2439 "https://www.yassaw.com/unraveling-the-power-of-nutrition/" "Mozilla/5.0 (Macintosh; Intel Mac OS X 10_15_7) AppleWebKit/605.1.15 (KHTML, like Gecko) Version/17.4 Safari/605.1.15 (Applebot/0.1; +http://www.apple.com/go/applebot)"
18.136.194.21 - - [17/Jul/2026:06:05:22 +0000] "GET /bin/.env HTTP/1.1" 404 35281 "-" "Mozilla/5.0 (X11; Linux x86_64) AppleWebKit/537.36 (KHTML, like Gecko) Chrome/131.0.0.0 Safari/537.36"
17.22.253.182 - - [17/Jul/2026:06:05:29 +0000] "GET /wp-content/themes/hello-elementor/assets/css/reset.css?ver=3.4.4 HTTP/2" 200 1581 "https://www.yassaw.com/unraveling-the-power-of-nutrition/" "Mozilla/5.0 (Macintosh; Intel Mac OS X 10_15_7) AppleWebKit/605.1.15 (KHTML, like Gecko) Version/17.4 Safari/605.1.15 (Applebot/0.1; +http://www.apple.com/go/applebot)"
17.22.253.182 - - [17/Jul/2026:06:05:31 +0000] "GET /wp-content/plugins/elementor/assets/css/frontend.min.css?ver=3.32.4 HTTP/2" 200 6537 "https://www.yassaw.com/unraveling-the-power-of-nutrition/" "Mozilla/5.0 (Macintosh; Intel Mac OS X 10_15_7) AppleWebKit/605.1.15 (KHTML, like Gecko) Version/17.4 Safari/605.1.15 (Applebot/0.1; +http://www.apple.com/go/applebot)"
17.22.253.182 - - [17/Jul/2026:06:05:32 +0000] "GET /wp-content/themes/hello-elementor/assets/css/header-footer.css?ver=3.4.4 HTTP/2" 200 1261 "https://www.yassaw.com/unraveling-the-power-of-nutrition/" "Mozilla/5.0 (Macintosh; Intel Mac OS X 10_15_7) AppleWebKit/605.1.15 (KHTML, like Gecko) Version/17.4 Safari/605.1.15 (Applebot/0.1; +http://www.apple.com/go/applebot)"
65.181.116.207 - - [17/Jul/2026:06:05:33 +0000] "POST /wp-cron.php?doing_wp_cron=1784268333.8911409378051757812500 HTTP/1.1" 200 0 "-" "WordPress/7.0.1; https://www.yassaw.com"
18.136.194.21 - - [17/Jul/2026:06:05:28 +0000] "GET /sbin/.env HTTP/1.1" 404 35281 "-" "Mozilla/5.0 (X11; Linux x86_64) AppleWebKit/537.36 (KHTML, like Gecko) Chrome/131.0.0.0 Safari/537.36"
17.22.253.182 - - [17/Jul/2026:06:05:34 +0000] "GET /wp-content/uploads/elementor/css/post-5.css?ver=1760802133 HTTP/2" 200 405 "https://www.yassaw.com/unraveling-the-power-of-nutrition/" "Mozilla/5.0 (Macintosh; Intel Mac OS X 10_15_7) AppleWebKit/605.1.15 (KHTML, like Gecko) Version/17.4 Safari/605.1.15 (Applebot/0.1; +http://www.apple.com/go/applebot)"
