20.63.63.128 - - [16/Jul/2026:17:12:50 +0000] "GET /autodiscover/autodiscover.xml HTTP/1.1" 400 52 "-" "-"
20.63.63.128 - - [16/Jul/2026:17:12:50 +0000] "GET /autodiscover/autodiscover.xml HTTP/1.1" 400 52 "-" "-"
20.63.63.128 - - [16/Jul/2026:17:12:50 +0000] "GET /autodiscover/autodiscover.xml HTTP/1.1" 400 52 "-" "-"
20.63.63.128 - - [16/Jul/2026:17:12:50 +0000] "GET /autodiscover/autodiscover.xml HTTP/1.1" 400 52 "-" "-"
20.63.63.128 - - [16/Jul/2026:17:12:51 +0000] "GET /autodiscover/autodiscover.xml HTTP/1.1" 400 52 "-" "-"
20.63.63.128 - - [16/Jul/2026:17:12:51 +0000] "GET /autodiscover/autodiscover.xml HTTP/1.1" 400 52 "-" "-"
20.63.63.128 - - [16/Jul/2026:17:12:51 +0000] "GET /autodiscover/autodiscover.xml HTTP/1.1" 400 52 "-" "-"
20.63.63.128 - - [16/Jul/2026:17:12:51 +0000] "GET /autodiscover/autodiscover.xml HTTP/1.1" 400 52 "-" "-"
20.63.63.128 - - [16/Jul/2026:17:12:51 +0000] "GET /autodiscover/autodiscover.xml HTTP/1.1" 400 52 "-" "-"
20.63.63.128 - - [16/Jul/2026:17:12:51 +0000] "GET /autodiscover/autodiscover.xml HTTP/1.1" 400 52 "-" "-"
20.63.63.128 - - [16/Jul/2026:17:12:52 +0000] "GET /autodiscover/autodiscover.xml HTTP/1.1" 400 52 "-" "-"
20.63.63.128 - - [16/Jul/2026:17:12:52 +0000] "GET /autodiscover/autodiscover.xml HTTP/1.1" 400 52 "-" "-"
20.63.63.128 - - [16/Jul/2026:17:12:52 +0000] "GET /autodiscover/autodiscover.xml HTTP/1.1" 400 52 "-" "-"
20.63.63.128 - - [16/Jul/2026:17:12:52 +0000] "GET /autodiscover/autodiscover.xml HTTP/1.1" 400 52 "-" "-"
20.63.63.128 - - [16/Jul/2026:17:12:52 +0000] "GET /autodiscover/autodiscover.xml HTTP/1.1" 400 52 "-" "-"
20.63.63.128 - - [16/Jul/2026:17:12:53 +0000] "GET /autodiscover/autodiscover.xml HTTP/1.1" 400 52 "-" "-"
20.63.63.128 - - [16/Jul/2026:17:12:53 +0000] "GET /autodiscover/autodiscover.xml HTTP/1.1" 400 52 "-" "-"
20.63.63.128 - - [16/Jul/2026:17:12:53 +0000] "GET /autodiscover/autodiscover.xml HTTP/1.1" 400 52 "-" "-"
20.63.63.128 - - [16/Jul/2026:17:12:53 +0000] "GET /autodiscover/autodiscover.xml HTTP/1.1" 400 52 "-" "-"
20.63.63.128 - - [16/Jul/2026:17:12:53 +0000] "GET /autodiscover/autodiscover.xml HTTP/1.1" 400 52 "-" "-"
20.63.63.128 - - [16/Jul/2026:17:12:53 +0000] "GET /autodiscover/autodiscover.xml HTTP/1.1" 400 52 "-" "-"
20.63.63.128 - - [16/Jul/2026:17:12:54 +0000] "GET /autodiscover/autodiscover.xml HTTP/1.1" 400 52 "-" "-"
20.63.63.128 - - [16/Jul/2026:17:12:54 +0000] "GET /autodiscover/autodiscover.xml HTTP/1.1" 400 52 "-" "-"
20.63.63.128 - - [16/Jul/2026:17:12:54 +0000] "GET /autodiscover/autodiscover.xml HTTP/1.1" 400 52 "-" "-"
20.63.63.128 - - [16/Jul/2026:17:12:54 +0000] "GET /autodiscover/autodiscover.xml HTTP/1.1" 400 52 "-" "-"
20.63.63.128 - - [16/Jul/2026:17:12:54 +0000] "GET /autodiscover/autodiscover.xml HTTP/1.1" 400 52 "-" "-"
20.63.63.128 - - [16/Jul/2026:17:12:54 +0000] "GET /autodiscover/autodiscover.xml HTTP/1.1" 400 52 "-" "-"
20.63.63.128 - - [16/Jul/2026:17:12:55 +0000] "GET /autodiscover/autodiscover.xml HTTP/1.1" 400 52 "-" "-"
20.63.63.128 - - [16/Jul/2026:17:12:55 +0000] "GET /autodiscover/autodiscover.xml HTTP/1.1" 400 52 "-" "-"
20.63.63.128 - - [16/Jul/2026:17:12:55 +0000] "GET /autodiscover/autodiscover.xml HTTP/1.1" 400 52 "-" "-"
20.63.63.128 - - [16/Jul/2026:17:12:55 +0000] "GET /autodiscover/autodiscover.xml HTTP/1.1" 400 52 "-" "-"
20.63.63.128 - - [16/Jul/2026:17:12:55 +0000] "GET /autodiscover/autodiscover.xml HTTP/1.1" 400 52 "-" "-"
20.63.63.128 - - [16/Jul/2026:17:12:55 +0000] "GET /autodiscover/autodiscover.xml HTTP/1.1" 400 52 "-" "-"
65.181.116.207 - - [16/Jul/2026:17:16:06 +0000] "POST /wp-cron.php?doing_wp_cron=1784222166.5167939662933349609375 HTTP/1.1" 200 0 "-" "WordPress/7.0.1; https://www.yassaw.com"
94.154.43.183 - - [16/Jul/2026:17:16:03 +0000] "GET /.env HTTP/1.1" 301 0 "-" "Mozilla/5.0 (Windows NT 10.0; Win64; x64) AppleWebKit/537.36 (KHTML, like Gecko) Chrome/147.0.0.0 Safari/537.36"
94.154.43.177 - - [16/Jul/2026:17:16:06 +0000] "GET /.env HTTP/1.1" 404 112101 "-" "Mozilla/5.0 (Windows NT 10.0; Win64; x64) AppleWebKit/537.36 (KHTML, like Gecko) Chrome/147.0.0.0 Safari/537.36"
65.181.116.207 - - [16/Jul/2026:17:18:06 +0000] "POST /wp-cron.php?doing_wp_cron=1784222286.6275680065155029296875 HTTP/1.1" 200 0 "-" "WordPress/7.0.1; https://www.yassaw.com"
216.73.163.158 - - [16/Jul/2026:17:18:02 +0000] "POST /wp-login.php HTTP/1.1" 200 2233 "-" "Dalvik/2.1.0 (Linux; U; Android 9; Redmi Note 8T MIUI/V10.3.1.0.PCXRUXM)"
65.181.116.207 - - [16/Jul/2026:17:21:13 +0000] "POST /wp-cron.php?doing_wp_cron=1784222473.2215359210968017578125 HTTP/1.1" 200 0 "-" "WordPress/7.0.1; https://www.yassaw.com"
209.87.169.242 - - [16/Jul/2026:17:21:10 +0000] "POST /wp-login.php HTTP/1.1" 200 2231 "-" "Mozilla/5.0 (Windows NT 10.0; Win64; x64) AppleWebKit/537.36 Chrome/129.0.0.0 Safari/537.36"
65.181.116.207 - - [16/Jul/2026:17:21:36 +0000] "POST /wp-cron.php?doing_wp_cron=1784222495.9302489757537841796875 HTTP/1.1" 200 0 "-" "WordPress/7.0.1; https://www.yassaw.com"
43.134.56.214 - - [16/Jul/2026:17:21:30 +0000] "GET / HTTP/1.1" 200 43905 "-" "Mozilla/5.0 (iPhone; CPU iPhone OS 13_2_3 like Mac OS X) AppleWebKit/605.1.15 (KHTML, like Gecko) Version/13.0.3 Mobile/15E148 Safari/604.1"
65.181.116.207 - - [16/Jul/2026:17:30:45 +0000] "POST /wp-cron.php?doing_wp_cron=1784223045.2963631153106689453125 HTTP/1.1" 200 0 "-" "WordPress/7.0.1; https://www.yassaw.com"
209.87.169.211 - - [16/Jul/2026:17:30:42 +0000] "POST /wp-login.php HTTP/1.1" 200 2231 "-" "Mozilla/5.0 (Macintosh; Intel Mac OS X 10_15_7) AppleWebKit/605.1.15 Version/17.0 Safari/605.1.15"
101.33.80.42 - - [16/Jul/2026:17:30:57 +0000] "GET /wp-json/oembed/1.0/embed?url=https%3A%2F%2Fwww.yassaw.com%2F&format=xml HTTP/1.1" 200 1109 "-" "Mozilla/5.0 (iPhone; CPU iPhone OS 13_2_3 like Mac OS X) AppleWebKit/605.1.15 (KHTML, like Gecko) Version/13.0.3 Mobile/15E148 Safari/604.1"
65.181.116.207 - - [16/Jul/2026:17:40:08 +0000] "POST /wp-cron.php?doing_wp_cron=1784223608.4577100276947021484375 HTTP/1.1" 200 0 "-" "WordPress/7.0.1; https://www.yassaw.com"
209.87.169.41 - - [16/Jul/2026:17:40:04 +0000] "POST /wp-login.php HTTP/1.1" 200 2231 "-" "Mozilla/5.0 (Macintosh; Intel Mac OS X 10_15_7) AppleWebKit/605.1.15 Version/17.0 Safari/605.1.15"
65.181.116.207 - - [16/Jul/2026:17:40:49 +0000] "POST /wp-cron.php?doing_wp_cron=1784223649.6228830814361572265625 HTTP/1.1" 200 0 "-" "WordPress/7.0.1; https://www.yassaw.com"
43.130.14.245 - - [16/Jul/2026:17:40:46 +0000] "GET /wp-json/wp/v2/pages/7 HTTP/1.1" 200 10758 "-" "Mozilla/5.0 (iPhone; CPU iPhone OS 13_2_3 like Mac OS X) AppleWebKit/605.1.15 (KHTML, like Gecko) Version/13.0.3 Mobile/15E148 Safari/604.1"
65.181.116.207 - - [16/Jul/2026:17:49:29 +0000] "POST /wp-cron.php?doing_wp_cron=1784224169.8297638893127441406250 HTTP/1.1" 200 0 "-" "WordPress/7.0.1; https://www.yassaw.com"
45.131.195.237 - - [16/Jul/2026:17:49:28 +0000] "POST /wp-login.php HTTP/1.1" 200 2231 "-" "Mozilla/5.0 (Windows NT 10.0; Win64; x64) AppleWebKit/537.36 Chrome/129.0.0.0 Safari/537.36"
47.254.47.156 - - [16/Jul/2026:17:49:54 +0000] "GET /about-us/ HTTP/1.1" 200 35600 "-" "Mozilla/5.0 (iPhone; CPU iPhone OS 13_2_3 like Mac OS X) AppleWebKit/605.1.15 (KHTML, like Gecko) Version/13.0.3 Mobile/15E148 Safari/604.1"
65.181.116.207 - - [16/Jul/2026:17:51:59 +0000] "POST /wp-cron.php?doing_wp_cron=1784224319.4692220687866210937500 HTTP/1.1" 200 0 "-" "WordPress/7.0.1; https://www.yassaw.com"
94.154.43.184 - - [16/Jul/2026:17:51:57 +0000] "GET / HTTP/1.1" 301 0 "-" "Mozilla/5.0 (Windows NT 10.0; Win64; x64) AppleWebKit/537.36 (KHTML, like Gecko) Chrome/147.0.0.0 Safari/537.36"
94.154.43.187 - - [16/Jul/2026:17:51:59 +0000] "GET / HTTP/1.1" 200 198552 "-" "Mozilla/5.0 (Windows NT 10.0; Win64; x64) AppleWebKit/537.36 (KHTML, like Gecko) Chrome/147.0.0.0 Safari/537.36"
65.181.116.207 - - [16/Jul/2026:17:53:43 +0000] "POST /wp-cron.php?doing_wp_cron=1784224423.5825009346008300781250 HTTP/1.1" 200 0 "-" "WordPress/7.0.1; https://www.yassaw.com"
216.73.163.159 - - [16/Jul/2026:17:53:40 +0000] "POST /wp-login.php HTTP/1.1" 200 2233 "-" "android|Mozilla/5.0 (Android; Android 6.0.1; HTC One_M8 dual sim Build/MRA58K) AppleWebKit/537.49 (KHTML, like Gecko) Chrome/49.0.3567.261 Mobile Safari/601.9"
65.181.116.207 - - [16/Jul/2026:17:58:49 +0000] "POST /wp-cron.php?doing_wp_cron=1784224729.8806378841400146484375 HTTP/1.1" 200 0 "-" "WordPress/7.0.1; https://www.yassaw.com"
209.87.169.251 - - [16/Jul/2026:17:58:47 +0000] "POST /wp-login.php HTTP/1.1" 200 2231 "-" "Mozilla/5.0 (Windows NT 10.0; Win64; rv:143.0) Gecko/20100101 Firefox/143.0"
94.154.43.178 - - [16/Jul/2026:18:03:16 +0000] "GET /.env HTTP/1.1" 404 5749 "-" "Mozilla/5.0 (Windows NT 10.0; Win64; x64) AppleWebKit/537.36 (KHTML, like Gecko) Chrome/147.0.0.0 Safari/537.36"
94.154.43.186 - - [16/Jul/2026:18:03:16 +0000] "GET /.env HTTP/1.1" 404 5750 "-" "Mozilla/5.0 (Windows NT 10.0; Win64; x64) AppleWebKit/537.36 (KHTML, like Gecko) Chrome/147.0.0.0 Safari/537.36"
94.154.43.188 - - [16/Jul/2026:18:03:16 +0000] "GET /.env HTTP/1.1" 401 36 "-" "Mozilla/5.0 (Windows NT 10.0; Win64; x64) AppleWebKit/537.36 (KHTML, like Gecko) Chrome/147.0.0.0 Safari/537.36"
94.154.43.177 - - [16/Jul/2026:18:03:16 +0000] "GET /.env HTTP/1.1" 400 52 "-" "Mozilla/5.0 (Windows NT 10.0; Win64; x64) AppleWebKit/537.36 (KHTML, like Gecko) Chrome/147.0.0.0 Safari/537.36"
94.154.43.183 - - [16/Jul/2026:18:03:16 +0000] "GET /.env HTTP/1.1" 401 36 "-" "Mozilla/5.0 (Windows NT 10.0; Win64; x64) AppleWebKit/537.36 (KHTML, like Gecko) Chrome/147.0.0.0 Safari/537.36"
65.181.116.207 - - [16/Jul/2026:18:03:17 +0000] "POST /wp-cron.php?doing_wp_cron=1784224996.9650909900665283203125 HTTP/1.1" 200 0 "-" "WordPress/7.0.1; https://www.yassaw.com"
170.106.161.78 - - [16/Jul/2026:18:03:12 +0000] "GET /?s= HTTP/1.1" 200 35991 "-" "Mozilla/5.0 (iPhone; CPU iPhone OS 13_2_3 like Mac OS X) AppleWebKit/605.1.15 (KHTML, like Gecko) Version/13.0.3 Mobile/15E148 Safari/604.1"
94.154.43.229 - - [16/Jul/2026:18:03:17 +0000] "GET /.env HTTP/1.1" 401 36 "-" "Mozilla/5.0 (Windows NT 10.0; Win64; x64) AppleWebKit/537.36 (KHTML, like Gecko) Chrome/147.0.0.0 Safari/537.36"
65.181.116.207 - - [16/Jul/2026:18:03:19 +0000] "POST /wp-cron.php?doing_wp_cron=1784224999.6189129352569580078125 HTTP/1.1" 200 0 "-" "WordPress/7.0.1; https://www.yassaw.com"
94.154.43.187 - - [16/Jul/2026:18:03:16 +0000] "GET /.env HTTP/1.1" 404 112153 "-" "Mozilla/5.0 (Windows NT 10.0; Win64; x64) AppleWebKit/537.36 (KHTML, like Gecko) Chrome/147.0.0.0 Safari/537.36"
65.181.116.207 - - [16/Jul/2026:18:08:21 +0000] "POST /wp-cron.php?doing_wp_cron=1784225301.5344240665435791015625 HTTP/1.1" 200 0 "-" "WordPress/7.0.1; https://www.yassaw.com"
209.87.169.251 - - [16/Jul/2026:18:08:19 +0000] "POST /wp-login.php HTTP/1.1" 200 2231 "-" "Mozilla/5.0 (Windows NT 10.0; Win64; rv:143.0) Gecko/20100101 Firefox/143.0"
65.181.116.207 - - [16/Jul/2026:18:18:01 +0000] "POST /wp-cron.php?doing_wp_cron=1784225881.5271151065826416015625 HTTP/1.1" 200 0 "-" "WordPress/7.0.1; https://www.yassaw.com"
209.87.169.62 - - [16/Jul/2026:18:18:00 +0000] "POST /wp-login.php HTTP/1.1" 200 2231 "-" "Mozilla/5.0 (Windows NT 10.0; Win64; rv:143.0) Gecko/20100101 Firefox/143.0"
101.33.81.73 - - [16/Jul/2026:18:18:04 +0000] "GET /wp-json/ HTTP/1.1" 200 25372 "-" "Mozilla/5.0 (iPhone; CPU iPhone OS 13_2_3 like Mac OS X) AppleWebKit/605.1.15 (KHTML, like Gecko) Version/13.0.3 Mobile/15E148 Safari/604.1"
65.181.116.207 - - [16/Jul/2026:18:27:38 +0000] "POST /wp-cron.php?doing_wp_cron=1784226458.8637030124664306640625 HTTP/1.1" 200 0 "-" "WordPress/7.0.1; https://www.yassaw.com"
209.87.169.45 - - [16/Jul/2026:18:27:37 +0000] "POST /wp-login.php HTTP/1.1" 200 2231 "-" "Mozilla/5.0 (Windows NT 10.0; Win64; x64) AppleWebKit/537.36 Chrome/129.0.0.0 Safari/537.36"
65.181.116.207 - - [16/Jul/2026:18:29:17 +0000] "POST /wp-cron.php?doing_wp_cron=1784226557.1539928913116455078125 HTTP/1.1" 200 0 "-" "WordPress/7.0.1; https://www.yassaw.com"
216.73.163.139 - - [16/Jul/2026:18:29:15 +0000] "POST /wp-login.php HTTP/1.1" 200 2233 "-" "Mozilla/5.0 (Linux; Android 9; SM-A202F) AppleWebKit/537.36 (KHTML, like Gecko) Chrome/83.0.4103.101 Mobile Safari/537.36"
65.181.116.207 - - [16/Jul/2026:18:29:34 +0000] "POST /wp-cron.php?doing_wp_cron=1784226574.3283789157867431640625 HTTP/1.1" 200 0 "-" "WordPress/7.0.1; https://www.yassaw.com"
43.134.23.177 - - [16/Jul/2026:18:29:32 +0000] "GET /embed/ HTTP/1.1" 301 0 "-" "Mozilla/5.0 (iPhone; CPU iPhone OS 13_2_3 like Mac OS X) AppleWebKit/605.1.15 (KHTML, like Gecko) Version/13.0.3 Mobile/15E148 Safari/604.1"
43.134.23.177 - - [16/Jul/2026:18:29:37 +0000] "GET / HTTP/1.1" 200 43898 "https://www.yassaw.com/embed/" "Mozilla/5.0 (iPhone; CPU iPhone OS 13_2_3 like Mac OS X) AppleWebKit/605.1.15 (KHTML, like Gecko) Version/13.0.3 Mobile/15E148 Safari/604.1"
65.181.116.207 - - [16/Jul/2026:18:37:18 +0000] "POST /wp-cron.php?doing_wp_cron=1784227038.5655140876770019531250 HTTP/1.1" 200 0 "-" "WordPress/7.0.1; https://www.yassaw.com"
209.87.169.236 - - [16/Jul/2026:18:37:17 +0000] "POST /wp-login.php HTTP/1.1" 200 2231 "-" "Mozilla/5.0 (Macintosh; Intel Mac OS X 10_15_7) AppleWebKit/605.1.15 Version/17.0 Safari/605.1.15"
94.154.43.187 - - [16/Jul/2026:18:40:33 +0000] "GET / HTTP/1.1" 200 40080 "-" "Mozilla/5.0 (Windows NT 10.0; Win64; x64) AppleWebKit/537.36 (KHTML, like Gecko) Chrome/147.0.0.0 Safari/537.36"
94.154.43.186 - - [16/Jul/2026:18:40:33 +0000] "GET / HTTP/1.1" 200 40068 "-" "Mozilla/5.0 (Windows NT 10.0; Win64; x64) AppleWebKit/537.36 (KHTML, like Gecko) Chrome/147.0.0.0 Safari/537.36"
94.154.43.229 - - [16/Jul/2026:18:40:33 +0000] "GET / HTTP/1.1" 400 52 "-" "Mozilla/5.0 (Windows NT 10.0; Win64; x64) AppleWebKit/537.36 (KHTML, like Gecko) Chrome/147.0.0.0 Safari/537.36"
94.154.43.179 - - [16/Jul/2026:18:40:33 +0000] "GET / HTTP/1.1" 401 36 "-" "Mozilla/5.0 (Windows NT 10.0; Win64; x64) AppleWebKit/537.36 (KHTML, like Gecko) Chrome/147.0.0.0 Safari/537.36"
94.154.43.187 - - [16/Jul/2026:18:40:33 +0000] "GET / HTTP/1.1" 401 36 "-" "Mozilla/5.0 (Windows NT 10.0; Win64; x64) AppleWebKit/537.36 (KHTML, like Gecko) Chrome/147.0.0.0 Safari/537.36"
65.181.116.207 - - [16/Jul/2026:18:40:34 +0000] "POST /wp-cron.php?doing_wp_cron=1784227234.6361129283905029296875 HTTP/1.1" 200 0 "-" "WordPress/7.0.1; https://www.yassaw.com"
94.154.43.186 - - [16/Jul/2026:18:40:33 +0000] "GET / HTTP/1.1" 301 0 "-" "Mozilla/5.0 (Windows NT 10.0; Win64; x64) AppleWebKit/537.36 (KHTML, like Gecko) Chrome/147.0.0.0 Safari/537.36"
94.154.43.229 - - [16/Jul/2026:18:40:35 +0000] "GET / HTTP/1.1" 401 36 "-" "Mozilla/5.0 (Windows NT 10.0; Win64; x64) AppleWebKit/537.36 (KHTML, like Gecko) Chrome/147.0.0.0 Safari/537.36"
94.154.43.185 - - [16/Jul/2026:18:40:35 +0000] "GET / HTTP/1.1" 200 198552 "-" "Mozilla/5.0 (Windows NT 10.0; Win64; x64) AppleWebKit/537.36 (KHTML, like Gecko) Chrome/147.0.0.0 Safari/537.36"
65.181.116.207 - - [16/Jul/2026:18:42:28 +0000] "POST /wp-cron.php?doing_wp_cron=1784227348.4815659523010253906250 HTTP/1.1" 200 0 "-" "WordPress/7.0.1; https://www.yassaw.com"
43.133.139.6 - - [16/Jul/2026:18:42:27 +0000] "GET /blog/ HTTP/1.1" 200 34355 "-" "Mozilla/5.0 (iPhone; CPU iPhone OS 13_2_3 like Mac OS X) AppleWebKit/605.1.15 (KHTML, like Gecko) Version/13.0.3 Mobile/15E148 Safari/604.1"
45.236.123.156 - - [16/Jul/2026:18:44:00 +0000] "POST /xmlrpc.php HTTP/1.1" 403 1242 "-" "Mozilla/5.0 (Linux; Android 10; arm64) AppleWebKit/537.36 (KHTML, like Gecko) Edge/92.0.0.0 Safari/537.36"
65.181.116.207 - - [16/Jul/2026:18:46:41 +0000] "POST /wp-cron.php?doing_wp_cron=1784227601.6594910621643066406250 HTTP/1.1" 200 0 "-" "WordPress/7.0.1; https://www.yassaw.com"
209.87.169.235 - - [16/Jul/2026:18:46:41 +0000] "POST /wp-login.php HTTP/1.1" 200 2231 "-" "Mozilla/5.0 (Windows NT 10.0; Win64; rv:143.0) Gecko/20100101 Firefox/143.0"
65.181.116.207 - - [16/Jul/2026:18:50:50 +0000] "POST /wp-cron.php?doing_wp_cron=1784227850.2007999420166015625000 HTTP/1.1" 200 0 "-" "WordPress/7.0.1; https://www.yassaw.com"
43.166.128.86 - - [16/Jul/2026:18:50:49 +0000] "GET /about-us/ HTTP/1.1" 200 35600 "-" "Mozilla/5.0 (iPhone; CPU iPhone OS 13_2_3 like Mac OS X) AppleWebKit/605.1.15 (KHTML, like Gecko) Version/13.0.3 Mobile/15E148 Safari/604.1"
65.181.116.207 - - [16/Jul/2026:18:56:10 +0000] "POST /wp-cron.php?doing_wp_cron=1784228170.2448470592498779296875 HTTP/1.1" 200 0 "-" "WordPress/7.0.1; https://www.yassaw.com"
209.87.169.60 - - [16/Jul/2026:18:56:09 +0000] "POST /wp-login.php HTTP/1.1" 200 2231 "-" "Mozilla/5.0 (Macintosh; Intel Mac OS X 10_15_7) AppleWebKit/605.1.15 Version/17.0 Safari/605.1.15"
65.181.116.207 - - [16/Jul/2026:18:59:32 +0000] "POST /wp-cron.php?doing_wp_cron=1784228372.4358310699462890625000 HTTP/1.1" 200 0 "-" "WordPress/7.0.1; https://www.yassaw.com"
43.134.56.214 - - [16/Jul/2026:18:59:31 +0000] "GET /page/2/?s HTTP/1.1" 200 36158 "-" "Mozilla/5.0 (iPhone; CPU iPhone OS 13_2_3 like Mac OS X) AppleWebKit/605.1.15 (KHTML, like Gecko) Version/13.0.3 Mobile/15E148 Safari/604.1"
65.181.116.207 - - [16/Jul/2026:19:02:29 +0000] "POST /wp-cron.php?doing_wp_cron=1784228549.3160350322723388671875 HTTP/1.1" 200 0 "-" "WordPress/7.0.1; https://www.yassaw.com"
43.165.125.66 - - [16/Jul/2026:19:02:28 +0000] "GET / HTTP/1.1" 200 43905 "http://www.yassaw.com" "Mozilla/5.0 (iPhone; CPU iPhone OS 13_2_3 like Mac OS X) AppleWebKit/605.1.15 (KHTML, like Gecko) Version/13.0.3 Mobile/15E148 Safari/604.1"
65.181.116.207 - - [16/Jul/2026:19:04:46 +0000] "POST /wp-cron.php?doing_wp_cron=1784228686.7872149944305419921875 HTTP/1.1" 200 0 "-" "WordPress/7.0.1; https://www.yassaw.com"
216.73.163.152 - - [16/Jul/2026:19:04:46 +0000] "POST /wp-login.php HTTP/1.1" 200 2233 "-" "Mozilla/5.0 (Windows; U; Windows NT 5.1; en-US; rv:1.9.1b4pre) Gecko/20090401 Firefox/3.5b4pre"
65.181.116.207 - - [16/Jul/2026:19:05:37 +0000] "POST /wp-cron.php?doing_wp_cron=1784228737.0929028987884521484375 HTTP/1.1" 200 0 "-" "WordPress/7.0.1; https://www.yassaw.com"
209.87.169.28 - - [16/Jul/2026:19:05:36 +0000] "POST /wp-login.php HTTP/1.1" 200 2231 "-" "Mozilla/5.0 (Macintosh; Intel Mac OS X 10_15_7) AppleWebKit/605.1.15 Version/17.0 Safari/605.1.15"
65.181.116.207 - - [16/Jul/2026:19:08:33 +0000] "POST /wp-cron.php?doing_wp_cron=1784228913.3327391147613525390625 HTTP/1.1" 200 0 "-" "WordPress/7.0.1; https://www.yassaw.com"
43.166.130.123 - - [16/Jul/2026:19:08:32 +0000] "GET /?s= HTTP/1.1" 200 35991 "-" "Mozilla/5.0 (iPhone; CPU iPhone OS 13_2_3 like Mac OS X) AppleWebKit/605.1.15 (KHTML, like Gecko) Version/13.0.3 Mobile/15E148 Safari/604.1"
43.152.72.244 - - [16/Jul/2026:19:19:31 +0000] "GET /wp-content/uploads/2025/10/left-2-1-300x294.webp HTTP/1.1" 200 17142 "-" "Mozilla/5.0 (iPhone; CPU iPhone OS 13_2_3 like Mac OS X) AppleWebKit/605.1.15 (KHTML, like Gecko) Version/13.0.3 Mobile/15E148 Safari/604.1"
65.181.116.207 - - [16/Jul/2026:19:20:38 +0000] "POST /wp-cron.php?doing_wp_cron=1784229638.3553199768066406250000 HTTP/1.1" 200 0 "-" "WordPress/7.0.1; https://www.yassaw.com"
104.222.46.33 - - [16/Jul/2026:19:20:37 +0000] "HEAD / HTTP/1.1" 301 0 "-" "Mozilla/5.0 (Windows NT 6.1; Win64; x64) AppleWebKit/537.36 (KHTML, like Gecko) Chrome/57.0.2987.133 Safari/537.36"
104.222.46.33 - - [16/Jul/2026:19:20:39 +0000] "HEAD / HTTP/1.1" 200 0 "-" "Mozilla/5.0 (Windows NT 6.1; Win64; x64) AppleWebKit/537.36 (KHTML, like Gecko) Chrome/57.0.2987.133 Safari/537.36"
104.222.46.33 - - [16/Jul/2026:19:20:39 +0000] "GET / HTTP/1.1" 301 0 "-" "Mozilla/5.0 (Windows NT 6.1; Win64; x64) AppleWebKit/537.36 (KHTML, like Gecko) Chrome/57.0.2987.133 Safari/537.36"
104.222.46.33 - - [16/Jul/2026:19:20:40 +0000] "GET / HTTP/1.1" 200 198552 "-" "Mozilla/5.0 (Windows NT 6.1; Win64; x64) AppleWebKit/537.36 (KHTML, like Gecko) Chrome/57.0.2987.133 Safari/537.36"
103.105.167.150 - - [16/Jul/2026:19:20:43 +0000] "HEAD / HTTP/1.1" 200 0 "-" "Mozilla/5.0 (X11; Linux x86_64) AppleWebKit/537.36 (KHTML, like Gecko) Chrome/44.0.2403.157 Safari/537.36"
103.105.167.150 - - [16/Jul/2026:19:20:44 +0000] "GET / HTTP/1.1" 200 198552 "-" "Mozilla/5.0 (X11; Linux x86_64) AppleWebKit/537.36 (KHTML, like Gecko) Chrome/44.0.2403.157 Safari/537.36"
192.177.58.71 - - [16/Jul/2026:19:20:45 +0000] "HEAD / HTTP/1.1" 200 0 "-" "Mozilla/5.0 (Windows NT 6.1; Win64; x64; Trident/7.0; rv:11.0) like Gecko"
192.177.58.71 - - [16/Jul/2026:19:20:46 +0000] "GET / HTTP/1.1" 200 198552 "-" "Mozilla/5.0 (Windows NT 6.1; Win64; x64; Trident/7.0; rv:11.0) like Gecko"
45.5.67.88 - - [16/Jul/2026:19:20:48 +0000] "HEAD / HTTP/1.1" 200 0 "-" "Mozilla/4.0 (compatible; MSIE 8.0; Windows NT 5.1; Trident/4.0; .NET CLR 2.0.50727; .NET CLR 3.0.4506.2152; .NET CLR 3.5.30729)"
45.5.67.88 - - [16/Jul/2026:19:20:50 +0000] "GET / HTTP/1.1" 200 198552 "-" "Mozilla/4.0 (compatible; MSIE 8.0; Windows NT 5.1; Trident/4.0; .NET CLR 2.0.50727; .NET CLR 3.0.4506.2152; .NET CLR 3.5.30729)"
54.187.169.7 - - [16/Jul/2026:19:21:27 +0000] "GET / HTTP/2" 200 38862 "-" "Mozilla/5.0 (X11; Linux x86_64) AppleWebKit/537.36 (KHTML, like Gecko) Chrome/150.0.0.0 Safari/537.36"
54.187.169.7 - - [16/Jul/2026:19:21:29 +0000] "GET /wp-content/plugins/cookieadmin/assets/css/consent.css?ver=1.1.1 HTTP/2" 200 2439 "https://www.yassaw.com/" "Mozilla/5.0 (X11; Linux x86_64) AppleWebKit/537.36 (KHTML, like Gecko) Chrome/150.0.0.0 Safari/537.36"
54.187.169.7 - - [16/Jul/2026:19:21:29 +0000] "GET /wp-content/themes/hello-elementor/assets/css/reset.css?ver=3.4.4 HTTP/2" 200 1581 "https://www.yassaw.com/" "Mozilla/5.0 (X11; Linux x86_64) AppleWebKit/537.36 (KHTML, like Gecko) Chrome/150.0.0.0 Safari/537.36"
54.187.169.7 - - [16/Jul/2026:19:21:29 +0000] "GET /wp-content/themes/hello-elementor/assets/css/theme.css?ver=3.4.4 HTTP/2" 200 1126 "https://www.yassaw.com/" "Mozilla/5.0 (X11; Linux x86_64) AppleWebKit/537.36 (KHTML, like Gecko) Chrome/150.0.0.0 Safari/537.36"
54.187.169.7 - - [16/Jul/2026:19:21:29 +0000] "GET /wp-content/themes/hello-elementor/assets/css/header-footer.css?ver=3.4.4 HTTP/2" 200 1261 "https://www.yassaw.com/" "Mozilla/5.0 (X11; Linux x86_64) AppleWebKit/537.36 (KHTML, like Gecko) Chrome/150.0.0.0 Safari/537.36"
54.187.169.7 - - [16/Jul/2026:19:21:29 +0000] "GET /wp-content/plugins/elementor/assets/css/frontend.min.css?ver=3.32.4 HTTP/2" 200 6537 "https://www.yassaw.com/" "Mozilla/5.0 (X11; Linux x86_64) AppleWebKit/537.36 (KHTML, like Gecko) Chrome/150.0.0.0 Safari/537.36"
54.187.169.7 - - [16/Jul/2026:19:21:29 +0000] "GET /wp-content/uploads/elementor/css/post-5.css?ver=1760802133 HTTP/2" 200 405 "https://www.yassaw.com/" "Mozilla/5.0 (X11; Linux x86_64) AppleWebKit/537.36 (KHTML, like Gecko) Chrome/150.0.0.0 Safari/537.36"
54.187.169.7 - - [16/Jul/2026:19:21:29 +0000] "GET /wp-content/plugins/elementor/assets/css/widget-image.min.css?ver=3.32.4 HTTP/2" 200 119 "https://www.yassaw.com/" "Mozilla/5.0 (X11; Linux x86_64) AppleWebKit/537.36 (KHTML, like Gecko) Chrome/150.0.0.0 Safari/537.36"
54.187.169.7 - - [16/Jul/2026:19:21:29 +0000] "GET /wp-content/plugins/elementor-pro/assets/css/widget-nav-menu.min.css?ver=3.25.3 HTTP/2" 200 3142 "https://www.yassaw.com/" "Mozilla/5.0 (X11; Linux x86_64) AppleWebKit/537.36 (KHTML, like Gecko) Chrome/150.0.0.0 Safari/537.36"
54.187.169.7 - - [16/Jul/2026:19:21:29 +0000] "GET /wp-content/plugins/elementor/assets/css/widget-heading.min.css?ver=3.32.4 HTTP/2" 200 154 "https://www.yassaw.com/" "Mozilla/5.0 (X11; Linux x86_64) AppleWebKit/537.36 (KHTML, like Gecko) Chrome/150.0.0.0 Safari/537.36"
54.187.169.7 - - [16/Jul/2026:19:21:29 +0000] "GET /wp-content/plugins/elementor/assets/css/widget-icon-list.min.css?ver=3.32.4 HTTP/2" 200 961 "https://www.yassaw.com/" "Mozilla/5.0 (X11; Linux x86_64) AppleWebKit/537.36 (KHTML, like Gecko) Chrome/150.0.0.0 Safari/537.36"
54.187.169.7 - - [16/Jul/2026:19:21:29 +0000] "GET /wp-content/plugins/elementor-pro/assets/css/conditionals/popup.min.css?ver=3.25.3 HTTP/2" 200 322 "https://www.yassaw.com/" "Mozilla/5.0 (X11; Linux x86_64) AppleWebKit/537.36 (KHTML, like Gecko) Chrome/150.0.0.0 Safari/537.36"
54.187.169.7 - - [16/Jul/2026:19:21:29 +0000] "GET /wp-content/plugins/elementor/assets/lib/animations/styles/e-animation-sink.min.css?ver=3.32.4 HTTP/2" 200 112 "https://www.yassaw.com/" "Mozilla/5.0 (X11; Linux x86_64) AppleWebKit/537.36 (KHTML, like Gecko) Chrome/150.0.0.0 Safari/537.36"
54.187.169.7 - - [16/Jul/2026:19:21:29 +0000] "GET /wp-content/plugins/elementor/assets/lib/animations/styles/slideInDown.min.css?ver=3.32.4 HTTP/2" 200 153 "https://www.yassaw.com/" "Mozilla/5.0 (X11; Linux x86_64) AppleWebKit/537.36 (KHTML, like Gecko) Chrome/150.0.0.0 Safari/537.36"
54.187.169.7 - - [16/Jul/2026:19:21:29 +0000] "GET /wp-content/plugins/elementor/assets/lib/animations/styles/fadeInRight.min.css?ver=3.32.4 HTTP/2" 200 139 "https://www.yassaw.com/" "Mozilla/5.0 (X11; Linux x86_64) AppleWebKit/537.36 (KHTML, like Gecko) Chrome/150.0.0.0 Safari/537.36"
54.187.169.7 - - [16/Jul/2026:19:21:29 +0000] "GET /wp-content/plugins/elementor/assets/css/widget-icon-box.min.css?ver=3.32.4 HTTP/2" 200 425 "https://www.yassaw.com/" "Mozilla/5.0 (X11; Linux x86_64) AppleWebKit/537.36 (KHTML, like Gecko) Chrome/150.0.0.0 Safari/537.36"
54.187.169.7 - - [16/Jul/2026:19:21:29 +0000] "GET /wp-content/plugins/elementor/assets/lib/animations/styles/fadeInDown.min.css?ver=3.32.4 HTTP/2" 200 137 "https://www.yassaw.com/" "Mozilla/5.0 (X11; Linux x86_64) AppleWebKit/537.36 (KHTML, like Gecko) Chrome/150.0.0.0 Safari/537.36"
54.187.169.7 - - [16/Jul/2026:19:21:29 +0000] "GET /wp-content/plugins/elementor/assets/css/widget-image-box.min.css?ver=3.32.4 HTTP/2" 200 305 "https://www.yassaw.com/" "Mozilla/5.0 (X11; Linux x86_64) AppleWebKit/537.36 (KHTML, like Gecko) Chrome/150.0.0.0 Safari/537.36"
54.187.169.7 - - [16/Jul/2026:19:21:29 +0000] "GET /wp-content/plugins/elementor-pro/assets/css/widget-price-table.min.css?ver=3.25.3 HTTP/2" 200 810 "https://www.yassaw.com/" "Mozilla/5.0 (X11; Linux x86_64) AppleWebKit/537.36 (KHTML, like Gecko) Chrome/150.0.0.0 Safari/537.36"
54.187.169.7 - - [16/Jul/2026:19:21:29 +0000] "GET /wp-content/plugins/elementor/assets/lib/swiper/v8/css/swiper.min.css?ver=8.4.5 HTTP/2" 200 4248 "https://www.yassaw.com/" "Mozilla/5.0 (X11; Linux x86_64) AppleWebKit/537.36 (KHTML, like Gecko) Chrome/150.0.0.0 Safari/537.36"
54.187.169.7 - - [16/Jul/2026:19:21:29 +0000] "GET /wp-content/plugins/elementor/assets/css/conditionals/e-swiper.min.css?ver=3.32.4 HTTP/2" 200 699 "https://www.yassaw.com/" "Mozilla/5.0 (X11; Linux x86_64) AppleWebKit/537.36 (KHTML, like Gecko) Chrome/150.0.0.0 Safari/537.36"
54.187.169.7 - - [16/Jul/2026:19:21:29 +0000] "GET /wp-content/plugins/elementor/assets/css/widget-toggle.min.css?ver=3.32.4 HTTP/2" 200 358 "https://www.yassaw.com/" "Mozilla/5.0 (X11; Linux x86_64) AppleWebKit/537.36 (KHTML, like Gecko) Chrome/150.0.0.0 Safari/537.36"
54.187.169.7 - - [16/Jul/2026:19:21:29 +0000] "GET /wp-content/plugins/elementor/assets/css/widget-star-rating.min.css?ver=3.32.4 HTTP/2" 200 481 "https://www.yassaw.com/" "Mozilla/5.0 (X11; Linux x86_64) AppleWebKit/537.36 (KHTML, like Gecko) Chrome/150.0.0.0 Safari/537.36"
54.187.169.7 - - [16/Jul/2026:19:21:29 +0000] "GET /wp-content/plugins/elementor/assets/css/widget-testimonial.min.css?ver=3.32.4 HTTP/2" 200 298 "https://www.yassaw.com/" "Mozilla/5.0 (X11; Linux x86_64) AppleWebKit/537.36 (KHTML, like Gecko) Chrome/150.0.0.0 Safari/537.36"
54.187.169.7 - - [16/Jul/2026:19:21:29 +0000] "GET /wp-content/uploads/elementor/css/post-7.css?ver=1760802133 HTTP/2" 200 4295 "https://www.yassaw.com/" "Mozilla/5.0 (X11; Linux x86_64) AppleWebKit/537.36 (KHTML, like Gecko) Chrome/150.0.0.0 Safari/537.36"
54.187.169.7 - - [16/Jul/2026:19:21:29 +0000] "GET /wp-content/uploads/elementor/css/post-140.css?ver=1760802133 HTTP/2" 200 1473 "https://www.yassaw.com/" "Mozilla/5.0 (X11; Linux x86_64) AppleWebKit/537.36 (KHTML, like Gecko) Chrome/150.0.0.0 Safari/537.36"
54.187.169.7 - - [16/Jul/2026:19:21:29 +0000] "GET /wp-content/uploads/elementor/css/post-147.css?ver=1760802133 HTTP/2" 200 1411 "https://www.yassaw.com/" "Mozilla/5.0 (X11; Linux x86_64) AppleWebKit/537.36 (KHTML, like Gecko) Chrome/150.0.0.0 Safari/537.36"
54.187.169.7 - - [16/Jul/2026:19:21:29 +0000] "GET /wp-content/plugins/elementor-pro/assets/css/modules/motion-fx.min.css?ver=3.25.3 HTTP/2" 200 210 "https://www.yassaw.com/" "Mozilla/5.0 (X11; Linux x86_64) AppleWebKit/537.36 (KHTML, like Gecko) Chrome/150.0.0.0 Safari/537.36"
54.187.169.7 - - [16/Jul/2026:19:21:29 +0000] "GET /wp-includes/js/jquery/jquery.min.js?ver=3.7.1 HTTP/2" 200 29744 "https://www.yassaw.com/" "Mozilla/5.0 (X11; Linux x86_64) AppleWebKit/537.36 (KHTML, like Gecko) Chrome/150.0.0.0 Safari/537.36"
54.187.169.7 - - [16/Jul/2026:19:21:29 +0000] "GET /wp-includes/js/jquery/jquery-migrate.min.js?ver=3.4.1 HTTP/2" 200 4678 "https://www.yassaw.com/" "Mozilla/5.0 (X11; Linux x86_64) AppleWebKit/537.36 (KHTML, like Gecko) Chrome/150.0.0.0 Safari/537.36"
54.187.169.7 - - [16/Jul/2026:19:21:29 +0000] "GET /wp-content/uploads/2025/10/Untitled-996-x-423-px-4.png HTTP/2" 200 23543 "https://www.yassaw.com/" "Mozilla/5.0 (X11; Linux x86_64) AppleWebKit/537.36 (KHTML, like Gecko) Chrome/150.0.0.0 Safari/537.36"
54.187.169.7 - - [16/Jul/2026:19:21:29 +0000] "GET /wp-content/uploads/2025/10/20d4ac8ff5.jpg HTTP/2" 200 277310 "https://www.yassaw.com/" "Mozilla/5.0 (X11; Linux x86_64) AppleWebKit/537.36 (KHTML, like Gecko) Chrome/150.0.0.0 Safari/537.36"
54.187.169.7 - - [16/Jul/2026:19:21:29 +0000] "GET /wp-content/themes/hello-elementor/assets/js/hello-frontend.js?ver=3.4.4 HTTP/3" 200 496 "https://www.yassaw.com/" "Mozilla/5.0 (X11; Linux x86_64) AppleWebKit/537.36 (KHTML, like Gecko) Chrome/150.0.0.0 Safari/537.36"
54.187.169.7 - - [16/Jul/2026:19:21:29 +0000] "GET /wp-content/plugins/cookieadmin-pro/assets/js/consent.js?ver=1.1.1 HTTP/3" 200 383 "https://www.yassaw.com/" "Mozilla/5.0 (X11; Linux x86_64) AppleWebKit/537.36 (KHTML, like Gecko) Chrome/150.0.0.0 Safari/537.36"
54.187.169.7 - - [16/Jul/2026:19:21:29 +0000] "GET /wp-content/plugins/elementor-pro/assets/js/webpack-pro.runtime.min.js?ver=3.25.3 HTTP/3" 200 2628 "https://www.yassaw.com/" "Mozilla/5.0 (X11; Linux x86_64) AppleWebKit/537.36 (KHTML, like Gecko) Chrome/150.0.0.0 Safari/537.36"
54.187.169.7 - - [16/Jul/2026:19:21:29 +0000] "GET /wp-includes/js/dist/hooks.min.js?ver=7496969728ca0f95732d HTTP/3" 200 1734 "https://www.yassaw.com/" "Mozilla/5.0 (X11; Linux x86_64) AppleWebKit/537.36 (KHTML, like Gecko) Chrome/150.0.0.0 Safari/537.36"
54.187.169.7 - - [16/Jul/2026:19:21:29 +0000] "GET /wp-includes/js/dist/i18n.min.js?ver=781d11515ad3d91786ec HTTP/3" 200 2354 "https://www.yassaw.com/" "Mozilla/5.0 (X11; Linux x86_64) AppleWebKit/537.36 (KHTML, like Gecko) Chrome/150.0.0.0 Safari/537.36"
54.187.169.7 - - [16/Jul/2026:19:21:29 +0000] "GET /wp-content/plugins/cookieadmin/assets/images/cookieadmin_icon.svg HTTP/3" 200 293 "https://www.yassaw.com/" "Mozilla/5.0 (X11; Linux x86_64) AppleWebKit/537.36 (KHTML, like Gecko) Chrome/150.0.0.0 Safari/537.36"
54.187.169.7 - - [16/Jul/2026:19:21:29 +0000] "GET /wp-content/uploads/2025/10/fc8c56a03d.jpg HTTP/2" 200 728666 "https://www.yassaw.com/" "Mozilla/5.0 (X11; Linux x86_64) AppleWebKit/537.36 (KHTML, like Gecko) Chrome/150.0.0.0 Safari/537.36"
54.187.169.7 - - [16/Jul/2026:19:21:29 +0000] "GET /wp-content/plugins/elementor/assets/js/webpack.runtime.min.js?ver=3.32.4 HTTP/3" 200 2320 "https://www.yassaw.com/" "Mozilla/5.0 (X11; Linux x86_64) AppleWebKit/537.36 (KHTML, like Gecko) Chrome/150.0.0.0 Safari/537.36"
54.187.169.7 - - [16/Jul/2026:19:21:29 +0000] "GET /wp-content/plugins/cookieadmin/assets/js/consent.js?ver=1.1.1 HTTP/3" 200 4278 "https://www.yassaw.com/" "Mozilla/5.0 (X11; Linux x86_64) AppleWebKit/537.36 (KHTML, like Gecko) Chrome/150.0.0.0 Safari/537.36"
54.187.169.7 - - [16/Jul/2026:19:21:29 +0000] "GET /wp-content/plugins/elementor/assets/js/frontend-modules.min.js?ver=3.32.4 HTTP/3" 200 17961 "https://www.yassaw.com/" "Mozilla/5.0 (X11; Linux x86_64) AppleWebKit/537.36 (KHTML, like Gecko) Chrome/150.0.0.0 Safari/537.36"
54.187.169.7 - - [16/Jul/2026:19:21:29 +0000] "GET /wp-includes/js/jquery/ui/core.min.js?ver=1.13.3 HTTP/3" 200 6812 "https://www.yassaw.com/" "Mozilla/5.0 (X11; Linux x86_64) AppleWebKit/537.36 (KHTML, like Gecko) Chrome/150.0.0.0 Safari/537.36"
54.187.169.7 - - [16/Jul/2026:19:21:29 +0000] "GET /wp-content/plugins/elementor/assets/js/frontend.min.js?ver=3.32.4 HTTP/3" 200 10164 "https://www.yassaw.com/" "Mozilla/5.0 (X11; Linux x86_64) AppleWebKit/537.36 (KHTML, like Gecko) Chrome/150.0.0.0 Safari/537.36"
54.187.169.7 - - [16/Jul/2026:19:21:29 +0000] "GET /wp-content/plugins/elementor-pro/assets/lib/smartmenus/jquery.smartmenus.min.js?ver=1.2.1 HTTP/3" 200 6867 "https://www.yassaw.com/" "Mozilla/5.0 (X11; Linux x86_64) AppleWebKit/537.36 (KHTML, like Gecko) Chrome/150.0.0.0 Safari/537.36"
54.187.169.7 - - [16/Jul/2026:19:21:29 +0000] "GET /wp-content/plugins/elementor-pro/assets/js/frontend.min.js?ver=3.25.3 HTTP/3" 200 6446 "https://www.yassaw.com/" "Mozilla/5.0 (X11; Linux x86_64) AppleWebKit/537.36 (KHTML, like Gecko) Chrome/150.0.0.0 Safari/537.36"
54.187.169.7 - - [16/Jul/2026:19:21:29 +0000] "GET /wp-content/plugins/elementor/assets/lib/swiper/v8/swiper.min.js?ver=8.4.5 HTTP/3" 200 38152 "https://www.yassaw.com/" "Mozilla/5.0 (X11; Linux x86_64) AppleWebKit/537.36 (KHTML, like Gecko) Chrome/150.0.0.0 Safari/537.36"
54.187.169.7 - - [16/Jul/2026:19:21:29 +0000] "GET /wp-content/plugins/elementor-pro/assets/js/elements-handlers.min.js?ver=3.25.3 HTTP/3" 200 9746 "https://www.yassaw.com/" "Mozilla/5.0 (X11; Linux x86_64) AppleWebKit/537.36 (KHTML, like Gecko) Chrome/150.0.0.0 Safari/537.36"
54.187.169.7 - - [16/Jul/2026:19:21:29 +0000] "GET /wp-content/uploads/2025/10/c17e121053.jpg HTTP/3" 200 448067 "https://www.yassaw.com/" "Mozilla/5.0 (X11; Linux x86_64) AppleWebKit/537.36 (KHTML, like Gecko) Chrome/150.0.0.0 Safari/537.36"
54.187.169.7 - - [16/Jul/2026:19:21:29 +0000] "GET /wp-content/uploads/2025/10/f05e44b8a3.jpg HTTP/3" 200 278442 "https://www.yassaw.com/wp-content/uploads/elementor/css/post-7.css?ver=1760802133" "Mozilla/5.0 (X11; Linux x86_64) AppleWebKit/537.36 (KHTML, like Gecko) Chrome/150.0.0.0 Safari/537.36"
54.187.169.7 - - [16/Jul/2026:19:21:29 +0000] "GET /wp-content/plugins/elementor/assets/js/section-frontend-handlers.d85ab872da118940910d.bundle.min.js HTTP/3" 200 254 "https://www.yassaw.com/" "Mozilla/5.0 (X11; Linux x86_64) AppleWebKit/537.36 (KHTML, like Gecko) Chrome/150.0.0.0 Safari/537.36"
54.187.169.7 - - [16/Jul/2026:19:21:29 +0000] "GET /wp-content/plugins/elementor/assets/js/shared-frontend-handlers.4c8abccc3e268b0767b2.bundle.min.js HTTP/3" 200 2542 "https://www.yassaw.com/" "Mozilla/5.0 (X11; Linux x86_64) AppleWebKit/537.36 (KHTML, like Gecko) Chrome/150.0.0.0 Safari/537.36"
54.187.169.7 - - [16/Jul/2026:19:21:29 +0000] "GET /wp-content/plugins/elementor-pro/assets/js/nav-menu.7e665d03657d48aef483.bundle.min.js HTTP/3" 200 1766 "https://www.yassaw.com/" "Mozilla/5.0 (X11; Linux x86_64) AppleWebKit/537.36 (KHTML, like Gecko) Chrome/150.0.0.0 Safari/537.36"
54.187.169.7 - - [16/Jul/2026:19:21:29 +0000] "GET /wp-content/plugins/elementor/assets/js/text-editor.abc8f59c62f2820dc25a.bundle.min.js HTTP/3" 200 618 "https://www.yassaw.com/" "Mozilla/5.0 (X11; Linux x86_64) AppleWebKit/537.36 (KHTML, like Gecko) Chrome/150.0.0.0 Safari/537.36"
54.187.169.7 - - [16/Jul/2026:19:21:29 +0000] "GET /wp-content/plugins/elementor/assets/js/toggle.f7afe5f9f0f912b34b22.bundle.min.js HTTP/3" 200 1327 "https://www.yassaw.com/" "Mozilla/5.0 (X11; Linux x86_64) AppleWebKit/537.36 (KHTML, like Gecko) Chrome/150.0.0.0 Safari/537.36"
54.187.169.7 - - [16/Jul/2026:19:21:29 +0000] "GET /wp-content/uploads/2025/10/Untitled-996-x-423-px-500-x-500-px-150x150.png HTTP/3" 200 6917 "https://www.yassaw.com/" "Mozilla/5.0 (X11; Linux x86_64) AppleWebKit/537.36 (KHTML, like Gecko) Chrome/150.0.0.0 Safari/537.36"
65.181.116.207 - - [16/Jul/2026:19:21:40 +0000] "POST /wp-cron.php?doing_wp_cron=1784229700.3839280605316162109375 HTTP/1.1" 200 0 "-" "WordPress/7.0.1; https://www.yassaw.com"
50.118.248.218 - - [16/Jul/2026:19:21:38 +0000] "GET / HTTP/1.1" 200 38846 "-" "Mozilla/5.0 (X11; Linux x86_64) AppleWebKit/537.36 (KHTML, like Gecko) Chrome/44.0.2403.157 Safari/537.36"
43.135.145.117 - - [16/Jul/2026:19:24:10 +0000] "GET /wp-content/uploads/2025/10/left-2-1-768x753.webp HTTP/1.1" 200 56574 "-" "Mozilla/5.0 (iPhone; CPU iPhone OS 13_2_3 like Mac OS X) AppleWebKit/605.1.15 (KHTML, like Gecko) Version/13.0.3 Mobile/15E148 Safari/604.1"
65.181.116.207 - - [16/Jul/2026:19:24:40 +0000] "POST /wp-cron.php?doing_wp_cron=1784229879.9735898971557617187500 HTTP/1.1" 200 0 "-" "WordPress/7.0.1; https://www.yassaw.com"
209.87.169.215 - - [16/Jul/2026:19:24:38 +0000] "POST /wp-login.php HTTP/1.1" 200 2231 "-" "Mozilla/5.0 (Windows NT 10.0; Win64; x64) AppleWebKit/537.36 Chrome/129.0.0.0 Safari/537.36"
65.181.116.207 - - [16/Jul/2026:19:30:13 +0000] "POST /wp-cron.php?doing_wp_cron=1784230213.4610459804534912109375 HTTP/1.1" 200 0 "-" "WordPress/7.0.1; https://www.yassaw.com"
57.141.0.6 - - [16/Jul/2026:19:30:11 +0000] "GET /post-sitemap1.xml HTTP/2" 200 486 "-" "Mozilla/5.0 (X11; Linux x86_64) AppleWebKit/537.36 (KHTML, like Gecko) Chrome/145.0.0.0 Safari/537.36 (compatible; meta-externalagent/1.1 (+https://developers.facebook.com/docs/sharing/webmasters/crawler))"
65.181.116.207 - - [16/Jul/2026:19:40:20 +0000] "POST /wp-cron.php?doing_wp_cron=1784230820.6467800140380859375000 HTTP/1.1" 200 0 "-" "WordPress/7.0.1; https://www.yassaw.com"
216.73.163.147 - - [16/Jul/2026:19:40:19 +0000] "POST /wp-login.php HTTP/1.1" 200 2233 "-" "mac|Mozilla/5.0 (Macintosh; Intel Mac OS X 10_1_7) AppleWebKit/602.6 (KHTML, like Gecko) Chrome/55.0.3878.238 Safari/535"
65.181.116.207 - - [16/Jul/2026:19:41:54 +0000] "POST /wp-cron.php?doing_wp_cron=1784230914.5207669734954833984375 HTTP/1.1" 200 0 "-" "WordPress/7.0.1; https://www.yassaw.com"
43.159.140.236 - - [16/Jul/2026:19:41:52 +0000] "GET /blog/ HTTP/1.1" 200 35410 "-" "Mozilla/5.0 (iPhone; CPU iPhone OS 13_2_3 like Mac OS X) AppleWebKit/605.1.15 (KHTML, like Gecko) Version/13.0.3 Mobile/15E148 Safari/604.1"
65.181.116.207 - - [16/Jul/2026:19:34:17 +0000] "POST /wp-cron.php?doing_wp_cron=1784230457.6263051033020019531250 HTTP/1.1" 200 0 "-" "WordPress/7.0.1; https://www.yassaw.com"
209.87.169.235 - - [16/Jul/2026:19:34:15 +0000] "POST /wp-login.php HTTP/1.1" 200 2231 "-" "Mozilla/5.0 (Macintosh; Intel Mac OS X 10_15_7) AppleWebKit/605.1.15 Version/17.0 Safari/605.1.15"
65.181.116.207 - - [16/Jul/2026:19:43:46 +0000] "POST /wp-cron.php?doing_wp_cron=1784231026.6269080638885498046875 HTTP/1.1" 200 0 "-" "WordPress/7.0.1; https://www.yassaw.com"
209.87.169.246 - - [16/Jul/2026:19:43:44 +0000] "POST /wp-login.php HTTP/1.1" 200 2231 "-" "Mozilla/5.0 (Macintosh; Intel Mac OS X 10_15_7) AppleWebKit/605.1.15 Version/17.0 Safari/605.1.15"
43.163.86.65 - - [16/Jul/2026:19:50:53 +0000] "GET /?p=175 HTTP/1.1" 301 0 "-" "Mozilla/5.0 (iPhone; CPU iPhone OS 13_2_3 like Mac OS X) AppleWebKit/605.1.15 (KHTML, like Gecko) Version/13.0.3 Mobile/15E148 Safari/604.1"
43.163.86.65 - - [16/Jul/2026:19:50:56 +0000] "GET /blog/ HTTP/1.1" 200 35410 "https://www.yassaw.com/?p=175" "Mozilla/5.0 (iPhone; CPU iPhone OS 13_2_3 like Mac OS X) AppleWebKit/605.1.15 (KHTML, like Gecko) Version/13.0.3 Mobile/15E148 Safari/604.1"
209.87.169.221 - - [16/Jul/2026:19:53:20 +0000] "POST /wp-login.php HTTP/1.1" 200 2231 "-" "Mozilla/5.0 (Windows NT 10.0; Win64; rv:143.0) Gecko/20100101 Firefox/143.0"
20.220.9.199 - - [16/Jul/2026:19:55:58 +0000] "GET /wp-admin/network/plugins.php HTTP/1.1" 302 0 "-" "-"
20.220.9.199 - - [16/Jul/2026:19:56:00 +0000] "GET /wp-login.php?redirect_to=https%3A%2F%2Fyassaw.com%2Fwp-admin%2Fnetwork%2Fplugins.php&reauth=1 HTTP/1.1" 200 6118 "-" "-"
65.181.116.207 - - [16/Jul/2026:19:59:36 +0000] "POST /wp-cron.php?doing_wp_cron=1784231976.5751080513000488281250 HTTP/1.1" 200 0 "-" "WordPress/7.0.1; https://www.yassaw.com"
43.163.206.70 - - [16/Jul/2026:19:59:34 +0000] "GET /feed/ HTTP/1.1" 200 875 "-" "Mozilla/5.0 (iPhone; CPU iPhone OS 13_2_3 like Mac OS X) AppleWebKit/605.1.15 (KHTML, like Gecko) Version/13.0.3 Mobile/15E148 Safari/604.1"
65.181.116.207 - - [16/Jul/2026:20:02:54 +0000] "POST /wp-cron.php?doing_wp_cron=1784232174.4490768909454345703125 HTTP/1.1" 200 0 "-" "WordPress/7.0.1; https://www.yassaw.com"
209.87.169.52 - - [16/Jul/2026:20:02:52 +0000] "POST /wp-login.php HTTP/1.1" 200 2231 "-" "Mozilla/5.0 (Macintosh; Intel Mac OS X 10_15_7) AppleWebKit/605.1.15 Version/17.0 Safari/605.1.15"
65.181.116.207 - - [16/Jul/2026:20:10:12 +0000] "POST /wp-cron.php?doing_wp_cron=1784232612.3396210670471191406250 HTTP/1.1" 200 0 "-" "WordPress/7.0.1; https://www.yassaw.com"
43.134.163.229 - - [16/Jul/2026:20:10:06 +0000] "GET /maximizing-performance/ HTTP/1.1" 200 37097 "-" "Mozilla/5.0 (iPhone; CPU iPhone OS 13_2_3 like Mac OS X) AppleWebKit/605.1.15 (KHTML, like Gecko) Version/13.0.3 Mobile/15E148 Safari/604.1"
65.181.116.207 - - [16/Jul/2026:20:12:30 +0000] "POST /wp-cron.php?doing_wp_cron=1784232750.6173748970031738281250 HTTP/1.1" 200 0 "-" "WordPress/7.0.1; https://www.yassaw.com"
209.87.169.233 - - [16/Jul/2026:20:12:28 +0000] "POST /wp-login.php HTTP/1.1" 200 2231 "-" "Mozilla/5.0 (Windows NT 10.0; Win64; rv:143.0) Gecko/20100101 Firefox/143.0"
65.181.116.207 - - [16/Jul/2026:20:16:35 +0000] "POST /wp-cron.php?doing_wp_cron=1784232995.3502480983734130859375 HTTP/1.1" 200 0 "-" "WordPress/7.0.1; https://www.yassaw.com"
216.73.163.144 - - [16/Jul/2026:20:16:32 +0000] "POST /wp-login.php HTTP/1.1" 200 2233 "-" "firefox|Mozilla/5.0 (Windows; Windows NT 10.2;; en-US) Gecko/20130401 Firefox/69.1"
65.181.116.207 - - [16/Jul/2026:20:21:33 +0000] "POST /wp-cron.php?doing_wp_cron=1784233293.7335140705108642578125 HTTP/1.1" 200 0 "-" "WordPress/7.0.1; https://www.yassaw.com"
170.106.180.153 - - [16/Jul/2026:20:21:28 +0000] "GET /refund-policy/ HTTP/1.1" 200 35631 "-" "Mozilla/5.0 (iPhone; CPU iPhone OS 13_2_3 like Mac OS X) AppleWebKit/605.1.15 (KHTML, like Gecko) Version/13.0.3 Mobile/15E148 Safari/604.1"
209.87.169.239 - - [16/Jul/2026:20:21:51 +0000] "POST /wp-login.php HTTP/1.1" 200 2231 "-" "Mozilla/5.0 (Macintosh; Intel Mac OS X 10_15_7) AppleWebKit/605.1.15 Version/17.0 Safari/605.1.15"
65.181.116.207 - - [16/Jul/2026:20:29:14 +0000] "POST /wp-cron.php?doing_wp_cron=1784233753.9512789249420166015625 HTTP/1.1" 200 0 "-" "WordPress/7.0.1; https://www.yassaw.com"
43.154.127.188 - - [16/Jul/2026:20:29:07 +0000] "GET /terms-and-conditions/ HTTP/1.1" 200 36125 "-" "Mozilla/5.0 (iPhone; CPU iPhone OS 13_2_3 like Mac OS X) AppleWebKit/605.1.15 (KHTML, like Gecko) Version/13.0.3 Mobile/15E148 Safari/604.1"
91.92.241.196 - - [16/Jul/2026:20:29:27 +0000] "GET /.env HTTP/1.1" 200 310 "-" "Mozilla/5.0 (Windows NT 10.0; Win64; x64) AppleWebKit/537.36"
91.92.241.196 - - [16/Jul/2026:20:29:29 +0000] "GET /.env.production HTTP/1.1" 200 310 "-" "Mozilla/5.0 (Windows NT 10.0; Win64; x64) AppleWebKit/537.36"
91.92.241.196 - - [16/Jul/2026:20:29:30 +0000] "GET /api/.env HTTP/1.1" 200 310 "-" "Mozilla/5.0 (Windows NT 10.0; Win64; x64) AppleWebKit/537.36"
91.92.241.196 - - [16/Jul/2026:20:29:31 +0000] "GET /.aws/credentials HTTP/1.1" 200 310 "-" "Mozilla/5.0 (Windows NT 10.0; Win64; x64) AppleWebKit/537.36"
65.181.116.207 - - [16/Jul/2026:20:31:30 +0000] "POST /wp-cron.php?doing_wp_cron=1784233890.0948789119720458984375 HTTP/1.1" 200 0 "-" "WordPress/7.0.1; https://www.yassaw.com"
185.198.240.24 - - [16/Jul/2026:20:31:27 +0000] "POST /wp-login.php HTTP/1.1" 200 2231 "-" "Mozilla/5.0 (Macintosh; Intel Mac OS X 10_15_7) AppleWebKit/605.1.15 Version/17.0 Safari/605.1.15"
209.87.169.37 - - [16/Jul/2026:20:40:59 +0000] "POST /wp-login.php HTTP/1.1" 200 2231 "-" "Mozilla/5.0 (Windows NT 10.0; Win64; rv:143.0) Gecko/20100101 Firefox/143.0"
65.181.116.207 - - [16/Jul/2026:20:41:10 +0000] "POST /wp-cron.php?doing_wp_cron=1784234469.9463839530944824218750 HTTP/1.1" 200 0 "-" "WordPress/7.0.1; https://www.yassaw.com"
65.181.116.207 - - [16/Jul/2026:20:42:11 +0000] "POST /wp-cron.php?doing_wp_cron=1784234531.5495040416717529296875 HTTP/1.1" 200 0 "-" "WordPress/7.0.1; https://www.yassaw.com"
119.28.177.175 - - [16/Jul/2026:20:42:05 +0000] "GET /blog/ HTTP/1.1" 200 35410 "-" "Mozilla/5.0 (iPhone; CPU iPhone OS 13_2_3 like Mac OS X) AppleWebKit/605.1.15 (KHTML, like Gecko) Version/13.0.3 Mobile/15E148 Safari/604.1"
65.181.116.207 - - [16/Jul/2026:20:50:19 +0000] "POST /wp-cron.php?doing_wp_cron=1784235019.6190400123596191406250 HTTP/1.1" 200 0 "-" "WordPress/7.0.1; https://www.yassaw.com"
43.153.35.128 - - [16/Jul/2026:20:50:16 +0000] "GET /wp-json/oembed/1.0/embed?url=https%3A%2F%2Fwww.yassaw.com%2Fblog%2F&format=xml HTTP/1.1" 200 1106 "-" "Mozilla/5.0 (iPhone; CPU iPhone OS 13_2_3 like Mac OS X) AppleWebKit/605.1.15 (KHTML, like Gecko) Version/13.0.3 Mobile/15E148 Safari/604.1"
65.181.116.207 - - [16/Jul/2026:20:52:25 +0000] "POST /wp-cron.php?doing_wp_cron=1784235144.9728929996490478515625 HTTP/1.1" 200 0 "-" "WordPress/7.0.1; https://www.yassaw.com"
216.73.163.132 - - [16/Jul/2026:20:52:23 +0000] "POST /wp-login.php HTTP/1.1" 200 2233 "-" "Mozilla/5.0 (iPhone; CPU iPhone OS 14_7_1 like Mac OS X) AppleWebKit/605.1.15 (KHTML, like Gecko) Mobile/18G82 Instagram 313.0.2.9.339 (iPhone8,1; iOS 14_7_1; pt_BR; pt; scale=2.00; 750x1334; 553462334)"
209.87.169.39 - - [16/Jul/2026:21:00:13 +0000] "POST /wp-login.php HTTP/1.1" 200 2231 "-" "Mozilla/5.0 (Windows NT 10.0; Win64; rv:143.0) Gecko/20100101 Firefox/143.0"
65.181.116.207 - - [16/Jul/2026:21:00:19 +0000] "POST /wp-cron.php?doing_wp_cron=1784235619.2323150634765625000000 HTTP/1.1" 200 0 "-" "WordPress/7.0.1; https://www.yassaw.com"
65.181.116.207 - - [16/Jul/2026:21:00:50 +0000] "POST /wp-cron.php?doing_wp_cron=1784235650.3946940898895263671875 HTTP/1.1" 200 0 "-" "WordPress/7.0.1; https://www.yassaw.com"
43.135.145.77 - - [16/Jul/2026:21:00:48 +0000] "GET /2025/10/18/hello-world/feed/ HTTP/1.1" 200 756 "-" "Mozilla/5.0 (iPhone; CPU iPhone OS 13_2_3 like Mac OS X) AppleWebKit/605.1.15 (KHTML, like Gecko) Version/13.0.3 Mobile/15E148 Safari/604.1"
20.151.205.204 - - [16/Jul/2026:21:01:19 +0000] "GET /autodiscover/autodiscover.xml HTTP/1.1" 400 52 "-" "-"
20.151.205.204 - - [16/Jul/2026:21:01:19 +0000] "GET /autodiscover/autodiscover.xml HTTP/1.1" 400 52 "-" "-"
20.151.205.204 - - [16/Jul/2026:21:01:19 +0000] "GET /autodiscover/autodiscover.xml HTTP/1.1" 400 52 "-" "-"
20.151.205.204 - - [16/Jul/2026:21:01:20 +0000] "GET /autodiscover/autodiscover.xml HTTP/1.1" 400 52 "-" "-"
20.151.205.204 - - [16/Jul/2026:21:01:20 +0000] "GET /autodiscover/autodiscover.xml HTTP/1.1" 400 52 "-" "-"
20.151.205.204 - - [16/Jul/2026:21:01:20 +0000] "GET /autodiscover/autodiscover.xml HTTP/1.1" 400 52 "-" "-"
20.151.205.204 - - [16/Jul/2026:21:01:20 +0000] "GET /autodiscover/autodiscover.xml HTTP/1.1" 400 52 "-" "-"
20.151.205.204 - - [16/Jul/2026:21:01:20 +0000] "GET /autodiscover/autodiscover.xml HTTP/1.1" 400 52 "-" "-"
20.151.205.204 - - [16/Jul/2026:21:01:20 +0000] "GET /autodiscover/autodiscover.xml HTTP/1.1" 400 52 "-" "-"
20.151.205.204 - - [16/Jul/2026:21:01:21 +0000] "GET /autodiscover/autodiscover.xml HTTP/1.1" 400 52 "-" "-"
20.151.205.204 - - [16/Jul/2026:21:01:21 +0000] "GET /autodiscover/autodiscover.xml HTTP/1.1" 400 52 "-" "-"
20.151.205.204 - - [16/Jul/2026:21:01:21 +0000] "GET /autodiscover/autodiscover.xml HTTP/1.1" 400 52 "-" "-"
20.151.205.204 - - [16/Jul/2026:21:01:21 +0000] "GET /autodiscover/autodiscover.xml HTTP/1.1" 400 52 "-" "-"
20.151.205.204 - - [16/Jul/2026:21:01:21 +0000] "GET /autodiscover/autodiscover.xml HTTP/1.1" 400 52 "-" "-"
20.151.205.204 - - [16/Jul/2026:21:01:21 +0000] "GET /autodiscover/autodiscover.xml HTTP/1.1" 400 52 "-" "-"
20.151.205.204 - - [16/Jul/2026:21:01:21 +0000] "GET /autodiscover/autodiscover.xml HTTP/1.1" 400 52 "-" "-"
20.151.205.204 - - [16/Jul/2026:21:01:22 +0000] "GET /autodiscover/autodiscover.xml HTTP/1.1" 400 52 "-" "-"
20.151.205.204 - - [16/Jul/2026:21:01:22 +0000] "GET /autodiscover/autodiscover.xml HTTP/1.1" 400 52 "-" "-"
20.151.205.204 - - [16/Jul/2026:21:01:22 +0000] "GET /autodiscover/autodiscover.xml HTTP/1.1" 400 52 "-" "-"
20.151.205.204 - - [16/Jul/2026:21:01:22 +0000] "GET /autodiscover/autodiscover.xml HTTP/1.1" 400 52 "-" "-"
20.151.205.204 - - [16/Jul/2026:21:01:22 +0000] "GET /autodiscover/autodiscover.xml HTTP/1.1" 400 52 "-" "-"
20.151.205.204 - - [16/Jul/2026:21:01:22 +0000] "GET /autodiscover/autodiscover.xml HTTP/1.1" 400 52 "-" "-"
20.151.205.204 - - [16/Jul/2026:21:01:23 +0000] "GET /autodiscover/autodiscover.xml HTTP/1.1" 400 52 "-" "-"
20.151.205.204 - - [16/Jul/2026:21:01:23 +0000] "GET /autodiscover/autodiscover.xml HTTP/1.1" 400 52 "-" "-"
20.151.205.204 - - [16/Jul/2026:21:01:23 +0000] "GET /autodiscover/autodiscover.xml HTTP/1.1" 400 52 "-" "-"
20.151.205.204 - - [16/Jul/2026:21:01:23 +0000] "GET /autodiscover/autodiscover.xml HTTP/1.1" 400 52 "-" "-"
20.151.205.204 - - [16/Jul/2026:21:01:23 +0000] "GET /autodiscover/autodiscover.xml HTTP/1.1" 400 52 "-" "-"
20.151.205.204 - - [16/Jul/2026:21:01:23 +0000] "GET /autodiscover/autodiscover.xml HTTP/1.1" 400 52 "-" "-"
20.151.205.204 - - [16/Jul/2026:21:01:24 +0000] "GET /autodiscover/autodiscover.xml HTTP/1.1" 400 52 "-" "-"
20.151.205.204 - - [16/Jul/2026:21:01:24 +0000] "GET /autodiscover/autodiscover.xml HTTP/1.1" 400 52 "-" "-"
20.151.205.204 - - [16/Jul/2026:21:01:24 +0000] "GET /autodiscover/autodiscover.xml HTTP/1.1" 400 52 "-" "-"
20.151.205.204 - - [16/Jul/2026:21:01:24 +0000] "GET /autodiscover/autodiscover.xml HTTP/1.1" 400 52 "-" "-"
20.151.205.204 - - [16/Jul/2026:21:01:24 +0000] "GET /autodiscover/autodiscover.xml HTTP/1.1" 400 52 "-" "-"
20.151.205.204 - - [16/Jul/2026:21:01:24 +0000] "GET /autodiscover/autodiscover.xml HTTP/1.1" 400 52 "-" "-"
