51.44.243.128 - - [17/Jul/2026:02:50:07 +0000] "GET /core/app/.env HTTP/1.1" 301 0 "-" "Mozilla/5.0 (Macintosh; Intel Mac OS X 10_15_7) AppleWebKit/537.36 (KHTML, like Gecko) Chrome/131.0.0.0 Safari/537.36"
51.44.243.128 - - [17/Jul/2026:02:50:10 +0000] "GET /core/app/.env HTTP/1.1" 404 35281 "-" "Mozilla/5.0 (Macintosh; Intel Mac OS X 10_15_7) AppleWebKit/537.36 (KHTML, like Gecko) Chrome/131.0.0.0 Safari/537.36"
51.44.243.128 - - [17/Jul/2026:02:50:17 +0000] "GET /config/.env HTTP/1.1" 301 0 "-" "Mozilla/5.0 (Macintosh; Intel Mac OS X 10_15_7) AppleWebKit/537.36 (KHTML, like Gecko) Chrome/131.0.0.0 Safari/537.36"
51.44.243.128 - - [17/Jul/2026:02:50:21 +0000] "GET /config/.env HTTP/1.1" 404 35281 "-" "Mozilla/5.0 (Macintosh; Intel Mac OS X 10_15_7) AppleWebKit/537.36 (KHTML, like Gecko) Chrome/131.0.0.0 Safari/537.36"
216.73.216.171 - - [17/Jul/2026:02:50:25 +0000] "GET /sitemaps.xml HTTP/2" 200 233 "-" "Mozilla/5.0 AppleWebKit/537.36 (KHTML, like Gecko; compatible; ClaudeBot/1.0; [email protected])"
65.181.116.207 - - [17/Jul/2026:02:50:31 +0000] "POST /wp-cron.php?doing_wp_cron=1784256631.6903219223022460937500 HTTP/1.1" 200 0 "-" "WordPress/7.0.1; https://www.yassaw.com"
51.44.243.128 - - [17/Jul/2026:02:50:28 +0000] "GET /private/.env HTTP/1.1" 301 0 "-" "Mozilla/5.0 (Macintosh; Intel Mac OS X 10_15_7) AppleWebKit/537.36 (KHTML, like Gecko) Chrome/131.0.0.0 Safari/537.36"
51.44.243.128 - - [17/Jul/2026:02:50:31 +0000] "GET /private/.env HTTP/1.1" 404 35281 "-" "Mozilla/5.0 (Macintosh; Intel Mac OS X 10_15_7) AppleWebKit/537.36 (KHTML, like Gecko) Chrome/131.0.0.0 Safari/537.36"
51.44.243.128 - - [17/Jul/2026:02:50:35 +0000] "GET /application/.env HTTP/1.1" 301 0 "-" "Mozilla/5.0 (Macintosh; Intel Mac OS X 10_15_7) AppleWebKit/537.36 (KHTML, like Gecko) Chrome/131.0.0.0 Safari/537.36"
51.44.243.128 - - [17/Jul/2026:02:50:38 +0000] "GET /application/.env HTTP/1.1" 404 35281 "-" "Mozilla/5.0 (Macintosh; Intel Mac OS X 10_15_7) AppleWebKit/537.36 (KHTML, like Gecko) Chrome/131.0.0.0 Safari/537.36"
51.44.243.128 - - [17/Jul/2026:02:50:44 +0000] "GET /bootstrap/.env HTTP/1.1" 301 0 "-" "Mozilla/5.0 (Macintosh; Intel Mac OS X 10_15_7) AppleWebKit/537.36 (KHTML, like Gecko) Chrome/131.0.0.0 Safari/537.36"
51.44.243.128 - - [17/Jul/2026:02:50:47 +0000] "GET /bootstrap/.env HTTP/1.1" 404 35281 "-" "Mozilla/5.0 (Macintosh; Intel Mac OS X 10_15_7) AppleWebKit/537.36 (KHTML, like Gecko) Chrome/131.0.0.0 Safari/537.36"
51.44.243.128 - - [17/Jul/2026:02:50:53 +0000] "GET /database/.env HTTP/1.1" 301 0 "-" "Mozilla/5.0 (Macintosh; Intel Mac OS X 10_15_7) AppleWebKit/537.36 (KHTML, like Gecko) Chrome/131.0.0.0 Safari/537.36"
51.44.243.128 - - [17/Jul/2026:02:50:56 +0000] "GET /database/.env HTTP/1.1" 404 35281 "-" "Mozilla/5.0 (Macintosh; Intel Mac OS X 10_15_7) AppleWebKit/537.36 (KHTML, like Gecko) Chrome/131.0.0.0 Safari/537.36"
51.44.243.128 - - [17/Jul/2026:02:51:00 +0000] "GET /storage/.env HTTP/1.1" 301 0 "-" "Mozilla/5.0 (Macintosh; Intel Mac OS X 10_15_7) AppleWebKit/537.36 (KHTML, like Gecko) Chrome/131.0.0.0 Safari/537.36"
51.44.243.128 - - [17/Jul/2026:02:51:04 +0000] "GET /storage/.env HTTP/1.1" 404 35281 "-" "Mozilla/5.0 (Macintosh; Intel Mac OS X 10_15_7) AppleWebKit/537.36 (KHTML, like Gecko) Chrome/131.0.0.0 Safari/537.36"
51.44.243.128 - - [17/Jul/2026:02:51:09 +0000] "GET /var/www/.env HTTP/1.1" 301 0 "-" "Mozilla/5.0 (Macintosh; Intel Mac OS X 10_15_7) AppleWebKit/537.36 (KHTML, like Gecko) Chrome/131.0.0.0 Safari/537.36"
51.44.243.128 - - [17/Jul/2026:02:51:12 +0000] "GET /var/www/.env HTTP/1.1" 404 35281 "-" "Mozilla/5.0 (Macintosh; Intel Mac OS X 10_15_7) AppleWebKit/537.36 (KHTML, like Gecko) Chrome/131.0.0.0 Safari/537.36"
51.44.243.128 - - [17/Jul/2026:02:51:18 +0000] "GET /var/www/html/.env HTTP/1.1" 301 0 "-" "Mozilla/5.0 (Macintosh; Intel Mac OS X 10_15_7) AppleWebKit/537.36 (KHTML, like Gecko) Chrome/131.0.0.0 Safari/537.36"
51.44.243.128 - - [17/Jul/2026:02:51:20 +0000] "GET /var/www/html/.env HTTP/1.1" 404 35281 "-" "Mozilla/5.0 (Macintosh; Intel Mac OS X 10_15_7) AppleWebKit/537.36 (KHTML, like Gecko) Chrome/131.0.0.0 Safari/537.36"
51.44.243.128 - - [17/Jul/2026:02:51:26 +0000] "GET /current/.env HTTP/1.1" 301 0 "-" "Mozilla/5.0 (Macintosh; Intel Mac OS X 10_15_7) AppleWebKit/537.36 (KHTML, like Gecko) Chrome/131.0.0.0 Safari/537.36"
65.181.116.207 - - [17/Jul/2026:02:51:33 +0000] "POST /wp-cron.php?doing_wp_cron=1784256693.5359098911285400390625 HTTP/1.1" 200 0 "-" "WordPress/7.0.1; https://www.yassaw.com"
51.44.243.128 - - [17/Jul/2026:02:51:28 +0000] "GET /current/.env HTTP/1.1" 404 35281 "-" "Mozilla/5.0 (Macintosh; Intel Mac OS X 10_15_7) AppleWebKit/537.36 (KHTML, like Gecko) Chrome/131.0.0.0 Safari/537.36"
51.44.243.128 - - [17/Jul/2026:02:51:33 +0000] "GET /release/.env HTTP/1.1" 301 0 "-" "Mozilla/5.0 (Macintosh; Intel Mac OS X 10_15_7) AppleWebKit/537.36 (KHTML, like Gecko) Chrome/131.0.0.0 Safari/537.36"
51.44.243.128 - - [17/Jul/2026:02:51:36 +0000] "GET /release/.env HTTP/1.1" 404 35281 "-" "Mozilla/5.0 (Macintosh; Intel Mac OS X 10_15_7) AppleWebKit/537.36 (KHTML, like Gecko) Chrome/131.0.0.0 Safari/537.36"
51.44.243.128 - - [17/Jul/2026:02:51:42 +0000] "GET /releases/.env HTTP/1.1" 301 0 "-" "Mozilla/5.0 (Macintosh; Intel Mac OS X 10_15_7) AppleWebKit/537.36 (KHTML, like Gecko) Chrome/131.0.0.0 Safari/537.36"
51.44.243.128 - - [17/Jul/2026:02:51:46 +0000] "GET /releases/.env HTTP/1.1" 404 35281 "-" "Mozilla/5.0 (Macintosh; Intel Mac OS X 10_15_7) AppleWebKit/537.36 (KHTML, like Gecko) Chrome/131.0.0.0 Safari/537.36"
51.44.243.128 - - [17/Jul/2026:02:51:52 +0000] "GET /shared/.env HTTP/1.1" 301 0 "-" "Mozilla/5.0 (Macintosh; Intel Mac OS X 10_15_7) AppleWebKit/537.36 (KHTML, like Gecko) Chrome/131.0.0.0 Safari/537.36"
51.44.243.128 - - [17/Jul/2026:02:51:54 +0000] "GET /shared/.env HTTP/1.1" 404 35281 "-" "Mozilla/5.0 (Macintosh; Intel Mac OS X 10_15_7) AppleWebKit/537.36 (KHTML, like Gecko) Chrome/131.0.0.0 Safari/537.36"
51.44.243.128 - - [17/Jul/2026:02:52:00 +0000] "GET /deploy/.env HTTP/1.1" 301 0 "-" "Mozilla/5.0 (Macintosh; Intel Mac OS X 10_15_7) AppleWebKit/537.36 (KHTML, like Gecko) Chrome/131.0.0.0 Safari/537.36"
51.44.243.128 - - [17/Jul/2026:02:52:04 +0000] "GET /deploy/.env HTTP/1.1" 404 35281 "-" "Mozilla/5.0 (Macintosh; Intel Mac OS X 10_15_7) AppleWebKit/537.36 (KHTML, like Gecko) Chrome/131.0.0.0 Safari/537.36"
51.44.243.128 - - [17/Jul/2026:02:52:09 +0000] "GET /build/.env HTTP/1.1" 301 0 "-" "Mozilla/5.0 (Macintosh; Intel Mac OS X 10_15_7) AppleWebKit/537.36 (KHTML, like Gecko) Chrome/131.0.0.0 Safari/537.36"
51.44.243.128 - - [17/Jul/2026:02:52:14 +0000] "GET /build/.env HTTP/1.1" 404 35281 "-" "Mozilla/5.0 (Macintosh; Intel Mac OS X 10_15_7) AppleWebKit/537.36 (KHTML, like Gecko) Chrome/131.0.0.0 Safari/537.36"
51.44.243.128 - - [17/Jul/2026:02:52:19 +0000] "GET /dist/.env HTTP/1.1" 301 0 "-" "Mozilla/5.0 (Macintosh; Intel Mac OS X 10_15_7) AppleWebKit/537.36 (KHTML, like Gecko) Chrome/131.0.0.0 Safari/537.36"
168.144.174.85 - - [17/Jul/2026:02:52:21 +0000] "GET /wp-login.php HTTP/1.1" 200 2092 "-" "Mozilla/5.0"
51.44.243.128 - - [17/Jul/2026:02:52:23 +0000] "GET /dist/.env HTTP/1.1" 404 35281 "-" "Mozilla/5.0 (Macintosh; Intel Mac OS X 10_15_7) AppleWebKit/537.36 (KHTML, like Gecko) Chrome/131.0.0.0 Safari/537.36"
65.181.116.207 - - [17/Jul/2026:02:52:29 +0000] "POST /wp-cron.php?doing_wp_cron=1784256749.6661269664764404296875 HTTP/1.1" 200 0 "-" "WordPress/7.0.1; https://www.yassaw.com"
168.144.174.85 - - [17/Jul/2026:02:52:26 +0000] "GET /?author=1 HTTP/1.1" 301 0 "-" "Mozilla/5.0"
51.44.243.128 - - [17/Jul/2026:02:52:27 +0000] "GET /public_html/.env HTTP/1.1" 301 0 "-" "Mozilla/5.0 (Macintosh; Intel Mac OS X 10_15_7) AppleWebKit/537.36 (KHTML, like Gecko) Chrome/131.0.0.0 Safari/537.36"
168.144.174.85 - - [17/Jul/2026:02:52:29 +0000] "GET /?author=2 HTTP/1.1" 301 0 "-" "Mozilla/5.0"
51.44.243.128 - - [17/Jul/2026:02:52:31 +0000] "GET /public_html/.env HTTP/1.1" 404 35281 "-" "Mozilla/5.0 (Macintosh; Intel Mac OS X 10_15_7) AppleWebKit/537.36 (KHTML, like Gecko) Chrome/131.0.0.0 Safari/537.36"
51.44.243.128 - - [17/Jul/2026:02:52:36 +0000] "GET /htdocs/.env HTTP/1.1" 301 0 "-" "Mozilla/5.0 (Macintosh; Intel Mac OS X 10_15_7) AppleWebKit/537.36 (KHTML, like Gecko) Chrome/131.0.0.0 Safari/537.36"
51.44.243.128 - - [17/Jul/2026:02:52:39 +0000] "GET /htdocs/.env HTTP/1.1" 404 35281 "-" "Mozilla/5.0 (Macintosh; Intel Mac OS X 10_15_7) AppleWebKit/537.36 (KHTML, like Gecko) Chrome/131.0.0.0 Safari/537.36"
51.44.243.128 - - [17/Jul/2026:02:52:43 +0000] "GET /www/.env HTTP/1.1" 301 0 "-" "Mozilla/5.0 (Macintosh; Intel Mac OS X 10_15_7) AppleWebKit/537.36 (KHTML, like Gecko) Chrome/131.0.0.0 Safari/537.36"
51.44.243.128 - - [17/Jul/2026:02:52:46 +0000] "GET /www/.env HTTP/1.1" 404 35281 "-" "Mozilla/5.0 (Macintosh; Intel Mac OS X 10_15_7) AppleWebKit/537.36 (KHTML, like Gecko) Chrome/131.0.0.0 Safari/537.36"
51.44.243.128 - - [17/Jul/2026:02:52:50 +0000] "GET /html/.env HTTP/1.1" 301 0 "-" "Mozilla/5.0 (Macintosh; Intel Mac OS X 10_15_7) AppleWebKit/537.36 (KHTML, like Gecko) Chrome/131.0.0.0 Safari/537.36"
51.44.243.128 - - [17/Jul/2026:02:52:52 +0000] "GET /html/.env HTTP/1.1" 404 35281 "-" "Mozilla/5.0 (Macintosh; Intel Mac OS X 10_15_7) AppleWebKit/537.36 (KHTML, like Gecko) Chrome/131.0.0.0 Safari/537.36"
51.44.243.128 - - [17/Jul/2026:02:52:56 +0000] "GET /live/.env HTTP/1.1" 301 0 "-" "Mozilla/5.0 (Macintosh; Intel Mac OS X 10_15_7) AppleWebKit/537.36 (KHTML, like Gecko) Chrome/131.0.0.0 Safari/537.36"
51.44.243.128 - - [17/Jul/2026:02:52:58 +0000] "GET /live/.env HTTP/1.1" 404 35281 "-" "Mozilla/5.0 (Macintosh; Intel Mac OS X 10_15_7) AppleWebKit/537.36 (KHTML, like Gecko) Chrome/131.0.0.0 Safari/537.36"
51.44.243.128 - - [17/Jul/2026:02:53:03 +0000] "GET /prod/.env HTTP/1.1" 301 0 "-" "Mozilla/5.0 (Macintosh; Intel Mac OS X 10_15_7) AppleWebKit/537.36 (KHTML, like Gecko) Chrome/131.0.0.0 Safari/537.36"
51.44.243.128 - - [17/Jul/2026:02:53:06 +0000] "GET /prod/.env HTTP/1.1" 404 35281 "-" "Mozilla/5.0 (Macintosh; Intel Mac OS X 10_15_7) AppleWebKit/537.36 (KHTML, like Gecko) Chrome/131.0.0.0 Safari/537.36"
51.44.243.128 - - [17/Jul/2026:02:53:11 +0000] "GET /dev/.env HTTP/1.1" 301 0 "-" "Mozilla/5.0 (Macintosh; Intel Mac OS X 10_15_7) AppleWebKit/537.36 (KHTML, like Gecko) Chrome/131.0.0.0 Safari/537.36"
51.44.243.128 - - [17/Jul/2026:02:53:14 +0000] "GET /dev/.env HTTP/1.1" 404 35281 "-" "Mozilla/5.0 (Macintosh; Intel Mac OS X 10_15_7) AppleWebKit/537.36 (KHTML, like Gecko) Chrome/131.0.0.0 Safari/537.36"
51.44.243.128 - - [17/Jul/2026:02:53:18 +0000] "GET /staging/.env HTTP/1.1" 301 0 "-" "Mozilla/5.0 (Macintosh; Intel Mac OS X 10_15_7) AppleWebKit/537.36 (KHTML, like Gecko) Chrome/131.0.0.0 Safari/537.36"
51.44.243.128 - - [17/Jul/2026:02:53:20 +0000] "GET /staging/.env HTTP/1.1" 404 35281 "-" "Mozilla/5.0 (Macintosh; Intel Mac OS X 10_15_7) AppleWebKit/537.36 (KHTML, like Gecko) Chrome/131.0.0.0 Safari/537.36"
51.44.243.128 - - [17/Jul/2026:02:53:23 +0000] "GET /opt/.env HTTP/1.1" 301 0 "-" "Mozilla/5.0 (Macintosh; Intel Mac OS X 10_15_7) AppleWebKit/537.36 (KHTML, like Gecko) Chrome/131.0.0.0 Safari/537.36"
65.181.116.207 - - [17/Jul/2026:02:53:29 +0000] "POST /wp-cron.php?doing_wp_cron=1784256809.2936680316925048828125 HTTP/1.1" 200 0 "-" "WordPress/7.0.1; https://www.yassaw.com"
51.44.243.128 - - [17/Jul/2026:02:53:25 +0000] "GET /opt/.env HTTP/1.1" 404 35281 "-" "Mozilla/5.0 (Macintosh; Intel Mac OS X 10_15_7) AppleWebKit/537.36 (KHTML, like Gecko) Chrome/131.0.0.0 Safari/537.36"
51.44.243.128 - - [17/Jul/2026:02:53:29 +0000] "GET /laravel/.env HTTP/1.1" 301 0 "-" "Mozilla/5.0 (Macintosh; Intel Mac OS X 10_15_7) AppleWebKit/537.36 (KHTML, like Gecko) Chrome/131.0.0.0 Safari/537.36"
51.44.243.128 - - [17/Jul/2026:02:53:31 +0000] "GET /laravel/.env HTTP/1.1" 404 35281 "-" "Mozilla/5.0 (Macintosh; Intel Mac OS X 10_15_7) AppleWebKit/537.36 (KHTML, like Gecko) Chrome/131.0.0.0 Safari/537.36"
51.44.243.128 - - [17/Jul/2026:02:53:34 +0000] "GET /symfony/.env HTTP/1.1" 301 0 "-" "Mozilla/5.0 (Macintosh; Intel Mac OS X 10_15_7) AppleWebKit/537.36 (KHTML, like Gecko) Chrome/131.0.0.0 Safari/537.36"
51.44.243.128 - - [17/Jul/2026:02:53:36 +0000] "GET /symfony/.env HTTP/1.1" 404 35281 "-" "Mozilla/5.0 (Macintosh; Intel Mac OS X 10_15_7) AppleWebKit/537.36 (KHTML, like Gecko) Chrome/131.0.0.0 Safari/537.36"
51.44.243.128 - - [17/Jul/2026:02:53:42 +0000] "GET /wordpress/.env HTTP/1.1" 301 0 "-" "Mozilla/5.0 (Macintosh; Intel Mac OS X 10_15_7) AppleWebKit/537.36 (KHTML, like Gecko) Chrome/131.0.0.0 Safari/537.36"
51.44.243.128 - - [17/Jul/2026:02:53:45 +0000] "GET /wordpress/.env HTTP/1.1" 404 35281 "-" "Mozilla/5.0 (Macintosh; Intel Mac OS X 10_15_7) AppleWebKit/537.36 (KHTML, like Gecko) Chrome/131.0.0.0 Safari/537.36"
51.44.243.128 - - [17/Jul/2026:02:53:50 +0000] "GET /wp/.env HTTP/1.1" 301 0 "-" "Mozilla/5.0 (Macintosh; Intel Mac OS X 10_15_7) AppleWebKit/537.36 (KHTML, like Gecko) Chrome/131.0.0.0 Safari/537.36"
51.44.243.128 - - [17/Jul/2026:02:53:54 +0000] "GET /wp/.env HTTP/1.1" 404 35281 "-" "Mozilla/5.0 (Macintosh; Intel Mac OS X 10_15_7) AppleWebKit/537.36 (KHTML, like Gecko) Chrome/131.0.0.0 Safari/537.36"
51.44.243.128 - - [17/Jul/2026:02:53:59 +0000] "GET /cms/.env HTTP/1.1" 301 0 "-" "Mozilla/5.0 (Macintosh; Intel Mac OS X 10_15_7) AppleWebKit/537.36 (KHTML, like Gecko) Chrome/131.0.0.0 Safari/537.36"
51.44.243.128 - - [17/Jul/2026:02:54:02 +0000] "GET /cms/.env HTTP/1.1" 404 35281 "-" "Mozilla/5.0 (Macintosh; Intel Mac OS X 10_15_7) AppleWebKit/537.36 (KHTML, like Gecko) Chrome/131.0.0.0 Safari/537.36"
51.44.243.128 - - [17/Jul/2026:02:54:07 +0000] "GET /drupal/.env HTTP/1.1" 301 0 "-" "Mozilla/5.0 (Macintosh; Intel Mac OS X 10_15_7) AppleWebKit/537.36 (KHTML, like Gecko) Chrome/131.0.0.0 Safari/537.36"
51.44.243.128 - - [17/Jul/2026:02:54:10 +0000] "GET /drupal/.env HTTP/1.1" 404 35281 "-" "Mozilla/5.0 (Macintosh; Intel Mac OS X 10_15_7) AppleWebKit/537.36 (KHTML, like Gecko) Chrome/131.0.0.0 Safari/537.36"
51.44.243.128 - - [17/Jul/2026:02:54:14 +0000] "GET /joomla/.env HTTP/1.1" 301 0 "-" "Mozilla/5.0 (Macintosh; Intel Mac OS X 10_15_7) AppleWebKit/537.36 (KHTML, like Gecko) Chrome/131.0.0.0 Safari/537.36"
51.44.243.128 - - [17/Jul/2026:02:54:17 +0000] "GET /joomla/.env HTTP/1.1" 404 35281 "-" "Mozilla/5.0 (Macintosh; Intel Mac OS X 10_15_7) AppleWebKit/537.36 (KHTML, like Gecko) Chrome/131.0.0.0 Safari/537.36"
51.44.243.128 - - [17/Jul/2026:02:54:22 +0000] "GET /magento/.env HTTP/1.1" 301 0 "-" "Mozilla/5.0 (Macintosh; Intel Mac OS X 10_15_7) AppleWebKit/537.36 (KHTML, like Gecko) Chrome/131.0.0.0 Safari/537.36"
65.181.116.207 - - [17/Jul/2026:02:54:31 +0000] "POST /wp-cron.php?doing_wp_cron=1784256871.4902610778808593750000 HTTP/1.1" 200 0 "-" "WordPress/7.0.1; https://www.yassaw.com"
51.44.243.128 - - [17/Jul/2026:02:54:25 +0000] "GET /magento/.env HTTP/1.1" 404 35281 "-" "Mozilla/5.0 (Macintosh; Intel Mac OS X 10_15_7) AppleWebKit/537.36 (KHTML, like Gecko) Chrome/131.0.0.0 Safari/537.36"
51.44.243.128 - - [17/Jul/2026:02:54:31 +0000] "GET /shopify/.env HTTP/1.1" 301 0 "-" "Mozilla/5.0 (Macintosh; Intel Mac OS X 10_15_7) AppleWebKit/537.36 (KHTML, like Gecko) Chrome/131.0.0.0 Safari/537.36"
51.44.243.128 - - [17/Jul/2026:02:54:33 +0000] "GET /shopify/.env HTTP/1.1" 404 35281 "-" "Mozilla/5.0 (Macintosh; Intel Mac OS X 10_15_7) AppleWebKit/537.36 (KHTML, like Gecko) Chrome/131.0.0.0 Safari/537.36"
51.44.243.128 - - [17/Jul/2026:02:54:38 +0000] "GET /prestashop/.env HTTP/1.1" 301 0 "-" "Mozilla/5.0 (Macintosh; Intel Mac OS X 10_15_7) AppleWebKit/537.36 (KHTML, like Gecko) Chrome/131.0.0.0 Safari/537.36"
51.44.243.128 - - [17/Jul/2026:02:54:40 +0000] "GET /prestashop/.env HTTP/1.1" 404 35281 "-" "Mozilla/5.0 (Macintosh; Intel Mac OS X 10_15_7) AppleWebKit/537.36 (KHTML, like Gecko) Chrome/131.0.0.0 Safari/537.36"
51.44.243.128 - - [17/Jul/2026:02:54:44 +0000] "GET /codeigniter/.env HTTP/1.1" 301 0 "-" "Mozilla/5.0 (Macintosh; Intel Mac OS X 10_15_7) AppleWebKit/537.36 (KHTML, like Gecko) Chrome/131.0.0.0 Safari/537.36"
51.44.243.128 - - [17/Jul/2026:02:54:47 +0000] "GET /codeigniter/.env HTTP/1.1" 404 35281 "-" "Mozilla/5.0 (Macintosh; Intel Mac OS X 10_15_7) AppleWebKit/537.36 (KHTML, like Gecko) Chrome/131.0.0.0 Safari/537.36"
51.44.243.128 - - [17/Jul/2026:02:54:51 +0000] "GET /cakephp/.env HTTP/1.1" 301 0 "-" "Mozilla/5.0 (Macintosh; Intel Mac OS X 10_15_7) AppleWebKit/537.36 (KHTML, like Gecko) Chrome/131.0.0.0 Safari/537.36"
51.44.243.128 - - [17/Jul/2026:02:54:53 +0000] "GET /cakephp/.env HTTP/1.1" 404 35281 "-" "Mozilla/5.0 (Macintosh; Intel Mac OS X 10_15_7) AppleWebKit/537.36 (KHTML, like Gecko) Chrome/131.0.0.0 Safari/537.36"
51.44.243.128 - - [17/Jul/2026:02:54:57 +0000] "GET /zend/.env HTTP/1.1" 301 0 "-" "Mozilla/5.0 (Macintosh; Intel Mac OS X 10_15_7) AppleWebKit/537.36 (KHTML, like Gecko) Chrome/131.0.0.0 Safari/537.36"
51.44.243.128 - - [17/Jul/2026:02:54:59 +0000] "GET /zend/.env HTTP/1.1" 404 35281 "-" "Mozilla/5.0 (Macintosh; Intel Mac OS X 10_15_7) AppleWebKit/537.36 (KHTML, like Gecko) Chrome/131.0.0.0 Safari/537.36"
51.44.243.128 - - [17/Jul/2026:02:55:06 +0000] "GET /yii/.env HTTP/1.1" 301 0 "-" "Mozilla/5.0 (Macintosh; Intel Mac OS X 10_15_7) AppleWebKit/537.36 (KHTML, like Gecko) Chrome/131.0.0.0 Safari/537.36"
51.44.243.128 - - [17/Jul/2026:02:55:11 +0000] "GET /yii/.env HTTP/1.1" 404 34677 "-" "Mozilla/5.0 (Macintosh; Intel Mac OS X 10_15_7) AppleWebKit/537.36 (KHTML, like Gecko) Chrome/131.0.0.0 Safari/537.36"
51.44.243.128 - - [17/Jul/2026:02:55:17 +0000] "GET /laravel5/.env HTTP/1.1" 301 0 "-" "Mozilla/5.0 (Macintosh; Intel Mac OS X 10_15_7) AppleWebKit/537.36 (KHTML, like Gecko) Chrome/131.0.0.0 Safari/537.36"
51.44.243.128 - - [17/Jul/2026:02:55:21 +0000] "GET /laravel5/.env HTTP/1.1" 404 35281 "-" "Mozilla/5.0 (Macintosh; Intel Mac OS X 10_15_7) AppleWebKit/537.36 (KHTML, like Gecko) Chrome/131.0.0.0 Safari/537.36"
51.44.243.128 - - [17/Jul/2026:02:55:25 +0000] "GET /v1/.env HTTP/1.1" 301 0 "-" "Mozilla/5.0 (Macintosh; Intel Mac OS X 10_15_7) AppleWebKit/537.36 (KHTML, like Gecko) Chrome/131.0.0.0 Safari/537.36"
65.181.116.207 - - [17/Jul/2026:02:55:32 +0000] "POST /wp-cron.php?doing_wp_cron=1784256932.4694890975952148437500 HTTP/1.1" 200 0 "-" "WordPress/7.0.1; https://www.yassaw.com"
51.44.243.128 - - [17/Jul/2026:02:55:28 +0000] "GET /v1/.env HTTP/1.1" 404 35281 "-" "Mozilla/5.0 (Macintosh; Intel Mac OS X 10_15_7) AppleWebKit/537.36 (KHTML, like Gecko) Chrome/131.0.0.0 Safari/537.36"
51.44.243.128 - - [17/Jul/2026:02:55:32 +0000] "GET /v2/.env HTTP/1.1" 301 0 "-" "Mozilla/5.0 (Macintosh; Intel Mac OS X 10_15_7) AppleWebKit/537.36 (KHTML, like Gecko) Chrome/131.0.0.0 Safari/537.36"
51.44.243.128 - - [17/Jul/2026:02:55:34 +0000] "GET /v2/.env HTTP/1.1" 404 35281 "-" "Mozilla/5.0 (Macintosh; Intel Mac OS X 10_15_7) AppleWebKit/537.36 (KHTML, like Gecko) Chrome/131.0.0.0 Safari/537.36"
51.44.243.128 - - [17/Jul/2026:02:55:38 +0000] "GET /v3/.env HTTP/1.1" 301 0 "-" "Mozilla/5.0 (Macintosh; Intel Mac OS X 10_15_7) AppleWebKit/537.36 (KHTML, like Gecko) Chrome/131.0.0.0 Safari/537.36"
51.44.243.128 - - [17/Jul/2026:02:55:41 +0000] "GET /v3/.env HTTP/1.1" 404 35281 "-" "Mozilla/5.0 (Macintosh; Intel Mac OS X 10_15_7) AppleWebKit/537.36 (KHTML, like Gecko) Chrome/131.0.0.0 Safari/537.36"
51.44.243.128 - - [17/Jul/2026:02:55:45 +0000] "GET /api/v1/.env HTTP/1.1" 301 0 "-" "Mozilla/5.0 (Macintosh; Intel Mac OS X 10_15_7) AppleWebKit/537.36 (KHTML, like Gecko) Chrome/131.0.0.0 Safari/537.36"
51.44.243.128 - - [17/Jul/2026:02:55:47 +0000] "GET /api/v1/.env HTTP/1.1" 404 35281 "-" "Mozilla/5.0 (Macintosh; Intel Mac OS X 10_15_7) AppleWebKit/537.36 (KHTML, like Gecko) Chrome/131.0.0.0 Safari/537.36"
51.44.243.128 - - [17/Jul/2026:02:55:51 +0000] "GET /api/v2/.env HTTP/1.1" 301 0 "-" "Mozilla/5.0 (Macintosh; Intel Mac OS X 10_15_7) AppleWebKit/537.36 (KHTML, like Gecko) Chrome/131.0.0.0 Safari/537.36"
51.44.243.128 - - [17/Jul/2026:02:55:54 +0000] "GET /api/v2/.env HTTP/1.1" 404 35281 "-" "Mozilla/5.0 (Macintosh; Intel Mac OS X 10_15_7) AppleWebKit/537.36 (KHTML, like Gecko) Chrome/131.0.0.0 Safari/537.36"
51.44.243.128 - - [17/Jul/2026:02:55:58 +0000] "GET /rest/.env HTTP/1.1" 301 0 "-" "Mozilla/5.0 (Macintosh; Intel Mac OS X 10_15_7) AppleWebKit/537.36 (KHTML, like Gecko) Chrome/131.0.0.0 Safari/537.36"
51.44.243.128 - - [17/Jul/2026:02:56:01 +0000] "GET /rest/.env HTTP/1.1" 404 35281 "-" "Mozilla/5.0 (Macintosh; Intel Mac OS X 10_15_7) AppleWebKit/537.36 (KHTML, like Gecko) Chrome/131.0.0.0 Safari/537.36"
51.44.243.128 - - [17/Jul/2026:02:56:07 +0000] "GET /graphql/.env HTTP/1.1" 301 0 "-" "Mozilla/5.0 (Macintosh; Intel Mac OS X 10_15_7) AppleWebKit/537.36 (KHTML, like Gecko) Chrome/131.0.0.0 Safari/537.36"
51.44.243.128 - - [17/Jul/2026:02:56:11 +0000] "GET /graphql/.env HTTP/1.1" 404 35281 "-" "Mozilla/5.0 (Macintosh; Intel Mac OS X 10_15_7) AppleWebKit/537.36 (KHTML, like Gecko) Chrome/131.0.0.0 Safari/537.36"
51.44.243.128 - - [17/Jul/2026:02:56:16 +0000] "GET /gateway/.env HTTP/1.1" 301 0 "-" "Mozilla/5.0 (Macintosh; Intel Mac OS X 10_15_7) AppleWebKit/537.36 (KHTML, like Gecko) Chrome/131.0.0.0 Safari/537.36"
51.44.243.128 - - [17/Jul/2026:02:56:20 +0000] "GET /gateway/.env HTTP/1.1" 404 35281 "-" "Mozilla/5.0 (Macintosh; Intel Mac OS X 10_15_7) AppleWebKit/537.36 (KHTML, like Gecko) Chrome/131.0.0.0 Safari/537.36"
51.44.243.128 - - [17/Jul/2026:02:56:25 +0000] "GET /microservice/.env HTTP/1.1" 301 0 "-" "Mozilla/5.0 (Macintosh; Intel Mac OS X 10_15_7) AppleWebKit/537.36 (KHTML, like Gecko) Chrome/131.0.0.0 Safari/537.36"
65.181.116.207 - - [17/Jul/2026:02:56:32 +0000] "POST /wp-cron.php?doing_wp_cron=1784256992.1767671108245849609375 HTTP/1.1" 200 0 "-" "WordPress/7.0.1; https://www.yassaw.com"
51.44.243.128 - - [17/Jul/2026:02:56:28 +0000] "GET /microservice/.env HTTP/1.1" 404 35281 "-" "Mozilla/5.0 (Macintosh; Intel Mac OS X 10_15_7) AppleWebKit/537.36 (KHTML, like Gecko) Chrome/131.0.0.0 Safari/537.36"
51.44.243.128 - - [17/Jul/2026:02:56:32 +0000] "GET /service/.env HTTP/1.1" 301 0 "-" "Mozilla/5.0 (Macintosh; Intel Mac OS X 10_15_7) AppleWebKit/537.36 (KHTML, like Gecko) Chrome/131.0.0.0 Safari/537.36"
51.44.243.128 - - [17/Jul/2026:02:56:35 +0000] "GET /service/.env HTTP/1.1" 404 35281 "-" "Mozilla/5.0 (Macintosh; Intel Mac OS X 10_15_7) AppleWebKit/537.36 (KHTML, like Gecko) Chrome/131.0.0.0 Safari/537.36"
51.44.243.128 - - [17/Jul/2026:02:56:39 +0000] "GET /api/v3/.env HTTP/1.1" 301 0 "-" "Mozilla/5.0 (Macintosh; Intel Mac OS X 10_15_7) AppleWebKit/537.36 (KHTML, like Gecko) Chrome/131.0.0.0 Safari/537.36"
51.44.243.128 - - [17/Jul/2026:02:56:42 +0000] "GET /api/v3/.env HTTP/1.1" 404 35281 "-" "Mozilla/5.0 (Macintosh; Intel Mac OS X 10_15_7) AppleWebKit/537.36 (KHTML, like Gecko) Chrome/131.0.0.0 Safari/537.36"
51.44.243.128 - - [17/Jul/2026:02:56:47 +0000] "GET /api/dev/.env HTTP/1.1" 301 0 "-" "Mozilla/5.0 (Macintosh; Intel Mac OS X 10_15_7) AppleWebKit/537.36 (KHTML, like Gecko) Chrome/131.0.0.0 Safari/537.36"
43.152.72.244 - - [17/Jul/2026:02:56:47 +0000] "GET /2025/10/18/hello-world/ HTTP/1.1" 200 37477 "-" "Mozilla/5.0 (iPhone; CPU iPhone OS 13_2_3 like Mac OS X) AppleWebKit/605.1.15 (KHTML, like Gecko) Version/13.0.3 Mobile/15E148 Safari/604.1"
51.44.243.128 - - [17/Jul/2026:02:56:49 +0000] "GET /api/dev/.env HTTP/1.1" 404 34161 "-" "Mozilla/5.0 (Macintosh; Intel Mac OS X 10_15_7) AppleWebKit/537.36 (KHTML, like Gecko) Chrome/131.0.0.0 Safari/537.36"
51.44.243.128 - - [17/Jul/2026:02:56:52 +0000] "GET /api/staging/.env HTTP/1.1" 301 0 "-" "Mozilla/5.0 (Macintosh; Intel Mac OS X 10_15_7) AppleWebKit/537.36 (KHTML, like Gecko) Chrome/131.0.0.0 Safari/537.36"
51.44.243.128 - - [17/Jul/2026:02:56:54 +0000] "GET /api/staging/.env HTTP/1.1" 404 35281 "-" "Mozilla/5.0 (Macintosh; Intel Mac OS X 10_15_7) AppleWebKit/537.36 (KHTML, like Gecko) Chrome/131.0.0.0 Safari/537.36"
51.44.243.128 - - [17/Jul/2026:02:56:58 +0000] "GET /vendor/.env HTTP/1.1" 301 0 "-" "Mozilla/5.0 (Macintosh; Intel Mac OS X 10_15_7) AppleWebKit/537.36 (KHTML, like Gecko) Chrome/131.0.0.0 Safari/537.36"
51.44.243.128 - - [17/Jul/2026:02:57:00 +0000] "GET /vendor/.env HTTP/1.1" 404 35281 "-" "Mozilla/5.0 (Macintosh; Intel Mac OS X 10_15_7) AppleWebKit/537.36 (KHTML, like Gecko) Chrome/131.0.0.0 Safari/537.36"
51.44.243.128 - - [17/Jul/2026:02:57:05 +0000] "GET /lib/.env HTTP/1.1" 301 0 "-" "Mozilla/5.0 (Macintosh; Intel Mac OS X 10_15_7) AppleWebKit/537.36 (KHTML, like Gecko) Chrome/131.0.0.0 Safari/537.36"
51.44.243.128 - - [17/Jul/2026:02:57:09 +0000] "GET /lib/.env HTTP/1.1" 404 35281 "-" "Mozilla/5.0 (Macintosh; Intel Mac OS X 10_15_7) AppleWebKit/537.36 (KHTML, like Gecko) Chrome/131.0.0.0 Safari/537.36"
51.44.243.128 - - [17/Jul/2026:02:57:14 +0000] "GET /resources/.env HTTP/1.1" 301 0 "-" "Mozilla/5.0 (Macintosh; Intel Mac OS X 10_15_7) AppleWebKit/537.36 (KHTML, like Gecko) Chrome/131.0.0.0 Safari/537.36"
51.44.243.128 - - [17/Jul/2026:02:57:17 +0000] "GET /resources/.env HTTP/1.1" 404 35281 "-" "Mozilla/5.0 (Macintosh; Intel Mac OS X 10_15_7) AppleWebKit/537.36 (KHTML, like Gecko) Chrome/131.0.0.0 Safari/537.36"
51.44.243.128 - - [17/Jul/2026:02:57:22 +0000] "GET /assets/.env HTTP/1.1" 301 0 "-" "Mozilla/5.0 (Macintosh; Intel Mac OS X 10_15_7) AppleWebKit/537.36 (KHTML, like Gecko) Chrome/131.0.0.0 Safari/537.36"
65.181.116.207 - - [17/Jul/2026:02:57:29 +0000] "POST /wp-cron.php?doing_wp_cron=1784257049.3410599231719970703125 HTTP/1.1" 200 0 "-" "WordPress/7.0.1; https://www.yassaw.com"
51.44.243.128 - - [17/Jul/2026:02:57:25 +0000] "GET /assets/.env HTTP/1.1" 404 35281 "-" "Mozilla/5.0 (Macintosh; Intel Mac OS X 10_15_7) AppleWebKit/537.36 (KHTML, like Gecko) Chrome/131.0.0.0 Safari/537.36"
51.44.243.128 - - [17/Jul/2026:02:57:29 +0000] "GET /uploads/.env HTTP/1.1" 301 0 "-" "Mozilla/5.0 (Macintosh; Intel Mac OS X 10_15_7) AppleWebKit/537.36 (KHTML, like Gecko) Chrome/131.0.0.0 Safari/537.36"
51.44.243.128 - - [17/Jul/2026:02:57:31 +0000] "GET /uploads/.env HTTP/1.1" 404 35281 "-" "Mozilla/5.0 (Macintosh; Intel Mac OS X 10_15_7) AppleWebKit/537.36 (KHTML, like Gecko) Chrome/131.0.0.0 Safari/537.36"
51.44.243.128 - - [17/Jul/2026:02:57:35 +0000] "GET /internal/.env HTTP/1.1" 301 0 "-" "Mozilla/5.0 (Macintosh; Intel Mac OS X 10_15_7) AppleWebKit/537.36 (KHTML, like Gecko) Chrome/131.0.0.0 Safari/537.36"
51.44.243.128 - - [17/Jul/2026:02:57:37 +0000] "GET /internal/.env HTTP/1.1" 404 35281 "-" "Mozilla/5.0 (Macintosh; Intel Mac OS X 10_15_7) AppleWebKit/537.36 (KHTML, like Gecko) Chrome/131.0.0.0 Safari/537.36"
51.44.243.128 - - [17/Jul/2026:02:57:42 +0000] "GET /tools/.env HTTP/1.1" 301 0 "-" "Mozilla/5.0 (Macintosh; Intel Mac OS X 10_15_7) AppleWebKit/537.36 (KHTML, like Gecko) Chrome/131.0.0.0 Safari/537.36"
51.44.243.128 - - [17/Jul/2026:02:57:44 +0000] "GET /tools/.env HTTP/1.1" 404 35281 "-" "Mozilla/5.0 (Macintosh; Intel Mac OS X 10_15_7) AppleWebKit/537.36 (KHTML, like Gecko) Chrome/131.0.0.0 Safari/537.36"
51.44.243.128 - - [17/Jul/2026:02:57:48 +0000] "GET /scripts/.env HTTP/1.1" 301 0 "-" "Mozilla/5.0 (Macintosh; Intel Mac OS X 10_15_7) AppleWebKit/537.36 (KHTML, like Gecko) Chrome/131.0.0.0 Safari/537.36"
51.44.243.128 - - [17/Jul/2026:02:57:50 +0000] "GET /scripts/.env HTTP/1.1" 404 35281 "-" "Mozilla/5.0 (Macintosh; Intel Mac OS X 10_15_7) AppleWebKit/537.36 (KHTML, like Gecko) Chrome/131.0.0.0 Safari/537.36"
51.44.243.128 - - [17/Jul/2026:02:57:54 +0000] "GET /bin/.env HTTP/1.1" 301 0 "-" "Mozilla/5.0 (Macintosh; Intel Mac OS X 10_15_7) AppleWebKit/537.36 (KHTML, like Gecko) Chrome/131.0.0.0 Safari/537.36"
51.44.243.128 - - [17/Jul/2026:02:57:56 +0000] "GET /bin/.env HTTP/1.1" 404 35281 "-" "Mozilla/5.0 (Macintosh; Intel Mac OS X 10_15_7) AppleWebKit/537.36 (KHTML, like Gecko) Chrome/131.0.0.0 Safari/537.36"
51.44.243.128 - - [17/Jul/2026:02:58:01 +0000] "GET /sbin/.env HTTP/1.1" 301 0 "-" "Mozilla/5.0 (Macintosh; Intel Mac OS X 10_15_7) AppleWebKit/537.36 (KHTML, like Gecko) Chrome/131.0.0.0 Safari/537.36"
51.44.243.128 - - [17/Jul/2026:02:58:05 +0000] "GET /sbin/.env HTTP/1.1" 404 35281 "-" "Mozilla/5.0 (Macintosh; Intel Mac OS X 10_15_7) AppleWebKit/537.36 (KHTML, like Gecko) Chrome/131.0.0.0 Safari/537.36"
51.44.243.128 - - [17/Jul/2026:02:58:10 +0000] "GET /local/.env HTTP/1.1" 301 0 "-" "Mozilla/5.0 (Macintosh; Intel Mac OS X 10_15_7) AppleWebKit/537.36 (KHTML, like Gecko) Chrome/131.0.0.0 Safari/537.36"
51.44.243.128 - - [17/Jul/2026:02:58:14 +0000] "GET /local/.env HTTP/1.1" 404 35281 "-" "Mozilla/5.0 (Macintosh; Intel Mac OS X 10_15_7) AppleWebKit/537.36 (KHTML, like Gecko) Chrome/131.0.0.0 Safari/537.36"
51.44.243.128 - - [17/Jul/2026:02:58:20 +0000] "GET /portal/.env HTTP/1.1" 301 0 "-" "Mozilla/5.0 (Macintosh; Intel Mac OS X 10_15_7) AppleWebKit/537.36 (KHTML, like Gecko) Chrome/131.0.0.0 Safari/537.36"
51.44.243.128 - - [17/Jul/2026:02:58:22 +0000] "GET /portal/.env HTTP/1.1" 404 35281 "-" "Mozilla/5.0 (Macintosh; Intel Mac OS X 10_15_7) AppleWebKit/537.36 (KHTML, like Gecko) Chrome/131.0.0.0 Safari/537.36"
51.44.243.128 - - [17/Jul/2026:02:58:25 +0000] "GET /dashboard/.env HTTP/1.1" 301 0 "-" "Mozilla/5.0 (Macintosh; Intel Mac OS X 10_15_7) AppleWebKit/537.36 (KHTML, like Gecko) Chrome/131.0.0.0 Safari/537.36"
65.181.116.207 - - [17/Jul/2026:02:58:31 +0000] "POST /wp-cron.php?doing_wp_cron=1784257110.8938689231872558593750 HTTP/1.1" 200 0 "-" "WordPress/7.0.1; https://www.yassaw.com"
51.44.243.128 - - [17/Jul/2026:02:58:27 +0000] "GET /dashboard/.env HTTP/1.1" 404 35281 "-" "Mozilla/5.0 (Macintosh; Intel Mac OS X 10_15_7) AppleWebKit/537.36 (KHTML, like Gecko) Chrome/131.0.0.0 Safari/537.36"
51.44.243.128 - - [17/Jul/2026:02:58:31 +0000] "GET /panel/.env HTTP/1.1" 301 0 "-" "Mozilla/5.0 (Macintosh; Intel Mac OS X 10_15_7) AppleWebKit/537.36 (KHTML, like Gecko) Chrome/131.0.0.0 Safari/537.36"
51.44.243.128 - - [17/Jul/2026:02:58:32 +0000] "GET /panel/.env HTTP/1.1" 404 35281 "-" "Mozilla/5.0 (Macintosh; Intel Mac OS X 10_15_7) AppleWebKit/537.36 (KHTML, like Gecko) Chrome/131.0.0.0 Safari/537.36"
51.44.243.128 - - [17/Jul/2026:02:58:36 +0000] "GET /crm/.env HTTP/1.1" 301 0 "-" "Mozilla/5.0 (Macintosh; Intel Mac OS X 10_15_7) AppleWebKit/537.36 (KHTML, like Gecko) Chrome/131.0.0.0 Safari/537.36"
51.44.243.128 - - [17/Jul/2026:02:58:38 +0000] "GET /crm/.env HTTP/1.1" 404 35281 "-" "Mozilla/5.0 (Macintosh; Intel Mac OS X 10_15_7) AppleWebKit/537.36 (KHTML, like Gecko) Chrome/131.0.0.0 Safari/537.36"
51.44.243.128 - - [17/Jul/2026:02:58:41 +0000] "GET /erp/.env HTTP/1.1" 301 0 "-" "Mozilla/5.0 (Macintosh; Intel Mac OS X 10_15_7) AppleWebKit/537.36 (KHTML, like Gecko) Chrome/131.0.0.0 Safari/537.36"
51.44.243.128 - - [17/Jul/2026:02:58:43 +0000] "GET /erp/.env HTTP/1.1" 404 35281 "-" "Mozilla/5.0 (Macintosh; Intel Mac OS X 10_15_7) AppleWebKit/537.36 (KHTML, like Gecko) Chrome/131.0.0.0 Safari/537.36"
51.44.243.128 - - [17/Jul/2026:02:58:47 +0000] "GET /shop/.env HTTP/1.1" 301 0 "-" "Mozilla/5.0 (Macintosh; Intel Mac OS X 10_15_7) AppleWebKit/537.36 (KHTML, like Gecko) Chrome/131.0.0.0 Safari/537.36"
51.44.243.128 - - [17/Jul/2026:02:58:49 +0000] "GET /shop/.env HTTP/1.1" 404 35281 "-" "Mozilla/5.0 (Macintosh; Intel Mac OS X 10_15_7) AppleWebKit/537.36 (KHTML, like Gecko) Chrome/131.0.0.0 Safari/537.36"
51.44.243.128 - - [17/Jul/2026:02:58:52 +0000] "GET /store/.env HTTP/1.1" 301 0 "-" "Mozilla/5.0 (Macintosh; Intel Mac OS X 10_15_7) AppleWebKit/537.36 (KHTML, like Gecko) Chrome/131.0.0.0 Safari/537.36"
51.44.243.128 - - [17/Jul/2026:02:58:54 +0000] "GET /store/.env HTTP/1.1" 404 35281 "-" "Mozilla/5.0 (Macintosh; Intel Mac OS X 10_15_7) AppleWebKit/537.36 (KHTML, like Gecko) Chrome/131.0.0.0 Safari/537.36"
51.44.243.128 - - [17/Jul/2026:02:58:58 +0000] "GET /saas/.env HTTP/1.1" 301 0 "-" "Mozilla/5.0 (Macintosh; Intel Mac OS X 10_15_7) AppleWebKit/537.36 (KHTML, like Gecko) Chrome/131.0.0.0 Safari/537.36"
51.44.243.128 - - [17/Jul/2026:02:59:00 +0000] "GET /saas/.env HTTP/1.1" 404 35281 "-" "Mozilla/5.0 (Macintosh; Intel Mac OS X 10_15_7) AppleWebKit/537.36 (KHTML, like Gecko) Chrome/131.0.0.0 Safari/537.36"
51.44.243.128 - - [17/Jul/2026:02:59:04 +0000] "GET /client/.env HTTP/1.1" 301 0 "-" "Mozilla/5.0 (Macintosh; Intel Mac OS X 10_15_7) AppleWebKit/537.36 (KHTML, like Gecko) Chrome/131.0.0.0 Safari/537.36"
51.44.243.128 - - [17/Jul/2026:02:59:07 +0000] "GET /client/.env HTTP/1.1" 404 35281 "-" "Mozilla/5.0 (Macintosh; Intel Mac OS X 10_15_7) AppleWebKit/537.36 (KHTML, like Gecko) Chrome/131.0.0.0 Safari/537.36"
51.44.243.128 - - [17/Jul/2026:02:59:11 +0000] "GET /project/.env HTTP/1.1" 301 0 "-" "Mozilla/5.0 (Macintosh; Intel Mac OS X 10_15_7) AppleWebKit/537.36 (KHTML, like Gecko) Chrome/131.0.0.0 Safari/537.36"
51.44.243.128 - - [17/Jul/2026:02:59:15 +0000] "GET /project/.env HTTP/1.1" 404 35281 "-" "Mozilla/5.0 (Macintosh; Intel Mac OS X 10_15_7) AppleWebKit/537.36 (KHTML, like Gecko) Chrome/131.0.0.0 Safari/537.36"
51.44.243.128 - - [17/Jul/2026:02:59:19 +0000] "GET /admin-panel/.env HTTP/1.1" 301 0 "-" "Mozilla/5.0 (Macintosh; Intel Mac OS X 10_15_7) AppleWebKit/537.36 (KHTML, like Gecko) Chrome/131.0.0.0 Safari/537.36"
51.44.243.128 - - [17/Jul/2026:02:59:21 +0000] "GET /admin-panel/.env HTTP/1.1" 404 35281 "-" "Mozilla/5.0 (Macintosh; Intel Mac OS X 10_15_7) AppleWebKit/537.36 (KHTML, like Gecko) Chrome/131.0.0.0 Safari/537.36"
51.44.243.128 - - [17/Jul/2026:02:59:25 +0000] "GET /control-panel/.env HTTP/1.1" 301 0 "-" "Mozilla/5.0 (Macintosh; Intel Mac OS X 10_15_7) AppleWebKit/537.36 (KHTML, like Gecko) Chrome/131.0.0.0 Safari/537.36"
65.181.116.207 - - [17/Jul/2026:02:59:31 +0000] "POST /wp-cron.php?doing_wp_cron=1784257171.1475429534912109375000 HTTP/1.1" 200 0 "-" "WordPress/7.0.1; https://www.yassaw.com"
51.44.243.128 - - [17/Jul/2026:02:59:27 +0000] "GET /control-panel/.env HTTP/1.1" 404 35281 "-" "Mozilla/5.0 (Macintosh; Intel Mac OS X 10_15_7) AppleWebKit/537.36 (KHTML, like Gecko) Chrome/131.0.0.0 Safari/537.36"
51.44.243.128 - - [17/Jul/2026:02:59:31 +0000] "GET /user-panel/.env HTTP/1.1" 301 0 "-" "Mozilla/5.0 (Macintosh; Intel Mac OS X 10_15_7) AppleWebKit/537.36 (KHTML, like Gecko) Chrome/131.0.0.0 Safari/537.36"
51.44.243.128 - - [17/Jul/2026:02:59:32 +0000] "GET /user-panel/.env HTTP/1.1" 404 35281 "-" "Mozilla/5.0 (Macintosh; Intel Mac OS X 10_15_7) AppleWebKit/537.36 (KHTML, like Gecko) Chrome/131.0.0.0 Safari/537.36"
51.44.243.128 - - [17/Jul/2026:02:59:35 +0000] "GET /node/.env HTTP/1.1" 301 0 "-" "Mozilla/5.0 (Macintosh; Intel Mac OS X 10_15_7) AppleWebKit/537.36 (KHTML, like Gecko) Chrome/131.0.0.0 Safari/537.36"
51.44.243.128 - - [17/Jul/2026:02:59:37 +0000] "GET /node/.env HTTP/1.1" 404 35281 "-" "Mozilla/5.0 (Macintosh; Intel Mac OS X 10_15_7) AppleWebKit/537.36 (KHTML, like Gecko) Chrome/131.0.0.0 Safari/537.36"
51.44.243.128 - - [17/Jul/2026:02:59:40 +0000] "GET /express/.env HTTP/1.1" 301 0 "-" "Mozilla/5.0 (Macintosh; Intel Mac OS X 10_15_7) AppleWebKit/537.36 (KHTML, like Gecko) Chrome/131.0.0.0 Safari/537.36"
51.44.243.128 - - [17/Jul/2026:02:59:42 +0000] "GET /express/.env HTTP/1.1" 404 35281 "-" "Mozilla/5.0 (Macintosh; Intel Mac OS X 10_15_7) AppleWebKit/537.36 (KHTML, like Gecko) Chrome/131.0.0.0 Safari/537.36"
51.44.243.128 - - [17/Jul/2026:02:59:46 +0000] "GET /next/.env HTTP/1.1" 301 0 "-" "Mozilla/5.0 (Macintosh; Intel Mac OS X 10_15_7) AppleWebKit/537.36 (KHTML, like Gecko) Chrome/131.0.0.0 Safari/537.36"
51.44.243.128 - - [17/Jul/2026:02:59:48 +0000] "GET /next/.env HTTP/1.1" 404 35281 "-" "Mozilla/5.0 (Macintosh; Intel Mac OS X 10_15_7) AppleWebKit/537.36 (KHTML, like Gecko) Chrome/131.0.0.0 Safari/537.36"
51.44.243.128 - - [17/Jul/2026:02:59:52 +0000] "GET /nuxt/.env HTTP/1.1" 301 0 "-" "Mozilla/5.0 (Macintosh; Intel Mac OS X 10_15_7) AppleWebKit/537.36 (KHTML, like Gecko) Chrome/131.0.0.0 Safari/537.36"
51.44.243.128 - - [17/Jul/2026:02:59:54 +0000] "GET /nuxt/.env HTTP/1.1" 404 35281 "-" "Mozilla/5.0 (Macintosh; Intel Mac OS X 10_15_7) AppleWebKit/537.36 (KHTML, like Gecko) Chrome/131.0.0.0 Safari/537.36"
51.44.243.128 - - [17/Jul/2026:02:59:58 +0000] "GET /nest/.env HTTP/1.1" 301 0 "-" "Mozilla/5.0 (Macintosh; Intel Mac OS X 10_15_7) AppleWebKit/537.36 (KHTML, like Gecko) Chrome/131.0.0.0 Safari/537.36"
51.44.243.128 - - [17/Jul/2026:02:59:59 +0000] "GET /nest/.env HTTP/1.1" 404 34677 "-" "Mozilla/5.0 (Macintosh; Intel Mac OS X 10_15_7) AppleWebKit/537.36 (KHTML, like Gecko) Chrome/131.0.0.0 Safari/537.36"
51.44.243.128 - - [17/Jul/2026:03:00:07 +0000] "GET /react/.env HTTP/1.1" 301 0 "-" "Mozilla/5.0 (Macintosh; Intel Mac OS X 10_15_7) AppleWebKit/537.36 (KHTML, like Gecko) Chrome/131.0.0.0 Safari/537.36"
51.44.243.128 - - [17/Jul/2026:03:00:11 +0000] "GET /react/.env HTTP/1.1" 404 35281 "-" "Mozilla/5.0 (Macintosh; Intel Mac OS X 10_15_7) AppleWebKit/537.36 (KHTML, like Gecko) Chrome/131.0.0.0 Safari/537.36"
51.44.243.128 - - [17/Jul/2026:03:00:18 +0000] "GET /vue/.env HTTP/1.1" 301 0 "-" "Mozilla/5.0 (Macintosh; Intel Mac OS X 10_15_7) AppleWebKit/537.36 (KHTML, like Gecko) Chrome/131.0.0.0 Safari/537.36"
51.44.243.128 - - [17/Jul/2026:03:00:21 +0000] "GET /vue/.env HTTP/1.1" 404 35281 "-" "Mozilla/5.0 (Macintosh; Intel Mac OS X 10_15_7) AppleWebKit/537.36 (KHTML, like Gecko) Chrome/131.0.0.0 Safari/537.36"
51.44.243.128 - - [17/Jul/2026:03:00:26 +0000] "GET /angular/.env HTTP/1.1" 301 0 "-" "Mozilla/5.0 (Macintosh; Intel Mac OS X 10_15_7) AppleWebKit/537.36 (KHTML, like Gecko) Chrome/131.0.0.0 Safari/537.36"
65.181.116.207 - - [17/Jul/2026:03:00:33 +0000] "POST /wp-cron.php?doing_wp_cron=1784257233.5194110870361328125000 HTTP/1.1" 200 0 "-" "WordPress/7.0.1; https://www.yassaw.com"
51.44.243.128 - - [17/Jul/2026:03:00:29 +0000] "GET /angular/.env HTTP/1.1" 404 34677 "-" "Mozilla/5.0 (Macintosh; Intel Mac OS X 10_15_7) AppleWebKit/537.36 (KHTML, like Gecko) Chrome/131.0.0.0 Safari/537.36"
51.44.243.128 - - [17/Jul/2026:03:00:33 +0000] "GET /svelte/.env HTTP/1.1" 301 0 "-" "Mozilla/5.0 (Macintosh; Intel Mac OS X 10_15_7) AppleWebKit/537.36 (KHTML, like Gecko) Chrome/131.0.0.0 Safari/537.36"
51.44.243.128 - - [17/Jul/2026:03:00:35 +0000] "GET /svelte/.env HTTP/1.1" 404 35281 "-" "Mozilla/5.0 (Macintosh; Intel Mac OS X 10_15_7) AppleWebKit/537.36 (KHTML, like Gecko) Chrome/131.0.0.0 Safari/537.36"
51.44.243.128 - - [17/Jul/2026:03:00:40 +0000] "GET /vite/.env HTTP/1.1" 301 0 "-" "Mozilla/5.0 (Macintosh; Intel Mac OS X 10_15_7) AppleWebKit/537.36 (KHTML, like Gecko) Chrome/131.0.0.0 Safari/537.36"
134.199.168.6 - - [17/Jul/2026:03:00:44 +0000] "POST /wp-login.php HTTP/1.1" 200 6508 "-" "Mozilla/5.0"
51.44.243.128 - - [17/Jul/2026:03:00:42 +0000] "GET /vite/.env HTTP/1.1" 404 35281 "-" "Mozilla/5.0 (Macintosh; Intel Mac OS X 10_15_7) AppleWebKit/537.36 (KHTML, like Gecko) Chrome/131.0.0.0 Safari/537.36"
51.44.243.128 - - [17/Jul/2026:03:00:48 +0000] "GET /backup/.env HTTP/1.1" 301 0 "-" "Mozilla/5.0 (Macintosh; Intel Mac OS X 10_15_7) AppleWebKit/537.36 (KHTML, like Gecko) Chrome/131.0.0.0 Safari/537.36"
173.208.148.34 - - [17/Jul/2026:03:00:50 +0000] "GET / HTTP/1.1" 301 0 "-" "Mozilla/5.0 (Windows NT 10.0; Win64; x64) AppleWebKit/537.36 (KHTML, like Gecko) Chrome/131.0.0.0 Safari/537.36"
51.44.243.128 - - [17/Jul/2026:03:00:51 +0000] "GET /backup/.env HTTP/1.1" 404 35281 "-" "Mozilla/5.0 (Macintosh; Intel Mac OS X 10_15_7) AppleWebKit/537.36 (KHTML, like Gecko) Chrome/131.0.0.0 Safari/537.36"
51.44.243.128 - - [17/Jul/2026:03:00:55 +0000] "GET /backups/.env HTTP/1.1" 301 0 "-" "Mozilla/5.0 (Macintosh; Intel Mac OS X 10_15_7) AppleWebKit/537.36 (KHTML, like Gecko) Chrome/131.0.0.0 Safari/537.36"
173.208.148.34 - - [17/Jul/2026:03:00:53 +0000] "GET / HTTP/1.1" 200 198552 "-" "Mozilla/5.0 (Windows NT 10.0; Win64; x64) AppleWebKit/537.36 (KHTML, like Gecko) Chrome/131.0.0.0 Safari/537.36"
173.208.148.34 - - [17/Jul/2026:03:01:00 +0000] "GET / HTTP/1.1" 301 0 "-" "Mozilla/5.0 (compatible; Googlebot/2.1; +http://www.google.com/bot.html)"
51.44.243.128 - - [17/Jul/2026:03:00:59 +0000] "GET /backups/.env HTTP/1.1" 404 35281 "-" "Mozilla/5.0 (Macintosh; Intel Mac OS X 10_15_7) AppleWebKit/537.36 (KHTML, like Gecko) Chrome/131.0.0.0 Safari/537.36"
51.44.243.128 - - [17/Jul/2026:03:01:03 +0000] "GET /old/.env HTTP/1.1" 301 0 "-" "Mozilla/5.0 (Macintosh; Intel Mac OS X 10_15_7) AppleWebKit/537.36 (KHTML, like Gecko) Chrome/131.0.0.0 Safari/537.36"
173.208.148.34 - - [17/Jul/2026:03:01:01 +0000] "GET / HTTP/1.1" 200 198552 "-" "Mozilla/5.0 (compatible; Googlebot/2.1; +http://www.google.com/bot.html)"
51.44.243.128 - - [17/Jul/2026:03:01:06 +0000] "GET /old/.env HTTP/1.1" 404 35281 "-" "Mozilla/5.0 (Macintosh; Intel Mac OS X 10_15_7) AppleWebKit/537.36 (KHTML, like Gecko) Chrome/131.0.0.0 Safari/537.36"
51.44.243.128 - - [17/Jul/2026:03:01:10 +0000] "GET /tmp/.env HTTP/1.1" 301 0 "-" "Mozilla/5.0 (Macintosh; Intel Mac OS X 10_15_7) AppleWebKit/537.36 (KHTML, like Gecko) Chrome/131.0.0.0 Safari/537.36"
173.208.148.34 - - [17/Jul/2026:03:01:10 +0000] "GET /?params=1 HTTP/1.1" 200 198552 "-" "Mozilla/5.0 (Windows NT 10.0; Win64; x64) AppleWebKit/537.36 (KHTML, like Gecko) Chrome/131.0.0.0 Safari/537.36"
51.44.243.128 - - [17/Jul/2026:03:01:12 +0000] "GET /tmp/.env HTTP/1.1" 404 35281 "-" "Mozilla/5.0 (Macintosh; Intel Mac OS X 10_15_7) AppleWebKit/537.36 (KHTML, like Gecko) Chrome/131.0.0.0 Safari/537.36"
51.44.243.128 - - [17/Jul/2026:03:01:16 +0000] "GET /temp/.env HTTP/1.1" 301 0 "-" "Mozilla/5.0 (Macintosh; Intel Mac OS X 10_15_7) AppleWebKit/537.36 (KHTML, like Gecko) Chrome/131.0.0.0 Safari/537.36"
51.44.243.128 - - [17/Jul/2026:03:01:19 +0000] "GET /temp/.env HTTP/1.1" 404 35281 "-" "Mozilla/5.0 (Macintosh; Intel Mac OS X 10_15_7) AppleWebKit/537.36 (KHTML, like Gecko) Chrome/131.0.0.0 Safari/537.36"
51.44.243.128 - - [17/Jul/2026:03:01:23 +0000] "GET /lab/.env HTTP/1.1" 301 0 "-" "Mozilla/5.0 (Macintosh; Intel Mac OS X 10_15_7) AppleWebKit/537.36 (KHTML, like Gecko) Chrome/131.0.0.0 Safari/537.36"
51.44.243.128 - - [17/Jul/2026:03:01:25 +0000] "GET /lab/.env HTTP/1.1" 404 35281 "-" "Mozilla/5.0 (Macintosh; Intel Mac OS X 10_15_7) AppleWebKit/537.36 (KHTML, like Gecko) Chrome/131.0.0.0 Safari/537.36"
65.181.116.207 - - [17/Jul/2026:03:01:31 +0000] "POST /wp-cron.php?doing_wp_cron=1784257291.2420148849487304687500 HTTP/1.1" 200 0 "-" "WordPress/7.0.1; https://www.yassaw.com"
51.44.243.128 - - [17/Jul/2026:03:01:29 +0000] "GET /cronlab/.env HTTP/1.1" 301 0 "-" "Mozilla/5.0 (Macintosh; Intel Mac OS X 10_15_7) AppleWebKit/537.36 (KHTML, like Gecko) Chrome/131.0.0.0 Safari/537.36"
51.44.243.128 - - [17/Jul/2026:03:01:31 +0000] "GET /cronlab/.env HTTP/1.1" 404 35281 "-" "Mozilla/5.0 (Macintosh; Intel Mac OS X 10_15_7) AppleWebKit/537.36 (KHTML, like Gecko) Chrome/131.0.0.0 Safari/537.36"
51.44.243.128 - - [17/Jul/2026:03:01:34 +0000] "GET /cron/.env HTTP/1.1" 301 0 "-" "Mozilla/5.0 (Macintosh; Intel Mac OS X 10_15_7) AppleWebKit/537.36 (KHTML, like Gecko) Chrome/131.0.0.0 Safari/537.36"
51.44.243.128 - - [17/Jul/2026:03:01:37 +0000] "GET /cron/.env HTTP/1.1" 404 35281 "-" "Mozilla/5.0 (Macintosh; Intel Mac OS X 10_15_7) AppleWebKit/537.36 (KHTML, like Gecko) Chrome/131.0.0.0 Safari/537.36"
51.44.243.128 - - [17/Jul/2026:03:01:41 +0000] "GET /en/.env HTTP/1.1" 301 0 "-" "Mozilla/5.0 (Macintosh; Intel Mac OS X 10_15_7) AppleWebKit/537.36 (KHTML, like Gecko) Chrome/131.0.0.0 Safari/537.36"
136.244.106.102 - - [17/Jul/2026:03:01:44 +0000] "GET /wp-json/podlove/v1 HTTP/1.1" 404 105 "-" "Mozilla/5.0 (X11; Linux x86_64) AppleWebKit/537.36 (KHTML, like Gecko) Chrome/143.0.0.0 Safari/537.36"
51.44.243.128 - - [17/Jul/2026:03:01:43 +0000] "GET /en/.env HTTP/1.1" 404 35281 "-" "Mozilla/5.0 (Macintosh; Intel Mac OS X 10_15_7) AppleWebKit/537.36 (KHTML, like Gecko) Chrome/131.0.0.0 Safari/537.36"
51.44.243.128 - - [17/Jul/2026:03:01:46 +0000] "GET /administrator/.env HTTP/1.1" 301 0 "-" "Mozilla/5.0 (Macintosh; Intel Mac OS X 10_15_7) AppleWebKit/537.36 (KHTML, like Gecko) Chrome/131.0.0.0 Safari/537.36"
51.44.243.128 - - [17/Jul/2026:03:01:48 +0000] "GET /administrator/.env HTTP/1.1" 404 35281 "-" "Mozilla/5.0 (Macintosh; Intel Mac OS X 10_15_7) AppleWebKit/537.36 (KHTML, like Gecko) Chrome/131.0.0.0 Safari/537.36"
51.44.243.128 - - [17/Jul/2026:03:01:52 +0000] "GET /psnlink/.env HTTP/1.1" 301 0 "-" "Mozilla/5.0 (Macintosh; Intel Mac OS X 10_15_7) AppleWebKit/537.36 (KHTML, like Gecko) Chrome/131.0.0.0 Safari/537.36"
51.44.243.128 - - [17/Jul/2026:03:01:54 +0000] "GET /psnlink/.env HTTP/1.1" 404 35281 "-" "Mozilla/5.0 (Macintosh; Intel Mac OS X 10_15_7) AppleWebKit/537.36 (KHTML, like Gecko) Chrome/131.0.0.0 Safari/537.36"
51.44.243.128 - - [17/Jul/2026:03:01:59 +0000] "GET /exapi/.env HTTP/1.1" 301 0 "-" "Mozilla/5.0 (Macintosh; Intel Mac OS X 10_15_7) AppleWebKit/537.36 (KHTML, like Gecko) Chrome/131.0.0.0 Safari/537.36"
51.44.243.128 - - [17/Jul/2026:03:02:01 +0000] "GET /exapi/.env HTTP/1.1" 404 35281 "-" "Mozilla/5.0 (Macintosh; Intel Mac OS X 10_15_7) AppleWebKit/537.36 (KHTML, like Gecko) Chrome/131.0.0.0 Safari/537.36"
51.44.243.128 - - [17/Jul/2026:03:02:06 +0000] "GET /sitemaps/.env HTTP/1.1" 301 0 "-" "Mozilla/5.0 (Macintosh; Intel Mac OS X 10_15_7) AppleWebKit/537.36 (KHTML, like Gecko) Chrome/131.0.0.0 Safari/537.36"
51.44.243.128 - - [17/Jul/2026:03:02:09 +0000] "GET /sitemaps/.env HTTP/1.1" 404 35281 "-" "Mozilla/5.0 (Macintosh; Intel Mac OS X 10_15_7) AppleWebKit/537.36 (KHTML, like Gecko) Chrome/131.0.0.0 Safari/537.36"
51.44.243.128 - - [17/Jul/2026:03:02:14 +0000] "GET /.env.backup1 HTTP/1.1" 301 0 "-" "Mozilla/5.0 (Macintosh; Intel Mac OS X 10_15_7) AppleWebKit/537.36 (KHTML, like Gecko) Chrome/131.0.0.0 Safari/537.36"
51.44.243.128 - - [17/Jul/2026:03:02:17 +0000] "GET /.env.backup1 HTTP/1.1" 404 35281 "-" "Mozilla/5.0 (Macintosh; Intel Mac OS X 10_15_7) AppleWebKit/537.36 (KHTML, like Gecko) Chrome/131.0.0.0 Safari/537.36"
51.44.243.128 - - [17/Jul/2026:03:02:22 +0000] "GET /.env.backup2 HTTP/1.1" 301 0 "-" "Mozilla/5.0 (Macintosh; Intel Mac OS X 10_15_7) AppleWebKit/537.36 (KHTML, like Gecko) Chrome/131.0.0.0 Safari/537.36"
51.44.243.128 - - [17/Jul/2026:03:02:24 +0000] "GET /.env.backup2 HTTP/1.1" 404 35281 "-" "Mozilla/5.0 (Macintosh; Intel Mac OS X 10_15_7) AppleWebKit/537.36 (KHTML, like Gecko) Chrome/131.0.0.0 Safari/537.36"
65.181.116.207 - - [17/Jul/2026:03:02:30 +0000] "POST /wp-cron.php?doing_wp_cron=1784257350.6764719486236572265625 HTTP/1.1" 200 0 "-" "WordPress/7.0.1; https://www.yassaw.com"
51.44.243.128 - - [17/Jul/2026:03:02:28 +0000] "GET /logs/.env HTTP/1.1" 301 0 "-" "Mozilla/5.0 (Macintosh; Intel Mac OS X 10_15_7) AppleWebKit/537.36 (KHTML, like Gecko) Chrome/131.0.0.0 Safari/537.36"
51.44.243.128 - - [17/Jul/2026:03:02:30 +0000] "GET /logs/.env HTTP/1.1" 404 35281 "-" "Mozilla/5.0 (Macintosh; Intel Mac OS X 10_15_7) AppleWebKit/537.36 (KHTML, like Gecko) Chrome/131.0.0.0 Safari/537.36"
51.44.243.128 - - [17/Jul/2026:03:02:34 +0000] "GET /cache/.env HTTP/1.1" 301 0 "-" "Mozilla/5.0 (Macintosh; Intel Mac OS X 10_15_7) AppleWebKit/537.36 (KHTML, like Gecko) Chrome/131.0.0.0 Safari/537.36"
51.44.243.128 - - [17/Jul/2026:03:02:37 +0000] "GET /cache/.env HTTP/1.1" 404 35281 "-" "Mozilla/5.0 (Macintosh; Intel Mac OS X 10_15_7) AppleWebKit/537.36 (KHTML, like Gecko) Chrome/131.0.0.0 Safari/537.36"
51.44.243.128 - - [17/Jul/2026:03:02:40 +0000] "GET /mailer/.env HTTP/1.1" 301 0 "-" "Mozilla/5.0 (Macintosh; Intel Mac OS X 10_15_7) AppleWebKit/537.36 (KHTML, like Gecko) Chrome/131.0.0.0 Safari/537.36"
51.44.243.128 - - [17/Jul/2026:03:02:43 +0000] "GET /mailer/.env HTTP/1.1" 404 35281 "-" "Mozilla/5.0 (Macintosh; Intel Mac OS X 10_15_7) AppleWebKit/537.36 (KHTML, like Gecko) Chrome/131.0.0.0 Safari/537.36"
51.44.243.128 - - [17/Jul/2026:03:02:48 +0000] "GET /mail/.env HTTP/1.1" 301 0 "-" "Mozilla/5.0 (Macintosh; Intel Mac OS X 10_15_7) AppleWebKit/537.36 (KHTML, like Gecko) Chrome/131.0.0.0 Safari/537.36"
51.44.243.128 - - [17/Jul/2026:03:02:51 +0000] "GET /mail/.env HTTP/1.1" 404 35281 "-" "Mozilla/5.0 (Macintosh; Intel Mac OS X 10_15_7) AppleWebKit/537.36 (KHTML, like Gecko) Chrome/131.0.0.0 Safari/537.36"
51.44.243.128 - - [17/Jul/2026:03:02:56 +0000] "GET /email/.env HTTP/1.1" 301 0 "-" "Mozilla/5.0 (Macintosh; Intel Mac OS X 10_15_7) AppleWebKit/537.36 (KHTML, like Gecko) Chrome/131.0.0.0 Safari/537.36"
51.44.243.128 - - [17/Jul/2026:03:02:58 +0000] "GET /email/.env HTTP/1.1" 404 35281 "-" "Mozilla/5.0 (Macintosh; Intel Mac OS X 10_15_7) AppleWebKit/537.36 (KHTML, like Gecko) Chrome/131.0.0.0 Safari/537.36"
51.44.243.128 - - [17/Jul/2026:03:03:04 +0000] "GET /smtp/.env HTTP/1.1" 301 0 "-" "Mozilla/5.0 (Macintosh; Intel Mac OS X 10_15_7) AppleWebKit/537.36 (KHTML, like Gecko) Chrome/131.0.0.0 Safari/537.36"
51.44.243.128 - - [17/Jul/2026:03:03:07 +0000] "GET /smtp/.env HTTP/1.1" 404 35281 "-" "Mozilla/5.0 (Macintosh; Intel Mac OS X 10_15_7) AppleWebKit/537.36 (KHTML, like Gecko) Chrome/131.0.0.0 Safari/537.36"
51.44.243.128 - - [17/Jul/2026:03:03:11 +0000] "GET /mailing/.env HTTP/1.1" 301 0 "-" "Mozilla/5.0 (Macintosh; Intel Mac OS X 10_15_7) AppleWebKit/537.36 (KHTML, like Gecko) Chrome/131.0.0.0 Safari/537.36"
51.44.243.128 - - [17/Jul/2026:03:03:15 +0000] "GET /mailing/.env HTTP/1.1" 404 35281 "-" "Mozilla/5.0 (Macintosh; Intel Mac OS X 10_15_7) AppleWebKit/537.36 (KHTML, like Gecko) Chrome/131.0.0.0 Safari/537.36"
51.44.243.128 - - [17/Jul/2026:03:03:21 +0000] "GET /notifications/.env HTTP/1.1" 301 0 "-" "Mozilla/5.0 (Macintosh; Intel Mac OS X 10_15_7) AppleWebKit/537.36 (KHTML, like Gecko) Chrome/131.0.0.0 Safari/537.36"
51.44.243.128 - - [17/Jul/2026:03:03:24 +0000] "GET /notifications/.env HTTP/1.1" 404 35281 "-" "Mozilla/5.0 (Macintosh; Intel Mac OS X 10_15_7) AppleWebKit/537.36 (KHTML, like Gecko) Chrome/131.0.0.0 Safari/537.36"
65.181.116.207 - - [17/Jul/2026:03:03:31 +0000] "POST /wp-cron.php?doing_wp_cron=1784257411.1438300609588623046875 HTTP/1.1" 200 0 "-" "WordPress/7.0.1; https://www.yassaw.com"
