51.44.243.128 - - [17/Jul/2026:03:03:29 +0000] "GET /notify/.env HTTP/1.1" 301 0 "-" "Mozilla/5.0 (Macintosh; Intel Mac OS X 10_15_7) AppleWebKit/537.36 (KHTML, like Gecko) Chrome/131.0.0.0 Safari/537.36"
51.44.243.128 - - [17/Jul/2026:03:03:31 +0000] "GET /notify/.env HTTP/1.1" 404 35281 "-" "Mozilla/5.0 (Macintosh; Intel Mac OS X 10_15_7) AppleWebKit/537.36 (KHTML, like Gecko) Chrome/131.0.0.0 Safari/537.36"
51.44.243.128 - - [17/Jul/2026:03:03:35 +0000] "GET /sender/.env HTTP/1.1" 301 0 "-" "Mozilla/5.0 (Macintosh; Intel Mac OS X 10_15_7) AppleWebKit/537.36 (KHTML, like Gecko) Chrome/131.0.0.0 Safari/537.36"
51.44.243.128 - - [17/Jul/2026:03:03:37 +0000] "GET /sender/.env HTTP/1.1" 404 35281 "-" "Mozilla/5.0 (Macintosh; Intel Mac OS X 10_15_7) AppleWebKit/537.36 (KHTML, like Gecko) Chrome/131.0.0.0 Safari/537.36"
51.44.243.128 - - [17/Jul/2026:03:03:40 +0000] "GET /campaign/.env HTTP/1.1" 301 0 "-" "Mozilla/5.0 (Macintosh; Intel Mac OS X 10_15_7) AppleWebKit/537.36 (KHTML, like Gecko) Chrome/131.0.0.0 Safari/537.36"
51.44.243.128 - - [17/Jul/2026:03:03:43 +0000] "GET /campaign/.env HTTP/1.1" 404 35281 "-" "Mozilla/5.0 (Macintosh; Intel Mac OS X 10_15_7) AppleWebKit/537.36 (KHTML, like Gecko) Chrome/131.0.0.0 Safari/537.36"
51.44.243.128 - - [17/Jul/2026:03:03:48 +0000] "GET /newsletter/.env HTTP/1.1" 301 0 "-" "Mozilla/5.0 (Macintosh; Intel Mac OS X 10_15_7) AppleWebKit/537.36 (KHTML, like Gecko) Chrome/131.0.0.0 Safari/537.36"
51.44.243.128 - - [17/Jul/2026:03:03:50 +0000] "GET /newsletter/.env HTTP/1.1" 404 35281 "-" "Mozilla/5.0 (Macintosh; Intel Mac OS X 10_15_7) AppleWebKit/537.36 (KHTML, like Gecko) Chrome/131.0.0.0 Safari/537.36"
51.44.243.128 - - [17/Jul/2026:03:03:54 +0000] "GET /ses/.env HTTP/1.1" 301 0 "-" "Mozilla/5.0 (Macintosh; Intel Mac OS X 10_15_7) AppleWebKit/537.36 (KHTML, like Gecko) Chrome/131.0.0.0 Safari/537.36"
51.44.243.128 - - [17/Jul/2026:03:03:56 +0000] "GET /ses/.env HTTP/1.1" 404 35281 "-" "Mozilla/5.0 (Macintosh; Intel Mac OS X 10_15_7) AppleWebKit/537.36 (KHTML, like Gecko) Chrome/131.0.0.0 Safari/537.36"
51.44.243.128 - - [17/Jul/2026:03:03:59 +0000] "GET /sendgrid/.env HTTP/1.1" 301 0 "-" "Mozilla/5.0 (Macintosh; Intel Mac OS X 10_15_7) AppleWebKit/537.36 (KHTML, like Gecko) Chrome/131.0.0.0 Safari/537.36"
51.44.243.128 - - [17/Jul/2026:03:04:02 +0000] "GET /sendgrid/.env HTTP/1.1" 404 34115 "-" "Mozilla/5.0 (Macintosh; Intel Mac OS X 10_15_7) AppleWebKit/537.36 (KHTML, like Gecko) Chrome/131.0.0.0 Safari/537.36"
51.44.243.128 - - [17/Jul/2026:03:04:06 +0000] "GET /sparkpost/.env HTTP/1.1" 301 0 "-" "Mozilla/5.0 (Macintosh; Intel Mac OS X 10_15_7) AppleWebKit/537.36 (KHTML, like Gecko) Chrome/131.0.0.0 Safari/537.36"
51.44.243.128 - - [17/Jul/2026:03:04:09 +0000] "GET /sparkpost/.env HTTP/1.1" 404 35281 "-" "Mozilla/5.0 (Macintosh; Intel Mac OS X 10_15_7) AppleWebKit/537.36 (KHTML, like Gecko) Chrome/131.0.0.0 Safari/537.36"
51.44.243.128 - - [17/Jul/2026:03:04:13 +0000] "GET /postmark/.env HTTP/1.1" 301 0 "-" "Mozilla/5.0 (Macintosh; Intel Mac OS X 10_15_7) AppleWebKit/537.36 (KHTML, like Gecko) Chrome/131.0.0.0 Safari/537.36"
51.44.243.128 - - [17/Jul/2026:03:04:17 +0000] "GET /postmark/.env HTTP/1.1" 404 35281 "-" "Mozilla/5.0 (Macintosh; Intel Mac OS X 10_15_7) AppleWebKit/537.36 (KHTML, like Gecko) Chrome/131.0.0.0 Safari/537.36"
51.44.243.128 - - [17/Jul/2026:03:04:21 +0000] "GET /mailgun/.env HTTP/1.1" 301 0 "-" "Mozilla/5.0 (Macintosh; Intel Mac OS X 10_15_7) AppleWebKit/537.36 (KHTML, like Gecko) Chrome/131.0.0.0 Safari/537.36"
51.44.243.128 - - [17/Jul/2026:03:04:23 +0000] "GET /mailgun/.env HTTP/1.1" 404 35281 "-" "Mozilla/5.0 (Macintosh; Intel Mac OS X 10_15_7) AppleWebKit/537.36 (KHTML, like Gecko) Chrome/131.0.0.0 Safari/537.36"
65.181.116.207 - - [17/Jul/2026:03:04:29 +0000] "POST /wp-cron.php?doing_wp_cron=1784257469.0892879962921142578125 HTTP/1.1" 200 0 "-" "WordPress/7.0.1; https://www.yassaw.com"
51.44.243.128 - - [17/Jul/2026:03:04:26 +0000] "GET /mandrill/.env HTTP/1.1" 301 0 "-" "Mozilla/5.0 (Macintosh; Intel Mac OS X 10_15_7) AppleWebKit/537.36 (KHTML, like Gecko) Chrome/131.0.0.0 Safari/537.36"
51.44.243.128 - - [17/Jul/2026:03:04:29 +0000] "GET /mandrill/.env HTTP/1.1" 404 35281 "-" "Mozilla/5.0 (Macintosh; Intel Mac OS X 10_15_7) AppleWebKit/537.36 (KHTML, like Gecko) Chrome/131.0.0.0 Safari/537.36"
51.44.243.128 - - [17/Jul/2026:03:04:32 +0000] "GET /mailjet/.env HTTP/1.1" 301 0 "-" "Mozilla/5.0 (Macintosh; Intel Mac OS X 10_15_7) AppleWebKit/537.36 (KHTML, like Gecko) Chrome/131.0.0.0 Safari/537.36"
51.44.243.128 - - [17/Jul/2026:03:04:33 +0000] "GET /mailjet/.env HTTP/1.1" 404 35281 "-" "Mozilla/5.0 (Macintosh; Intel Mac OS X 10_15_7) AppleWebKit/537.36 (KHTML, like Gecko) Chrome/131.0.0.0 Safari/537.36"
51.44.243.128 - - [17/Jul/2026:03:04:36 +0000] "GET /brevo/.env HTTP/1.1" 301 0 "-" "Mozilla/5.0 (Macintosh; Intel Mac OS X 10_15_7) AppleWebKit/537.36 (KHTML, like Gecko) Chrome/131.0.0.0 Safari/537.36"
51.44.243.128 - - [17/Jul/2026:03:04:38 +0000] "GET /brevo/.env HTTP/1.1" 404 35281 "-" "Mozilla/5.0 (Macintosh; Intel Mac OS X 10_15_7) AppleWebKit/537.36 (KHTML, like Gecko) Chrome/131.0.0.0 Safari/537.36"
51.44.243.128 - - [17/Jul/2026:03:04:41 +0000] "GET /transactional/.env HTTP/1.1" 301 0 "-" "Mozilla/5.0 (Macintosh; Intel Mac OS X 10_15_7) AppleWebKit/537.36 (KHTML, like Gecko) Chrome/131.0.0.0 Safari/537.36"
51.44.243.128 - - [17/Jul/2026:03:04:43 +0000] "GET /transactional/.env HTTP/1.1" 404 35281 "-" "Mozilla/5.0 (Macintosh; Intel Mac OS X 10_15_7) AppleWebKit/537.36 (KHTML, like Gecko) Chrome/131.0.0.0 Safari/537.36"
51.44.243.128 - - [17/Jul/2026:03:04:46 +0000] "GET /bulk/.env HTTP/1.1" 301 0 "-" "Mozilla/5.0 (Macintosh; Intel Mac OS X 10_15_7) AppleWebKit/537.36 (KHTML, like Gecko) Chrome/131.0.0.0 Safari/537.36"
51.44.243.128 - - [17/Jul/2026:03:04:48 +0000] "GET /bulk/.env HTTP/1.1" 404 35281 "-" "Mozilla/5.0 (Macintosh; Intel Mac OS X 10_15_7) AppleWebKit/537.36 (KHTML, like Gecko) Chrome/131.0.0.0 Safari/537.36"
51.44.243.128 - - [17/Jul/2026:03:04:51 +0000] "GET /aws/.env HTTP/1.1" 301 0 "-" "Mozilla/5.0 (Macintosh; Intel Mac OS X 10_15_7) AppleWebKit/537.36 (KHTML, like Gecko) Chrome/131.0.0.0 Safari/537.36"
51.44.243.128 - - [17/Jul/2026:03:04:53 +0000] "GET /aws/.env HTTP/1.1" 404 35281 "-" "Mozilla/5.0 (Macintosh; Intel Mac OS X 10_15_7) AppleWebKit/537.36 (KHTML, like Gecko) Chrome/131.0.0.0 Safari/537.36"
51.44.243.128 - - [17/Jul/2026:03:04:55 +0000] "GET /azure/.env HTTP/1.1" 301 0 "-" "Mozilla/5.0 (Macintosh; Intel Mac OS X 10_15_7) AppleWebKit/537.36 (KHTML, like Gecko) Chrome/131.0.0.0 Safari/537.36"
51.44.243.128 - - [17/Jul/2026:03:04:57 +0000] "GET /azure/.env HTTP/1.1" 404 35281 "-" "Mozilla/5.0 (Macintosh; Intel Mac OS X 10_15_7) AppleWebKit/537.36 (KHTML, like Gecko) Chrome/131.0.0.0 Safari/537.36"
51.44.243.128 - - [17/Jul/2026:03:05:00 +0000] "GET /gcp/.env HTTP/1.1" 301 0 "-" "Mozilla/5.0 (Macintosh; Intel Mac OS X 10_15_7) AppleWebKit/537.36 (KHTML, like Gecko) Chrome/131.0.0.0 Safari/537.36"
51.44.243.128 - - [17/Jul/2026:03:05:04 +0000] "GET /gcp/.env HTTP/1.1" 404 35281 "-" "Mozilla/5.0 (Macintosh; Intel Mac OS X 10_15_7) AppleWebKit/537.36 (KHTML, like Gecko) Chrome/131.0.0.0 Safari/537.36"
51.44.243.128 - - [17/Jul/2026:03:05:10 +0000] "GET /cloud/.env HTTP/1.1" 301 0 "-" "Mozilla/5.0 (Macintosh; Intel Mac OS X 10_15_7) AppleWebKit/537.36 (KHTML, like Gecko) Chrome/131.0.0.0 Safari/537.36"
51.44.243.128 - - [17/Jul/2026:03:05:12 +0000] "GET /cloud/.env HTTP/1.1" 404 35281 "-" "Mozilla/5.0 (Macintosh; Intel Mac OS X 10_15_7) AppleWebKit/537.36 (KHTML, like Gecko) Chrome/131.0.0.0 Safari/537.36"
51.44.243.128 - - [17/Jul/2026:03:05:17 +0000] "GET /infrastructure/.env HTTP/1.1" 301 0 "-" "Mozilla/5.0 (Macintosh; Intel Mac OS X 10_15_7) AppleWebKit/537.36 (KHTML, like Gecko) Chrome/131.0.0.0 Safari/537.36"
51.44.243.128 - - [17/Jul/2026:03:05:19 +0000] "GET /infrastructure/.env HTTP/1.1" 404 35281 "-" "Mozilla/5.0 (Macintosh; Intel Mac OS X 10_15_7) AppleWebKit/537.36 (KHTML, like Gecko) Chrome/131.0.0.0 Safari/537.36"
51.44.243.128 - - [17/Jul/2026:03:05:24 +0000] "GET /docker/.env HTTP/1.1" 301 0 "-" "Mozilla/5.0 (Macintosh; Intel Mac OS X 10_15_7) AppleWebKit/537.36 (KHTML, like Gecko) Chrome/131.0.0.0 Safari/537.36"
65.181.116.207 - - [17/Jul/2026:03:05:30 +0000] "POST /wp-cron.php?doing_wp_cron=1784257529.9819340705871582031250 HTTP/1.1" 200 0 "-" "WordPress/7.0.1; https://www.yassaw.com"
51.44.243.128 - - [17/Jul/2026:03:05:26 +0000] "GET /docker/.env HTTP/1.1" 404 35281 "-" "Mozilla/5.0 (Macintosh; Intel Mac OS X 10_15_7) AppleWebKit/537.36 (KHTML, like Gecko) Chrome/131.0.0.0 Safari/537.36"
51.44.243.128 - - [17/Jul/2026:03:05:30 +0000] "GET /k8s/.env HTTP/1.1" 301 0 "-" "Mozilla/5.0 (Macintosh; Intel Mac OS X 10_15_7) AppleWebKit/537.36 (KHTML, like Gecko) Chrome/131.0.0.0 Safari/537.36"
51.44.243.128 - - [17/Jul/2026:03:05:31 +0000] "GET /k8s/.env HTTP/1.1" 404 35281 "-" "Mozilla/5.0 (Macintosh; Intel Mac OS X 10_15_7) AppleWebKit/537.36 (KHTML, like Gecko) Chrome/131.0.0.0 Safari/537.36"
51.44.243.128 - - [17/Jul/2026:03:05:36 +0000] "GET /kubernetes/.env HTTP/1.1" 301 0 "-" "Mozilla/5.0 (Macintosh; Intel Mac OS X 10_15_7) AppleWebKit/537.36 (KHTML, like Gecko) Chrome/131.0.0.0 Safari/537.36"
51.44.243.128 - - [17/Jul/2026:03:05:38 +0000] "GET /kubernetes/.env HTTP/1.1" 404 35281 "-" "Mozilla/5.0 (Macintosh; Intel Mac OS X 10_15_7) AppleWebKit/537.36 (KHTML, like Gecko) Chrome/131.0.0.0 Safari/537.36"
51.44.243.128 - - [17/Jul/2026:03:05:41 +0000] "GET /terraform/.env HTTP/1.1" 301 0 "-" "Mozilla/5.0 (Macintosh; Intel Mac OS X 10_15_7) AppleWebKit/537.36 (KHTML, like Gecko) Chrome/131.0.0.0 Safari/537.36"
51.44.243.128 - - [17/Jul/2026:03:05:43 +0000] "GET /terraform/.env HTTP/1.1" 404 35281 "-" "Mozilla/5.0 (Macintosh; Intel Mac OS X 10_15_7) AppleWebKit/537.36 (KHTML, like Gecko) Chrome/131.0.0.0 Safari/537.36"
51.44.243.128 - - [17/Jul/2026:03:05:46 +0000] "GET /ansible/.env HTTP/1.1" 301 0 "-" "Mozilla/5.0 (Macintosh; Intel Mac OS X 10_15_7) AppleWebKit/537.36 (KHTML, like Gecko) Chrome/131.0.0.0 Safari/537.36"
51.44.243.128 - - [17/Jul/2026:03:05:48 +0000] "GET /ansible/.env HTTP/1.1" 404 35281 "-" "Mozilla/5.0 (Macintosh; Intel Mac OS X 10_15_7) AppleWebKit/537.36 (KHTML, like Gecko) Chrome/131.0.0.0 Safari/537.36"
51.44.243.128 - - [17/Jul/2026:03:05:51 +0000] "GET /.git/.env HTTP/1.1" 403 1242 "-" "Mozilla/5.0 (Macintosh; Intel Mac OS X 10_15_7) AppleWebKit/537.36 (KHTML, like Gecko) Chrome/131.0.0.0 Safari/537.36"
51.44.243.128 - - [17/Jul/2026:03:05:51 +0000] "GET /ci/.env HTTP/1.1" 301 0 "-" "Mozilla/5.0 (Macintosh; Intel Mac OS X 10_15_7) AppleWebKit/537.36 (KHTML, like Gecko) Chrome/131.0.0.0 Safari/537.36"
51.44.243.128 - - [17/Jul/2026:03:05:53 +0000] "GET /ci/.env HTTP/1.1" 404 35281 "-" "Mozilla/5.0 (Macintosh; Intel Mac OS X 10_15_7) AppleWebKit/537.36 (KHTML, like Gecko) Chrome/131.0.0.0 Safari/537.36"
51.44.243.128 - - [17/Jul/2026:03:05:56 +0000] "GET /cd/.env HTTP/1.1" 301 0 "-" "Mozilla/5.0 (Macintosh; Intel Mac OS X 10_15_7) AppleWebKit/537.36 (KHTML, like Gecko) Chrome/131.0.0.0 Safari/537.36"
51.44.243.128 - - [17/Jul/2026:03:05:58 +0000] "GET /cd/.env HTTP/1.1" 404 35281 "-" "Mozilla/5.0 (Macintosh; Intel Mac OS X 10_15_7) AppleWebKit/537.36 (KHTML, like Gecko) Chrome/131.0.0.0 Safari/537.36"
168.144.174.85 - - [17/Jul/2026:03:05:59 +0000] "POST /wp-login.php HTTP/1.1" 200 6508 "-" "Mozilla/5.0"
51.44.243.128 - - [17/Jul/2026:03:06:00 +0000] "GET /jenkins/.env HTTP/1.1" 301 0 "-" "Mozilla/5.0 (Macintosh; Intel Mac OS X 10_15_7) AppleWebKit/537.36 (KHTML, like Gecko) Chrome/131.0.0.0 Safari/537.36"
51.44.243.128 - - [17/Jul/2026:03:06:03 +0000] "GET /jenkins/.env HTTP/1.1" 404 35281 "-" "Mozilla/5.0 (Macintosh; Intel Mac OS X 10_15_7) AppleWebKit/537.36 (KHTML, like Gecko) Chrome/131.0.0.0 Safari/537.36"
51.44.243.128 - - [17/Jul/2026:03:06:06 +0000] "GET /gitlab/.env HTTP/1.1" 301 0 "-" "Mozilla/5.0 (Macintosh; Intel Mac OS X 10_15_7) AppleWebKit/537.36 (KHTML, like Gecko) Chrome/131.0.0.0 Safari/537.36"
51.44.243.128 - - [17/Jul/2026:03:06:08 +0000] "GET /gitlab/.env HTTP/1.1" 404 35281 "-" "Mozilla/5.0 (Macintosh; Intel Mac OS X 10_15_7) AppleWebKit/537.36 (KHTML, like Gecko) Chrome/131.0.0.0 Safari/537.36"
51.44.243.128 - - [17/Jul/2026:03:06:10 +0000] "GET /github/.env HTTP/1.1" 301 0 "-" "Mozilla/5.0 (Macintosh; Intel Mac OS X 10_15_7) AppleWebKit/537.36 (KHTML, like Gecko) Chrome/131.0.0.0 Safari/537.36"
51.44.243.128 - - [17/Jul/2026:03:06:12 +0000] "GET /github/.env HTTP/1.1" 404 35281 "-" "Mozilla/5.0 (Macintosh; Intel Mac OS X 10_15_7) AppleWebKit/537.36 (KHTML, like Gecko) Chrome/131.0.0.0 Safari/537.36"
51.44.243.128 - - [17/Jul/2026:03:06:17 +0000] "GET /actions/.env HTTP/1.1" 301 0 "-" "Mozilla/5.0 (Macintosh; Intel Mac OS X 10_15_7) AppleWebKit/537.36 (KHTML, like Gecko) Chrome/131.0.0.0 Safari/537.36"
51.44.243.128 - - [17/Jul/2026:03:06:20 +0000] "GET /actions/.env HTTP/1.1" 404 35281 "-" "Mozilla/5.0 (Macintosh; Intel Mac OS X 10_15_7) AppleWebKit/537.36 (KHTML, like Gecko) Chrome/131.0.0.0 Safari/537.36"
51.44.243.128 - - [17/Jul/2026:03:06:24 +0000] "GET /circleci/.env HTTP/1.1" 301 0 "-" "Mozilla/5.0 (Macintosh; Intel Mac OS X 10_15_7) AppleWebKit/537.36 (KHTML, like Gecko) Chrome/131.0.0.0 Safari/537.36"
65.181.116.207 - - [17/Jul/2026:03:06:29 +0000] "POST /wp-cron.php?doing_wp_cron=1784257589.7249660491943359375000 HTTP/1.1" 200 0 "-" "WordPress/7.0.1; https://www.yassaw.com"
51.44.243.128 - - [17/Jul/2026:03:06:26 +0000] "GET /circleci/.env HTTP/1.1" 404 35281 "-" "Mozilla/5.0 (Macintosh; Intel Mac OS X 10_15_7) AppleWebKit/537.36 (KHTML, like Gecko) Chrome/131.0.0.0 Safari/537.36"
51.44.243.128 - - [17/Jul/2026:03:06:29 +0000] "GET /travis/.env HTTP/1.1" 301 0 "-" "Mozilla/5.0 (Macintosh; Intel Mac OS X 10_15_7) AppleWebKit/537.36 (KHTML, like Gecko) Chrome/131.0.0.0 Safari/537.36"
51.44.243.128 - - [17/Jul/2026:03:06:31 +0000] "GET /travis/.env HTTP/1.1" 404 35281 "-" "Mozilla/5.0 (Macintosh; Intel Mac OS X 10_15_7) AppleWebKit/537.36 (KHTML, like Gecko) Chrome/131.0.0.0 Safari/537.36"
51.44.243.128 - - [17/Jul/2026:03:06:35 +0000] "GET /buildkite/.env HTTP/1.1" 301 0 "-" "Mozilla/5.0 (Macintosh; Intel Mac OS X 10_15_7) AppleWebKit/537.36 (KHTML, like Gecko) Chrome/131.0.0.0 Safari/537.36"
51.44.243.128 - - [17/Jul/2026:03:06:37 +0000] "GET /buildkite/.env HTTP/1.1" 404 35281 "-" "Mozilla/5.0 (Macintosh; Intel Mac OS X 10_15_7) AppleWebKit/537.36 (KHTML, like Gecko) Chrome/131.0.0.0 Safari/537.36"
51.44.243.128 - - [17/Jul/2026:03:06:39 +0000] "GET /mysql/.env HTTP/1.1" 301 0 "-" "Mozilla/5.0 (Macintosh; Intel Mac OS X 10_15_7) AppleWebKit/537.36 (KHTML, like Gecko) Chrome/131.0.0.0 Safari/537.36"
51.44.243.128 - - [17/Jul/2026:03:06:41 +0000] "GET /mysql/.env HTTP/1.1" 404 35281 "-" "Mozilla/5.0 (Macintosh; Intel Mac OS X 10_15_7) AppleWebKit/537.36 (KHTML, like Gecko) Chrome/131.0.0.0 Safari/537.36"
51.44.243.128 - - [17/Jul/2026:03:06:45 +0000] "GET /postgres/.env HTTP/1.1" 301 0 "-" "Mozilla/5.0 (Macintosh; Intel Mac OS X 10_15_7) AppleWebKit/537.36 (KHTML, like Gecko) Chrome/131.0.0.0 Safari/537.36"
51.44.243.128 - - [17/Jul/2026:03:06:47 +0000] "GET /postgres/.env HTTP/1.1" 404 35281 "-" "Mozilla/5.0 (Macintosh; Intel Mac OS X 10_15_7) AppleWebKit/537.36 (KHTML, like Gecko) Chrome/131.0.0.0 Safari/537.36"
51.44.243.128 - - [17/Jul/2026:03:06:50 +0000] "GET /mongodb/.env HTTP/1.1" 301 0 "-" "Mozilla/5.0 (Macintosh; Intel Mac OS X 10_15_7) AppleWebKit/537.36 (KHTML, like Gecko) Chrome/131.0.0.0 Safari/537.36"
51.44.243.128 - - [17/Jul/2026:03:06:53 +0000] "GET /mongodb/.env HTTP/1.1" 404 35281 "-" "Mozilla/5.0 (Macintosh; Intel Mac OS X 10_15_7) AppleWebKit/537.36 (KHTML, like Gecko) Chrome/131.0.0.0 Safari/537.36"
51.44.243.128 - - [17/Jul/2026:03:06:58 +0000] "GET /redis/.env HTTP/1.1" 301 0 "-" "Mozilla/5.0 (Macintosh; Intel Mac OS X 10_15_7) AppleWebKit/537.36 (KHTML, like Gecko) Chrome/131.0.0.0 Safari/537.36"
51.44.243.128 - - [17/Jul/2026:03:07:00 +0000] "GET /redis/.env HTTP/1.1" 404 35281 "-" "Mozilla/5.0 (Macintosh; Intel Mac OS X 10_15_7) AppleWebKit/537.36 (KHTML, like Gecko) Chrome/131.0.0.0 Safari/537.36"
43.153.74.75 - - [17/Jul/2026:03:07:04 +0000] "GET /wp-json/wp/v2/posts/1 HTTP/1.1" 200 738 "-" "Mozilla/5.0 (iPhone; CPU iPhone OS 13_2_3 like Mac OS X) AppleWebKit/605.1.15 (KHTML, like Gecko) Version/13.0.3 Mobile/15E148 Safari/604.1"
51.44.243.128 - - [17/Jul/2026:03:07:06 +0000] "GET /elasticsearch/.env HTTP/1.1" 301 0 "-" "Mozilla/5.0 (Macintosh; Intel Mac OS X 10_15_7) AppleWebKit/537.36 (KHTML, like Gecko) Chrome/131.0.0.0 Safari/537.36"
51.44.243.128 - - [17/Jul/2026:03:07:08 +0000] "GET /elasticsearch/.env HTTP/1.1" 404 35281 "-" "Mozilla/5.0 (Macintosh; Intel Mac OS X 10_15_7) AppleWebKit/537.36 (KHTML, like Gecko) Chrome/131.0.0.0 Safari/537.36"
51.44.243.128 - - [17/Jul/2026:03:07:12 +0000] "GET /rabbitmq/.env HTTP/1.1" 301 0 "-" "Mozilla/5.0 (Macintosh; Intel Mac OS X 10_15_7) AppleWebKit/537.36 (KHTML, like Gecko) Chrome/131.0.0.0 Safari/537.36"
51.44.243.128 - - [17/Jul/2026:03:07:15 +0000] "GET /rabbitmq/.env HTTP/1.1" 404 35281 "-" "Mozilla/5.0 (Macintosh; Intel Mac OS X 10_15_7) AppleWebKit/537.36 (KHTML, like Gecko) Chrome/131.0.0.0 Safari/537.36"
51.44.243.128 - - [17/Jul/2026:03:07:19 +0000] "GET /kafka/.env HTTP/1.1" 301 0 "-" "Mozilla/5.0 (Macintosh; Intel Mac OS X 10_15_7) AppleWebKit/537.36 (KHTML, like Gecko) Chrome/131.0.0.0 Safari/537.36"
51.44.243.128 - - [17/Jul/2026:03:07:21 +0000] "GET /kafka/.env HTTP/1.1" 404 35281 "-" "Mozilla/5.0 (Macintosh; Intel Mac OS X 10_15_7) AppleWebKit/537.36 (KHTML, like Gecko) Chrome/131.0.0.0 Safari/537.36"
51.44.243.128 - - [17/Jul/2026:03:07:25 +0000] "GET /queue/.env HTTP/1.1" 301 0 "-" "Mozilla/5.0 (Macintosh; Intel Mac OS X 10_15_7) AppleWebKit/537.36 (KHTML, like Gecko) Chrome/131.0.0.0 Safari/537.36"
65.181.116.207 - - [17/Jul/2026:03:07:29 +0000] "POST /wp-cron.php?doing_wp_cron=1784257649.0211939811706542968750 HTTP/1.1" 200 0 "-" "WordPress/7.0.1; https://www.yassaw.com"
51.44.243.128 - - [17/Jul/2026:03:07:27 +0000] "GET /queue/.env HTTP/1.1" 404 35281 "-" "Mozilla/5.0 (Macintosh; Intel Mac OS X 10_15_7) AppleWebKit/537.36 (KHTML, like Gecko) Chrome/131.0.0.0 Safari/537.36"
51.44.243.128 - - [17/Jul/2026:03:07:29 +0000] "GET /worker/.env HTTP/1.1" 301 0 "-" "Mozilla/5.0 (Macintosh; Intel Mac OS X 10_15_7) AppleWebKit/537.36 (KHTML, like Gecko) Chrome/131.0.0.0 Safari/537.36"
51.44.243.128 - - [17/Jul/2026:03:07:30 +0000] "GET /worker/.env HTTP/1.1" 404 35281 "-" "Mozilla/5.0 (Macintosh; Intel Mac OS X 10_15_7) AppleWebKit/537.36 (KHTML, like Gecko) Chrome/131.0.0.0 Safari/537.36"
51.44.243.128 - - [17/Jul/2026:03:07:33 +0000] "GET /job/.env HTTP/1.1" 301 0 "-" "Mozilla/5.0 (Macintosh; Intel Mac OS X 10_15_7) AppleWebKit/537.36 (KHTML, like Gecko) Chrome/131.0.0.0 Safari/537.36"
51.44.243.128 - - [17/Jul/2026:03:07:35 +0000] "GET /job/.env HTTP/1.1" 404 35281 "-" "Mozilla/5.0 (Macintosh; Intel Mac OS X 10_15_7) AppleWebKit/537.36 (KHTML, like Gecko) Chrome/131.0.0.0 Safari/537.36"
51.44.243.128 - - [17/Jul/2026:03:07:37 +0000] "GET /test/.env HTTP/1.1" 301 0 "-" "Mozilla/5.0 (Macintosh; Intel Mac OS X 10_15_7) AppleWebKit/537.36 (KHTML, like Gecko) Chrome/131.0.0.0 Safari/537.36"
51.44.243.128 - - [17/Jul/2026:03:07:40 +0000] "GET /test/.env HTTP/1.1" 404 35281 "-" "Mozilla/5.0 (Macintosh; Intel Mac OS X 10_15_7) AppleWebKit/537.36 (KHTML, like Gecko) Chrome/131.0.0.0 Safari/537.36"
51.44.243.128 - - [17/Jul/2026:03:07:45 +0000] "GET /qa/.env HTTP/1.1" 301 0 "-" "Mozilla/5.0 (Macintosh; Intel Mac OS X 10_15_7) AppleWebKit/537.36 (KHTML, like Gecko) Chrome/131.0.0.0 Safari/537.36"
51.44.243.128 - - [17/Jul/2026:03:07:48 +0000] "GET /qa/.env HTTP/1.1" 404 35281 "-" "Mozilla/5.0 (Macintosh; Intel Mac OS X 10_15_7) AppleWebKit/537.36 (KHTML, like Gecko) Chrome/131.0.0.0 Safari/537.36"
51.44.243.128 - - [17/Jul/2026:03:07:52 +0000] "GET /preview/.env HTTP/1.1" 301 0 "-" "Mozilla/5.0 (Macintosh; Intel Mac OS X 10_15_7) AppleWebKit/537.36 (KHTML, like Gecko) Chrome/131.0.0.0 Safari/537.36"
51.44.243.128 - - [17/Jul/2026:03:07:55 +0000] "GET /preview/.env HTTP/1.1" 404 35281 "-" "Mozilla/5.0 (Macintosh; Intel Mac OS X 10_15_7) AppleWebKit/537.36 (KHTML, like Gecko) Chrome/131.0.0.0 Safari/537.36"
51.44.243.128 - - [17/Jul/2026:03:07:57 +0000] "GET /beta/.env HTTP/1.1" 301 0 "-" "Mozilla/5.0 (Macintosh; Intel Mac OS X 10_15_7) AppleWebKit/537.36 (KHTML, like Gecko) Chrome/131.0.0.0 Safari/537.36"
51.44.243.128 - - [17/Jul/2026:03:07:59 +0000] "GET /beta/.env HTTP/1.1" 404 35281 "-" "Mozilla/5.0 (Macintosh; Intel Mac OS X 10_15_7) AppleWebKit/537.36 (KHTML, like Gecko) Chrome/131.0.0.0 Safari/537.36"
51.44.243.128 - - [17/Jul/2026:03:08:02 +0000] "GET /uat/.env HTTP/1.1" 301 0 "-" "Mozilla/5.0 (Macintosh; Intel Mac OS X 10_15_7) AppleWebKit/537.36 (KHTML, like Gecko) Chrome/131.0.0.0 Safari/537.36"
51.44.243.128 - - [17/Jul/2026:03:08:05 +0000] "GET /uat/.env HTTP/1.1" 404 35281 "-" "Mozilla/5.0 (Macintosh; Intel Mac OS X 10_15_7) AppleWebKit/537.36 (KHTML, like Gecko) Chrome/131.0.0.0 Safari/537.36"
51.44.243.128 - - [17/Jul/2026:03:08:08 +0000] "GET /stage/.env HTTP/1.1" 301 0 "-" "Mozilla/5.0 (Macintosh; Intel Mac OS X 10_15_7) AppleWebKit/537.36 (KHTML, like Gecko) Chrome/131.0.0.0 Safari/537.36"
51.44.243.128 - - [17/Jul/2026:03:08:10 +0000] "GET /stage/.env HTTP/1.1" 404 35281 "-" "Mozilla/5.0 (Macintosh; Intel Mac OS X 10_15_7) AppleWebKit/537.36 (KHTML, like Gecko) Chrome/131.0.0.0 Safari/537.36"
51.44.243.128 - - [17/Jul/2026:03:08:14 +0000] "GET /development/.env HTTP/1.1" 301 0 "-" "Mozilla/5.0 (Macintosh; Intel Mac OS X 10_15_7) AppleWebKit/537.36 (KHTML, like Gecko) Chrome/131.0.0.0 Safari/537.36"
51.44.243.128 - - [17/Jul/2026:03:08:16 +0000] "GET /development/.env HTTP/1.1" 404 35281 "-" "Mozilla/5.0 (Macintosh; Intel Mac OS X 10_15_7) AppleWebKit/537.36 (KHTML, like Gecko) Chrome/131.0.0.0 Safari/537.36"
51.44.243.128 - - [17/Jul/2026:03:08:19 +0000] "GET /production/.env HTTP/1.1" 301 0 "-" "Mozilla/5.0 (Macintosh; Intel Mac OS X 10_15_7) AppleWebKit/537.36 (KHTML, like Gecko) Chrome/131.0.0.0 Safari/537.36"
51.44.243.128 - - [17/Jul/2026:03:08:20 +0000] "GET /production/.env HTTP/1.1" 404 35281 "-" "Mozilla/5.0 (Macintosh; Intel Mac OS X 10_15_7) AppleWebKit/537.36 (KHTML, like Gecko) Chrome/131.0.0.0 Safari/537.36"
51.44.243.128 - - [17/Jul/2026:03:08:24 +0000] "GET /config/app/.env HTTP/1.1" 301 0 "-" "Mozilla/5.0 (Macintosh; Intel Mac OS X 10_15_7) AppleWebKit/537.36 (KHTML, like Gecko) Chrome/131.0.0.0 Safari/537.36"
51.44.243.128 - - [17/Jul/2026:03:08:25 +0000] "GET /config/app/.env HTTP/1.1" 404 35281 "-" "Mozilla/5.0 (Macintosh; Intel Mac OS X 10_15_7) AppleWebKit/537.36 (KHTML, like Gecko) Chrome/131.0.0.0 Safari/537.36"
65.181.116.207 - - [17/Jul/2026:03:08:30 +0000] "POST /wp-cron.php?doing_wp_cron=1784257710.4248530864715576171875 HTTP/1.1" 200 0 "-" "WordPress/7.0.1; https://www.yassaw.com"
51.44.243.128 - - [17/Jul/2026:03:08:28 +0000] "GET /.env.vault HTTP/1.1" 301 0 "-" "Mozilla/5.0 (Macintosh; Intel Mac OS X 10_15_7) AppleWebKit/537.36 (KHTML, like Gecko) Chrome/131.0.0.0 Safari/537.36"
51.44.243.128 - - [17/Jul/2026:03:08:30 +0000] "GET /.env.vault HTTP/1.1" 404 35281 "-" "Mozilla/5.0 (Macintosh; Intel Mac OS X 10_15_7) AppleWebKit/537.36 (KHTML, like Gecko) Chrome/131.0.0.0 Safari/537.36"
51.44.243.128 - - [17/Jul/2026:03:08:33 +0000] "GET /.env.fly HTTP/1.1" 301 0 "-" "Mozilla/5.0 (Macintosh; Intel Mac OS X 10_15_7) AppleWebKit/537.36 (KHTML, like Gecko) Chrome/131.0.0.0 Safari/537.36"
51.44.243.128 - - [17/Jul/2026:03:08:35 +0000] "GET /.env.fly HTTP/1.1" 404 35281 "-" "Mozilla/5.0 (Macintosh; Intel Mac OS X 10_15_7) AppleWebKit/537.36 (KHTML, like Gecko) Chrome/131.0.0.0 Safari/537.36"
51.44.243.128 - - [17/Jul/2026:03:08:38 +0000] "GET /.env.railway HTTP/1.1" 301 0 "-" "Mozilla/5.0 (Macintosh; Intel Mac OS X 10_15_7) AppleWebKit/537.36 (KHTML, like Gecko) Chrome/131.0.0.0 Safari/537.36"
51.44.243.128 - - [17/Jul/2026:03:08:40 +0000] "GET /.env.railway HTTP/1.1" 404 35281 "-" "Mozilla/5.0 (Macintosh; Intel Mac OS X 10_15_7) AppleWebKit/537.36 (KHTML, like Gecko) Chrome/131.0.0.0 Safari/537.36"
51.44.243.128 - - [17/Jul/2026:03:08:43 +0000] "GET /.env.render HTTP/1.1" 301 0 "-" "Mozilla/5.0 (Macintosh; Intel Mac OS X 10_15_7) AppleWebKit/537.36 (KHTML, like Gecko) Chrome/131.0.0.0 Safari/537.36"
51.44.243.128 - - [17/Jul/2026:03:08:45 +0000] "GET /.env.render HTTP/1.1" 404 35281 "-" "Mozilla/5.0 (Macintosh; Intel Mac OS X 10_15_7) AppleWebKit/537.36 (KHTML, like Gecko) Chrome/131.0.0.0 Safari/537.36"
51.44.243.128 - - [17/Jul/2026:03:08:49 +0000] "GET /.env.vercel HTTP/1.1" 301 0 "-" "Mozilla/5.0 (Macintosh; Intel Mac OS X 10_15_7) AppleWebKit/537.36 (KHTML, like Gecko) Chrome/131.0.0.0 Safari/537.36"
51.44.243.128 - - [17/Jul/2026:03:08:51 +0000] "GET /.env.vercel HTTP/1.1" 404 35281 "-" "Mozilla/5.0 (Macintosh; Intel Mac OS X 10_15_7) AppleWebKit/537.36 (KHTML, like Gecko) Chrome/131.0.0.0 Safari/537.36"
51.44.243.128 - - [17/Jul/2026:03:08:56 +0000] "GET /.env.supabase HTTP/1.1" 301 0 "-" "Mozilla/5.0 (Macintosh; Intel Mac OS X 10_15_7) AppleWebKit/537.36 (KHTML, like Gecko) Chrome/131.0.0.0 Safari/537.36"
51.44.243.128 - - [17/Jul/2026:03:08:58 +0000] "GET /.env.supabase HTTP/1.1" 404 35281 "-" "Mozilla/5.0 (Macintosh; Intel Mac OS X 10_15_7) AppleWebKit/537.36 (KHTML, like Gecko) Chrome/131.0.0.0 Safari/537.36"
51.44.243.128 - - [17/Jul/2026:03:09:01 +0000] "GET /.env.neon HTTP/1.1" 301 0 "-" "Mozilla/5.0 (Macintosh; Intel Mac OS X 10_15_7) AppleWebKit/537.36 (KHTML, like Gecko) Chrome/131.0.0.0 Safari/537.36"
51.44.243.128 - - [17/Jul/2026:03:09:04 +0000] "GET /.env.neon HTTP/1.1" 404 35281 "-" "Mozilla/5.0 (Macintosh; Intel Mac OS X 10_15_7) AppleWebKit/537.36 (KHTML, like Gecko) Chrome/131.0.0.0 Safari/537.36"
51.44.243.128 - - [17/Jul/2026:03:09:07 +0000] "GET /phpinfo.php HTTP/1.1" 301 0 "-" "Mozilla/5.0 (Macintosh; Intel Mac OS X 10_15_7) AppleWebKit/537.36 (KHTML, like Gecko) Chrome/131.0.0.0 Safari/537.36"
51.44.243.128 - - [17/Jul/2026:03:09:10 +0000] "GET /phpinfo.php HTTP/1.1" 404 35281 "-" "Mozilla/5.0 (Macintosh; Intel Mac OS X 10_15_7) AppleWebKit/537.36 (KHTML, like Gecko) Chrome/131.0.0.0 Safari/537.36"
51.44.243.128 - - [17/Jul/2026:03:09:13 +0000] "GET /info.php HTTP/1.1" 301 0 "-" "Mozilla/5.0 (Macintosh; Intel Mac OS X 10_15_7) AppleWebKit/537.36 (KHTML, like Gecko) Chrome/131.0.0.0 Safari/537.36"
51.44.243.128 - - [17/Jul/2026:03:09:15 +0000] "GET /info.php HTTP/1.1" 404 35281 "-" "Mozilla/5.0 (Macintosh; Intel Mac OS X 10_15_7) AppleWebKit/537.36 (KHTML, like Gecko) Chrome/131.0.0.0 Safari/537.36"
51.44.243.128 - - [17/Jul/2026:03:09:21 +0000] "GET /php.php HTTP/1.1" 301 0 "-" "Mozilla/5.0 (Macintosh; Intel Mac OS X 10_15_7) AppleWebKit/537.36 (KHTML, like Gecko) Chrome/131.0.0.0 Safari/537.36"
51.44.243.128 - - [17/Jul/2026:03:09:23 +0000] "GET /php.php HTTP/1.1" 404 35281 "-" "Mozilla/5.0 (Macintosh; Intel Mac OS X 10_15_7) AppleWebKit/537.36 (KHTML, like Gecko) Chrome/131.0.0.0 Safari/537.36"
65.181.116.207 - - [17/Jul/2026:03:09:30 +0000] "POST /wp-cron.php?doing_wp_cron=1784257770.8059320449829101562500 HTTP/1.1" 200 0 "-" "WordPress/7.0.1; https://www.yassaw.com"
51.44.243.128 - - [17/Jul/2026:03:09:28 +0000] "GET /i.php HTTP/1.1" 301 0 "-" "Mozilla/5.0 (Macintosh; Intel Mac OS X 10_15_7) AppleWebKit/537.36 (KHTML, like Gecko) Chrome/131.0.0.0 Safari/537.36"
51.44.243.128 - - [17/Jul/2026:03:09:30 +0000] "GET /i.php HTTP/1.1" 404 35281 "-" "Mozilla/5.0 (Macintosh; Intel Mac OS X 10_15_7) AppleWebKit/537.36 (KHTML, like Gecko) Chrome/131.0.0.0 Safari/537.36"
51.44.243.128 - - [17/Jul/2026:03:09:34 +0000] "GET /pi.php HTTP/1.1" 301 0 "-" "Mozilla/5.0 (Macintosh; Intel Mac OS X 10_15_7) AppleWebKit/537.36 (KHTML, like Gecko) Chrome/131.0.0.0 Safari/537.36"
51.44.243.128 - - [17/Jul/2026:03:09:36 +0000] "GET /pi.php HTTP/1.1" 404 35281 "-" "Mozilla/5.0 (Macintosh; Intel Mac OS X 10_15_7) AppleWebKit/537.36 (KHTML, like Gecko) Chrome/131.0.0.0 Safari/537.36"
51.44.243.128 - - [17/Jul/2026:03:09:40 +0000] "GET /pinfo.php HTTP/1.1" 301 0 "-" "Mozilla/5.0 (Macintosh; Intel Mac OS X 10_15_7) AppleWebKit/537.36 (KHTML, like Gecko) Chrome/131.0.0.0 Safari/537.36"
51.44.243.128 - - [17/Jul/2026:03:09:42 +0000] "GET /pinfo.php HTTP/1.1" 404 35281 "-" "Mozilla/5.0 (Macintosh; Intel Mac OS X 10_15_7) AppleWebKit/537.36 (KHTML, like Gecko) Chrome/131.0.0.0 Safari/537.36"
51.44.243.128 - - [17/Jul/2026:03:09:46 +0000] "GET /test.php HTTP/1.1" 301 0 "-" "Mozilla/5.0 (Macintosh; Intel Mac OS X 10_15_7) AppleWebKit/537.36 (KHTML, like Gecko) Chrome/131.0.0.0 Safari/537.36"
168.144.174.85 - - [17/Jul/2026:03:09:48 +0000] "POST /wp-login.php HTTP/1.1" 200 6508 "-" "Mozilla/5.0"
51.44.243.128 - - [17/Jul/2026:03:09:48 +0000] "GET /test.php HTTP/1.1" 404 35281 "-" "Mozilla/5.0 (Macintosh; Intel Mac OS X 10_15_7) AppleWebKit/537.36 (KHTML, like Gecko) Chrome/131.0.0.0 Safari/537.36"
51.44.243.128 - - [17/Jul/2026:03:09:51 +0000] "GET /phpinfo HTTP/1.1" 301 0 "-" "Mozilla/5.0 (Macintosh; Intel Mac OS X 10_15_7) AppleWebKit/537.36 (KHTML, like Gecko) Chrome/131.0.0.0 Safari/537.36"
51.44.243.128 - - [17/Jul/2026:03:09:53 +0000] "GET /phpinfo HTTP/1.1" 404 35281 "-" "Mozilla/5.0 (Macintosh; Intel Mac OS X 10_15_7) AppleWebKit/537.36 (KHTML, like Gecko) Chrome/131.0.0.0 Safari/537.36"
51.44.243.128 - - [17/Jul/2026:03:09:57 +0000] "GET /p.php HTTP/1.1" 301 0 "-" "Mozilla/5.0 (Macintosh; Intel Mac OS X 10_15_7) AppleWebKit/537.36 (KHTML, like Gecko) Chrome/131.0.0.0 Safari/537.36"
51.44.243.128 - - [17/Jul/2026:03:09:58 +0000] "GET /p.php HTTP/1.1" 404 35281 "-" "Mozilla/5.0 (Macintosh; Intel Mac OS X 10_15_7) AppleWebKit/537.36 (KHTML, like Gecko) Chrome/131.0.0.0 Safari/537.36"
51.44.243.128 - - [17/Jul/2026:03:10:04 +0000] "GET /debug.php HTTP/1.1" 301 0 "-" "Mozilla/5.0 (Macintosh; Intel Mac OS X 10_15_7) AppleWebKit/537.36 (KHTML, like Gecko) Chrome/131.0.0.0 Safari/537.36"
51.44.243.128 - - [17/Jul/2026:03:10:07 +0000] "GET /debug.php HTTP/1.1" 404 35281 "-" "Mozilla/5.0 (Macintosh; Intel Mac OS X 10_15_7) AppleWebKit/537.36 (KHTML, like Gecko) Chrome/131.0.0.0 Safari/537.36"
51.44.243.128 - - [17/Jul/2026:03:10:13 +0000] "GET /admin/phpinfo.php HTTP/1.1" 301 0 "-" "Mozilla/5.0 (Macintosh; Intel Mac OS X 10_15_7) AppleWebKit/537.36 (KHTML, like Gecko) Chrome/131.0.0.0 Safari/537.36"
51.44.243.128 - - [17/Jul/2026:03:10:16 +0000] "GET /admin/phpinfo.php HTTP/1.1" 404 35281 "-" "Mozilla/5.0 (Macintosh; Intel Mac OS X 10_15_7) AppleWebKit/537.36 (KHTML, like Gecko) Chrome/131.0.0.0 Safari/537.36"
51.44.243.128 - - [17/Jul/2026:03:10:22 +0000] "GET /test/phpinfo.php HTTP/1.1" 301 0 "-" "Mozilla/5.0 (Macintosh; Intel Mac OS X 10_15_7) AppleWebKit/537.36 (KHTML, like Gecko) Chrome/131.0.0.0 Safari/537.36"
51.44.243.128 - - [17/Jul/2026:03:10:24 +0000] "GET /test/phpinfo.php HTTP/1.1" 404 35281 "-" "Mozilla/5.0 (Macintosh; Intel Mac OS X 10_15_7) AppleWebKit/537.36 (KHTML, like Gecko) Chrome/131.0.0.0 Safari/537.36"
65.181.116.207 - - [17/Jul/2026:03:10:30 +0000] "POST /wp-cron.php?doing_wp_cron=1784257830.7216389179229736328125 HTTP/1.1" 200 0 "-" "WordPress/7.0.1; https://www.yassaw.com"
51.44.243.128 - - [17/Jul/2026:03:10:28 +0000] "GET /dev/phpinfo.php HTTP/1.1" 301 0 "-" "Mozilla/5.0 (Macintosh; Intel Mac OS X 10_15_7) AppleWebKit/537.36 (KHTML, like Gecko) Chrome/131.0.0.0 Safari/537.36"
51.44.243.128 - - [17/Jul/2026:03:10:30 +0000] "GET /dev/phpinfo.php HTTP/1.1" 404 35281 "-" "Mozilla/5.0 (Macintosh; Intel Mac OS X 10_15_7) AppleWebKit/537.36 (KHTML, like Gecko) Chrome/131.0.0.0 Safari/537.36"
51.44.243.128 - - [17/Jul/2026:03:10:35 +0000] "GET /old/phpinfo.php HTTP/1.1" 301 0 "-" "Mozilla/5.0 (Macintosh; Intel Mac OS X 10_15_7) AppleWebKit/537.36 (KHTML, like Gecko) Chrome/131.0.0.0 Safari/537.36"
51.44.243.128 - - [17/Jul/2026:03:10:37 +0000] "GET /old/phpinfo.php HTTP/1.1" 404 35281 "-" "Mozilla/5.0 (Macintosh; Intel Mac OS X 10_15_7) AppleWebKit/537.36 (KHTML, like Gecko) Chrome/131.0.0.0 Safari/537.36"
51.44.243.128 - - [17/Jul/2026:03:10:42 +0000] "GET /tmp/phpinfo.php HTTP/1.1" 301 0 "-" "Mozilla/5.0 (Macintosh; Intel Mac OS X 10_15_7) AppleWebKit/537.36 (KHTML, like Gecko) Chrome/131.0.0.0 Safari/537.36"
51.44.243.128 - - [17/Jul/2026:03:10:45 +0000] "GET /tmp/phpinfo.php HTTP/1.1" 404 35281 "-" "Mozilla/5.0 (Macintosh; Intel Mac OS X 10_15_7) AppleWebKit/537.36 (KHTML, like Gecko) Chrome/131.0.0.0 Safari/537.36"
51.44.243.128 - - [17/Jul/2026:03:10:49 +0000] "GET /public/phpinfo.php HTTP/1.1" 301 0 "-" "Mozilla/5.0 (Macintosh; Intel Mac OS X 10_15_7) AppleWebKit/537.36 (KHTML, like Gecko) Chrome/131.0.0.0 Safari/537.36"
51.44.243.128 - - [17/Jul/2026:03:10:51 +0000] "GET /public/phpinfo.php HTTP/1.1" 404 35281 "-" "Mozilla/5.0 (Macintosh; Intel Mac OS X 10_15_7) AppleWebKit/537.36 (KHTML, like Gecko) Chrome/131.0.0.0 Safari/537.36"
51.44.243.128 - - [17/Jul/2026:03:10:55 +0000] "GET /info HTTP/1.1" 301 0 "-" "Mozilla/5.0 (Macintosh; Intel Mac OS X 10_15_7) AppleWebKit/537.36 (KHTML, like Gecko) Chrome/131.0.0.0 Safari/537.36"
51.44.243.128 - - [17/Jul/2026:03:10:57 +0000] "GET /info HTTP/1.1" 404 35281 "-" "Mozilla/5.0 (Macintosh; Intel Mac OS X 10_15_7) AppleWebKit/537.36 (KHTML, like Gecko) Chrome/131.0.0.0 Safari/537.36"
51.44.243.128 - - [17/Jul/2026:03:11:00 +0000] "GET /php-info.php HTTP/1.1" 301 0 "-" "Mozilla/5.0 (Macintosh; Intel Mac OS X 10_15_7) AppleWebKit/537.36 (KHTML, like Gecko) Chrome/131.0.0.0 Safari/537.36"
51.44.243.128 - - [17/Jul/2026:03:11:03 +0000] "GET /php-info.php HTTP/1.1" 404 35281 "-" "Mozilla/5.0 (Macintosh; Intel Mac OS X 10_15_7) AppleWebKit/537.36 (KHTML, like Gecko) Chrome/131.0.0.0 Safari/537.36"
51.44.243.128 - - [17/Jul/2026:03:11:06 +0000] "GET /phpversion.php HTTP/1.1" 301 0 "-" "Mozilla/5.0 (Macintosh; Intel Mac OS X 10_15_7) AppleWebKit/537.36 (KHTML, like Gecko) Chrome/131.0.0.0 Safari/537.36"
51.44.243.128 - - [17/Jul/2026:03:11:08 +0000] "GET /phpversion.php HTTP/1.1" 404 35281 "-" "Mozilla/5.0 (Macintosh; Intel Mac OS X 10_15_7) AppleWebKit/537.36 (KHTML, like Gecko) Chrome/131.0.0.0 Safari/537.36"
51.44.243.128 - - [17/Jul/2026:03:11:13 +0000] "GET /_phpinfo.php HTTP/1.1" 301 0 "-" "Mozilla/5.0 (Macintosh; Intel Mac OS X 10_15_7) AppleWebKit/537.36 (KHTML, like Gecko) Chrome/131.0.0.0 Safari/537.36"
51.44.243.128 - - [17/Jul/2026:03:11:15 +0000] "GET /_phpinfo.php HTTP/1.1" 404 35281 "-" "Mozilla/5.0 (Macintosh; Intel Mac OS X 10_15_7) AppleWebKit/537.36 (KHTML, like Gecko) Chrome/131.0.0.0 Safari/537.36"
51.44.243.128 - - [17/Jul/2026:03:11:20 +0000] "GET /old_phpinfo.php HTTP/1.1" 301 0 "-" "Mozilla/5.0 (Macintosh; Intel Mac OS X 10_15_7) AppleWebKit/537.36 (KHTML, like Gecko) Chrome/131.0.0.0 Safari/537.36"
51.44.243.128 - - [17/Jul/2026:03:11:22 +0000] "GET /old_phpinfo.php HTTP/1.1" 404 35281 "-" "Mozilla/5.0 (Macintosh; Intel Mac OS X 10_15_7) AppleWebKit/537.36 (KHTML, like Gecko) Chrome/131.0.0.0 Safari/537.36"
65.181.116.207 - - [17/Jul/2026:03:11:29 +0000] "POST /wp-cron.php?doing_wp_cron=1784257889.1625819206237792968750 HTTP/1.1" 200 0 "-" "WordPress/7.0.1; https://www.yassaw.com"
51.44.243.128 - - [17/Jul/2026:03:11:26 +0000] "GET /server-info.php HTTP/1.1" 301 0 "-" "Mozilla/5.0 (Macintosh; Intel Mac OS X 10_15_7) AppleWebKit/537.36 (KHTML, like Gecko) Chrome/131.0.0.0 Safari/537.36"
51.44.243.128 - - [17/Jul/2026:03:11:29 +0000] "GET /server-info.php HTTP/1.1" 404 35281 "-" "Mozilla/5.0 (Macintosh; Intel Mac OS X 10_15_7) AppleWebKit/537.36 (KHTML, like Gecko) Chrome/131.0.0.0 Safari/537.36"
51.44.243.128 - - [17/Jul/2026:03:11:32 +0000] "GET /server-status.php HTTP/1.1" 301 0 "-" "Mozilla/5.0 (Macintosh; Intel Mac OS X 10_15_7) AppleWebKit/537.36 (KHTML, like Gecko) Chrome/131.0.0.0 Safari/537.36"
51.44.243.128 - - [17/Jul/2026:03:11:34 +0000] "GET /server-status.php HTTP/1.1" 404 35281 "-" "Mozilla/5.0 (Macintosh; Intel Mac OS X 10_15_7) AppleWebKit/537.36 (KHTML, like Gecko) Chrome/131.0.0.0 Safari/537.36"
51.44.243.128 - - [17/Jul/2026:03:11:37 +0000] "GET /_profiler/phpinfo HTTP/1.1" 301 0 "-" "Mozilla/5.0 (Macintosh; Intel Mac OS X 10_15_7) AppleWebKit/537.36 (KHTML, like Gecko) Chrome/131.0.0.0 Safari/537.36"
51.44.243.128 - - [17/Jul/2026:03:11:40 +0000] "GET /_profiler/phpinfo HTTP/1.1" 404 35281 "-" "Mozilla/5.0 (Macintosh; Intel Mac OS X 10_15_7) AppleWebKit/537.36 (KHTML, like Gecko) Chrome/131.0.0.0 Safari/537.36"
51.44.243.128 - - [17/Jul/2026:03:11:43 +0000] "GET /_environment HTTP/1.1" 301 0 "-" "Mozilla/5.0 (Macintosh; Intel Mac OS X 10_15_7) AppleWebKit/537.36 (KHTML, like Gecko) Chrome/131.0.0.0 Safari/537.36"
51.44.243.128 - - [17/Jul/2026:03:11:46 +0000] "GET /_environment HTTP/1.1" 404 35281 "-" "Mozilla/5.0 (Macintosh; Intel Mac OS X 10_15_7) AppleWebKit/537.36 (KHTML, like Gecko) Chrome/131.0.0.0 Safari/537.36"
51.44.243.128 - - [17/Jul/2026:03:11:49 +0000] "GET /webroot/index.php/_environment HTTP/1.1" 301 0 "-" "Mozilla/5.0 (Macintosh; Intel Mac OS X 10_15_7) AppleWebKit/537.36 (KHTML, like Gecko) Chrome/131.0.0.0 Safari/537.36"
134.199.168.6 - - [17/Jul/2026:03:11:49 +0000] "POST /wp-login.php HTTP/1.1" 200 6508 "-" "Mozilla/5.0"
51.44.243.128 - - [17/Jul/2026:03:11:51 +0000] "GET /webroot/_environment HTTP/1.1" 404 35281 "-" "Mozilla/5.0 (Macintosh; Intel Mac OS X 10_15_7) AppleWebKit/537.36 (KHTML, like Gecko) Chrome/131.0.0.0 Safari/537.36"
51.44.243.128 - - [17/Jul/2026:03:11:54 +0000] "GET /mail/phpinfo.php HTTP/1.1" 301 0 "-" "Mozilla/5.0 (Macintosh; Intel Mac OS X 10_15_7) AppleWebKit/537.36 (KHTML, like Gecko) Chrome/131.0.0.0 Safari/537.36"
51.44.243.128 - - [17/Jul/2026:03:11:56 +0000] "GET /mail/phpinfo.php HTTP/1.1" 404 35281 "-" "Mozilla/5.0 (Macintosh; Intel Mac OS X 10_15_7) AppleWebKit/537.36 (KHTML, like Gecko) Chrome/131.0.0.0 Safari/537.36"
51.44.243.128 - - [17/Jul/2026:03:12:04 +0000] "GET /cpanel/phpinfo.php HTTP/1.1" 301 0 "-" "Mozilla/5.0 (Macintosh; Intel Mac OS X 10_15_7) AppleWebKit/537.36 (KHTML, like Gecko) Chrome/131.0.0.0 Safari/537.36"
51.44.243.128 - - [17/Jul/2026:03:12:06 +0000] "GET /cpanel/phpinfo.php HTTP/1.1" 404 35281 "-" "Mozilla/5.0 (Macintosh; Intel Mac OS X 10_15_7) AppleWebKit/537.36 (KHTML, like Gecko) Chrome/131.0.0.0 Safari/537.36"
51.44.243.128 - - [17/Jul/2026:03:12:10 +0000] "GET /hosting/phpinfo.php HTTP/1.1" 301 0 "-" "Mozilla/5.0 (Macintosh; Intel Mac OS X 10_15_7) AppleWebKit/537.36 (KHTML, like Gecko) Chrome/131.0.0.0 Safari/537.36"
51.44.243.128 - - [17/Jul/2026:03:12:13 +0000] "GET /hosting/phpinfo.php HTTP/1.1" 404 35281 "-" "Mozilla/5.0 (Macintosh; Intel Mac OS X 10_15_7) AppleWebKit/537.36 (KHTML, like Gecko) Chrome/131.0.0.0 Safari/537.36"
51.44.243.128 - - [17/Jul/2026:03:12:16 +0000] "GET /webmail/phpinfo.php HTTP/1.1" 200 13593 "-" "Mozilla/5.0 (Macintosh; Intel Mac OS X 10_15_7) AppleWebKit/537.36 (KHTML, like Gecko) Chrome/131.0.0.0 Safari/537.36"
51.44.243.128 - - [17/Jul/2026:03:12:17 +0000] "GET /smtp/phpinfo.php HTTP/1.1" 301 0 "-" "Mozilla/5.0 (Macintosh; Intel Mac OS X 10_15_7) AppleWebKit/537.36 (KHTML, like Gecko) Chrome/131.0.0.0 Safari/537.36"
51.44.243.128 - - [17/Jul/2026:03:12:18 +0000] "GET /smtp/phpinfo.php HTTP/1.1" 404 35281 "-" "Mozilla/5.0 (Macintosh; Intel Mac OS X 10_15_7) AppleWebKit/537.36 (KHTML, like Gecko) Chrome/131.0.0.0 Safari/537.36"
51.44.243.128 - - [17/Jul/2026:03:12:22 +0000] "GET /phpinfo.php.bak HTTP/1.1" 301 0 "-" "Mozilla/5.0 (Macintosh; Intel Mac OS X 10_15_7) AppleWebKit/537.36 (KHTML, like Gecko) Chrome/131.0.0.0 Safari/537.36"
51.44.243.128 - - [17/Jul/2026:03:12:24 +0000] "GET /phpinfo.php.bak HTTP/1.1" 404 35281 "-" "Mozilla/5.0 (Macintosh; Intel Mac OS X 10_15_7) AppleWebKit/537.36 (KHTML, like Gecko) Chrome/131.0.0.0 Safari/537.36"
51.44.243.128 - - [17/Jul/2026:03:12:28 +0000] "GET /phpinfo.php.old HTTP/1.1" 301 0 "-" "Mozilla/5.0 (Macintosh; Intel Mac OS X 10_15_7) AppleWebKit/537.36 (KHTML, like Gecko) Chrome/131.0.0.0 Safari/537.36"
51.44.243.128 - - [17/Jul/2026:03:12:32 +0000] "GET /phpinfo.php.old HTTP/1.1" 404 35281 "-" "Mozilla/5.0 (Macintosh; Intel Mac OS X 10_15_7) AppleWebKit/537.36 (KHTML, like Gecko) Chrome/131.0.0.0 Safari/537.36"
51.44.243.128 - - [17/Jul/2026:03:12:35 +0000] "GET /phpinfo.php~ HTTP/1.1" 301 0 "-" "Mozilla/5.0 (Macintosh; Intel Mac OS X 10_15_7) AppleWebKit/537.36 (KHTML, like Gecko) Chrome/131.0.0.0 Safari/537.36"
51.44.243.128 - - [17/Jul/2026:03:12:37 +0000] "GET /phpinfo.php~ HTTP/1.1" 404 35281 "-" "Mozilla/5.0 (Macintosh; Intel Mac OS X 10_15_7) AppleWebKit/537.36 (KHTML, like Gecko) Chrome/131.0.0.0 Safari/537.36"
51.44.243.128 - - [17/Jul/2026:03:12:40 +0000] "GET /info.php.bak HTTP/1.1" 301 0 "-" "Mozilla/5.0 (Macintosh; Intel Mac OS X 10_15_7) AppleWebKit/537.36 (KHTML, like Gecko) Chrome/131.0.0.0 Safari/537.36"
51.44.243.128 - - [17/Jul/2026:03:12:42 +0000] "GET /info.php.bak HTTP/1.1" 404 35281 "-" "Mozilla/5.0 (Macintosh; Intel Mac OS X 10_15_7) AppleWebKit/537.36 (KHTML, like Gecko) Chrome/131.0.0.0 Safari/537.36"
51.44.243.128 - - [17/Jul/2026:03:12:45 +0000] "GET /phpinfo.php.save HTTP/1.1" 301 0 "-" "Mozilla/5.0 (Macintosh; Intel Mac OS X 10_15_7) AppleWebKit/537.36 (KHTML, like Gecko) Chrome/131.0.0.0 Safari/537.36"
44.223.116.149 - - [17/Jul/2026:03:12:46 +0000] "GET / HTTP/1.1" 301 0 "-" "Mozilla/5.0 AppleWebKit/537.36 (KHTML, like Gecko; compatible; Amazonbot/0.1; +https://developer.amazon.com/support/amazonbot) Chrome/119.0.6045.214 Safari/537.36"
51.44.243.128 - - [17/Jul/2026:03:12:47 +0000] "GET /phpinfo.php.save HTTP/1.1" 404 35281 "-" "Mozilla/5.0 (Macintosh; Intel Mac OS X 10_15_7) AppleWebKit/537.36 (KHTML, like Gecko) Chrome/131.0.0.0 Safari/537.36"
52.7.33.248 - - [17/Jul/2026:03:12:48 +0000] "GET /robots.txt HTTP/1.1" 200 108 "-" "Mozilla/5.0 AppleWebKit/537.36 (KHTML, like Gecko; compatible; Amazonbot/0.1; +https://developer.amazon.com/support/amazonbot) Chrome/119.0.6045.214 Safari/537.36"
51.44.243.128 - - [17/Jul/2026:03:12:49 +0000] "GET /staging/phpinfo.php HTTP/1.1" 301 0 "-" "Mozilla/5.0 (Macintosh; Intel Mac OS X 10_15_7) AppleWebKit/537.36 (KHTML, like Gecko) Chrome/131.0.0.0 Safari/537.36"
51.44.243.128 - - [17/Jul/2026:03:12:50 +0000] "GET /staging/phpinfo.php HTTP/1.1" 404 34115 "-" "Mozilla/5.0 (Macintosh; Intel Mac OS X 10_15_7) AppleWebKit/537.36 (KHTML, like Gecko) Chrome/131.0.0.0 Safari/537.36"
3.210.29.96 - - [17/Jul/2026:03:12:50 +0000] "GET / HTTP/1.1" 200 43899 "-" "Mozilla/5.0 AppleWebKit/537.36 (KHTML, like Gecko; compatible; Amazonbot/0.1; +https://developer.amazon.com/support/amazonbot) Chrome/119.0.6045.214 Safari/537.36"
51.44.243.128 - - [17/Jul/2026:03:12:53 +0000] "GET /beta/phpinfo.php HTTP/1.1" 301 0 "-" "Mozilla/5.0 (Macintosh; Intel Mac OS X 10_15_7) AppleWebKit/537.36 (KHTML, like Gecko) Chrome/131.0.0.0 Safari/537.36"
107.20.224.184 - - [17/Jul/2026:03:12:57 +0000] "GET /wp-content/uploads/2025/10/e593f7c526.jpg HTTP/1.1" 200 353229 "-" "Mozilla/5.0 AppleWebKit/537.36 (KHTML, like Gecko; compatible; Amazonbot/0.1; +https://developer.amazon.com/support/amazonbot) Chrome/119.0.6045.214 Safari/537.36"
51.44.243.128 - - [17/Jul/2026:03:12:54 +0000] "GET /beta/phpinfo.php HTTP/1.1" 404 35281 "-" "Mozilla/5.0 (Macintosh; Intel Mac OS X 10_15_7) AppleWebKit/537.36 (KHTML, like Gecko) Chrome/131.0.0.0 Safari/537.36"
51.44.243.128 - - [17/Jul/2026:03:12:57 +0000] "GET /uat/phpinfo.php HTTP/1.1" 301 0 "-" "Mozilla/5.0 (Macintosh; Intel Mac OS X 10_15_7) AppleWebKit/537.36 (KHTML, like Gecko) Chrome/131.0.0.0 Safari/537.36"
34.234.206.30 - - [17/Jul/2026:03:13:01 +0000] "GET /wp-content/uploads/2025/10/2_Home_Online_Training-Testimonials_3.jpg HTTP/1.1" 200 11732 "-" "Mozilla/5.0 AppleWebKit/537.36 (KHTML, like Gecko; compatible; Amazonbot/0.1; +https://developer.amazon.com/support/amazonbot) Chrome/119.0.6045.214 Safari/537.36"
51.44.243.128 - - [17/Jul/2026:03:12:59 +0000] "GET /uat/phpinfo.php HTTP/1.1" 404 35281 "-" "Mozilla/5.0 (Macintosh; Intel Mac OS X 10_15_7) AppleWebKit/537.36 (KHTML, like Gecko) Chrome/131.0.0.0 Safari/537.36"
3.209.174.110 - - [17/Jul/2026:03:13:05 +0000] "GET /wp-content/uploads/2025/10/dd8c2280b5.jpg HTTP/1.1" 200 296203 "-" "Mozilla/5.0 AppleWebKit/537.36 (KHTML, like Gecko; compatible; Amazonbot/0.1; +https://developer.amazon.com/support/amazonbot) Chrome/119.0.6045.214 Safari/537.36"
51.44.243.128 - - [17/Jul/2026:03:13:04 +0000] "GET /qa/phpinfo.php HTTP/1.1" 301 0 "-" "Mozilla/5.0 (Macintosh; Intel Mac OS X 10_15_7) AppleWebKit/537.36 (KHTML, like Gecko) Chrome/131.0.0.0 Safari/537.36"
3.224.104.67 - - [17/Jul/2026:03:13:09 +0000] "GET /wp-content/uploads/2025/10/c17e121053.jpg HTTP/1.1" 200 448067 "-" "Mozilla/5.0 AppleWebKit/537.36 (KHTML, like Gecko; compatible; Amazonbot/0.1; +https://developer.amazon.com/support/amazonbot) Chrome/119.0.6045.214 Safari/537.36"
51.44.243.128 - - [17/Jul/2026:03:13:06 +0000] "GET /qa/phpinfo.php HTTP/1.1" 404 35281 "-" "Mozilla/5.0 (Macintosh; Intel Mac OS X 10_15_7) AppleWebKit/537.36 (KHTML, like Gecko) Chrome/131.0.0.0 Safari/537.36"
51.44.243.128 - - [17/Jul/2026:03:13:10 +0000] "GET /preview/phpinfo.php HTTP/1.1" 301 0 "-" "Mozilla/5.0 (Macintosh; Intel Mac OS X 10_15_7) AppleWebKit/537.36 (KHTML, like Gecko) Chrome/131.0.0.0 Safari/537.36"
34.231.118.144 - - [17/Jul/2026:03:13:13 +0000] "GET /wp-content/uploads/2025/10/2_Home_Online_Training-Testimonials_2.jpg HTTP/1.1" 200 9691 "-" "Mozilla/5.0 AppleWebKit/537.36 (KHTML, like Gecko; compatible; Amazonbot/0.1; +https://developer.amazon.com/support/amazonbot) Chrome/119.0.6045.214 Safari/537.36"
168.144.174.85 - - [17/Jul/2026:03:13:13 +0000] "POST /wp-login.php HTTP/1.1" 200 6508 "-" "Mozilla/5.0"
51.44.243.128 - - [17/Jul/2026:03:13:12 +0000] "GET /preview/phpinfo.php HTTP/1.1" 404 35281 "-" "Mozilla/5.0 (Macintosh; Intel Mac OS X 10_15_7) AppleWebKit/537.36 (KHTML, like Gecko) Chrome/131.0.0.0 Safari/537.36"
34.204.150.196 - - [17/Jul/2026:03:13:17 +0000] "GET /wp-content/uploads/2025/10/20d4ac8ff5.jpg HTTP/1.1" 200 277310 "-" "Mozilla/5.0 AppleWebKit/537.36 (KHTML, like Gecko; compatible; Amazonbot/0.1; +https://developer.amazon.com/support/amazonbot) Chrome/119.0.6045.214 Safari/537.36"
51.44.243.128 - - [17/Jul/2026:03:13:15 +0000] "GET /www/phpinfo.php HTTP/1.1" 301 0 "-" "Mozilla/5.0 (Macintosh; Intel Mac OS X 10_15_7) AppleWebKit/537.36 (KHTML, like Gecko) Chrome/131.0.0.0 Safari/537.36"
51.44.243.128 - - [17/Jul/2026:03:13:17 +0000] "GET /www/phpinfo.php HTTP/1.1" 404 35281 "-" "Mozilla/5.0 (Macintosh; Intel Mac OS X 10_15_7) AppleWebKit/537.36 (KHTML, like Gecko) Chrome/131.0.0.0 Safari/537.36"
51.44.243.128 - - [17/Jul/2026:03:13:19 +0000] "GET /htdocs/phpinfo.php HTTP/1.1" 301 0 "-" "Mozilla/5.0 (Macintosh; Intel Mac OS X 10_15_7) AppleWebKit/537.36 (KHTML, like Gecko) Chrome/131.0.0.0 Safari/537.36"
3.94.156.104 - - [17/Jul/2026:03:13:21 +0000] "GET /wp-content/uploads/2025/10/a1f79c793f.jpg HTTP/1.1" 200 451158 "-" "Mozilla/5.0 AppleWebKit/537.36 (KHTML, like Gecko; compatible; Amazonbot/0.1; +https://developer.amazon.com/support/amazonbot) Chrome/119.0.6045.214 Safari/537.36"
51.44.243.128 - - [17/Jul/2026:03:13:21 +0000] "GET /htdocs/phpinfo.php HTTP/1.1" 404 35281 "-" "Mozilla/5.0 (Macintosh; Intel Mac OS X 10_15_7) AppleWebKit/537.36 (KHTML, like Gecko) Chrome/131.0.0.0 Safari/537.36"
3.208.146.193 - - [17/Jul/2026:03:13:25 +0000] "GET /wp-content/uploads/2025/10/right-1-1024x908.webp HTTP/1.1" 200 95052 "-" "Mozilla/5.0 AppleWebKit/537.36 (KHTML, like Gecko; compatible; Amazonbot/0.1; +https://developer.amazon.com/support/amazonbot) Chrome/119.0.6045.214 Safari/537.36"
51.44.243.128 - - [17/Jul/2026:03:13:24 +0000] "GET /public_html/phpinfo.php HTTP/1.1" 301 0 "-" "Mozilla/5.0 (Macintosh; Intel Mac OS X 10_15_7) AppleWebKit/537.36 (KHTML, like Gecko) Chrome/131.0.0.0 Safari/537.36"
51.44.243.128 - - [17/Jul/2026:03:13:26 +0000] "GET /public_html/phpinfo.php HTTP/1.1" 404 35281 "-" "Mozilla/5.0 (Macintosh; Intel Mac OS X 10_15_7) AppleWebKit/537.36 (KHTML, like Gecko) Chrome/131.0.0.0 Safari/537.36"
34.206.249.188 - - [17/Jul/2026:03:13:29 +0000] "GET /wp-content/uploads/2025/10/Untitled-996-x-423-px-4.png HTTP/1.1" 200 23543 "-" "Mozilla/5.0 AppleWebKit/537.36 (KHTML, like Gecko; compatible; Amazonbot/0.1; +https://developer.amazon.com/support/amazonbot) Chrome/119.0.6045.214 Safari/537.36"
65.181.116.207 - - [17/Jul/2026:03:13:31 +0000] "POST /wp-cron.php?doing_wp_cron=1784258011.0116820335388183593750 HTTP/1.1" 200 0 "-" "WordPress/7.0.1; https://www.yassaw.com"
51.44.243.128 - - [17/Jul/2026:03:13:29 +0000] "GET /site/phpinfo.php HTTP/1.1" 301 0 "-" "Mozilla/5.0 (Macintosh; Intel Mac OS X 10_15_7) AppleWebKit/537.36 (KHTML, like Gecko) Chrome/131.0.0.0 Safari/537.36"
51.44.243.128 - - [17/Jul/2026:03:13:31 +0000] "GET /site/phpinfo.php HTTP/1.1" 404 35281 "-" "Mozilla/5.0 (Macintosh; Intel Mac OS X 10_15_7) AppleWebKit/537.36 (KHTML, like Gecko) Chrome/131.0.0.0 Safari/537.36"
51.44.243.128 - - [17/Jul/2026:03:13:33 +0000] "GET /docs/phpinfo.php HTTP/1.1" 301 0 "-" "Mozilla/5.0 (Macintosh; Intel Mac OS X 10_15_7) AppleWebKit/537.36 (KHTML, like Gecko) Chrome/131.0.0.0 Safari/537.36"
51.44.243.128 - - [17/Jul/2026:03:13:35 +0000] "GET /docs/phpinfo.php HTTP/1.1" 404 35281 "-" "Mozilla/5.0 (Macintosh; Intel Mac OS X 10_15_7) AppleWebKit/537.36 (KHTML, like Gecko) Chrome/131.0.0.0 Safari/537.36"
52.70.138.176 - - [17/Jul/2026:03:13:37 +0000] "GET /wp-content/uploads/2025/10/fc8c56a03d.jpg HTTP/1.1" 200 728666 "-" "Mozilla/5.0 AppleWebKit/537.36 (KHTML, like Gecko; compatible; Amazonbot/0.1; +https://developer.amazon.com/support/amazonbot) Chrome/119.0.6045.214 Safari/537.36"
