64.227.32.66 - - [17/Jul/2026:05:36:25 +0000] "POST /api/graphql HTTP/1.1" 404 0 "-" "Mozilla/5.0 (l9scan/2.0.3373e21373e21323e2430313; +https://leakix.net)"
159.65.18.197 - - [17/Jul/2026:05:36:26 +0000] "POST /graphql/api HTTP/1.1" 404 0 "-" "Mozilla/5.0 (l9scan/2.0.832323e2334313e27363e2237313; +https://leakix.net)"
207.154.212.47 - - [17/Jul/2026:05:36:26 +0000] "POST /graphql/api HTTP/1.1" 404 0 "-" "Mozilla/5.0 (l9scan/2.0.3373e21373e21323e2430313; +https://leakix.net)"
159.65.18.197 - - [17/Jul/2026:05:36:29 +0000] "POST /api/gql HTTP/1.1" 404 0 "-" "Mozilla/5.0 (l9scan/2.0.832323e2334313e27363e2237313; +https://leakix.net)"
207.154.212.47 - - [17/Jul/2026:05:36:29 +0000] "POST /api/gql HTTP/1.1" 404 0 "-" "Mozilla/5.0 (l9scan/2.0.3373e21373e21323e2430313; +https://leakix.net)"
64.227.32.66 - - [17/Jul/2026:05:36:28 +0000] "POST /graphql/api HTTP/1.1" 404 0 "-" "Mozilla/5.0 (l9scan/2.0.3373e21373e21323e2430313; +https://leakix.net)"
64.227.32.66 - - [17/Jul/2026:05:36:31 +0000] "POST /api/gql HTTP/1.1" 404 0 "-" "Mozilla/5.0 (l9scan/2.0.3373e21373e21323e2430313; +https://leakix.net)"
159.65.18.197 - - [17/Jul/2026:05:36:32 +0000] "GET /s/832323e2334313e27363e2237313/_/;/META-INF/maven/com.atlassian.jira/jira-webapp-dist/pom.properties HTTP/1.1" 301 0 "-" "Mozilla/5.0 (l9scan/2.0.832323e2334313e27363e2237313; +https://leakix.net)"
207.154.212.47 - - [17/Jul/2026:05:36:32 +0000] "GET /s/3373e21373e21323e2430313/_/;/META-INF/maven/com.atlassian.jira/jira-webapp-dist/pom.properties HTTP/1.1" 301 0 "-" "Mozilla/5.0 (l9scan/2.0.3373e21373e21323e2430313; +https://leakix.net)"
64.227.32.66 - - [17/Jul/2026:05:36:34 +0000] "GET /s/3373e21373e21323e2430313/_/;/META-INF/maven/com.atlassian.jira/jira-webapp-dist/pom.properties HTTP/1.1" 404 0 "-" "Mozilla/5.0 (l9scan/2.0.3373e21373e21323e2430313; +https://leakix.net)"
159.65.18.197 - - [17/Jul/2026:05:36:35 +0000] "GET /config.json HTTP/1.1" 301 0 "-" "Mozilla/5.0 (l9scan/2.0.832323e2334313e27363e2237313; +https://leakix.net)"
207.154.212.47 - - [17/Jul/2026:05:36:35 +0000] "GET /config.json HTTP/1.1" 301 0 "-" "Mozilla/5.0 (l9scan/2.0.3373e21373e21323e2430313; +https://leakix.net)"
64.227.32.66 - - [17/Jul/2026:05:36:37 +0000] "GET /config.json HTTP/1.1" 404 0 "-" "Mozilla/5.0 (l9scan/2.0.3373e21373e21323e2430313; +https://leakix.net)"
207.154.212.47 - - [17/Jul/2026:05:36:38 +0000] "GET /telescope/requests HTTP/1.1" 301 0 "-" "Mozilla/5.0 (l9scan/2.0.3373e21373e21323e2430313; +https://leakix.net)"
159.65.18.197 - - [17/Jul/2026:05:36:38 +0000] "GET /telescope/requests HTTP/1.1" 301 0 "-" "Mozilla/5.0 (l9scan/2.0.832323e2334313e27363e2237313; +https://leakix.net)"
159.65.18.197 - - [17/Jul/2026:05:36:41 +0000] "GET /info.php HTTP/1.1" 301 0 "-" "Mozilla/5.0 (l9scan/2.0.832323e2334313e27363e2237313; +https://leakix.net)"
64.227.32.66 - - [17/Jul/2026:05:36:40 +0000] "GET /telescope/requests HTTP/1.1" 404 0 "-" "Mozilla/5.0 (l9scan/2.0.3373e21373e21323e2430313; +https://leakix.net)"
64.227.32.66 - - [17/Jul/2026:05:36:43 +0000] "GET /info.php HTTP/1.1" 404 0 "-" "Mozilla/5.0 (l9scan/2.0.3373e21373e21323e2430313; +https://leakix.net)"
207.154.212.47 - - [17/Jul/2026:05:36:41 +0000] "GET /info.php HTTP/1.1" 301 0 "-" "Mozilla/5.0 (l9scan/2.0.3373e21373e21323e2430313; +https://leakix.net)"
159.65.18.197 - - [17/Jul/2026:05:36:44 +0000] "GET /.well-known/security.txt HTTP/1.1" 301 0 "-" "Mozilla/5.0 (l9scan/2.0.832323e2334313e27363e2237313; +https://leakix.net)"
207.154.212.47 - - [17/Jul/2026:05:36:44 +0000] "GET /.well-known/security.txt HTTP/1.1" 301 0 "-" "Mozilla/5.0 (l9scan/2.0.3373e21373e21323e2430313; +https://leakix.net)"
64.227.32.66 - - [17/Jul/2026:05:36:46 +0000] "GET /.well-known/security.txt HTTP/1.1" 404 0 "-" "Mozilla/5.0 (l9scan/2.0.3373e21373e21323e2430313; +https://leakix.net)"
207.154.212.47 - - [17/Jul/2026:05:36:47 +0000] "GET /actuator/env HTTP/1.1" 301 0 "-" "Mozilla/5.0 (l9scan/2.0.3373e21373e21323e2430313; +https://leakix.net)"
64.227.32.66 - - [17/Jul/2026:05:36:48 +0000] "GET /actuator/env HTTP/1.1" 404 0 "-" "Mozilla/5.0 (l9scan/2.0.3373e21373e21323e2430313; +https://leakix.net)"
159.65.18.197 - - [17/Jul/2026:05:36:47 +0000] "GET /actuator/env HTTP/1.1" 301 0 "-" "Mozilla/5.0 (l9scan/2.0.832323e2334313e27363e2237313; +https://leakix.net)"
207.154.212.47 - - [17/Jul/2026:05:36:50 +0000] "GET /trace.axd HTTP/1.1" 301 0 "-" "Mozilla/5.0 (l9scan/2.0.3373e21373e21323e2430313; +https://leakix.net)"
64.227.32.66 - - [17/Jul/2026:05:36:52 +0000] "GET /trace.axd HTTP/1.1" 404 0 "-" "Mozilla/5.0 (l9scan/2.0.3373e21373e21323e2430313; +https://leakix.net)"
159.65.18.197 - - [17/Jul/2026:05:36:50 +0000] "GET /trace.axd HTTP/1.1" 301 0 "-" "Mozilla/5.0 (l9scan/2.0.832323e2334313e27363e2237313; +https://leakix.net)"
207.154.212.47 - - [17/Jul/2026:05:36:53 +0000] "GET /@vite/env HTTP/1.1" 301 0 "-" "Mozilla/5.0 (l9scan/2.0.3373e21373e21323e2430313; +https://leakix.net)"
159.65.18.197 - - [17/Jul/2026:05:36:53 +0000] "GET /@vite/env HTTP/1.1" 301 0 "-" "Mozilla/5.0 (l9scan/2.0.832323e2334313e27363e2237313; +https://leakix.net)"
64.227.32.66 - - [17/Jul/2026:05:36:55 +0000] "GET /@vite/env HTTP/1.1" 404 0 "-" "Mozilla/5.0 (l9scan/2.0.3373e21373e21323e2430313; +https://leakix.net)"
159.65.18.197 - - [17/Jul/2026:05:36:56 +0000] "GET /.vscode/sftp.json HTTP/1.1" 301 0 "-" "Mozilla/5.0 (l9scan/2.0.832323e2334313e27363e2237313; +https://leakix.net)"
207.154.212.47 - - [17/Jul/2026:05:36:56 +0000] "GET /.vscode/sftp.json HTTP/1.1" 301 0 "-" "Mozilla/5.0 (l9scan/2.0.3373e21373e21323e2430313; +https://leakix.net)"
64.227.32.66 - - [17/Jul/2026:05:36:58 +0000] "GET /.vscode/sftp.json HTTP/1.1" 404 0 "-" "Mozilla/5.0 (l9scan/2.0.3373e21373e21323e2430313; +https://leakix.net)"
159.65.18.197 - - [17/Jul/2026:05:37:02 +0000] "GET /?rest_route=/wp/v2/users/ HTTP/1.1" 200 22 "-" "Mozilla/5.0 (l9scan/2.0.832323e2334313e27363e2237313; +https://leakix.net)"
207.154.212.47 - - [17/Jul/2026:05:36:59 +0000] "OPTIONS / HTTP/1.1" 200 31397 "-" "Mozilla/5.0 (l9scan/2.0.3373e21373e21323e2430313; +https://leakix.net)"
64.227.32.66 - - [17/Jul/2026:05:37:01 +0000] "OPTIONS / HTTP/1.1" 200 31397 "-" "Mozilla/5.0 (l9scan/2.0.3373e21373e21323e2430313; +https://leakix.net)"
159.65.18.197 - - [17/Jul/2026:05:36:59 +0000] "OPTIONS / HTTP/1.1" 200 31397 "-" "Mozilla/5.0 (l9scan/2.0.832323e2334313e27363e2237313; +https://leakix.net)"
64.227.32.66 - - [17/Jul/2026:05:37:04 +0000] "GET /?rest_route=/wp/v2/users/ HTTP/1.1" 200 22 "-" "Mozilla/5.0 (l9scan/2.0.3373e21373e21323e2430313; +https://leakix.net)"
207.154.212.47 - - [17/Jul/2026:05:37:02 +0000] "GET /?rest_route=/wp/v2/users/ HTTP/1.1" 200 22 "-" "Mozilla/5.0 (l9scan/2.0.3373e21373e21323e2430313; +https://leakix.net)"
159.65.18.197 - - [17/Jul/2026:05:37:05 +0000] "GET /debug/default/view?panel=config HTTP/1.1" 301 0 "-" "Mozilla/5.0 (l9scan/2.0.832323e2334313e27363e2237313; +https://leakix.net)"
207.154.212.47 - - [17/Jul/2026:05:37:05 +0000] "GET /debug/default/view?panel=config HTTP/1.1" 301 0 "-" "Mozilla/5.0 (l9scan/2.0.3373e21373e21323e2430313; +https://leakix.net)"
64.227.32.66 - - [17/Jul/2026:05:37:07 +0000] "GET /debug/default/view?panel=config HTTP/1.1" 404 0 "-" "Mozilla/5.0 (l9scan/2.0.3373e21373e21323e2430313; +https://leakix.net)"
65.181.116.207 - - [17/Jul/2026:05:37:21 +0000] "POST /wp-cron.php?doing_wp_cron=1784266641.6780490875244140625000 HTTP/1.1" 200 0 "-" "WordPress/7.0.1; https://www.quick-iptv4k.com"
65.181.116.207 - - [17/Jul/2026:05:37:22 +0000] "POST /wp-cron.php?doing_wp_cron=1784266642.6923310756683349609375 HTTP/1.1" 200 0 "-" "WordPress/7.0.1; https://www.quick-iptv4k.com"
65.181.116.207 - - [17/Jul/2026:05:37:24 +0000] "POST /wp-cron.php?doing_wp_cron=1784266643.8012149333953857421875 HTTP/1.1" 200 0 "-" "WordPress/7.0.1; https://www.quick-iptv4k.com"
65.181.116.207 - - [17/Jul/2026:05:38:24 +0000] "POST /wp-cron.php?doing_wp_cron=1784266704.4542059898376464843750 HTTP/1.1" 200 0 "-" "WordPress/7.0.1; https://www.quick-iptv4k.com"
65.181.116.207 - - [17/Jul/2026:05:38:24 +0000] "POST /wp-cron.php?doing_wp_cron=1784266704.3398590087890625000000 HTTP/1.1" 200 0 "-" "WordPress/7.0.1; https://www.quick-iptv4k.com"
65.181.116.207 - - [17/Jul/2026:05:38:26 +0000] "POST /wp-cron.php?doing_wp_cron=1784266706.7639560699462890625000 HTTP/1.1" 200 0 "-" "WordPress/7.0.1; https://www.quick-iptv4k.com"
65.181.116.207 - - [17/Jul/2026:05:38:26 +0000] "POST /wp-cron.php?doing_wp_cron=1784266706.6932160854339599609375 HTTP/1.1" 200 0 "-" "WordPress/7.0.1; https://www.quick-iptv4k.com"
43.157.53.115 - - [17/Jul/2026:05:51:55 +0000] "GET / HTTP/1.1" 301 0 "-" "Mozilla/5.0 (iPhone; CPU iPhone OS 13_2_3 like Mac OS X) AppleWebKit/605.1.15 (KHTML, like Gecko) Version/13.0.3 Mobile/15E148 Safari/604.1"
74.7.244.3 - - [17/Jul/2026:05:56:33 +0000] "GET /robots.txt HTTP/1.1" 304 0 "-" "Mozilla/5.0 (Macintosh; Intel Mac OS X 10_15_7) AppleWebKit/537.36 (KHTML, like Gecko) Chrome/131.0.0.0 Safari/537.36; compatible; OAI-SearchBot/1.4; robots.txt; +https://openai.com/searchbot"
74.7.242.40 - - [17/Jul/2026:05:56:36 +0000] "GET /sitemap24.xml HTTP/1.1" 200 47858 "-" "Mozilla/5.0 AppleWebKit/537.36 (KHTML, like Gecko; compatible; GPTBot/1.4; +https://openai.com/gptbot)"
104.164.14.196 - - [17/Jul/2026:06:05:09 +0000] "GET /wpx.php HTTP/1.1" 200 1678 "-" "Mozilla/5.0 (compatible; Baiduspider/2.0; +http://www.baidu.com/search/spider.html)"
206.189.39.47 - - [17/Jul/2026:08:07:45 +0000] "GET /license.txt HTTP/1.1" 200 7276 "-" "python-requests/2.27.1"
206.189.39.47 - - [17/Jul/2026:08:07:58 +0000] "GET /license.txt HTTP/1.1" 200 7276 "-" "python-requests/2.27.1"
206.189.39.47 - - [17/Jul/2026:08:08:00 +0000] "GET /license.txt HTTP/1.1" 200 7276 "-" "python-requests/2.27.1"
2.58.56.112 - - [17/Jul/2026:08:30:27 +0000] "GET /wp-content/plugins/fix/up.php HTTP/1.1" 200 0 "-" "Mozilla/5.0 (Windows NT 10.0; Win64; x64) AppleWebKit/537.36 (KHTML, like Gecko) Chrome/85.0.4183.102 Safari/537.36"
2.58.56.112 - - [17/Jul/2026:08:30:27 +0000] "GET /wp-content/themes/seotheme/db.php?u HTTP/1.1" 200 0 "www.google.com" "Mozlila/5.0 (Linux; Android 7.0; SM-G892A Bulid/NRD90M; wv) AppleWebKit/537.36 (KHTML, like Gecko) Version/4.0 Chrome/60.0.3112.107 Moblie Safari/537.36"
2.58.56.112 - - [17/Jul/2026:08:30:27 +0000] "POST /ALFA_DATA/alfacgiapi/perl.alfa HTTP/1.1" 404 0 "www.google.com" "Mozlila/5.0 (Linux; Android 7.0; SM-G892A Bulid/NRD90M; wv) AppleWebKit/537.36 (KHTML, like Gecko) Version/4.0 Chrome/60.0.3112.107 Moblie Safari/537.36"
2.58.56.112 - - [17/Jul/2026:08:30:27 +0000] "POST /wp-plain.php HTTP/1.1" 404 0 "www.google.com" "Mozilla/5.0 (Linux; Android 7.0; SM-G892A Bulid/NRD90M; wv) AppleWebKit/537.36 (KHTML, like Gecko) Version/4.0 Chrome/60.0.3112.107 Moblie Safari/537.36"
2.58.56.112 - - [17/Jul/2026:08:30:27 +0000] "GET / HTTP/1.1" 301 0 "-" "Mozlila/5.0 (Linux; Android 7.0; SM-G892A Bulid/NRD90M; wv) AppleWebKit/537.36 (KHTML, like Gecko) Version/4.0 Chrome/60.0.3112.107 Moblie Safari/537.36"
2.58.56.112 - - [17/Jul/2026:08:30:29 +0000] "GET /pwwuhkga.php?Fox=d3wL7 HTTP/1.1" 200 480 "www.google.com" "Mozilla/5.0 (Linux; Android 7.0; SM-G892A Bulid/NRD90M; wv) AppleWebKit/537.36 (KHTML, like Gecko) Version/4.0 Chrome/60.0.3112.107 Moblie Safari/537.36"
2.58.56.112 - - [17/Jul/2026:08:30:29 +0000] "POST /alfacgiapi/perl.alfa HTTP/1.1" 404 0 "www.google.com" "Mozlila/5.0 (Linux; Android 7.0; SM-G892A Bulid/NRD90M; wv) AppleWebKit/537.36 (KHTML, like Gecko) Version/4.0 Chrome/60.0.3112.107 Moblie Safari/537.36"
220.167.233.61 - - [17/Jul/2026:08:51:41 +0000] "GET / HTTP/1.1" 301 0 "-" "Mozilla/5.0 (Windows NT 10.0; Win64; x64) Chrome/120.0.0.0"
106.117.109.7 - - [17/Jul/2026:08:52:13 +0000] "GET /favicon.ico HTTP/1.1" 404 1251 "-" "Mozilla/5.0 (Windows NT 10.0; Win64; x64) Chrome/120.0.0.0"
106.117.109.7 - - [17/Jul/2026:08:52:14 +0000] "GET / HTTP/1.1" 301 0 "-" "Mozilla/5.0 (Windows NT 10.0; Win64; x64) Chrome/120.0.0.0"
106.117.109.7 - - [17/Jul/2026:08:52:26 +0000] "GET / HTTP/1.1" 301 0 "-" "Mozilla/5.0 (Windows NT 10.0; Win64; x64) Chrome/120.0.0.0"
106.117.109.7 - - [17/Jul/2026:08:52:33 +0000] "GET /Alvin9999/https/fanfan1.net/daohang/ HTTP/1.1" 404 0 "-" "Mozilla/5.0 (Windows NT 10.0; Win64; x64) Chrome/120.0.0.0"
106.117.109.7 - - [17/Jul/2026:08:52:35 +0000] "GET /officialsite HTTP/1.1" 404 0 "-" "Mozilla/5.0 (Windows NT 10.0; Win64; x64) Chrome/120.0.0.0"
106.117.109.7 - - [17/Jul/2026:08:52:37 +0000] "GET / HTTP/1.1" 301 0 "-" "Mozilla/5.0 (Windows NT 10.0; Win64; x64) Chrome/120.0.0.0"
106.117.109.7 - - [17/Jul/2026:08:52:43 +0000] "GET /assets/fire_admin/images/logo.png HTTP/1.1" 404 0 "-" "Mozilla/5.0 (Windows NT 10.0; Win64; x64) Chrome/120.0.0.0"
106.117.109.7 - - [17/Jul/2026:08:52:45 +0000] "GET /assets/images/logo-cn-vpnweb.png HTTP/1.1" 404 0 "-" "Mozilla/5.0 (Windows NT 10.0; Win64; x64) Chrome/120.0.0.0"
106.117.109.7 - - [17/Jul/2026:08:52:48 +0000] "GET /assets/index/kuailian/image/favicon.ico HTTP/1.1" 404 0 "-" "Mozilla/5.0 (Windows NT 10.0; Win64; x64) Chrome/120.0.0.0"
106.117.109.7 - - [17/Jul/2026:08:52:51 +0000] "GET /details/images/favicon.ico HTTP/1.1" 404 0 "-" "Mozilla/5.0 (Windows NT 10.0; Win64; x64) Chrome/120.0.0.0"
106.117.109.7 - - [17/Jul/2026:08:52:53 +0000] "GET /favicon.ico HTTP/1.1" 404 1251 "-" "Mozilla/5.0 (Windows NT 10.0; Win64; x64) Chrome/120.0.0.0"
65.181.116.207 - - [17/Jul/2026:08:52:56 +0000] "POST /wp-cron.php?doing_wp_cron=1784278376.5162470340728759765625 HTTP/1.1" 200 0 "-" "WordPress/7.0.1; https://www.quick-iptv4k.com"
106.117.109.7 - - [17/Jul/2026:08:52:54 +0000] "GET /images/favicon-196x196.png HTTP/1.1" 404 0 "-" "Mozilla/5.0 (Windows NT 10.0; Win64; x64) Chrome/120.0.0.0"
106.117.109.7 - - [17/Jul/2026:08:52:57 +0000] "GET /img/logo_512.png HTTP/1.1" 404 0 "-" "Mozilla/5.0 (Windows NT 10.0; Win64; x64) Chrome/120.0.0.0"
106.117.109.7 - - [17/Jul/2026:08:53:00 +0000] "GET /imgs/logox.png HTTP/1.1" 404 0 "-" "Mozilla/5.0 (Windows NT 10.0; Win64; x64) Chrome/120.0.0.0"
106.117.109.7 - - [17/Jul/2026:08:53:02 +0000] "GET /static/icon/bjch.png HTTP/1.1" 404 0 "-" "Mozilla/5.0 (Windows NT 10.0; Win64; x64) Chrome/120.0.0.0"
106.117.109.7 - - [17/Jul/2026:08:53:04 +0000] "GET /theme/Bob-Theme-Argon/favicon.ico HTTP/1.1" 404 0 "-" "Mozilla/5.0 (Windows NT 10.0; Win64; x64) Chrome/120.0.0.0"
106.117.109.7 - - [17/Jul/2026:08:53:06 +0000] "GET /themes/custom/ahaspeed/favicon.ico HTTP/1.1" 404 0 "-" "Mozilla/5.0 (Windows NT 10.0; Win64; x64) Chrome/120.0.0.0"
106.117.109.7 - - [17/Jul/2026:08:53:08 +0000] "GET /favicon.png HTTP/1.1" 404 0 "-" "Mozilla/5.0 (Windows NT 10.0; Win64; x64) Chrome/120.0.0.0"
106.117.109.7 - - [17/Jul/2026:08:53:11 +0000] "GET /favicon.ico.png HTTP/1.1" 404 0 "-" "Mozilla/5.0 (Windows NT 10.0; Win64; x64) Chrome/120.0.0.0"
72.13.62.2 - - [17/Jul/2026:08:58:42 +0000] "GET /robots.txt HTTP/1.1" 200 170 "-" "Mozilla/5.0 (compatible; ips-agent)"
72.13.62.2 - - [17/Jul/2026:08:58:43 +0000] "GET / HTTP/1.1" 301 0 "-" "Mozilla/5.0 (compatible; ips-agent)"
111.113.89.194 - - [17/Jul/2026:08:59:07 +0000] "GET / HTTP/1.1" 301 0 "-" "Mozilla/5.0 (Windows NT 10.0; Win64; x64) Chrome/120.0.0.0"
124.117.194.27 - - [17/Jul/2026:08:59:48 +0000] "GET /favicon.ico HTTP/1.1" 404 1251 "-" "Mozilla/5.0 (Windows NT 10.0; Win64; x64) Chrome/120.0.0.0"
124.117.194.27 - - [17/Jul/2026:08:59:49 +0000] "GET / HTTP/1.1" 301 0 "-" "Mozilla/5.0 (Windows NT 10.0; Win64; x64) Chrome/120.0.0.0"
220.167.232.158 - - [17/Jul/2026:09:01:03 +0000] "GET / HTTP/1.1" 301 0 "-" "Mozilla/5.0 (Windows NT 10.0; Win64; x64) Chrome/120.0.0.0"
101.68.46.242 - - [17/Jul/2026:09:01:24 +0000] "GET /Alvin9999/https/fanfan1.net/daohang/ HTTP/1.1" 301 0 "-" "Mozilla/5.0 (Windows NT 10.0; Win64; x64) Chrome/120.0.0.0"
60.166.82.183 - - [17/Jul/2026:09:01:39 +0000] "GET /Alvin9999/https/fanfan1.net/daohang/ HTTP/1.1" 404 0 "-" "Mozilla/5.0 (Windows NT 10.0; Win64; x64) Chrome/120.0.0.0"
220.167.232.234 - - [17/Jul/2026:09:01:58 +0000] "GET /officialsite HTTP/1.1" 301 0 "-" "Mozilla/5.0 (Windows NT 10.0; Win64; x64) Chrome/120.0.0.0"
180.111.30.231 - - [17/Jul/2026:09:02:21 +0000] "GET /officialsite HTTP/1.1" 404 0 "-" "Mozilla/5.0 (Windows NT 10.0; Win64; x64) Chrome/120.0.0.0"
221.13.86.101 - - [17/Jul/2026:09:02:49 +0000] "GET / HTTP/1.1" 301 0 "-" "Mozilla/5.0 (Windows NT 10.0; Win64; x64) Chrome/120.0.0.0"
122.96.28.230 - - [17/Jul/2026:09:03:19 +0000] "GET /assets/fire_admin/images/logo.png HTTP/1.1" 301 0 "-" "Mozilla/5.0 (Windows NT 10.0; Win64; x64) Chrome/120.0.0.0"
220.197.85.150 - - [17/Jul/2026:09:03:29 +0000] "GET /assets/fire_admin/images/logo.png HTTP/1.1" 404 0 "-" "Mozilla/5.0 (Windows NT 10.0; Win64; x64) Chrome/120.0.0.0"
122.96.28.230 - - [17/Jul/2026:09:03:30 +0000] "GET /assets/images/logo-cn-vpnweb.png HTTP/1.1" 301 0 "-" "Mozilla/5.0 (Windows NT 10.0; Win64; x64) Chrome/120.0.0.0"
220.197.85.150 - - [17/Jul/2026:09:03:33 +0000] "GET /assets/images/logo-cn-vpnweb.png HTTP/1.1" 404 0 "-" "Mozilla/5.0 (Windows NT 10.0; Win64; x64) Chrome/120.0.0.0"
122.96.28.230 - - [17/Jul/2026:09:03:34 +0000] "GET /assets/index/kuailian/image/favicon.ico HTTP/1.1" 301 0 "-" "Mozilla/5.0 (Windows NT 10.0; Win64; x64) Chrome/120.0.0.0"
220.197.85.150 - - [17/Jul/2026:09:03:36 +0000] "GET /assets/index/kuailian/image/favicon.ico HTTP/1.1" 404 0 "-" "Mozilla/5.0 (Windows NT 10.0; Win64; x64) Chrome/120.0.0.0"
122.96.28.230 - - [17/Jul/2026:09:03:38 +0000] "GET /details/images/favicon.ico HTTP/1.1" 301 0 "-" "Mozilla/5.0 (Windows NT 10.0; Win64; x64) Chrome/120.0.0.0"
220.197.85.150 - - [17/Jul/2026:09:03:40 +0000] "GET /details/images/favicon.ico HTTP/1.1" 404 0 "-" "Mozilla/5.0 (Windows NT 10.0; Win64; x64) Chrome/120.0.0.0"
122.96.28.230 - - [17/Jul/2026:09:03:42 +0000] "GET /favicon.ico HTTP/1.1" 404 1251 "-" "Mozilla/5.0 (Windows NT 10.0; Win64; x64) Chrome/120.0.0.0"
122.96.28.230 - - [17/Jul/2026:09:03:43 +0000] "GET /images/favicon-196x196.png HTTP/1.1" 301 0 "-" "Mozilla/5.0 (Windows NT 10.0; Win64; x64) Chrome/120.0.0.0"
220.197.85.150 - - [17/Jul/2026:09:03:44 +0000] "GET /images/favicon-196x196.png HTTP/1.1" 404 0 "-" "Mozilla/5.0 (Windows NT 10.0; Win64; x64) Chrome/120.0.0.0"
122.96.28.230 - - [17/Jul/2026:09:03:47 +0000] "GET /img/logo_512.png HTTP/1.1" 301 0 "-" "Mozilla/5.0 (Windows NT 10.0; Win64; x64) Chrome/120.0.0.0"
220.197.85.150 - - [17/Jul/2026:09:03:49 +0000] "GET /img/logo_512.png HTTP/1.1" 404 0 "-" "Mozilla/5.0 (Windows NT 10.0; Win64; x64) Chrome/120.0.0.0"
122.96.28.230 - - [17/Jul/2026:09:03:51 +0000] "GET /imgs/logox.png HTTP/1.1" 301 0 "-" "Mozilla/5.0 (Windows NT 10.0; Win64; x64) Chrome/120.0.0.0"
220.197.85.150 - - [17/Jul/2026:09:03:53 +0000] "GET /imgs/logox.png HTTP/1.1" 404 0 "-" "Mozilla/5.0 (Windows NT 10.0; Win64; x64) Chrome/120.0.0.0"
122.96.28.230 - - [17/Jul/2026:09:03:55 +0000] "GET /static/icon/bjch.png HTTP/1.1" 301 0 "-" "Mozilla/5.0 (Windows NT 10.0; Win64; x64) Chrome/120.0.0.0"
220.197.85.150 - - [17/Jul/2026:09:03:56 +0000] "GET /static/icon/bjch.png HTTP/1.1" 404 0 "-" "Mozilla/5.0 (Windows NT 10.0; Win64; x64) Chrome/120.0.0.0"
122.96.28.230 - - [17/Jul/2026:09:03:58 +0000] "GET /theme/Bob-Theme-Argon/favicon.ico HTTP/1.1" 301 0 "-" "Mozilla/5.0 (Windows NT 10.0; Win64; x64) Chrome/120.0.0.0"
220.197.85.150 - - [17/Jul/2026:09:04:00 +0000] "GET /theme/Bob-Theme-Argon/favicon.ico HTTP/1.1" 404 0 "-" "Mozilla/5.0 (Windows NT 10.0; Win64; x64) Chrome/120.0.0.0"
122.96.28.230 - - [17/Jul/2026:09:04:01 +0000] "GET /themes/custom/ahaspeed/favicon.ico HTTP/1.1" 301 0 "-" "Mozilla/5.0 (Windows NT 10.0; Win64; x64) Chrome/120.0.0.0"
220.197.85.150 - - [17/Jul/2026:09:04:03 +0000] "GET /themes/custom/ahaspeed/favicon.ico HTTP/1.1" 404 0 "-" "Mozilla/5.0 (Windows NT 10.0; Win64; x64) Chrome/120.0.0.0"
122.96.28.230 - - [17/Jul/2026:09:04:05 +0000] "GET /favicon.png HTTP/1.1" 301 0 "-" "Mozilla/5.0 (Windows NT 10.0; Win64; x64) Chrome/120.0.0.0"
39.101.175.37 - - [17/Jul/2026:09:04:05 +0000] "GET /wp-json/wp/v2/posts HTTP/1.1" 200 16280 "-" "Mozilla/5.0 (Windows NT 10.0; Win64; x64) AppleWebKit/537.36 (KHTML, like Gecko) Chrome/120.0.0.0 Safari/537.36"
220.197.85.150 - - [17/Jul/2026:09:04:07 +0000] "GET /favicon.png HTTP/1.1" 404 0 "-" "Mozilla/5.0 (Windows NT 10.0; Win64; x64) Chrome/120.0.0.0"
122.96.28.230 - - [17/Jul/2026:09:04:09 +0000] "GET /favicon.ico.png HTTP/1.1" 301 0 "-" "Mozilla/5.0 (Windows NT 10.0; Win64; x64) Chrome/120.0.0.0"
220.197.85.150 - - [17/Jul/2026:09:04:11 +0000] "GET /favicon.ico.png HTTP/1.1" 404 0 "-" "Mozilla/5.0 (Windows NT 10.0; Win64; x64) Chrome/120.0.0.0"
110.179.81.6 - - [17/Jul/2026:09:04:45 +0000] "GET / HTTP/1.1" 301 0 "-" "Mozilla/5.0 (Windows NT 10.0; Win64; x64) Chrome/120.0.0.0"
112.94.252.249 - - [17/Jul/2026:09:05:39 +0000] "GET /favicon.ico HTTP/1.1" 404 1251 "-" "Mozilla/5.0 (Windows NT 10.0; Win64; x64) Chrome/120.0.0.0"
112.94.252.249 - - [17/Jul/2026:09:05:41 +0000] "GET / HTTP/1.1" 301 0 "-" "Mozilla/5.0 (Windows NT 10.0; Win64; x64) Chrome/120.0.0.0"
36.32.3.150 - - [17/Jul/2026:09:06:24 +0000] "GET / HTTP/1.1" 301 0 "-" "Mozilla/5.0 (Windows NT 10.0; Win64; x64) Chrome/120.0.0.0"
124.117.195.240 - - [17/Jul/2026:09:07:31 +0000] "GET /Alvin9999/https/fanfan1.net/daohang/ HTTP/1.1" 301 0 "-" "Mozilla/5.0 (Windows NT 10.0; Win64; x64) Chrome/120.0.0.0"
118.212.121.162 - - [17/Jul/2026:09:08:02 +0000] "GET /Alvin9999/https/fanfan1.net/daohang/ HTTP/1.1" 404 0 "-" "Mozilla/5.0 (Windows NT 10.0; Win64; x64) Chrome/120.0.0.0"
223.199.188.219 - - [17/Jul/2026:09:08:21 +0000] "GET /officialsite HTTP/1.1" 301 0 "-" "Mozilla/5.0 (Windows NT 10.0; Win64; x64) Chrome/120.0.0.0"
64.89.163.64 - - [17/Jul/2026:09:08:25 +0000] "GET /wp-content/plugins/fix/up.php HTTP/1.1" 200 0 "-" "Mozilla/5.0 (Windows NT 10.0; Win64; x64) AppleWebKit/537.36 (KHTML, like Gecko) Chrome/85.0.4183.102 Safari/537.36"
64.89.163.64 - - [17/Jul/2026:09:08:25 +0000] "GET /wp-content/themes/seotheme/db.php?u HTTP/1.1" 200 0 "www.google.com" "Mozlila/5.0 (Linux; Android 7.0; SM-G892A Bulid/NRD90M; wv) AppleWebKit/537.36 (KHTML, like Gecko) Version/4.0 Chrome/60.0.3112.107 Moblie Safari/537.36"
64.89.163.64 - - [17/Jul/2026:09:08:25 +0000] "POST /wp-plain.php HTTP/1.1" 404 0 "www.google.com" "Mozilla/5.0 (Linux; Android 7.0; SM-G892A Bulid/NRD90M; wv) AppleWebKit/537.36 (KHTML, like Gecko) Version/4.0 Chrome/60.0.3112.107 Moblie Safari/537.36"
64.89.163.64 - - [17/Jul/2026:09:08:25 +0000] "POST /ALFA_DATA/alfacgiapi/perl.alfa HTTP/1.1" 404 0 "www.google.com" "Mozlila/5.0 (Linux; Android 7.0; SM-G892A Bulid/NRD90M; wv) AppleWebKit/537.36 (KHTML, like Gecko) Version/4.0 Chrome/60.0.3112.107 Moblie Safari/537.36"
64.89.163.64 - - [17/Jul/2026:09:08:25 +0000] "GET / HTTP/1.1" 301 0 "-" "Mozlila/5.0 (Linux; Android 7.0; SM-G892A Bulid/NRD90M; wv) AppleWebKit/537.36 (KHTML, like Gecko) Version/4.0 Chrome/60.0.3112.107 Moblie Safari/537.36"
64.89.163.64 - - [17/Jul/2026:09:08:27 +0000] "GET /cgefscpg.php?Fox=d3wL7 HTTP/1.1" 200 482 "www.google.com" "Mozilla/5.0 (Linux; Android 7.0; SM-G892A Bulid/NRD90M; wv) AppleWebKit/537.36 (KHTML, like Gecko) Version/4.0 Chrome/60.0.3112.107 Moblie Safari/537.36"
64.89.163.64 - - [17/Jul/2026:09:08:27 +0000] "POST /alfacgiapi/perl.alfa HTTP/1.1" 404 0 "www.google.com" "Mozlila/5.0 (Linux; Android 7.0; SM-G892A Bulid/NRD90M; wv) AppleWebKit/537.36 (KHTML, like Gecko) Version/4.0 Chrome/60.0.3112.107 Moblie Safari/537.36"
124.88.113.148 - - [17/Jul/2026:09:08:41 +0000] "GET /officialsite HTTP/1.1" 404 0 "-" "Mozilla/5.0 (Windows NT 10.0; Win64; x64) Chrome/120.0.0.0"
175.30.48.124 - - [17/Jul/2026:09:09:31 +0000] "GET / HTTP/1.1" 301 0 "-" "Mozilla/5.0 (Windows NT 10.0; Win64; x64) Chrome/120.0.0.0"
110.179.80.215 - - [17/Jul/2026:09:10:00 +0000] "GET /assets/fire_admin/images/logo.png HTTP/1.1" 301 0 "-" "Mozilla/5.0 (Windows NT 10.0; Win64; x64) Chrome/120.0.0.0"
216.73.217.12 - - [17/Jul/2026:09:13:56 +0000] "GET /robots.txt HTTP/1.1" 304 0 "-" "Mozilla/5.0 AppleWebKit/537.36 (KHTML, like Gecko; compatible; ClaudeBot/1.0; [email protected])"
216.73.217.12 - - [17/Jul/2026:09:14:47 +0000] "GET /sitemap24.xml HTTP/1.1" 200 47858 "-" "Mozilla/5.0 AppleWebKit/537.36 (KHTML, like Gecko; compatible; ClaudeBot/1.0; [email protected])"
216.73.217.12 - - [17/Jul/2026:09:48:15 +0000] "GET /sitemap24.xml HTTP/1.1" 200 47858 "-" "Mozilla/5.0 AppleWebKit/537.36 (KHTML, like Gecko; compatible; ClaudeBot/1.0; [email protected])"
216.73.217.12 - - [17/Jul/2026:10:05:05 +0000] "GET /sitemap24.xml HTTP/1.1" 200 47858 "-" "Mozilla/5.0 AppleWebKit/537.36 (KHTML, like Gecko; compatible; ClaudeBot/1.0; [email protected])"
43.165.198.144 - - [17/Jul/2026:10:22:57 +0000] "GET / HTTP/1.1" 301 0 "-" "Mozilla/5.0 (iPhone; CPU iPhone OS 13_2_3 like Mac OS X) AppleWebKit/605.1.15 (KHTML, like Gecko) Version/13.0.3 Mobile/15E148 Safari/604.1"

Youez - 2016 - github.com/yon3zu
LinuXploit