20.104.96.117 - - [17/Jul/2026:01:14:41 +0000] "GET /adminner.php HTTP/1.1" 404 0 "-" "-"
20.104.96.117 - - [17/Jul/2026:01:14:43 +0000] "GET //admin.php HTTP/1.1" 301 0 "-" "-"
20.104.96.117 - - [17/Jul/2026:01:14:46 +0000] "GET /admin.php HTTP/1.1" 404 0 "-" "-"
20.104.96.117 - - [17/Jul/2026:01:14:51 +0000] "GET /k.php?p= HTTP/1.1" 301 0 "-" "-"
20.104.96.117 - - [17/Jul/2026:01:14:53 +0000] "GET /k.php HTTP/1.1" 404 0 "-" "-"
20.104.96.117 - - [17/Jul/2026:01:14:56 +0000] "GET /blurbs.php HTTP/1.1" 301 0 "-" "-"
65.181.116.207 - - [17/Jul/2026:01:15:10 +0000] "POST /wp-cron.php?doing_wp_cron=1784250910.2699489593505859375000 HTTP/1.1" 200 0 "-" "WordPress/7.0.1; https://www.quick-iptv4k.com"
20.104.96.117 - - [17/Jul/2026:01:15:00 +0000] "GET /blurbs.php HTTP/1.1" 404 0 "-" "-"
20.104.96.117 - - [17/Jul/2026:01:15:10 +0000] "GET /bajah.php HTTP/1.1" 301 0 "-" "-"
20.104.96.117 - - [17/Jul/2026:01:15:14 +0000] "GET /bajah.php HTTP/1.1" 404 0 "-" "-"
20.104.96.117 - - [17/Jul/2026:01:15:18 +0000] "GET //a.php HTTP/1.1" 301 0 "-" "-"
20.104.96.117 - - [17/Jul/2026:01:15:21 +0000] "GET /a.php HTTP/1.1" 404 0 "-" "-"
20.104.96.117 - - [17/Jul/2026:01:15:25 +0000] "GET /edit.php HTTP/1.1" 301 0 "-" "-"
20.104.96.117 - - [17/Jul/2026:01:15:28 +0000] "GET /edit.php HTTP/1.1" 404 0 "-" "-"
20.104.96.117 - - [17/Jul/2026:01:15:33 +0000] "GET //hosty.php HTTP/1.1" 301 0 "-" "-"
20.104.96.117 - - [17/Jul/2026:01:15:36 +0000] "GET /hosty.php HTTP/1.1" 404 0 "-" "-"
20.104.96.117 - - [17/Jul/2026:01:15:39 +0000] "GET /k.php HTTP/1.1" 301 0 "-" "-"
20.104.96.117 - - [17/Jul/2026:01:15:43 +0000] "GET /k.php HTTP/1.1" 404 0 "-" "-"
20.104.96.117 - - [17/Jul/2026:01:15:46 +0000] "GET /aaa.php HTTP/1.1" 301 0 "-" "-"
20.104.96.117 - - [17/Jul/2026:01:15:49 +0000] "GET /aaa.php HTTP/1.1" 404 0 "-" "-"
20.104.96.117 - - [17/Jul/2026:01:15:50 +0000] "GET /file5.php HTTP/1.1" 301 0 "-" "-"
20.104.96.117 - - [17/Jul/2026:01:15:54 +0000] "GET /file5.php HTTP/1.1" 404 0 "-" "-"
20.104.96.117 - - [17/Jul/2026:01:15:57 +0000] "GET /222.php HTTP/1.1" 301 0 "-" "-"
65.181.116.207 - - [17/Jul/2026:01:16:06 +0000] "POST /wp-cron.php?doing_wp_cron=1784250966.3501551151275634765625 HTTP/1.1" 200 0 "-" "WordPress/7.0.1; https://www.quick-iptv4k.com"
20.104.96.117 - - [17/Jul/2026:01:16:00 +0000] "GET /222.php HTTP/1.1" 404 0 "-" "-"
20.104.96.117 - - [17/Jul/2026:01:16:07 +0000] "GET /test.php HTTP/1.1" 301 0 "-" "-"
20.104.96.117 - - [17/Jul/2026:01:16:10 +0000] "GET /test.php HTTP/1.1" 404 0 "-" "-"
20.104.96.117 - - [17/Jul/2026:01:16:13 +0000] "GET /aaa.php?p= HTTP/1.1" 301 0 "-" "-"
20.104.96.117 - - [17/Jul/2026:01:16:15 +0000] "GET /aaa.php HTTP/1.1" 404 0 "-" "-"
20.104.96.117 - - [17/Jul/2026:01:16:17 +0000] "GET /11.php HTTP/1.1" 301 0 "-" "-"
20.104.96.117 - - [17/Jul/2026:01:16:19 +0000] "GET /11.php HTTP/1.1" 404 0 "-" "-"
20.104.96.117 - - [17/Jul/2026:01:16:22 +0000] "GET /mac.php HTTP/1.1" 301 0 "-" "-"
20.104.96.117 - - [17/Jul/2026:01:16:26 +0000] "GET /mac.php HTTP/1.1" 404 0 "-" "-"
20.104.96.117 - - [17/Jul/2026:01:16:30 +0000] "GET /chosen.php? HTTP/1.1" 301 0 "-" "-"
205.215.247.164 - - [17/Jul/2026:01:16:30 +0000] "GET /wp-json/wp/v2/posts HTTP/1.1" 200 16280 "-" "Mozilla/5.0 (Windows NT 10.0; Win64; x64) AppleWebKit/537.36 (KHTML, like Gecko) Chrome/120.0.0.0 Safari/537.36"
20.104.96.117 - - [17/Jul/2026:01:16:33 +0000] "GET /chosen.php HTTP/1.1" 404 0 "-" "-"
20.104.96.117 - - [17/Jul/2026:01:16:36 +0000] "GET /cream1.php HTTP/1.1" 301 0 "-" "-"
20.104.96.117 - - [17/Jul/2026:01:16:39 +0000] "GET /cream1.php HTTP/1.1" 404 0 "-" "-"
20.104.96.117 - - [17/Jul/2026:01:16:42 +0000] "GET /wp-content/uploads/ HTTP/1.1" 200 0 "-" "-"
20.104.96.117 - - [17/Jul/2026:01:16:42 +0000] "GET /wp-includes/Text/ HTTP/1.1" 404 1251 "-" "-"
20.104.96.117 - - [17/Jul/2026:01:16:42 +0000] "GET /dr.php HTTP/1.1" 301 0 "-" "-"
20.104.96.117 - - [17/Jul/2026:01:16:45 +0000] "GET /dr.php HTTP/1.1" 404 0 "-" "-"
20.104.96.117 - - [17/Jul/2026:01:16:48 +0000] "GET /x.php HTTP/1.1" 301 0 "-" "-"
20.104.96.117 - - [17/Jul/2026:01:16:50 +0000] "GET /x.php HTTP/1.1" 404 0 "-" "-"
20.104.96.117 - - [17/Jul/2026:01:16:53 +0000] "GET /155.php HTTP/1.1" 301 0 "-" "-"
20.104.96.117 - - [17/Jul/2026:01:16:56 +0000] "GET /155.php HTTP/1.1" 404 0 "-" "-"
20.104.96.117 - - [17/Jul/2026:01:16:58 +0000] "GET /ops.php HTTP/1.1" 301 0 "-" "-"
65.181.116.207 - - [17/Jul/2026:01:17:04 +0000] "POST /wp-cron.php?doing_wp_cron=1784251024.6120889186859130859375 HTTP/1.1" 200 0 "-" "WordPress/7.0.1; https://www.quick-iptv4k.com"
20.104.96.117 - - [17/Jul/2026:01:17:00 +0000] "GET /ops.php HTTP/1.1" 404 0 "-" "-"
20.104.96.117 - - [17/Jul/2026:01:17:04 +0000] "GET /file31.php HTTP/1.1" 301 0 "-" "-"
20.104.96.117 - - [17/Jul/2026:01:17:06 +0000] "GET /file31.php HTTP/1.1" 404 0 "-" "-"
20.104.96.117 - - [17/Jul/2026:01:17:09 +0000] "GET /file6.php HTTP/1.1" 301 0 "-" "-"
20.104.96.117 - - [17/Jul/2026:01:17:12 +0000] "GET /file6.php HTTP/1.1" 404 0 "-" "-"
20.104.96.117 - - [17/Jul/2026:01:17:15 +0000] "GET //wp-includes/assets/ HTTP/1.1" 404 1251 "-" "-"
20.104.96.117 - - [17/Jul/2026:01:17:15 +0000] "GET //adminfuns.php HTTP/1.1" 301 0 "-" "-"
20.104.96.117 - - [17/Jul/2026:01:17:17 +0000] "GET /adminfuns.php HTTP/1.1" 404 0 "-" "-"
20.104.96.117 - - [17/Jul/2026:01:17:19 +0000] "GET /goods.php HTTP/1.1" 301 0 "-" "-"
20.104.96.117 - - [17/Jul/2026:01:17:22 +0000] "GET /goods.php HTTP/1.1" 404 0 "-" "-"
20.104.96.117 - - [17/Jul/2026:01:17:27 +0000] "GET /100.php HTTP/1.1" 301 0 "-" "-"
20.104.96.117 - - [17/Jul/2026:01:17:30 +0000] "GET /100.php HTTP/1.1" 404 0 "-" "-"
20.104.96.117 - - [17/Jul/2026:01:17:33 +0000] "GET /about.php? HTTP/1.1" 301 0 "-" "-"
20.104.96.117 - - [17/Jul/2026:01:17:35 +0000] "GET /about.php HTTP/1.1" 404 0 "-" "-"
20.104.96.117 - - [17/Jul/2026:01:17:37 +0000] "GET /about.php HTTP/1.1" 301 0 "-" "-"
20.104.96.117 - - [17/Jul/2026:01:17:40 +0000] "GET /about.php HTTP/1.1" 404 0 "-" "-"
20.104.96.117 - - [17/Jul/2026:01:17:42 +0000] "GET /admin.php HTTP/1.1" 301 0 "-" "-"
20.104.96.117 - - [17/Jul/2026:01:17:44 +0000] "GET /admin.php HTTP/1.1" 404 0 "-" "-"
20.104.96.117 - - [17/Jul/2026:01:17:46 +0000] "GET //admin.php? HTTP/1.1" 301 0 "-" "-"
20.104.96.117 - - [17/Jul/2026:01:17:48 +0000] "GET /admin.php HTTP/1.1" 404 0 "-" "-"
20.104.96.117 - - [17/Jul/2026:01:17:50 +0000] "GET //themes.php HTTP/1.1" 301 0 "-" "-"
20.104.96.117 - - [17/Jul/2026:01:17:52 +0000] "GET /themes.php HTTP/1.1" 404 0 "-" "-"
20.104.96.117 - - [17/Jul/2026:01:17:54 +0000] "GET /wp-includes/blocks/details/ HTTP/1.1" 404 1251 "-" "-"
20.104.96.117 - - [17/Jul/2026:01:17:54 +0000] "GET /wp-includes/blocks/audi/ HTTP/1.1" 301 0 "-" "-"
20.104.96.117 - - [17/Jul/2026:01:17:56 +0000] "GET /wp-includes/blocks/audi/ HTTP/1.1" 404 0 "-" "-"
20.104.96.117 - - [17/Jul/2026:01:17:59 +0000] "GET /.well-known/about.php HTTP/1.1" 301 0 "-" "-"
20.104.96.117 - - [17/Jul/2026:01:18:03 +0000] "GET /.well-known/about.php HTTP/1.1" 404 0 "-" "-"
65.181.116.207 - - [17/Jul/2026:01:18:06 +0000] "POST /wp-cron.php?doing_wp_cron=1784251086.3462970256805419921875 HTTP/1.1" 200 0 "-" "WordPress/7.0.1; https://www.quick-iptv4k.com"
20.104.96.117 - - [17/Jul/2026:01:18:07 +0000] "GET /wp-includes/ID3/about.php HTTP/1.1" 301 0 "-" "-"
20.104.96.117 - - [17/Jul/2026:01:18:11 +0000] "GET /wp-includes/ID3/about.php HTTP/1.1" 404 0 "-" "-"
20.104.96.117 - - [17/Jul/2026:01:18:13 +0000] "GET /wefile.php HTTP/1.1" 301 0 "-" "-"
20.104.96.117 - - [17/Jul/2026:01:18:17 +0000] "GET /wefile.php HTTP/1.1" 404 0 "-" "-"
20.104.96.117 - - [17/Jul/2026:01:18:21 +0000] "GET /modules/mod_simplefileuploadv1.3/elements/filemanager.php?p= HTTP/1.1" 301 0 "-" "-"
20.104.96.117 - - [17/Jul/2026:01:18:23 +0000] "GET /modules/mod_simplefileuploadv1.3/elements/filemanager.php HTTP/1.1" 404 0 "-" "-"
20.104.96.117 - - [17/Jul/2026:01:18:26 +0000] "GET /wp-includes/blocks/post-comments-form/ HTTP/1.1" 404 1251 "-" "-"
20.104.96.117 - - [17/Jul/2026:01:18:26 +0000] "GET /wp-admin/js/ HTTP/1.1" 404 1251 "-" "-"
20.104.96.117 - - [17/Jul/2026:01:18:26 +0000] "GET /wp-admin/css/colour.php HTTP/1.1" 301 0 "-" "-"
20.104.96.117 - - [17/Jul/2026:01:18:29 +0000] "GET /wp-admin/css/colour.php HTTP/1.1" 404 0 "-" "-"
20.104.96.117 - - [17/Jul/2026:01:18:32 +0000] "GET /8.php HTTP/1.1" 301 0 "-" "-"
20.104.96.117 - - [17/Jul/2026:01:18:34 +0000] "GET /8.php HTTP/1.1" 404 0 "-" "-"
20.104.96.117 - - [17/Jul/2026:01:18:36 +0000] "GET /wp-content/admin.php HTTP/1.1" 301 0 "-" "-"
20.104.96.117 - - [17/Jul/2026:01:18:40 +0000] "GET /wp-content/admin.php HTTP/1.1" 404 0 "-" "-"
20.104.96.117 - - [17/Jul/2026:01:18:42 +0000] "GET //f6.php HTTP/1.1" 301 0 "-" "-"
20.104.96.117 - - [17/Jul/2026:01:18:44 +0000] "GET /f6.php HTTP/1.1" 404 0 "-" "-"
20.104.96.117 - - [17/Jul/2026:01:18:45 +0000] "GET /inputs.php? HTTP/1.1" 301 0 "-" "-"
20.104.96.117 - - [17/Jul/2026:01:18:47 +0000] "GET /inputs.php HTTP/1.1" 404 0 "-" "-"
20.104.96.117 - - [17/Jul/2026:01:18:49 +0000] "GET /inputs.php HTTP/1.1" 301 0 "-" "-"
20.104.96.117 - - [17/Jul/2026:01:18:50 +0000] "GET /inputs.php HTTP/1.1" 404 0 "-" "-"
20.104.96.117 - - [17/Jul/2026:01:18:52 +0000] "GET /classwithtostring.php?p= HTTP/1.1" 301 0 "-" "-"
20.104.96.117 - - [17/Jul/2026:01:18:53 +0000] "GET /classwithtostring.php HTTP/1.1" 404 0 "-" "-"
20.104.96.117 - - [17/Jul/2026:01:18:55 +0000] "GET /wp-content/themes/index.php HTTP/1.1" 200 0 "-" "-"
20.104.96.117 - - [17/Jul/2026:01:18:55 +0000] "GET /wp-blog.php HTTP/1.1" 301 0 "-" "-"
20.104.96.117 - - [17/Jul/2026:01:18:57 +0000] "GET /wp-blog.php HTTP/1.1" 404 0 "-" "-"
20.104.96.117 - - [17/Jul/2026:01:18:59 +0000] "GET //wp-includes/js/jquery/ HTTP/1.1" 404 1251 "-" "-"
20.104.96.117 - - [17/Jul/2026:01:18:59 +0000] "GET //wp-content/admin.php HTTP/1.1" 301 0 "-" "-"
20.104.96.117 - - [17/Jul/2026:01:19:01 +0000] "GET /wp-content/admin.php HTTP/1.1" 404 0 "-" "-"
20.104.96.117 - - [17/Jul/2026:01:19:04 +0000] "GET /ms-edit.php HTTP/1.1" 301 0 "-" "-"
20.104.96.117 - - [17/Jul/2026:01:19:07 +0000] "GET /ms-edit.php HTTP/1.1" 404 0 "-" "-"
20.104.96.117 - - [17/Jul/2026:01:19:10 +0000] "GET //cgi-bin/index.php HTTP/1.1" 404 1251 "-" "-"
20.104.96.117 - - [17/Jul/2026:01:19:10 +0000] "GET //wp-includes/css/dist/ HTTP/1.1" 404 1251 "-" "-"
20.104.96.117 - - [17/Jul/2026:01:19:10 +0000] "GET /BDKR28WP.php HTTP/1.1" 301 0 "-" "-"
20.104.96.117 - - [17/Jul/2026:01:19:11 +0000] "GET /BDKR28WP.php HTTP/1.1" 404 0 "-" "-"
20.104.96.117 - - [17/Jul/2026:01:19:15 +0000] "GET //wp-includes/l10n/ HTTP/1.1" 404 1251 "-" "-"
20.104.96.117 - - [17/Jul/2026:01:19:15 +0000] "GET /wp-content/uploads/ HTTP/1.1" 200 0 "-" "-"
20.104.96.117 - - [17/Jul/2026:01:19:15 +0000] "GET //abcd.php HTTP/1.1" 301 0 "-" "-"
20.104.96.117 - - [17/Jul/2026:01:19:17 +0000] "GET /abcd.php HTTP/1.1" 404 0 "-" "-"
20.104.96.117 - - [17/Jul/2026:01:19:20 +0000] "GET /file15.php HTTP/1.1" 301 0 "-" "-"
20.104.96.117 - - [17/Jul/2026:01:19:21 +0000] "GET /file15.php HTTP/1.1" 404 0 "-" "-"
20.104.96.117 - - [17/Jul/2026:01:19:24 +0000] "GET /jp.php HTTP/1.1" 301 0 "-" "-"
20.104.96.117 - - [17/Jul/2026:01:19:27 +0000] "GET /jp.php HTTP/1.1" 404 0 "-" "-"
20.104.96.117 - - [17/Jul/2026:01:19:29 +0000] "GET /f35.php HTTP/1.1" 301 0 "-" "-"
20.104.96.117 - - [17/Jul/2026:01:19:31 +0000] "GET /f35.php HTTP/1.1" 404 0 "-" "-"
20.104.96.117 - - [17/Jul/2026:01:19:34 +0000] "GET /wp-load.php HTTP/1.1" 200 0 "-" "-"
20.104.96.117 - - [17/Jul/2026:01:19:36 +0000] "GET /xyn.php HTTP/1.1" 301 0 "-" "-"
20.104.96.117 - - [17/Jul/2026:01:19:37 +0000] "GET /xyn.php HTTP/1.1" 404 0 "-" "-"
20.104.96.117 - - [17/Jul/2026:01:19:39 +0000] "GET //wp-includes/assets/ HTTP/1.1" 404 1251 "-" "-"
20.104.96.117 - - [17/Jul/2026:01:19:39 +0000] "GET /wp-admin/css/colors/sunrise/ HTTP/1.1" 404 1251 "-" "-"
20.104.96.117 - - [17/Jul/2026:01:19:40 +0000] "GET /ccc.php HTTP/1.1" 301 0 "-" "-"
20.104.96.117 - - [17/Jul/2026:01:19:42 +0000] "GET /ccc.php HTTP/1.1" 404 0 "-" "-"
20.104.96.117 - - [17/Jul/2026:01:19:43 +0000] "GET /w.php HTTP/1.1" 301 0 "-" "-"
20.104.96.117 - - [17/Jul/2026:01:19:45 +0000] "GET /w.php HTTP/1.1" 404 0 "-" "-"
20.104.96.117 - - [17/Jul/2026:01:19:47 +0000] "GET /4PJcpMFsD8B.php HTTP/1.1" 301 0 "-" "-"
20.104.96.117 - - [17/Jul/2026:01:19:49 +0000] "GET /4PJcpMFsD8B.php HTTP/1.1" 404 0 "-" "-"
20.104.96.117 - - [17/Jul/2026:01:19:52 +0000] "GET /set.php HTTP/1.1" 301 0 "-" "-"
20.104.96.117 - - [17/Jul/2026:01:19:55 +0000] "GET /set.php HTTP/1.1" 404 0 "-" "-"
20.104.96.117 - - [17/Jul/2026:01:19:57 +0000] "GET /FWAZ.php HTTP/1.1" 301 0 "-" "-"
65.181.116.207 - - [17/Jul/2026:01:20:06 +0000] "POST /wp-cron.php?doing_wp_cron=1784251206.2951641082763671875000 HTTP/1.1" 200 0 "-" "WordPress/7.0.1; https://www.quick-iptv4k.com"
20.104.96.117 - - [17/Jul/2026:01:19:59 +0000] "GET /FWAZ.php HTTP/1.1" 404 0 "-" "-"
20.104.96.117 - - [17/Jul/2026:01:20:06 +0000] "GET /miru1.php HTTP/1.1" 301 0 "-" "-"
20.104.96.117 - - [17/Jul/2026:01:20:09 +0000] "GET /miru1.php HTTP/1.1" 404 0 "-" "-"
20.104.96.117 - - [17/Jul/2026:01:20:14 +0000] "GET //aa.php HTTP/1.1" 301 0 "-" "-"
20.104.96.117 - - [17/Jul/2026:01:20:17 +0000] "GET /aa.php HTTP/1.1" 404 0 "-" "-"
20.104.96.117 - - [17/Jul/2026:01:20:19 +0000] "GET /122.php HTTP/1.1" 301 0 "-" "-"
20.104.96.117 - - [17/Jul/2026:01:20:21 +0000] "GET /122.php HTTP/1.1" 404 0 "-" "-"
20.104.96.117 - - [17/Jul/2026:01:20:24 +0000] "GET /get.php HTTP/1.1" 301 0 "-" "-"
20.104.96.117 - - [17/Jul/2026:01:20:26 +0000] "GET /get.php HTTP/1.1" 404 0 "-" "-"
20.104.96.117 - - [17/Jul/2026:01:20:28 +0000] "GET /as.php HTTP/1.1" 301 0 "-" "-"
20.104.96.117 - - [17/Jul/2026:01:20:30 +0000] "GET /as.php HTTP/1.1" 404 0 "-" "-"
20.104.96.117 - - [17/Jul/2026:01:20:32 +0000] "GET /ccou.php HTTP/1.1" 301 0 "-" "-"
20.104.96.117 - - [17/Jul/2026:01:20:34 +0000] "GET /ccou.php HTTP/1.1" 404 0 "-" "-"
20.104.96.117 - - [17/Jul/2026:01:20:37 +0000] "GET /w3lls.php HTTP/1.1" 301 0 "-" "-"
20.104.96.117 - - [17/Jul/2026:01:20:38 +0000] "GET /w3lls.php HTTP/1.1" 404 0 "-" "-"
20.104.96.117 - - [17/Jul/2026:01:20:40 +0000] "GET /test1.php HTTP/1.1" 301 0 "-" "-"
20.104.96.117 - - [17/Jul/2026:01:20:43 +0000] "GET /test1.php HTTP/1.1" 404 0 "-" "-"
20.104.96.117 - - [17/Jul/2026:01:20:45 +0000] "GET /database.php HTTP/1.1" 301 0 "-" "-"
20.104.96.117 - - [17/Jul/2026:01:20:47 +0000] "GET /database.php HTTP/1.1" 404 0 "-" "-"
20.104.96.117 - - [17/Jul/2026:01:20:49 +0000] "GET /file.php? HTTP/1.1" 301 0 "-" "-"
20.104.96.117 - - [17/Jul/2026:01:20:51 +0000] "GET /file.php HTTP/1.1" 404 0 "-" "-"
20.104.96.117 - - [17/Jul/2026:01:20:53 +0000] "GET /file.php HTTP/1.1" 301 0 "-" "-"
20.104.96.117 - - [17/Jul/2026:01:20:55 +0000] "GET /file.php HTTP/1.1" 404 0 "-" "-"
20.104.96.117 - - [17/Jul/2026:01:20:57 +0000] "GET /777.php HTTP/1.1" 301 0 "-" "-"
20.104.96.117 - - [17/Jul/2026:01:21:00 +0000] "GET /777.php HTTP/1.1" 404 0 "-" "-"
65.181.116.207 - - [17/Jul/2026:01:21:04 +0000] "POST /wp-cron.php?doing_wp_cron=1784251264.8081669807434082031250 HTTP/1.1" 200 0 "-" "WordPress/7.0.1; https://www.quick-iptv4k.com"
20.104.96.117 - - [17/Jul/2026:01:21:02 +0000] "GET /ssixta.php HTTP/1.1" 301 0 "-" "-"
20.104.96.117 - - [17/Jul/2026:01:21:04 +0000] "GET /ssixta.php HTTP/1.1" 404 0 "-" "-"
20.104.96.117 - - [17/Jul/2026:01:21:06 +0000] "GET /1c.php HTTP/1.1" 301 0 "-" "-"
20.104.96.117 - - [17/Jul/2026:01:21:09 +0000] "GET /1c.php HTTP/1.1" 404 0 "-" "-"
20.104.96.117 - - [17/Jul/2026:01:21:11 +0000] "GET /test2.php HTTP/1.1" 301 0 "-" "-"
20.104.96.117 - - [17/Jul/2026:01:21:13 +0000] "GET /test2.php HTTP/1.1" 404 0 "-" "-"
20.104.96.117 - - [17/Jul/2026:01:21:16 +0000] "GET /buy.php HTTP/1.1" 301 0 "-" "-"
20.104.96.117 - - [17/Jul/2026:01:21:18 +0000] "GET /buy.php HTTP/1.1" 404 0 "-" "-"
20.104.96.117 - - [17/Jul/2026:01:21:21 +0000] "GET /ssend.php HTTP/1.1" 301 0 "-" "-"
20.104.96.117 - - [17/Jul/2026:01:21:23 +0000] "GET /ssend.php HTTP/1.1" 404 0 "-" "-"
20.104.96.117 - - [17/Jul/2026:01:21:26 +0000] "GET /item.php HTTP/1.1" 301 0 "-" "-"
20.104.96.117 - - [17/Jul/2026:01:21:29 +0000] "GET /item.php HTTP/1.1" 404 0 "-" "-"
20.104.96.117 - - [17/Jul/2026:01:21:31 +0000] "GET /ss.php HTTP/1.1" 301 0 "-" "-"
20.104.96.117 - - [17/Jul/2026:01:21:34 +0000] "GET /ss.php HTTP/1.1" 404 0 "-" "-"
20.104.96.117 - - [17/Jul/2026:01:21:36 +0000] "GET /hypo.php HTTP/1.1" 301 0 "-" "-"
20.104.96.117 - - [17/Jul/2026:01:21:39 +0000] "GET /hypo.php HTTP/1.1" 404 0 "-" "-"
20.104.96.117 - - [17/Jul/2026:01:21:41 +0000] "GET /users.php HTTP/1.1" 301 0 "-" "-"
20.104.96.117 - - [17/Jul/2026:01:21:43 +0000] "GET /users.php HTTP/1.1" 404 0 "-" "-"
20.104.96.117 - - [17/Jul/2026:01:21:45 +0000] "GET /177.php HTTP/1.1" 301 0 "-" "-"
20.104.96.117 - - [17/Jul/2026:01:21:48 +0000] "GET /177.php HTTP/1.1" 404 0 "-" "-"
20.104.96.117 - - [17/Jul/2026:01:21:50 +0000] "GET /config.php HTTP/1.1" 301 0 "-" "-"
20.104.96.117 - - [17/Jul/2026:01:21:54 +0000] "GET /config.php HTTP/1.1" 404 0 "-" "-"
20.104.96.117 - - [17/Jul/2026:01:21:57 +0000] "GET /0d.php HTTP/1.1" 301 0 "-" "-"
20.104.96.117 - - [17/Jul/2026:01:22:00 +0000] "GET /0d.php HTTP/1.1" 404 0 "-" "-"
65.181.116.207 - - [17/Jul/2026:01:22:06 +0000] "POST /wp-cron.php?doing_wp_cron=1784251326.5559720993041992187500 HTTP/1.1" 200 0 "-" "WordPress/7.0.1; https://www.quick-iptv4k.com"
20.104.96.117 - - [17/Jul/2026:01:22:03 +0000] "GET /gettest.php HTTP/1.1" 301 0 "-" "-"
20.104.96.117 - - [17/Jul/2026:01:22:06 +0000] "GET /gettest.php HTTP/1.1" 404 0 "-" "-"
20.104.96.117 - - [17/Jul/2026:01:22:09 +0000] "GET /min.php HTTP/1.1" 301 0 "-" "-"
20.104.96.117 - - [17/Jul/2026:01:22:12 +0000] "GET /min.php HTTP/1.1" 404 0 "-" "-"
20.104.96.117 - - [17/Jul/2026:01:22:16 +0000] "GET /3PJcpMFsD8B.php HTTP/1.1" 301 0 "-" "-"
20.104.96.117 - - [17/Jul/2026:01:22:19 +0000] "GET /3PJcpMFsD8B.php HTTP/1.1" 404 0 "-" "-"
20.104.96.117 - - [17/Jul/2026:01:22:21 +0000] "GET /dvjul.php HTTP/1.1" 301 0 "-" "-"
20.104.96.117 - - [17/Jul/2026:01:22:24 +0000] "GET /dvjul.php HTTP/1.1" 404 0 "-" "-"
20.104.96.117 - - [17/Jul/2026:01:22:26 +0000] "GET /biufile.php HTTP/1.1" 301 0 "-" "-"
20.104.96.117 - - [17/Jul/2026:01:22:29 +0000] "GET /biufile.php HTTP/1.1" 404 0 "-" "-"
20.104.96.117 - - [17/Jul/2026:01:22:32 +0000] "GET //av.php HTTP/1.1" 301 0 "-" "-"
20.104.96.117 - - [17/Jul/2026:01:22:35 +0000] "GET /av.php HTTP/1.1" 404 0 "-" "-"
20.104.96.117 - - [17/Jul/2026:01:22:38 +0000] "GET /coffexium.php HTTP/1.1" 301 0 "-" "-"
20.104.96.117 - - [17/Jul/2026:01:22:40 +0000] "GET /coffexium.php HTTP/1.1" 404 0 "-" "-"
20.104.96.117 - - [17/Jul/2026:01:22:43 +0000] "GET /app.php HTTP/1.1" 301 0 "-" "-"
20.104.96.117 - - [17/Jul/2026:01:22:46 +0000] "GET /app.php HTTP/1.1" 404 0 "-" "-"
20.104.96.117 - - [17/Jul/2026:01:22:49 +0000] "GET /core.php HTTP/1.1" 301 0 "-" "-"
20.104.96.117 - - [17/Jul/2026:01:22:52 +0000] "GET /core.php HTTP/1.1" 404 0 "-" "-"
20.104.96.117 - - [17/Jul/2026:01:22:55 +0000] "GET /header.php HTTP/1.1" 301 0 "-" "-"
20.104.96.117 - - [17/Jul/2026:01:22:58 +0000] "GET /header.php HTTP/1.1" 404 0 "-" "-"
20.104.96.117 - - [17/Jul/2026:01:23:00 +0000] "GET /als.php HTTP/1.1" 301 0 "-" "-"
20.104.96.117 - - [17/Jul/2026:01:23:04 +0000] "GET /als.php HTTP/1.1" 404 0 "-" "-"
20.104.96.117 - - [17/Jul/2026:01:23:07 +0000] "GET /simple.php HTTP/1.1" 301 0 "-" "-"
20.104.96.117 - - [17/Jul/2026:01:23:09 +0000] "GET /simple.php HTTP/1.1" 404 0 "-" "-"
20.104.96.117 - - [17/Jul/2026:01:23:12 +0000] "GET /init.php HTTP/1.1" 301 0 "-" "-"
20.104.96.117 - - [17/Jul/2026:01:23:17 +0000] "GET /init.php HTTP/1.1" 404 0 "-" "-"
20.104.96.117 - - [17/Jul/2026:01:23:19 +0000] "GET /fpwch.php HTTP/1.1" 301 0 "-" "-"
20.104.96.117 - - [17/Jul/2026:01:23:21 +0000] "GET /fpwch.php HTTP/1.1" 404 0 "-" "-"
20.104.96.117 - - [17/Jul/2026:01:23:23 +0000] "GET /domvf.php HTTP/1.1" 301 0 "-" "-"
20.104.96.117 - - [17/Jul/2026:01:23:25 +0000] "GET /domvf.php HTTP/1.1" 404 0 "-" "-"
20.104.96.117 - - [17/Jul/2026:01:23:28 +0000] "GET //wp.php HTTP/1.1" 301 0 "-" "-"
20.104.96.117 - - [17/Jul/2026:01:23:30 +0000] "GET /wp.php HTTP/1.1" 404 0 "-" "-"
20.104.96.117 - - [17/Jul/2026:01:23:32 +0000] "GET /class.php HTTP/1.1" 301 0 "-" "-"
20.104.96.117 - - [17/Jul/2026:01:23:34 +0000] "GET /class.php HTTP/1.1" 404 0 "-" "-"
20.104.96.117 - - [17/Jul/2026:01:23:36 +0000] "GET /echkm.php?p= HTTP/1.1" 301 0 "-" "-"
20.104.96.117 - - [17/Jul/2026:01:23:39 +0000] "GET /echkm.php HTTP/1.1" 404 0 "-" "-"
20.104.96.117 - - [17/Jul/2026:01:23:42 +0000] "GET /lib.php HTTP/1.1" 301 0 "-" "-"
20.104.96.117 - - [17/Jul/2026:01:23:45 +0000] "GET /lib.php HTTP/1.1" 404 0 "-" "-"
20.104.96.117 - - [17/Jul/2026:01:23:47 +0000] "GET //login.php HTTP/1.1" 301 0 "-" "-"
20.104.96.117 - - [17/Jul/2026:01:23:49 +0000] "GET /login.php HTTP/1.1" 302 0 "-" "-"
20.104.96.117 - - [17/Jul/2026:01:24:02 +0000] "GET /sites.php?p= HTTP/1.1" 301 0 "-" "-"
20.104.96.117 - - [17/Jul/2026:01:24:05 +0000] "GET /sites.php HTTP/1.1" 404 0 "-" "-"
20.104.96.117 - - [17/Jul/2026:01:24:08 +0000] "GET /a2.php HTTP/1.1" 301 0 "-" "-"
20.104.96.117 - - [17/Jul/2026:01:24:10 +0000] "GET /a2.php HTTP/1.1" 404 0 "-" "-"
20.104.96.117 - - [17/Jul/2026:01:24:12 +0000] "GET /d61.php HTTP/1.1" 301 0 "-" "-"
20.104.96.117 - - [17/Jul/2026:01:24:16 +0000] "GET /d61.php HTTP/1.1" 404 0 "-" "-"
20.104.96.117 - - [17/Jul/2026:01:24:20 +0000] "GET /info.php HTTP/1.1" 301 0 "-" "-"
20.104.96.117 - - [17/Jul/2026:01:24:23 +0000] "GET /info.php HTTP/1.1" 404 0 "-" "-"
20.104.96.117 - - [17/Jul/2026:01:24:26 +0000] "GET /gtd7.php HTTP/1.1" 301 0 "-" "-"
20.104.96.117 - - [17/Jul/2026:01:24:28 +0000] "GET /gtd7.php HTTP/1.1" 404 0 "-" "-"
20.104.96.117 - - [17/Jul/2026:01:24:31 +0000] "GET /11.php?p= HTTP/1.1" 301 0 "-" "-"
20.104.96.117 - - [17/Jul/2026:01:24:32 +0000] "GET /11.php HTTP/1.1" 404 0 "-" "-"
20.104.96.117 - - [17/Jul/2026:01:24:35 +0000] "GET /v2.php HTTP/1.1" 301 0 "-" "-"
20.104.96.117 - - [17/Jul/2026:01:24:36 +0000] "GET /v2.php HTTP/1.1" 404 0 "-" "-"
216.73.217.12 - - [17/Jul/2026:01:24:39 +0000] "GET /robots.txt HTTP/1.1" 304 0 "-" "Mozilla/5.0 AppleWebKit/537.36 (KHTML, like Gecko; compatible; ClaudeBot/1.0; [email protected])"
216.73.217.12 - - [17/Jul/2026:01:24:40 +0000] "GET /sitemap24.xml HTTP/1.1" 200 47858 "-" "Mozilla/5.0 AppleWebKit/537.36 (KHTML, like Gecko; compatible; ClaudeBot/1.0; [email protected])"
20.104.96.117 - - [17/Jul/2026:01:24:39 +0000] "GET /panel.php HTTP/1.1" 301 0 "-" "-"
20.104.96.117 - - [17/Jul/2026:01:24:40 +0000] "GET /panel.php HTTP/1.1" 404 0 "-" "-"
20.104.96.117 - - [17/Jul/2026:01:24:42 +0000] "GET /dex.php HTTP/1.1" 301 0 "-" "-"
20.104.96.117 - - [17/Jul/2026:01:24:44 +0000] "GET /dex.php HTTP/1.1" 404 0 "-" "-"
20.104.96.117 - - [17/Jul/2026:01:24:46 +0000] "GET /1.php HTTP/1.1" 200 164 "-" "-"
20.104.96.117 - - [17/Jul/2026:01:24:48 +0000] "GET /ms.php HTTP/1.1" 301 0 "-" "-"
20.104.96.117 - - [17/Jul/2026:01:24:52 +0000] "GET /ms.php HTTP/1.1" 404 0 "-" "-"
20.104.96.117 - - [17/Jul/2026:01:24:54 +0000] "GET /wp-admin/css/colors/modern/ HTTP/1.1" 404 1251 "-" "-"
20.104.96.117 - - [17/Jul/2026:01:24:54 +0000] "GET /memberfuns.php HTTP/1.1" 301 0 "-" "-"
20.104.96.117 - - [17/Jul/2026:01:24:56 +0000] "GET /memberfuns.php HTTP/1.1" 404 0 "-" "-"
20.104.96.117 - - [17/Jul/2026:01:24:58 +0000] "GET /0.php HTTP/1.1" 301 0 "-" "-"
20.104.96.117 - - [17/Jul/2026:01:25:01 +0000] "GET /0.php HTTP/1.1" 404 0 "-" "-"
20.104.96.117 - - [17/Jul/2026:01:25:07 +0000] "GET /BDKR28.php HTTP/1.1" 301 0 "-" "-"
20.104.96.117 - - [17/Jul/2026:01:25:10 +0000] "GET /BDKR28.php HTTP/1.1" 404 0 "-" "-"
20.104.96.117 - - [17/Jul/2026:01:25:14 +0000] "GET /fw.php HTTP/1.1" 301 0 "-" "-"
20.104.96.117 - - [17/Jul/2026:01:25:18 +0000] "GET /fw.php HTTP/1.1" 404 0 "-" "-"
20.104.96.117 - - [17/Jul/2026:01:25:22 +0000] "GET /green1.php HTTP/1.1" 301 0 "-" "-"
20.104.96.117 - - [17/Jul/2026:01:25:25 +0000] "GET /green1.php HTTP/1.1" 404 0 "-" "-"
20.104.96.117 - - [17/Jul/2026:01:25:27 +0000] "GET /nc4.php HTTP/1.1" 301 0 "-" "-"
20.104.96.117 - - [17/Jul/2026:01:25:29 +0000] "GET /nc4.php HTTP/1.1" 404 0 "-" "-"
20.104.96.117 - - [17/Jul/2026:01:25:31 +0000] "GET /ftde.php HTTP/1.1" 301 0 "-" "-"
20.104.96.117 - - [17/Jul/2026:01:25:34 +0000] "GET /ftde.php HTTP/1.1" 404 0 "-" "-"
65.181.116.207 - - [17/Jul/2026:01:25:40 +0000] "POST /wp-cron.php?doing_wp_cron=1784251539.9271979331970214843750 HTTP/1.1" 200 0 "-" "WordPress/7.0.1; https://www.quick-iptv4k.com"
20.104.96.117 - - [17/Jul/2026:01:25:36 +0000] "GET /scxy.php HTTP/1.1" 301 0 "-" "-"
20.104.96.117 - - [17/Jul/2026:01:25:40 +0000] "GET /scxy.php HTTP/1.1" 404 0 "-" "-"
20.104.96.117 - - [17/Jul/2026:01:25:42 +0000] "GET /uwu.php HTTP/1.1" 301 0 "-" "-"
20.104.96.117 - - [17/Jul/2026:01:25:45 +0000] "GET /uwu.php HTTP/1.1" 404 0 "-" "-"
20.104.96.117 - - [17/Jul/2026:01:25:48 +0000] "GET /yuighh.php HTTP/1.1" 301 0 "-" "-"
20.104.96.117 - - [17/Jul/2026:01:25:50 +0000] "GET /yuighh.php HTTP/1.1" 404 0 "-" "-"
20.104.96.117 - - [17/Jul/2026:01:25:52 +0000] "GET /bypass.php HTTP/1.1" 301 0 "-" "-"
20.104.96.117 - - [17/Jul/2026:01:25:54 +0000] "GET /bypass.php HTTP/1.1" 404 0 "-" "-"
20.104.96.117 - - [17/Jul/2026:01:25:56 +0000] "GET /00.php HTTP/1.1" 301 0 "-" "-"
20.104.96.117 - - [17/Jul/2026:01:25:59 +0000] "GET /00.php HTTP/1.1" 404 0 "-" "-"
20.104.96.117 - - [17/Jul/2026:01:26:02 +0000] "GET /a1.php HTTP/1.1" 301 0 "-" "-"
20.104.96.117 - - [17/Jul/2026:01:26:05 +0000] "GET /a1.php HTTP/1.1" 404 0 "-" "-"
20.104.96.117 - - [17/Jul/2026:01:26:07 +0000] "GET /eee.php HTTP/1.1" 301 0 "-" "-"
20.104.96.117 - - [17/Jul/2026:01:26:11 +0000] "GET /eee.php HTTP/1.1" 404 0 "-" "-"
20.104.96.117 - - [17/Jul/2026:01:26:14 +0000] "GET /media.php HTTP/1.1" 301 0 "-" "-"
20.104.96.117 - - [17/Jul/2026:01:26:17 +0000] "GET /media.php HTTP/1.1" 404 0 "-" "-"
20.104.96.117 - - [17/Jul/2026:01:26:19 +0000] "GET /images.php HTTP/1.1" 301 0 "-" "-"
20.104.96.117 - - [17/Jul/2026:01:26:21 +0000] "GET /images.php HTTP/1.1" 404 0 "-" "-"
20.104.96.117 - - [17/Jul/2026:01:26:23 +0000] "GET /wp-aothait.php HTTP/1.1" 301 0 "-" "-"
20.104.96.117 - - [17/Jul/2026:01:26:26 +0000] "GET /wp-aothait.php HTTP/1.1" 404 0 "-" "-"
20.104.96.117 - - [17/Jul/2026:01:26:28 +0000] "GET /config.json.php HTTP/1.1" 301 0 "-" "-"
20.104.96.117 - - [17/Jul/2026:01:26:30 +0000] "GET /config.json.php HTTP/1.1" 404 0 "-" "-"
20.104.96.117 - - [17/Jul/2026:01:26:33 +0000] "GET /2PJcpMFsD8B.php HTTP/1.1" 301 0 "-" "-"
20.104.96.117 - - [17/Jul/2026:01:26:35 +0000] "GET /2PJcpMFsD8B.php HTTP/1.1" 404 0 "-" "-"
20.104.96.117 - - [17/Jul/2026:01:26:38 +0000] "GET /k2.php HTTP/1.1" 301 0 "-" "-"
20.104.96.117 - - [17/Jul/2026:01:26:40 +0000] "GET /k2.php HTTP/1.1" 404 0 "-" "-"
104.165.75.26 - - [17/Jul/2026:01:43:13 +0000] "GET / HTTP/1.1" 301 0 "-" "Mozilla/5.0 (compatible; Baiduspider/2.0; +http://www.baidu.com/search/spider.html)"
173.208.148.34 - - [17/Jul/2026:03:00:18 +0000] "GET /index.php?params=1 HTTP/1.1" 301 0 "-" "Mozilla/5.0 (Windows NT 10.0; Win64; x64) AppleWebKit/537.36 (KHTML, like Gecko) Chrome/131.0.0.0 Safari/537.36"
185.93.89.147 - - [17/Jul/2026:03:14:35 +0000] "GET / HTTP/1.1" 301 0 "-" "Mozilla/5.0 (compatible; jscrawler/0.1; +https://github.com/)"
2a09:bac5:6d1e:aa::11:19c - - [17/Jul/2026:03:16:00 +0000] "GET / HTTP/1.1" 301 0 "-" "Mozilla/5.0 (X11; Linux x86_64) AppleWebKit/537.36 (KHTML, like Gecko) Chrome/149.0.0.0 Safari/537.36"
216.73.217.12 - - [17/Jul/2026:03:27:17 +0000] "GET /robots.txt HTTP/1.1" 304 0 "-" "Mozilla/5.0 AppleWebKit/537.36 (KHTML, like Gecko; compatible; ClaudeBot/1.0; [email protected])"
216.73.217.12 - - [17/Jul/2026:03:27:51 +0000] "GET /sitemap24.xml HTTP/1.1" 200 60292 "-" "Mozilla/5.0 AppleWebKit/537.36 (KHTML, like Gecko; compatible; ClaudeBot/1.0; [email protected])"
216.73.217.12 - - [17/Jul/2026:04:09:40 +0000] "GET /sitemap24.xml HTTP/1.1" 200 47858 "-" "Mozilla/5.0 AppleWebKit/537.36 (KHTML, like Gecko; compatible; ClaudeBot/1.0; [email protected])"
216.73.217.12 - - [17/Jul/2026:04:14:56 +0000] "GET /sitemap24.xml HTTP/1.1" 200 47858 "-" "Mozilla/5.0 AppleWebKit/537.36 (KHTML, like Gecko; compatible; ClaudeBot/1.0; [email protected])"
175.27.136.83 - - [17/Jul/2026:04:18:44 +0000] "GET / HTTP/1.1" 301 0 "-" "Mozilla/5.0 (iPhone; CPU iPhone OS 13_2_3 like Mac OS X) AppleWebKit/605.1.15 (KHTML, like Gecko) Version/13.0.3 Mobile/15E148 Safari/604.1"
43.164.192.151 - - [17/Jul/2026:04:20:05 +0000] "GET / HTTP/1.1" 301 0 "-" "Mozilla/5.0 (iPhone; CPU iPhone OS 13_2_3 like Mac OS X) AppleWebKit/605.1.15 (KHTML, like Gecko) Version/13.0.3 Mobile/15E148 Safari/604.1"
74.125.212.2 - - [17/Jul/2026:04:37:25 +0000] "GET /?gclid=981379621 HTTP/1.1" 200 29789 "-" "Mozilla/5.0 AppleWebKit/537.36 (KHTML, like Gecko; Mozilla/5.0, Google-AdWords-Express) Chrome/149.0.7827.200 Safari/537.36"
114.119.136.86 - - [17/Jul/2026:04:45:16 +0000] "GET /robots.txt HTTP/1.1" 200 170 "http://www.quick-iptv4k.com/robots.txt" "Mozilla/5.0 (compatible;PetalBot;+https://webmaster.petalsearch.com/site/petalbot)"
157.245.8.250 - - [17/Jul/2026:05:17:22 +0000] "GET / HTTP/1.1" 301 0 "-" "Mozilla/5.0 (X11; Linux x86_64) AppleWebKit/537.36 (KHTML, like Gecko) Chrome/142.0.0.0 Safari/537.36"
193.36.225.80 - - [17/Jul/2026:05:32:21 +0000] "GET / HTTP/1.1" 301 0 "-" "Go-http-client/1.1"
206.189.233.36 - - [17/Jul/2026:05:35:10 +0000] "GET / HTTP/1.1" 403 1242 "-" "Mozilla/5.0 (l9scan/2.0.832323e2334313e27363e2237313; +https://leakix.net)"
206.189.233.36 - - [17/Jul/2026:05:35:11 +0000] "GET /console/ HTTP/1.1" 403 1242 "-" "Mozilla/5.0 (l9scan/2.0.832323e2334313e27363e2237313; +https://leakix.net)"
206.189.233.36 - - [17/Jul/2026:05:35:12 +0000] "GET /server HTTP/1.1" 403 1242 "-" "Mozilla/5.0 (l9scan/2.0.832323e2334313e27363e2237313; +https://leakix.net)"
206.189.233.36 - - [17/Jul/2026:05:35:13 +0000] "GET /server-status HTTP/1.1" 403 1242 "-" "Mozilla/5.0 (l9scan/2.0.832323e2334313e27363e2237313; +https://leakix.net)"
207.154.197.113 - - [17/Jul/2026:05:35:14 +0000] "GET / HTTP/1.1" 403 1242 "-" "Mozilla/5.0 (l9scan/2.0.832323e2334313e27363e2237313; +https://leakix.net)"
207.154.197.113 - - [17/Jul/2026:05:35:15 +0000] "GET /console/ HTTP/1.1" 403 1242 "-" "Mozilla/5.0 (l9scan/2.0.832323e2334313e27363e2237313; +https://leakix.net)"
206.189.233.36 - - [17/Jul/2026:05:35:15 +0000] "GET /about HTTP/1.1" 403 1242 "-" "Mozilla/5.0 (l9scan/2.0.832323e2334313e27363e2237313; +https://leakix.net)"
207.154.197.113 - - [17/Jul/2026:05:35:16 +0000] "GET /server HTTP/1.1" 403 1242 "-" "Mozilla/5.0 (l9scan/2.0.832323e2334313e27363e2237313; +https://leakix.net)"
206.189.233.36 - - [17/Jul/2026:05:35:16 +0000] "GET /login.action HTTP/1.1" 403 1242 "-" "Mozilla/5.0 (l9scan/2.0.832323e2334313e27363e2237313; +https://leakix.net)"
207.154.197.113 - - [17/Jul/2026:05:35:17 +0000] "GET /server-status HTTP/1.1" 403 1242 "-" "Mozilla/5.0 (l9scan/2.0.832323e2334313e27363e2237313; +https://leakix.net)"
206.189.233.36 - - [17/Jul/2026:05:35:17 +0000] "GET / HTTP/1.1" 403 1242 "-" "Mozilla/5.0 (l9scan/2.0.832323e2334313e27363e2237313; +https://leakix.net)"
206.189.233.36 - - [17/Jul/2026:05:35:17 +0000] "GET /___proxy_subdomain_whm/login HTTP/1.1" 403 1242 "-" "Mozilla/5.0 (l9scan/2.0.832323e2334313e27363e2237313; +https://leakix.net)"
206.189.233.36 - - [17/Jul/2026:05:35:17 +0000] "GET /___proxy_subdomain_cpanel HTTP/1.1" 403 1242 "-" "Mozilla/5.0 (l9scan/2.0.832323e2334313e27363e2237313; +https://leakix.net)"
206.189.233.36 - - [17/Jul/2026:05:35:17 +0000] "GET /v2/_catalog HTTP/1.1" 403 1242 "-" "Mozilla/5.0 (l9scan/2.0.832323e2334313e27363e2237313; +https://leakix.net)"
206.189.233.36 - - [17/Jul/2026:05:35:18 +0000] "GET /.DS_Store HTTP/1.1" 403 1242 "-" "Mozilla/5.0 (l9scan/2.0.832323e2334313e27363e2237313; +https://leakix.net)"
207.154.197.113 - - [17/Jul/2026:05:35:19 +0000] "GET /about HTTP/1.1" 403 1242 "-" "Mozilla/5.0 (l9scan/2.0.832323e2334313e27363e2237313; +https://leakix.net)"
206.189.233.36 - - [17/Jul/2026:05:35:19 +0000] "GET /.env HTTP/1.1" 403 1242 "-" "Mozilla/5.0 (l9scan/2.0.832323e2334313e27363e2237313; +https://leakix.net)"
207.154.197.113 - - [17/Jul/2026:05:35:20 +0000] "GET /login.action HTTP/1.1" 403 1242 "-" "Mozilla/5.0 (l9scan/2.0.832323e2334313e27363e2237313; +https://leakix.net)"
207.154.197.113 - - [17/Jul/2026:05:35:21 +0000] "GET / HTTP/1.1" 403 1242 "-" "Mozilla/5.0 (l9scan/2.0.832323e2334313e27363e2237313; +https://leakix.net)"
206.189.233.36 - - [17/Jul/2026:05:35:21 +0000] "GET /ecp/Current/exporttool/microsoft.exchange.ediscovery.exporttool.application HTTP/1.1" 403 1242 "-" "Mozilla/5.0 (l9scan/2.0.832323e2334313e27363e2237313; +https://leakix.net)"
207.154.197.113 - - [17/Jul/2026:05:35:21 +0000] "GET /___proxy_subdomain_whm/login HTTP/1.1" 403 1242 "-" "Mozilla/5.0 (l9scan/2.0.832323e2334313e27363e2237313; +https://leakix.net)"
207.154.197.113 - - [17/Jul/2026:05:35:22 +0000] "GET /___proxy_subdomain_cpanel HTTP/1.1" 403 1242 "-" "Mozilla/5.0 (l9scan/2.0.832323e2334313e27363e2237313; +https://leakix.net)"
207.154.197.113 - - [17/Jul/2026:05:35:23 +0000] "GET /v2/_catalog HTTP/1.1" 403 1242 "-" "Mozilla/5.0 (l9scan/2.0.832323e2334313e27363e2237313; +https://leakix.net)"
207.154.197.113 - - [17/Jul/2026:05:35:23 +0000] "GET /.DS_Store HTTP/1.1" 403 1242 "-" "Mozilla/5.0 (l9scan/2.0.832323e2334313e27363e2237313; +https://leakix.net)"
206.189.233.36 - - [17/Jul/2026:05:35:24 +0000] "GET /.git/config HTTP/1.1" 403 1242 "-" "Mozilla/5.0 (l9scan/2.0.832323e2334313e27363e2237313; +https://leakix.net)"
206.189.233.36 - - [17/Jul/2026:05:35:25 +0000] "POST /graphql HTTP/1.1" 403 1242 "-" "Mozilla/5.0 (l9scan/2.0.832323e2334313e27363e2237313; +https://leakix.net)"
206.189.233.36 - - [17/Jul/2026:05:35:25 +0000] "POST /api HTTP/1.1" 403 1242 "-" "Mozilla/5.0 (l9scan/2.0.832323e2334313e27363e2237313; +https://leakix.net)"
206.189.233.36 - - [17/Jul/2026:05:35:25 +0000] "POST /api/graphql HTTP/1.1" 403 1242 "-" "Mozilla/5.0 (l9scan/2.0.832323e2334313e27363e2237313; +https://leakix.net)"
206.189.233.36 - - [17/Jul/2026:05:35:25 +0000] "POST /graphql/api HTTP/1.1" 403 1242 "-" "Mozilla/5.0 (l9scan/2.0.832323e2334313e27363e2237313; +https://leakix.net)"
206.189.233.36 - - [17/Jul/2026:05:35:25 +0000] "POST /api/gql HTTP/1.1" 403 1242 "-" "Mozilla/5.0 (l9scan/2.0.832323e2334313e27363e2237313; +https://leakix.net)"
206.189.233.36 - - [17/Jul/2026:05:35:26 +0000] "GET /s/832323e2334313e27363e2237313/_/;/META-INF/maven/com.atlassian.jira/jira-webapp-dist/pom.properties HTTP/1.1" 403 1242 "-" "Mozilla/5.0 (l9scan/2.0.832323e2334313e27363e2237313; +https://leakix.net)"
206.189.233.36 - - [17/Jul/2026:05:35:26 +0000] "GET /config.json HTTP/1.1" 403 1242 "-" "Mozilla/5.0 (l9scan/2.0.832323e2334313e27363e2237313; +https://leakix.net)"
206.189.233.36 - - [17/Jul/2026:05:35:28 +0000] "GET /telescope/requests HTTP/1.1" 403 1242 "-" "Mozilla/5.0 (l9scan/2.0.832323e2334313e27363e2237313; +https://leakix.net)"
206.189.233.36 - - [17/Jul/2026:05:35:29 +0000] "GET /php/login.php HTTP/1.1" 403 1242 "-" "Mozilla/5.0 (l9scan/2.0.832323e2334313e27363e2237313; +https://leakix.net)"
207.154.197.113 - - [17/Jul/2026:05:35:33 +0000] "GET /.git/config HTTP/1.1" 403 1242 "-" "Mozilla/5.0 (l9scan/2.0.832323e2334313e27363e2237313; +https://leakix.net)"
2604:a880:cad:d0::286:4001 - - [17/Jul/2026:05:35:10 +0000] "GET / HTTP/1.1" 301 0 "-" "Mozilla/5.0 (l9scan/2.0.93437343a353138363a3a313330333a303037343a363036323; +https://leakix.net)"
2604:a880:400:d0::2544:7001 - - [17/Jul/2026:05:35:10 +0000] "GET / HTTP/1.1" 301 0 "-" "Mozilla/5.0 (l9scan/2.0.43566683a333433616a3a313330333a303037343a363036323; +https://leakix.net)"
207.154.212.47 - - [17/Jul/2026:05:35:10 +0000] "GET / HTTP/1.1" 301 0 "-" "Mozilla/5.0 (l9scan/2.0.3373e21373e21323e2430313; +https://leakix.net)"
159.65.18.197 - - [17/Jul/2026:05:35:10 +0000] "GET / HTTP/1.1" 301 0 "-" "Mozilla/5.0 (l9scan/2.0.832323e2334313e27363e2237313; +https://leakix.net)"
64.227.32.66 - - [17/Jul/2026:05:35:11 +0000] "GET / HTTP/1.1" 301 0 "-" "Mozilla/5.0 (l9scan/2.0.3373e21373e21323e2430313; +https://leakix.net)"
2604:a880:400:d0::24c8:8001 - - [17/Jul/2026:05:35:11 +0000] "GET / HTTP/1.1" 301 0 "-" "Mozilla/5.0 (l9scan/2.0.93437343a353138363a3a313330333a303037343a363036323; +https://leakix.net)"
2a03:b0c0:3:d0::d09:a001 - - [17/Jul/2026:05:35:11 +0000] "GET / HTTP/1.1" 301 0 "-" "Mozilla/5.0 (l9scan/2.0.93437343a353138363a3a313330333a303037343a363036323; +https://leakix.net)"
2a03:b0c0:3:d0::34e:b001 - - [17/Jul/2026:05:35:12 +0000] "GET / HTTP/1.1" 301 0 "-" "Mozilla/5.0 (l9scan/2.0.43566683a333433616a3a313330333a303037343a363036323; +https://leakix.net)"
139.59.143.102 - - [17/Jul/2026:05:35:13 +0000] "GET / HTTP/1.1" 301 0 "-" "Mozilla/5.0 (l9scan/2.0.3373e21373e21323e2430313; +https://leakix.net)"
2400:6180:0:d0::f29:6001 - - [17/Jul/2026:05:35:12 +0000] "GET / HTTP/1.1" 301 0 "-" "Mozilla/5.0 (l9scan/2.0.43566683a333433616a3a313330333a303037343a363036323; +https://leakix.net)"
207.154.197.113 - - [17/Jul/2026:05:35:25 +0000] "GET /.env HTTP/1.1" 404 0 "-" "Mozilla/5.0 (l9scan/2.0.832323e2334313e27363e2237313; +https://leakix.net)"
207.154.197.113 - - [17/Jul/2026:05:35:29 +0000] "GET /ecp/Current/exporttool/microsoft.exchange.ediscovery.exporttool.application HTTP/1.1" 404 0 "-" "Mozilla/5.0 (l9scan/2.0.832323e2334313e27363e2237313; +https://leakix.net)"
206.189.233.36 - - [17/Jul/2026:05:35:30 +0000] "GET /info.php HTTP/1.1" 404 0 "-" "Mozilla/5.0 (l9scan/2.0.832323e2334313e27363e2237313; +https://leakix.net)"
206.189.233.36 - - [17/Jul/2026:05:35:33 +0000] "GET /.well-known/security.txt HTTP/1.1" 404 0 "-" "Mozilla/5.0 (l9scan/2.0.832323e2334313e27363e2237313; +https://leakix.net)"
207.154.197.113 - - [17/Jul/2026:05:35:34 +0000] "POST /graphql HTTP/1.1" 404 0 "-" "Mozilla/5.0 (l9scan/2.0.832323e2334313e27363e2237313; +https://leakix.net)"
159.65.18.197 - - [17/Jul/2026:05:36:16 +0000] "GET /.git/config HTTP/1.1" 403 1242 "-" "Mozilla/5.0 (l9scan/2.0.832323e2334313e27363e2237313; +https://leakix.net)"
207.154.212.47 - - [17/Jul/2026:05:36:16 +0000] "GET /.git/config HTTP/1.1" 403 1242 "-" "Mozilla/5.0 (l9scan/2.0.3373e21373e21323e2430313; +https://leakix.net)"
206.189.233.36 - - [17/Jul/2026:05:35:36 +0000] "GET /actuator/env HTTP/1.1" 404 0 "-" "Mozilla/5.0 (l9scan/2.0.832323e2334313e27363e2237313; +https://leakix.net)"
64.227.32.66 - - [17/Jul/2026:05:36:18 +0000] "GET /.git/config HTTP/1.1" 403 1242 "-" "Mozilla/5.0 (l9scan/2.0.3373e21373e21323e2430313; +https://leakix.net)"
207.154.212.47 - - [17/Jul/2026:05:35:38 +0000] "GET /console/ HTTP/1.1" 301 0 "-" "Mozilla/5.0 (l9scan/2.0.3373e21373e21323e2430313; +https://leakix.net)"
207.154.197.113 - - [17/Jul/2026:05:35:37 +0000] "POST /api HTTP/1.1" 404 0 "-" "Mozilla/5.0 (l9scan/2.0.832323e2334313e27363e2237313; +https://leakix.net)"
159.65.18.197 - - [17/Jul/2026:05:35:38 +0000] "GET /console/ HTTP/1.1" 301 0 "-" "Mozilla/5.0 (l9scan/2.0.832323e2334313e27363e2237313; +https://leakix.net)"
206.189.233.36 - - [17/Jul/2026:05:35:39 +0000] "GET /trace.axd HTTP/1.1" 404 0 "-" "Mozilla/5.0 (l9scan/2.0.832323e2334313e27363e2237313; +https://leakix.net)"
207.154.197.113 - - [17/Jul/2026:05:35:40 +0000] "POST /api/graphql HTTP/1.1" 404 0 "-" "Mozilla/5.0 (l9scan/2.0.832323e2334313e27363e2237313; +https://leakix.net)"
64.227.32.66 - - [17/Jul/2026:05:35:40 +0000] "GET /console/ HTTP/1.1" 404 0 "-" "Mozilla/5.0 (l9scan/2.0.3373e21373e21323e2430313; +https://leakix.net)"
159.65.18.197 - - [17/Jul/2026:05:35:41 +0000] "GET /server HTTP/1.1" 301 0 "-" "Mozilla/5.0 (l9scan/2.0.832323e2334313e27363e2237313; +https://leakix.net)"
207.154.212.47 - - [17/Jul/2026:05:35:41 +0000] "GET /server HTTP/1.1" 301 0 "-" "Mozilla/5.0 (l9scan/2.0.3373e21373e21323e2430313; +https://leakix.net)"
206.189.233.36 - - [17/Jul/2026:05:35:42 +0000] "GET /@vite/env HTTP/1.1" 404 0 "-" "Mozilla/5.0 (l9scan/2.0.832323e2334313e27363e2237313; +https://leakix.net)"
64.227.32.66 - - [17/Jul/2026:05:35:42 +0000] "GET /server HTTP/1.1" 404 0 "-" "Mozilla/5.0 (l9scan/2.0.3373e21373e21323e2430313; +https://leakix.net)"
207.154.197.113 - - [17/Jul/2026:05:35:43 +0000] "POST /graphql/api HTTP/1.1" 404 0 "-" "Mozilla/5.0 (l9scan/2.0.832323e2334313e27363e2237313; +https://leakix.net)"
207.154.212.47 - - [17/Jul/2026:05:35:44 +0000] "GET /server-status HTTP/1.1" 301 0 "-" "Mozilla/5.0 (l9scan/2.0.3373e21373e21323e2430313; +https://leakix.net)"
159.65.18.197 - - [17/Jul/2026:05:35:44 +0000] "GET /server-status HTTP/1.1" 301 0 "-" "Mozilla/5.0 (l9scan/2.0.832323e2334313e27363e2237313; +https://leakix.net)"
206.189.233.36 - - [17/Jul/2026:05:35:45 +0000] "GET /.vscode/sftp.json HTTP/1.1" 404 0 "-" "Mozilla/5.0 (l9scan/2.0.832323e2334313e27363e2237313; +https://leakix.net)"
64.227.32.66 - - [17/Jul/2026:05:35:46 +0000] "GET /server-status HTTP/1.1" 404 0 "-" "Mozilla/5.0 (l9scan/2.0.3373e21373e21323e2430313; +https://leakix.net)"
207.154.197.113 - - [17/Jul/2026:05:35:46 +0000] "POST /api/gql HTTP/1.1" 404 0 "-" "Mozilla/5.0 (l9scan/2.0.832323e2334313e27363e2237313; +https://leakix.net)"
159.65.18.197 - - [17/Jul/2026:05:35:47 +0000] "GET /about HTTP/1.1" 301 0 "-" "Mozilla/5.0 (l9scan/2.0.832323e2334313e27363e2237313; +https://leakix.net)"
207.154.212.47 - - [17/Jul/2026:05:35:47 +0000] "GET /about HTTP/1.1" 301 0 "-" "Mozilla/5.0 (l9scan/2.0.3373e21373e21323e2430313; +https://leakix.net)"
206.189.233.36 - - [17/Jul/2026:05:35:48 +0000] "OPTIONS / HTTP/1.1" 200 31397 "-" "Mozilla/5.0 (l9scan/2.0.832323e2334313e27363e2237313; +https://leakix.net)"
64.227.32.66 - - [17/Jul/2026:05:35:49 +0000] "GET /about HTTP/1.1" 301 0 "-" "Mozilla/5.0 (l9scan/2.0.3373e21373e21323e2430313; +https://leakix.net)"
207.154.197.113 - - [17/Jul/2026:05:35:49 +0000] "GET /s/832323e2334313e27363e2237313/_/;/META-INF/maven/com.atlassian.jira/jira-webapp-dist/pom.properties HTTP/1.1" 404 0 "-" "Mozilla/5.0 (l9scan/2.0.832323e2334313e27363e2237313; +https://leakix.net)"
207.154.212.47 - - [17/Jul/2026:05:35:50 +0000] "GET /login.action HTTP/1.1" 301 0 "-" "Mozilla/5.0 (l9scan/2.0.3373e21373e21323e2430313; +https://leakix.net)"
159.65.18.197 - - [17/Jul/2026:05:35:50 +0000] "GET /login.action HTTP/1.1" 301 0 "-" "Mozilla/5.0 (l9scan/2.0.832323e2334313e27363e2237313; +https://leakix.net)"
206.189.233.36 - - [17/Jul/2026:05:35:51 +0000] "GET /?rest_route=/wp/v2/users/ HTTP/1.1" 200 22 "-" "Mozilla/5.0 (l9scan/2.0.832323e2334313e27363e2237313; +https://leakix.net)"
64.227.32.66 - - [17/Jul/2026:05:35:52 +0000] "GET /login.action HTTP/1.1" 404 0 "-" "Mozilla/5.0 (l9scan/2.0.3373e21373e21323e2430313; +https://leakix.net)"
207.154.212.47 - - [17/Jul/2026:05:35:53 +0000] "GET / HTTP/1.1" 301 0 "-" "Mozilla/5.0 (l9scan/2.0.3373e21373e21323e2430313; +https://leakix.net)"
207.154.197.113 - - [17/Jul/2026:05:35:52 +0000] "GET /config.json HTTP/1.1" 404 0 "-" "Mozilla/5.0 (l9scan/2.0.832323e2334313e27363e2237313; +https://leakix.net)"
159.65.18.197 - - [17/Jul/2026:05:35:53 +0000] "GET / HTTP/1.1" 301 0 "-" "Mozilla/5.0 (l9scan/2.0.832323e2334313e27363e2237313; +https://leakix.net)"
206.189.233.36 - - [17/Jul/2026:05:35:54 +0000] "GET /debug/default/view?panel=config HTTP/1.1" 404 0 "-" "Mozilla/5.0 (l9scan/2.0.832323e2334313e27363e2237313; +https://leakix.net)"
64.227.32.66 - - [17/Jul/2026:05:35:55 +0000] "GET / HTTP/1.1" 301 0 "-" "Mozilla/5.0 (l9scan/2.0.3373e21373e21323e2430313; +https://leakix.net)"
207.154.197.113 - - [17/Jul/2026:05:35:55 +0000] "GET /telescope/requests HTTP/1.1" 404 0 "-" "Mozilla/5.0 (l9scan/2.0.832323e2334313e27363e2237313; +https://leakix.net)"
207.154.212.47 - - [17/Jul/2026:05:35:56 +0000] "GET /___proxy_subdomain_whm/login HTTP/1.1" 301 0 "-" "Mozilla/5.0 (l9scan/2.0.3373e21373e21323e2430313; +https://leakix.net)"
159.65.18.197 - - [17/Jul/2026:05:35:56 +0000] "GET /___proxy_subdomain_whm/login HTTP/1.1" 301 0 "-" "Mozilla/5.0 (l9scan/2.0.832323e2334313e27363e2237313; +https://leakix.net)"
64.227.32.66 - - [17/Jul/2026:05:35:58 +0000] "GET /___proxy_subdomain_whm/login HTTP/1.1" 301 0 "-" "Mozilla/5.0 (l9scan/2.0.3373e21373e21323e2430313; +https://leakix.net)"
159.65.18.197 - - [17/Jul/2026:05:35:59 +0000] "GET /___proxy_subdomain_cpanel HTTP/1.1" 301 0 "-" "Mozilla/5.0 (l9scan/2.0.832323e2334313e27363e2237313; +https://leakix.net)"
207.154.197.113 - - [17/Jul/2026:05:35:58 +0000] "GET /php/login.php HTTP/1.1" 404 0 "-" "Mozilla/5.0 (l9scan/2.0.832323e2334313e27363e2237313; +https://leakix.net)"
207.154.212.47 - - [17/Jul/2026:05:35:59 +0000] "GET /___proxy_subdomain_cpanel HTTP/1.1" 301 0 "-" "Mozilla/5.0 (l9scan/2.0.3373e21373e21323e2430313; +https://leakix.net)"
64.227.32.66 - - [17/Jul/2026:05:36:01 +0000] "GET /___proxy_subdomain_cpanel HTTP/1.1" 404 0 "-" "Mozilla/5.0 (l9scan/2.0.3373e21373e21323e2430313; +https://leakix.net)"
207.154.197.113 - - [17/Jul/2026:05:36:01 +0000] "GET /info.php HTTP/1.1" 404 0 "-" "Mozilla/5.0 (l9scan/2.0.832323e2334313e27363e2237313; +https://leakix.net)"
159.65.18.197 - - [17/Jul/2026:05:36:02 +0000] "GET /v2/_catalog HTTP/1.1" 301 0 "-" "Mozilla/5.0 (l9scan/2.0.832323e2334313e27363e2237313; +https://leakix.net)"
207.154.212.47 - - [17/Jul/2026:05:36:02 +0000] "GET /v2/_catalog HTTP/1.1" 301 0 "-" "Mozilla/5.0 (l9scan/2.0.3373e21373e21323e2430313; +https://leakix.net)"
64.227.32.66 - - [17/Jul/2026:05:36:04 +0000] "GET /v2/_catalog HTTP/1.1" 404 0 "-" "Mozilla/5.0 (l9scan/2.0.3373e21373e21323e2430313; +https://leakix.net)"
207.154.197.113 - - [17/Jul/2026:05:36:04 +0000] "GET /.well-known/security.txt HTTP/1.1" 404 0 "-" "Mozilla/5.0 (l9scan/2.0.832323e2334313e27363e2237313; +https://leakix.net)"
159.65.18.197 - - [17/Jul/2026:05:36:05 +0000] "GET /.DS_Store HTTP/1.1" 301 0 "-" "Mozilla/5.0 (l9scan/2.0.832323e2334313e27363e2237313; +https://leakix.net)"
207.154.212.47 - - [17/Jul/2026:05:36:05 +0000] "GET /.DS_Store HTTP/1.1" 301 0 "-" "Mozilla/5.0 (l9scan/2.0.3373e21373e21323e2430313; +https://leakix.net)"
207.154.197.113 - - [17/Jul/2026:05:36:07 +0000] "GET /actuator/env HTTP/1.1" 404 0 "-" "Mozilla/5.0 (l9scan/2.0.832323e2334313e27363e2237313; +https://leakix.net)"
64.227.32.66 - - [17/Jul/2026:05:36:07 +0000] "GET /.DS_Store HTTP/1.1" 404 0 "-" "Mozilla/5.0 (l9scan/2.0.3373e21373e21323e2430313; +https://leakix.net)"
207.154.212.47 - - [17/Jul/2026:05:36:08 +0000] "GET /.env HTTP/1.1" 301 0 "-" "Mozilla/5.0 (l9scan/2.0.3373e21373e21323e2430313; +https://leakix.net)"
159.65.18.197 - - [17/Jul/2026:05:36:08 +0000] "GET /.env HTTP/1.1" 301 0 "-" "Mozilla/5.0 (l9scan/2.0.832323e2334313e27363e2237313; +https://leakix.net)"
64.227.32.66 - - [17/Jul/2026:05:36:10 +0000] "GET /.env HTTP/1.1" 404 0 "-" "Mozilla/5.0 (l9scan/2.0.3373e21373e21323e2430313; +https://leakix.net)"
207.154.197.113 - - [17/Jul/2026:05:36:10 +0000] "GET /trace.axd HTTP/1.1" 404 0 "-" "Mozilla/5.0 (l9scan/2.0.832323e2334313e27363e2237313; +https://leakix.net)"
207.154.212.47 - - [17/Jul/2026:05:36:12 +0000] "GET /ecp/Current/exporttool/microsoft.exchange.ediscovery.exporttool.application HTTP/1.1" 301 0 "-" "Mozilla/5.0 (l9scan/2.0.3373e21373e21323e2430313; +https://leakix.net)"
159.65.18.197 - - [17/Jul/2026:05:36:12 +0000] "GET /ecp/Current/exporttool/microsoft.exchange.ediscovery.exporttool.application HTTP/1.1" 301 0 "-" "Mozilla/5.0 (l9scan/2.0.832323e2334313e27363e2237313; +https://leakix.net)"
64.227.32.66 - - [17/Jul/2026:05:36:14 +0000] "GET /ecp/Current/exporttool/microsoft.exchange.ediscovery.exporttool.application HTTP/1.1" 404 0 "-" "Mozilla/5.0 (l9scan/2.0.3373e21373e21323e2430313; +https://leakix.net)"
207.154.197.113 - - [17/Jul/2026:05:36:13 +0000] "GET /@vite/env HTTP/1.1" 404 0 "-" "Mozilla/5.0 (l9scan/2.0.832323e2334313e27363e2237313; +https://leakix.net)"
207.154.197.113 - - [17/Jul/2026:05:36:16 +0000] "GET /.vscode/sftp.json HTTP/1.1" 404 0 "-" "Mozilla/5.0 (l9scan/2.0.832323e2334313e27363e2237313; +https://leakix.net)"
159.65.18.197 - - [17/Jul/2026:05:36:17 +0000] "POST /graphql HTTP/1.1" 404 0 "-" "Mozilla/5.0 (l9scan/2.0.832323e2334313e27363e2237313; +https://leakix.net)"
207.154.212.47 - - [17/Jul/2026:05:36:17 +0000] "POST /graphql HTTP/1.1" 404 0 "-" "Mozilla/5.0 (l9scan/2.0.3373e21373e21323e2430313; +https://leakix.net)"
65.181.116.207 - - [17/Jul/2026:05:36:20 +0000] "POST /wp-cron.php?doing_wp_cron=1784266580.1072320938110351562500 HTTP/1.1" 200 0 "-" "WordPress/7.0.1; https://www.quick-iptv4k.com"
64.227.32.66 - - [17/Jul/2026:05:36:19 +0000] "POST /graphql HTTP/1.1" 404 0 "-" "Mozilla/5.0 (l9scan/2.0.3373e21373e21323e2430313; +https://leakix.net)"
159.65.18.197 - - [17/Jul/2026:05:36:20 +0000] "POST /api HTTP/1.1" 404 0 "-" "Mozilla/5.0 (l9scan/2.0.832323e2334313e27363e2237313; +https://leakix.net)"
207.154.212.47 - - [17/Jul/2026:05:36:20 +0000] "POST /api HTTP/1.1" 404 0 "-" "Mozilla/5.0 (l9scan/2.0.3373e21373e21323e2430313; +https://leakix.net)"
207.154.197.113 - - [17/Jul/2026:05:36:19 +0000] "OPTIONS / HTTP/1.1" 200 31280 "-" "Mozilla/5.0 (l9scan/2.0.832323e2334313e27363e2237313; +https://leakix.net)"
64.227.32.66 - - [17/Jul/2026:05:36:22 +0000] "POST /api HTTP/1.1" 404 0 "-" "Mozilla/5.0 (l9scan/2.0.3373e21373e21323e2430313; +https://leakix.net)"
159.65.18.197 - - [17/Jul/2026:05:36:23 +0000] "POST /api/graphql HTTP/1.1" 404 0 "-" "Mozilla/5.0 (l9scan/2.0.832323e2334313e27363e2237313; +https://leakix.net)"
207.154.212.47 - - [17/Jul/2026:05:36:23 +0000] "POST /api/graphql HTTP/1.1" 404 0 "-" "Mozilla/5.0 (l9scan/2.0.3373e21373e21323e2430313; +https://leakix.net)"
207.154.197.113 - - [17/Jul/2026:05:36:22 +0000] "GET /?rest_route=/wp/v2/users/ HTTP/1.1" 200 22 "-" "Mozilla/5.0 (l9scan/2.0.832323e2334313e27363e2237313; +https://leakix.net)"
207.154.197.113 - - [17/Jul/2026:05:36:25 +0000] "GET /debug/default/view?panel=config HTTP/1.1" 404 0 "-" "Mozilla/5.0 (l9scan/2.0.832323e2334313e27363e2237313; +https://leakix.net)"
