57.141.0.19 - - [16/Jul/2026:23:48:28 +0000] "GET /?p=611 HTTP/2" 301 0 "-" "Mozilla/5.0 (X11; Linux x86_64) AppleWebKit/537.36 (KHTML, like Gecko) Chrome/145.0.0.0 Safari/537.36 (compatible; meta-externalagent/1.1 (+https://developers.facebook.com/docs/sharing/webmasters/crawler))"
65.181.116.207 - - [16/Jul/2026:23:48:56 +0000] "POST /wp-cron.php?doing_wp_cron=1784245736.6051459312438964843750 HTTP/1.1" 200 0 "-" "WordPress/7.0.1; https://www.mecoraso.com"
57.141.0.46 - - [16/Jul/2026:23:48:54 +0000] "GET /?p=7161 HTTP/2" 301 0 "-" "Mozilla/5.0 (Macintosh; Intel Mac OS X 10_15_7) AppleWebKit/537.36 (KHTML, like Gecko) Chrome/145.0.0.0 Safari/537.36 (compatible; meta-externalagent/1.1 (+https://developers.facebook.com/docs/sharing/webmasters/crawler))"
57.141.0.45 - - [16/Jul/2026:23:49:06 +0000] "GET /?p=5408 HTTP/2" 301 0 "-" "Mozilla/5.0 (Windows NT 10.0; Win64; x64) AppleWebKit/537.36 (KHTML, like Gecko) Chrome/145.0.0.0 Safari/537.36 (compatible; meta-externalagent/1.1 (+https://developers.facebook.com/docs/sharing/webmasters/crawler))"
57.141.0.11 - - [16/Jul/2026:23:49:15 +0000] "GET /?p=3069 HTTP/2" 301 0 "-" "Mozilla/5.0 (Windows NT 10.0; Win64; x64) AppleWebKit/537.36 (KHTML, like Gecko) Chrome/145.0.0.0 Safari/537.36 (compatible; meta-externalagent/1.1 (+https://developers.facebook.com/docs/sharing/webmasters/crawler))"
57.141.0.18 - - [16/Jul/2026:23:49:18 +0000] "GET /?p=8245 HTTP/2" 301 0 "-" "Mozilla/5.0 (Windows NT 10.0; Win64; x64) AppleWebKit/537.36 (KHTML, like Gecko) Chrome/145.0.0.0 Safari/537.36 (compatible; meta-externalagent/1.1 (+https://developers.facebook.com/docs/sharing/webmasters/crawler))"
57.141.0.11 - - [16/Jul/2026:23:49:23 +0000] "GET /?p=5797 HTTP/2" 301 0 "-" "Mozilla/5.0 (Windows NT 10.0; Win64; x64) AppleWebKit/537.36 (KHTML, like Gecko) Chrome/145.0.0.0 Safari/537.36 (compatible; meta-externalagent/1.1 (+https://developers.facebook.com/docs/sharing/webmasters/crawler))"
57.141.0.37 - - [16/Jul/2026:23:49:27 +0000] "GET /?p=8579 HTTP/2" 301 0 "-" "Mozilla/5.0 (Macintosh; Intel Mac OS X 10_15_7) AppleWebKit/537.36 (KHTML, like Gecko) Chrome/145.0.0.0 Safari/537.36 (compatible; meta-externalagent/1.1 (+https://developers.facebook.com/docs/sharing/webmasters/crawler))"
65.181.116.207 - - [16/Jul/2026:23:50:03 +0000] "POST /wp-cron.php?doing_wp_cron=1784245803.6851539611816406250000 HTTP/1.1" 200 0 "-" "WordPress/7.0.1; https://www.mecoraso.com"
57.141.0.6 - - [16/Jul/2026:23:49:59 +0000] "GET /?p=1513 HTTP/2" 301 0 "-" "Mozilla/5.0 (Windows NT 10.0; Win64; x64) AppleWebKit/537.36 (KHTML, like Gecko) Chrome/145.0.0.0 Safari/537.36 (compatible; meta-externalagent/1.1 (+https://developers.facebook.com/docs/sharing/webmasters/crawler))"
57.141.0.47 - - [16/Jul/2026:23:50:04 +0000] "GET /?p=2196 HTTP/2" 301 0 "-" "Mozilla/5.0 (Windows NT 10.0; Win64; x64) AppleWebKit/537.36 (KHTML, like Gecko) Chrome/145.0.0.0 Safari/537.36 (compatible; meta-externalagent/1.1 (+https://developers.facebook.com/docs/sharing/webmasters/crawler))"
57.141.0.69 - - [16/Jul/2026:23:50:05 +0000] "GET /?p=3937 HTTP/2" 301 0 "-" "Mozilla/5.0 (Macintosh; Intel Mac OS X 10_15_7) AppleWebKit/537.36 (KHTML, like Gecko) Chrome/145.0.0.0 Safari/537.36 (compatible; meta-externalagent/1.1 (+https://developers.facebook.com/docs/sharing/webmasters/crawler))"
57.141.0.69 - - [16/Jul/2026:23:50:39 +0000] "GET /?p=5320 HTTP/2" 301 0 "-" "Mozilla/5.0 (Windows NT 10.0; Win64; x64) AppleWebKit/537.36 (KHTML, like Gecko) Chrome/145.0.0.0 Safari/537.36 (compatible; meta-externalagent/1.1 (+https://developers.facebook.com/docs/sharing/webmasters/crawler))"
65.181.116.207 - - [16/Jul/2026:23:50:54 +0000] "POST /wp-cron.php?doing_wp_cron=1784245854.7416110038757324218750 HTTP/1.1" 200 0 "-" "WordPress/7.0.1; https://www.mecoraso.com"
57.141.0.47 - - [16/Jul/2026:23:50:52 +0000] "GET /?p=1972 HTTP/2" 301 0 "-" "Mozilla/5.0 (Windows NT 10.0; Win64; x64) AppleWebKit/537.36 (KHTML, like Gecko) Chrome/145.0.0.0 Safari/537.36 (compatible; meta-externalagent/1.1 (+https://developers.facebook.com/docs/sharing/webmasters/crawler))"
57.141.0.41 - - [16/Jul/2026:23:51:01 +0000] "GET /?p=1995 HTTP/2" 301 0 "-" "Mozilla/5.0 (Windows NT 10.0; Win64; x64) AppleWebKit/537.36 (KHTML, like Gecko) Chrome/145.0.0.0 Safari/537.36 (compatible; meta-externalagent/1.1 (+https://developers.facebook.com/docs/sharing/webmasters/crawler))"
57.141.0.31 - - [16/Jul/2026:23:51:01 +0000] "GET /?p=770 HTTP/2" 301 0 "-" "Mozilla/5.0 (Windows NT 10.0; Win64; x64) AppleWebKit/537.36 (KHTML, like Gecko) Chrome/145.0.0.0 Safari/537.36 (compatible; meta-externalagent/1.1 (+https://developers.facebook.com/docs/sharing/webmasters/crawler))"
57.141.0.1 - - [16/Jul/2026:23:51:09 +0000] "GET /?p=860 HTTP/2" 301 0 "-" "Mozilla/5.0 (Windows NT 10.0; Win64; x64) AppleWebKit/537.36 (KHTML, like Gecko) Chrome/145.0.0.0 Safari/537.36 (compatible; meta-externalagent/1.1 (+https://developers.facebook.com/docs/sharing/webmasters/crawler))"
57.141.0.67 - - [16/Jul/2026:23:51:11 +0000] "GET /?p=7993 HTTP/2" 301 0 "-" "Mozilla/5.0 (Macintosh; Intel Mac OS X 10_15_7) AppleWebKit/537.36 (KHTML, like Gecko) Chrome/145.0.0.0 Safari/537.36 (compatible; meta-externalagent/1.1 (+https://developers.facebook.com/docs/sharing/webmasters/crawler))"
57.141.0.36 - - [16/Jul/2026:23:51:17 +0000] "GET /?p=7060 HTTP/2" 301 0 "-" "Mozilla/5.0 (X11; Linux x86_64) AppleWebKit/537.36 (KHTML, like Gecko) Chrome/145.0.0.0 Safari/537.36 (compatible; meta-externalagent/1.1 (+https://developers.facebook.com/docs/sharing/webmasters/crawler))"
57.141.0.69 - - [16/Jul/2026:23:51:21 +0000] "GET /?p=9418 HTTP/2" 301 0 "-" "Mozilla/5.0 (Macintosh; Intel Mac OS X 10_15_7) AppleWebKit/537.36 (KHTML, like Gecko) Chrome/145.0.0.0 Safari/537.36 (compatible; meta-externalagent/1.1 (+https://developers.facebook.com/docs/sharing/webmasters/crawler))"
57.141.0.32 - - [16/Jul/2026:23:51:29 +0000] "GET /?p=1303 HTTP/2" 301 0 "-" "Mozilla/5.0 (Windows NT 10.0; Win64; x64) AppleWebKit/537.36 (KHTML, like Gecko) Chrome/145.0.0.0 Safari/537.36 (compatible; meta-externalagent/1.1 (+https://developers.facebook.com/docs/sharing/webmasters/crawler))"
57.141.0.32 - - [16/Jul/2026:23:51:38 +0000] "GET /?p=3447 HTTP/2" 301 0 "-" "Mozilla/5.0 (X11; Linux x86_64) AppleWebKit/537.36 (KHTML, like Gecko) Chrome/145.0.0.0 Safari/537.36 (compatible; meta-externalagent/1.1 (+https://developers.facebook.com/docs/sharing/webmasters/crawler))"
65.181.116.207 - - [16/Jul/2026:23:51:57 +0000] "POST /wp-cron.php?doing_wp_cron=1784245917.8668429851531982421875 HTTP/1.1" 200 0 "-" "WordPress/7.0.1; https://www.mecoraso.com"
57.141.0.32 - - [16/Jul/2026:23:51:55 +0000] "GET /?p=2187 HTTP/2" 301 0 "-" "Mozilla/5.0 (Macintosh; Intel Mac OS X 10_15_7) AppleWebKit/537.36 (KHTML, like Gecko) Chrome/145.0.0.0 Safari/537.36 (compatible; meta-externalagent/1.1 (+https://developers.facebook.com/docs/sharing/webmasters/crawler))"
57.141.0.44 - - [16/Jul/2026:23:52:08 +0000] "GET /?p=1614 HTTP/2" 301 0 "-" "Mozilla/5.0 (Macintosh; Intel Mac OS X 10_15_7) AppleWebKit/537.36 (KHTML, like Gecko) Chrome/145.0.0.0 Safari/537.36 (compatible; meta-externalagent/1.1 (+https://developers.facebook.com/docs/sharing/webmasters/crawler))"
57.141.0.17 - - [16/Jul/2026:23:52:09 +0000] "GET /?p=1431 HTTP/2" 301 0 "-" "Mozilla/5.0 (Macintosh; Intel Mac OS X 10_15_7) AppleWebKit/537.36 (KHTML, like Gecko) Chrome/145.0.0.0 Safari/537.36 (compatible; meta-externalagent/1.1 (+https://developers.facebook.com/docs/sharing/webmasters/crawler))"
66.249.79.194 - - [16/Jul/2026:23:52:26 +0000] "GET /2025/08/22/free-casino-game-android/ HTTP/1.1" 200 14996 "-" "Mozilla/5.0 (Linux; Android 6.0.1; Nexus 5X Build/MMB29P) AppleWebKit/537.36 (KHTML, like Gecko) Chrome/150.0.7871.124 Mobile Safari/537.36 (compatible; Googlebot/2.1; +http://www.google.com/bot.html)"
57.141.0.49 - - [16/Jul/2026:23:52:34 +0000] "GET /?p=2747 HTTP/2" 301 0 "-" "Mozilla/5.0 (X11; Linux x86_64) AppleWebKit/537.36 (KHTML, like Gecko) Chrome/145.0.0.0 Safari/537.36 (compatible; meta-externalagent/1.1 (+https://developers.facebook.com/docs/sharing/webmasters/crawler))"
57.141.0.20 - - [16/Jul/2026:23:52:44 +0000] "GET /?p=8533 HTTP/2" 301 0 "-" "Mozilla/5.0 (Windows NT 10.0; Win64; x64) AppleWebKit/537.36 (KHTML, like Gecko) Chrome/145.0.0.0 Safari/537.36 Edg/145.0.0.0 (compatible; meta-externalagent/1.1 (+https://developers.facebook.com/docs/sharing/webmasters/crawler))"
65.181.116.207 - - [16/Jul/2026:23:53:08 +0000] "POST /wp-cron.php?doing_wp_cron=1784245988.3523130416870117187500 HTTP/1.1" 200 0 "-" "WordPress/7.0.1; https://www.mecoraso.com"
57.141.0.27 - - [16/Jul/2026:23:53:05 +0000] "GET /?p=707 HTTP/2" 301 0 "-" "Mozilla/5.0 (Windows NT 10.0; Win64; x64) AppleWebKit/537.36 (KHTML, like Gecko) Chrome/145.0.0.0 Safari/537.36 (compatible; meta-externalagent/1.1 (+https://developers.facebook.com/docs/sharing/webmasters/crawler))"
57.141.0.41 - - [16/Jul/2026:23:53:26 +0000] "GET /?p=748 HTTP/2" 301 0 "-" "Mozilla/5.0 (X11; Linux x86_64) AppleWebKit/537.36 (KHTML, like Gecko) Chrome/145.0.0.0 Safari/537.36 (compatible; meta-externalagent/1.1 (+https://developers.facebook.com/docs/sharing/webmasters/crawler))"
57.141.0.4 - - [16/Jul/2026:23:53:27 +0000] "GET /?p=4717 HTTP/2" 301 0 "-" "Mozilla/5.0 (Macintosh; Intel Mac OS X 10_15_7) AppleWebKit/537.36 (KHTML, like Gecko) Chrome/145.0.0.0 Safari/537.36 (compatible; meta-externalagent/1.1 (+https://developers.facebook.com/docs/sharing/webmasters/crawler))"
57.141.0.22 - - [16/Jul/2026:23:53:30 +0000] "GET /?p=1880 HTTP/2" 301 0 "-" "Mozilla/5.0 (Windows NT 10.0; Win64; x64) AppleWebKit/537.36 (KHTML, like Gecko) Chrome/145.0.0.0 Safari/537.36 (compatible; meta-externalagent/1.1 (+https://developers.facebook.com/docs/sharing/webmasters/crawler))"
65.181.116.207 - - [16/Jul/2026:23:54:45 +0000] "POST /wp-cron.php?doing_wp_cron=1784246084.9955720901489257812500 HTTP/1.1" 200 0 "-" "WordPress/7.0.1; https://www.mecoraso.com"
177.234.190.6 - - [16/Jul/2026:23:54:42 +0000] "GET / HTTP/1.1" 301 0 "http://aio.online" "Mozilla/5.0 (Windows NT 6.1; Win64; x64) AppleWebKit/537.36 (KHTML, like Gecko) Chrome/97.0.4692.71 Safari/537.36"
177.234.190.6 - - [16/Jul/2026:23:54:46 +0000] "GET / HTTP/1.1" 200 24181 "http://aio.online" "Mozilla/5.0 (Windows NT 6.1; Win64; x64) AppleWebKit/537.36 (KHTML, like Gecko) Chrome/97.0.4692.71 Safari/537.36"
65.181.116.207 - - [16/Jul/2026:23:54:58 +0000] "POST /wp-cron.php?doing_wp_cron=1784246098.5742990970611572265625 HTTP/1.1" 200 0 "-" "WordPress/7.0.1; https://www.mecoraso.com"
57.141.0.7 - - [16/Jul/2026:23:54:56 +0000] "GET /?p=1061 HTTP/2" 301 0 "-" "Mozilla/5.0 (Windows NT 10.0; Win64; x64) AppleWebKit/537.36 (KHTML, like Gecko) Chrome/145.0.0.0 Safari/537.36 (compatible; meta-externalagent/1.1 (+https://developers.facebook.com/docs/sharing/webmasters/crawler))"
57.141.0.62 - - [16/Jul/2026:23:54:57 +0000] "GET /?p=8823 HTTP/2" 301 0 "-" "Mozilla/5.0 (Windows NT 10.0; Win64; x64) AppleWebKit/537.36 (KHTML, like Gecko) Chrome/145.0.0.0 Safari/537.36 (compatible; meta-externalagent/1.1 (+https://developers.facebook.com/docs/sharing/webmasters/crawler))"
57.141.0.43 - - [16/Jul/2026:23:55:36 +0000] "GET /?p=7644 HTTP/2" 301 0 "-" "Mozilla/5.0 (Macintosh; Intel Mac OS X 10_15_7) AppleWebKit/537.36 (KHTML, like Gecko) Chrome/145.0.0.0 Safari/537.36 (compatible; meta-externalagent/1.1 (+https://developers.facebook.com/docs/sharing/webmasters/crawler))"
66.249.79.193 - - [16/Jul/2026:23:55:38 +0000] "GET /2025/08/22/canada-best-online-casino-real-money/ HTTP/1.1" 200 15371 "-" "Mozilla/5.0 (Linux; Android 6.0.1; Nexus 5X Build/MMB29P) AppleWebKit/537.36 (KHTML, like Gecko) Chrome/150.0.7871.124 Mobile Safari/537.36 (compatible; Googlebot/2.1; +http://www.google.com/bot.html)"
65.181.116.207 - - [16/Jul/2026:23:55:51 +0000] "POST /wp-cron.php?doing_wp_cron=1784246151.4390490055084228515625 HTTP/1.1" 200 0 "-" "WordPress/7.0.1; https://www.mecoraso.com"
57.141.0.23 - - [16/Jul/2026:23:55:49 +0000] "GET /?p=4363 HTTP/2" 301 0 "-" "Mozilla/5.0 (Windows NT 10.0; Win64; x64) AppleWebKit/537.36 (KHTML, like Gecko) Chrome/145.0.0.0 Safari/537.36 (compatible; meta-externalagent/1.1 (+https://developers.facebook.com/docs/sharing/webmasters/crawler))"
66.249.79.193 - - [16/Jul/2026:23:56:17 +0000] "GET /2025/08/22/slot-crystal-treasure-by-radi8-games-demo-free-play/ HTTP/1.1" 200 14957 "-" "Mozilla/5.0 (Linux; Android 6.0.1; Nexus 5X Build/MMB29P) AppleWebKit/537.36 (KHTML, like Gecko) Chrome/150.0.7871.124 Mobile Safari/537.36 (compatible; Googlebot/2.1; +http://www.google.com/bot.html)"
57.141.0.1 - - [16/Jul/2026:23:56:26 +0000] "GET /?p=629 HTTP/2" 301 0 "-" "Mozilla/5.0 (Windows NT 10.0; Win64; x64) AppleWebKit/537.36 (KHTML, like Gecko) Chrome/145.0.0.0 Safari/537.36 (compatible; meta-externalagent/1.1 (+https://developers.facebook.com/docs/sharing/webmasters/crawler))"
57.141.0.51 - - [16/Jul/2026:23:56:30 +0000] "GET /?p=1359 HTTP/2" 301 0 "-" "Mozilla/5.0 (Windows NT 10.0; Win64; x64) AppleWebKit/537.36 (KHTML, like Gecko) Chrome/145.0.0.0 Safari/537.36 (compatible; meta-externalagent/1.1 (+https://developers.facebook.com/docs/sharing/webmasters/crawler))"
57.141.0.54 - - [16/Jul/2026:23:56:32 +0000] "GET /?p=6453 HTTP/2" 301 0 "-" "Mozilla/5.0 (Windows NT 10.0; Win64; x64) AppleWebKit/537.36 (KHTML, like Gecko) Chrome/145.0.0.0 Safari/537.36 (compatible; meta-externalagent/1.1 (+https://developers.facebook.com/docs/sharing/webmasters/crawler))"
65.181.116.207 - - [16/Jul/2026:23:56:55 +0000] "POST /wp-cron.php?doing_wp_cron=1784246215.5722219944000244140625 HTTP/1.1" 200 0 "-" "WordPress/7.0.1; https://www.mecoraso.com"
57.141.0.29 - - [16/Jul/2026:23:56:53 +0000] "GET /?p=3453 HTTP/2" 301 0 "-" "Mozilla/5.0 (Macintosh; Intel Mac OS X 10_15_7) AppleWebKit/537.36 (KHTML, like Gecko) Chrome/145.0.0.0 Safari/537.36 (compatible; meta-externalagent/1.1 (+https://developers.facebook.com/docs/sharing/webmasters/crawler))"
57.141.0.21 - - [16/Jul/2026:23:57:40 +0000] "GET /?p=4140 HTTP/2" 301 0 "-" "Mozilla/5.0 (Windows NT 10.0; Win64; x64) AppleWebKit/537.36 (KHTML, like Gecko) Chrome/145.0.0.0 Safari/537.36 (compatible; meta-externalagent/1.1 (+https://developers.facebook.com/docs/sharing/webmasters/crawler))"
65.181.116.207 - - [16/Jul/2026:23:57:57 +0000] "POST /wp-cron.php?doing_wp_cron=1784246277.1718540191650390625000 HTTP/1.1" 200 0 "-" "WordPress/7.0.1; https://www.mecoraso.com"
57.141.0.39 - - [16/Jul/2026:23:57:54 +0000] "GET /?p=6318 HTTP/2" 301 0 "-" "Mozilla/5.0 (Macintosh; Intel Mac OS X 10_15_7) AppleWebKit/537.36 (KHTML, like Gecko) Chrome/145.0.0.0 Safari/537.36 (compatible; meta-externalagent/1.1 (+https://developers.facebook.com/docs/sharing/webmasters/crawler))"
57.141.0.67 - - [16/Jul/2026:23:58:34 +0000] "GET /?p=5738 HTTP/2" 301 0 "-" "Mozilla/5.0 (Macintosh; Intel Mac OS X 10_15_7) AppleWebKit/537.36 (KHTML, like Gecko) Chrome/145.0.0.0 Safari/537.36 (compatible; meta-externalagent/1.1 (+https://developers.facebook.com/docs/sharing/webmasters/crawler))"
57.141.0.34 - - [16/Jul/2026:23:58:41 +0000] "GET /?p=3718 HTTP/2" 301 0 "-" "Mozilla/5.0 (Macintosh; Intel Mac OS X 10_15_7) AppleWebKit/537.36 (KHTML, like Gecko) Chrome/145.0.0.0 Safari/537.36 (compatible; meta-externalagent/1.1 (+https://developers.facebook.com/docs/sharing/webmasters/crawler))"
65.181.116.207 - - [16/Jul/2026:23:59:05 +0000] "POST /wp-cron.php?doing_wp_cron=1784246345.4993700981140136718750 HTTP/1.1" 200 0 "-" "WordPress/7.0.1; https://www.mecoraso.com"
57.141.0.17 - - [16/Jul/2026:23:59:01 +0000] "GET /?p=8711 HTTP/2" 301 0 "-" "Mozilla/5.0 (X11; Linux x86_64) AppleWebKit/537.36 (KHTML, like Gecko) Chrome/145.0.0.0 Safari/537.36 (compatible; meta-externalagent/1.1 (+https://developers.facebook.com/docs/sharing/webmasters/crawler))"
57.141.0.69 - - [16/Jul/2026:23:59:19 +0000] "GET /?p=8231 HTTP/2" 301 0 "-" "Mozilla/5.0 (Windows NT 10.0; Win64; x64) AppleWebKit/537.36 (KHTML, like Gecko) Chrome/145.0.0.0 Safari/537.36 (compatible; meta-externalagent/1.1 (+https://developers.facebook.com/docs/sharing/webmasters/crawler))"
57.141.0.43 - - [16/Jul/2026:23:59:24 +0000] "GET /?p=1699 HTTP/2" 301 0 "-" "Mozilla/5.0 (Macintosh; Intel Mac OS X 10_15_7) AppleWebKit/537.36 (KHTML, like Gecko) Chrome/145.0.0.0 Safari/537.36 (compatible; meta-externalagent/1.1 (+https://developers.facebook.com/docs/sharing/webmasters/crawler))"
65.181.116.207 - - [17/Jul/2026:00:00:26 +0000] "POST /wp-cron.php?doing_wp_cron=1784246426.3874480724334716796875 HTTP/1.1" 200 0 "-" "WordPress/7.0.1; https://www.mecoraso.com"
57.141.0.21 - - [17/Jul/2026:00:00:23 +0000] "GET /?p=6907 HTTP/2" 301 0 "-" "Mozilla/5.0 (Windows NT 10.0; Win64; x64) AppleWebKit/537.36 (KHTML, like Gecko) Chrome/145.0.0.0 Safari/537.36 (compatible; meta-externalagent/1.1 (+https://developers.facebook.com/docs/sharing/webmasters/crawler))"
57.141.0.26 - - [17/Jul/2026:00:00:44 +0000] "GET /?p=6726 HTTP/2" 301 0 "-" "Mozilla/5.0 (X11; Linux x86_64) AppleWebKit/537.36 (KHTML, like Gecko) Chrome/145.0.0.0 Safari/537.36 (compatible; meta-externalagent/1.1 (+https://developers.facebook.com/docs/sharing/webmasters/crawler))"
65.181.116.207 - - [17/Jul/2026:00:01:19 +0000] "POST /wp-cron.php?doing_wp_cron=1784246479.4000320434570312500000 HTTP/1.1" 200 0 "-" "WordPress/7.0.1; https://www.mecoraso.com"
57.141.0.14 - - [17/Jul/2026:00:01:16 +0000] "GET /?p=8632 HTTP/2" 301 0 "-" "Mozilla/5.0 (Macintosh; Intel Mac OS X 10_15_7) AppleWebKit/537.36 (KHTML, like Gecko) Chrome/145.0.0.0 Safari/537.36 (compatible; meta-externalagent/1.1 (+https://developers.facebook.com/docs/sharing/webmasters/crawler))"
57.141.0.49 - - [17/Jul/2026:00:01:25 +0000] "GET /?p=7408 HTTP/2" 301 0 "-" "Mozilla/5.0 (Windows NT 10.0; Win64; x64) AppleWebKit/537.36 (KHTML, like Gecko) Chrome/145.0.0.0 Safari/537.36 (compatible; meta-externalagent/1.1 (+https://developers.facebook.com/docs/sharing/webmasters/crawler))"
57.141.0.55 - - [17/Jul/2026:00:01:41 +0000] "GET /?p=4944 HTTP/2" 301 0 "-" "Mozilla/5.0 (Windows NT 10.0; Win64; x64) AppleWebKit/537.36 (KHTML, like Gecko) Chrome/145.0.0.0 Safari/537.36 (compatible; meta-externalagent/1.1 (+https://developers.facebook.com/docs/sharing/webmasters/crawler))"
57.141.0.6 - - [17/Jul/2026:00:01:42 +0000] "GET /?p=3992 HTTP/2" 301 0 "-" "Mozilla/5.0 (X11; Linux x86_64) AppleWebKit/537.36 (KHTML, like Gecko) Chrome/145.0.0.0 Safari/537.36 (compatible; meta-externalagent/1.1 (+https://developers.facebook.com/docs/sharing/webmasters/crawler))"
65.181.116.207 - - [17/Jul/2026:00:01:55 +0000] "POST /wp-cron.php?doing_wp_cron=1784246515.6377460956573486328125 HTTP/1.1" 200 0 "-" "WordPress/7.0.1; https://www.mecoraso.com"
57.141.0.24 - - [17/Jul/2026:00:01:53 +0000] "GET /?p=7279 HTTP/2" 301 0 "-" "Mozilla/5.0 (Macintosh; Intel Mac OS X 10_15_7) AppleWebKit/537.36 (KHTML, like Gecko) Chrome/145.0.0.0 Safari/537.36 (compatible; meta-externalagent/1.1 (+https://developers.facebook.com/docs/sharing/webmasters/crawler))"
57.141.0.68 - - [17/Jul/2026:00:02:11 +0000] "GET /?p=7956 HTTP/2" 301 0 "-" "Mozilla/5.0 (Macintosh; Intel Mac OS X 10_15_7) AppleWebKit/537.36 (KHTML, like Gecko) Chrome/145.0.0.0 Safari/537.36 (compatible; meta-externalagent/1.1 (+https://developers.facebook.com/docs/sharing/webmasters/crawler))"
57.141.0.51 - - [17/Jul/2026:00:02:19 +0000] "GET /?p=266 HTTP/2" 301 0 "-" "Mozilla/5.0 (Macintosh; Intel Mac OS X 10_15_7) AppleWebKit/537.36 (KHTML, like Gecko) Chrome/145.0.0.0 Safari/537.36 (compatible; meta-externalagent/1.1 (+https://developers.facebook.com/docs/sharing/webmasters/crawler))"
57.141.0.51 - - [17/Jul/2026:00:02:38 +0000] "GET /?p=6074 HTTP/2" 301 0 "-" "Mozilla/5.0 (Windows NT 10.0; Win64; x64) AppleWebKit/537.36 (KHTML, like Gecko) Chrome/145.0.0.0 Safari/537.36 Edg/145.0.0.0 (compatible; meta-externalagent/1.1 (+https://developers.facebook.com/docs/sharing/webmasters/crawler))"
65.181.116.207 - - [17/Jul/2026:00:03:17 +0000] "POST /wp-cron.php?doing_wp_cron=1784246596.9046170711517333984375 HTTP/1.1" 200 0 "-" "WordPress/7.0.1; https://www.mecoraso.com"
57.141.0.22 - - [17/Jul/2026:00:03:13 +0000] "GET /?p=243 HTTP/2" 301 0 "-" "Mozilla/5.0 (Macintosh; Intel Mac OS X 10_15_7) AppleWebKit/537.36 (KHTML, like Gecko) Chrome/145.0.0.0 Safari/537.36 (compatible; meta-externalagent/1.1 (+https://developers.facebook.com/docs/sharing/webmasters/crawler))"
57.141.0.26 - - [17/Jul/2026:00:03:38 +0000] "GET /?p=289 HTTP/2" 301 0 "-" "Mozilla/5.0 (Windows NT 10.0; Win64; x64) AppleWebKit/537.36 (KHTML, like Gecko) Chrome/145.0.0.0 Safari/537.36 (compatible; meta-externalagent/1.1 (+https://developers.facebook.com/docs/sharing/webmasters/crawler))"
65.181.116.207 - - [17/Jul/2026:00:03:54 +0000] "POST /wp-cron.php?doing_wp_cron=1784246634.0061919689178466796875 HTTP/1.1" 200 0 "-" "WordPress/7.0.1; https://www.mecoraso.com"
57.141.0.46 - - [17/Jul/2026:00:03:51 +0000] "GET /?p=9314 HTTP/2" 301 0 "-" "Mozilla/5.0 (Windows NT 10.0; Win64; x64) AppleWebKit/537.36 (KHTML, like Gecko) Chrome/145.0.0.0 Safari/537.36 (compatible; meta-externalagent/1.1 (+https://developers.facebook.com/docs/sharing/webmasters/crawler))"
57.141.0.22 - - [17/Jul/2026:00:03:55 +0000] "GET /?p=7913 HTTP/2" 301 0 "-" "Mozilla/5.0 (Windows NT 10.0; Win64; x64) AppleWebKit/537.36 (KHTML, like Gecko) Chrome/145.0.0.0 Safari/537.36 (compatible; meta-externalagent/1.1 (+https://developers.facebook.com/docs/sharing/webmasters/crawler))"
57.141.0.24 - - [17/Jul/2026:00:04:16 +0000] "GET /?p=5499 HTTP/2" 301 0 "-" "Mozilla/5.0 (Macintosh; Intel Mac OS X 10_15_7) AppleWebKit/537.36 (KHTML, like Gecko) Chrome/145.0.0.0 Safari/537.36 (compatible; meta-externalagent/1.1 (+https://developers.facebook.com/docs/sharing/webmasters/crawler))"
57.141.0.9 - - [17/Jul/2026:00:04:41 +0000] "GET /?p=2032 HTTP/2" 301 0 "-" "Mozilla/5.0 (Windows NT 10.0; Win64; x64) AppleWebKit/537.36 (KHTML, like Gecko) Chrome/145.0.0.0 Safari/537.36 (compatible; meta-externalagent/1.1 (+https://developers.facebook.com/docs/sharing/webmasters/crawler))"
57.141.0.45 - - [17/Jul/2026:00:04:46 +0000] "GET /?p=2713 HTTP/2" 301 0 "-" "Mozilla/5.0 (Windows NT 10.0; Win64; x64) AppleWebKit/537.36 (KHTML, like Gecko) Chrome/145.0.0.0 Safari/537.36 (compatible; meta-externalagent/1.1 (+https://developers.facebook.com/docs/sharing/webmasters/crawler))"
65.181.116.207 - - [17/Jul/2026:00:05:06 +0000] "POST /wp-cron.php?doing_wp_cron=1784246705.9997620582580566406250 HTTP/1.1" 200 0 "-" "WordPress/7.0.1; https://www.mecoraso.com"
57.141.0.34 - - [17/Jul/2026:00:05:02 +0000] "GET /?p=9221 HTTP/2" 301 0 "-" "Mozilla/5.0 (Windows NT 10.0; Win64; x64) AppleWebKit/537.36 (KHTML, like Gecko) Chrome/145.0.0.0 Safari/537.36 (compatible; meta-externalagent/1.1 (+https://developers.facebook.com/docs/sharing/webmasters/crawler))"
57.141.0.62 - - [17/Jul/2026:00:05:15 +0000] "GET /?p=7880 HTTP/2" 301 0 "-" "Mozilla/5.0 (Windows NT 10.0; Win64; x64) AppleWebKit/537.36 (KHTML, like Gecko) Chrome/145.0.0.0 Safari/537.36 (compatible; meta-externalagent/1.1 (+https://developers.facebook.com/docs/sharing/webmasters/crawler))"
57.141.0.20 - - [17/Jul/2026:00:05:32 +0000] "GET /?p=7350 HTTP/2" 301 0 "-" "Mozilla/5.0 (Windows NT 10.0; Win64; x64) AppleWebKit/537.36 (KHTML, like Gecko) Chrome/145.0.0.0 Safari/537.36 (compatible; meta-externalagent/1.1 (+https://developers.facebook.com/docs/sharing/webmasters/crawler))"
65.181.116.207 - - [17/Jul/2026:00:06:09 +0000] "POST /wp-cron.php?doing_wp_cron=1784246769.0571649074554443359375 HTTP/1.1" 200 0 "-" "WordPress/7.0.1; https://www.mecoraso.com"
57.141.0.55 - - [17/Jul/2026:00:06:06 +0000] "GET /?p=5628 HTTP/2" 301 0 "-" "Mozilla/5.0 (Windows NT 10.0; Win64; x64) AppleWebKit/537.36 (KHTML, like Gecko) Chrome/145.0.0.0 Safari/537.36 (compatible; meta-externalagent/1.1 (+https://developers.facebook.com/docs/sharing/webmasters/crawler))"
57.141.0.22 - - [17/Jul/2026:00:06:14 +0000] "GET /?p=6468 HTTP/2" 301 0 "-" "Mozilla/5.0 (Windows NT 10.0; Win64; x64) AppleWebKit/537.36 (KHTML, like Gecko) Chrome/145.0.0.0 Safari/537.36 (compatible; meta-externalagent/1.1 (+https://developers.facebook.com/docs/sharing/webmasters/crawler))"
57.141.0.30 - - [17/Jul/2026:00:06:13 +0000] "GET /?p=4792 HTTP/2" 301 0 "-" "Mozilla/5.0 (Windows NT 10.0; Win64; x64) AppleWebKit/537.36 (KHTML, like Gecko) Chrome/145.0.0.0 Safari/537.36 (compatible; meta-externalagent/1.1 (+https://developers.facebook.com/docs/sharing/webmasters/crawler))"
57.141.0.9 - - [17/Jul/2026:00:06:21 +0000] "GET /?p=6871 HTTP/2" 301 0 "-" "Mozilla/5.0 (Windows NT 10.0; Win64; x64) AppleWebKit/537.36 (KHTML, like Gecko) Chrome/145.0.0.0 Safari/537.36 (compatible; meta-externalagent/1.1 (+https://developers.facebook.com/docs/sharing/webmasters/crawler))"
66.249.79.194 - - [17/Jul/2026:00:07:03 +0000] "GET /robots.txt HTTP/1.1" 200 133 "-" "Mozilla/5.0 (compatible; Googlebot/2.1; +http://www.google.com/bot.html)"
65.181.116.207 - - [17/Jul/2026:00:07:39 +0000] "POST /wp-cron.php?doing_wp_cron=1784246859.5423130989074707031250 HTTP/1.1" 200 0 "-" "WordPress/7.0.1; https://www.mecoraso.com"
57.141.0.13 - - [17/Jul/2026:00:07:37 +0000] "GET /?p=8310 HTTP/2" 301 0 "-" "Mozilla/5.0 (X11; Linux x86_64) AppleWebKit/537.36 (KHTML, like Gecko) Chrome/145.0.0.0 Safari/537.36 (compatible; meta-externalagent/1.1 (+https://developers.facebook.com/docs/sharing/webmasters/crawler))"
45.32.103.140 - - [17/Jul/2026:00:07:42 +0000] "GET /wp-login.php HTTP/2" 200 1943 "-" "Mozilla/5.0 (Linux; Android 10; K) AppleWebKit/537.36 (KHTML, like Gecko) Chrome/146.0.0.0 Mobile Safari/537.36"
57.141.0.71 - - [17/Jul/2026:00:07:42 +0000] "GET /?p=4841 HTTP/2" 301 0 "-" "Mozilla/5.0 (Macintosh; Intel Mac OS X 10_15_7) AppleWebKit/537.36 (KHTML, like Gecko) Chrome/145.0.0.0 Safari/537.36 (compatible; meta-externalagent/1.1 (+https://developers.facebook.com/docs/sharing/webmasters/crawler))"
57.141.0.43 - - [17/Jul/2026:00:07:43 +0000] "GET /?p=7923 HTTP/2" 301 0 "-" "Mozilla/5.0 (Windows NT 10.0; Win64; x64) AppleWebKit/537.36 (KHTML, like Gecko) Chrome/145.0.0.0 Safari/537.36 (compatible; meta-externalagent/1.1 (+https://developers.facebook.com/docs/sharing/webmasters/crawler))"
65.181.116.207 - - [17/Jul/2026:00:07:53 +0000] "POST /wp-cron.php?doing_wp_cron=1784246873.5761120319366455078125 HTTP/1.1" 200 0 "-" "WordPress/7.0.1; https://www.mecoraso.com"
103.90.233.75 - - [17/Jul/2026:00:07:51 +0000] "GET /wp-login.php HTTP/2" 200 1943 "-" "Mozilla/5.0 (iPhone; CPU iPhone OS 18_0 like Mac OS X) AppleWebKit/605.1.15 (KHTML, like Gecko) Version/18.0 Mobile/15E148 Safari/604.1"
57.141.0.51 - - [17/Jul/2026:00:08:05 +0000] "GET /?p=4114 HTTP/2" 301 0 "-" "Mozilla/5.0 (Windows NT 10.0; Win64; x64) AppleWebKit/537.36 (KHTML, like Gecko) Chrome/145.0.0.0 Safari/537.36 (compatible; meta-externalagent/1.1 (+https://developers.facebook.com/docs/sharing/webmasters/crawler))"
57.141.0.29 - - [17/Jul/2026:00:08:11 +0000] "GET /?p=7884 HTTP/2" 301 0 "-" "Mozilla/5.0 (Windows NT 10.0; Win64; x64) AppleWebKit/537.36 (KHTML, like Gecko) Chrome/145.0.0.0 Safari/537.36 (compatible; meta-externalagent/1.1 (+https://developers.facebook.com/docs/sharing/webmasters/crawler))"
57.141.0.55 - - [17/Jul/2026:00:08:13 +0000] "GET /?p=1165 HTTP/2" 301 0 "-" "Mozilla/5.0 (Windows NT 10.0; Win64; x64) AppleWebKit/537.36 (KHTML, like Gecko) Chrome/145.0.0.0 Safari/537.36 (compatible; meta-externalagent/1.1 (+https://developers.facebook.com/docs/sharing/webmasters/crawler))"
57.141.0.42 - - [17/Jul/2026:00:08:16 +0000] "GET /?p=2694 HTTP/2" 301 0 "-" "Mozilla/5.0 (Windows NT 10.0; Win64; x64) AppleWebKit/537.36 (KHTML, like Gecko) Chrome/145.0.0.0 Safari/537.36 (compatible; meta-externalagent/1.1 (+https://developers.facebook.com/docs/sharing/webmasters/crawler))"
57.141.0.20 - - [17/Jul/2026:00:08:31 +0000] "GET /?p=1869 HTTP/2" 301 0 "-" "Mozilla/5.0 (Windows NT 10.0; Win64; x64) AppleWebKit/537.36 (KHTML, like Gecko) Chrome/145.0.0.0 Safari/537.36 (compatible; meta-externalagent/1.1 (+https://developers.facebook.com/docs/sharing/webmasters/crawler))"
65.181.116.207 - - [17/Jul/2026:00:09:09 +0000] "POST /wp-cron.php?doing_wp_cron=1784246949.7317109107971191406250 HTTP/1.1" 200 0 "-" "WordPress/7.0.1; https://www.mecoraso.com"
57.141.0.22 - - [17/Jul/2026:00:09:07 +0000] "GET /?p=6813 HTTP/2" 301 0 "-" "Mozilla/5.0 (Macintosh; Intel Mac OS X 10_15_7) AppleWebKit/537.36 (KHTML, like Gecko) Chrome/145.0.0.0 Safari/537.36 (compatible; meta-externalagent/1.1 (+https://developers.facebook.com/docs/sharing/webmasters/crawler))"
57.141.0.36 - - [17/Jul/2026:00:09:29 +0000] "GET /?p=2291 HTTP/2" 301 0 "-" "Mozilla/5.0 (Windows NT 10.0; Win64; x64) AppleWebKit/537.36 (KHTML, like Gecko) Chrome/145.0.0.0 Safari/537.36 (compatible; meta-externalagent/1.1 (+https://developers.facebook.com/docs/sharing/webmasters/crawler))"
57.141.0.19 - - [17/Jul/2026:00:09:39 +0000] "GET /?p=4589 HTTP/2" 301 0 "-" "Mozilla/5.0 (X11; Linux x86_64) AppleWebKit/537.36 (KHTML, like Gecko) Chrome/145.0.0.0 Safari/537.36 (compatible; meta-externalagent/1.1 (+https://developers.facebook.com/docs/sharing/webmasters/crawler))"
65.181.116.207 - - [17/Jul/2026:00:09:52 +0000] "POST /wp-cron.php?doing_wp_cron=1784246992.1860790252685546875000 HTTP/1.1" 200 0 "-" "WordPress/7.0.1; https://www.mecoraso.com"
57.141.0.21 - - [17/Jul/2026:00:09:49 +0000] "GET /?p=8761 HTTP/2" 301 0 "-" "Mozilla/5.0 (X11; Linux x86_64) AppleWebKit/537.36 (KHTML, like Gecko) Chrome/145.0.0.0 Safari/537.36 (compatible; meta-externalagent/1.1 (+https://developers.facebook.com/docs/sharing/webmasters/crawler))"
66.249.79.193 - - [17/Jul/2026:00:09:47 +0000] "GET /2025/08/22/bons-casino-review-and-free-chips-bonus/ HTTP/1.1" 200 15250 "-" "Mozilla/5.0 (Linux; Android 6.0.1; Nexus 5X Build/MMB29P) AppleWebKit/537.36 (KHTML, like Gecko) Chrome/150.0.7871.124 Mobile Safari/537.36 (compatible; Googlebot/2.1; +http://www.google.com/bot.html)"
57.141.0.53 - - [17/Jul/2026:00:10:10 +0000] "GET /?p=3531 HTTP/2" 301 0 "-" "Mozilla/5.0 (X11; Linux x86_64) AppleWebKit/537.36 (KHTML, like Gecko) Chrome/145.0.0.0 Safari/537.36 (compatible; meta-externalagent/1.1 (+https://developers.facebook.com/docs/sharing/webmasters/crawler))"
57.141.0.6 - - [17/Jul/2026:00:10:20 +0000] "GET /?p=319 HTTP/2" 301 0 "-" "Mozilla/5.0 (Windows NT 10.0; Win64; x64) AppleWebKit/537.36 (KHTML, like Gecko) Chrome/145.0.0.0 Safari/537.36 (compatible; meta-externalagent/1.1 (+https://developers.facebook.com/docs/sharing/webmasters/crawler))"
57.141.0.42 - - [17/Jul/2026:00:10:23 +0000] "GET /?p=3636 HTTP/2" 301 0 "-" "Mozilla/5.0 (Windows NT 10.0; Win64; x64) AppleWebKit/537.36 (KHTML, like Gecko) Chrome/145.0.0.0 Safari/537.36 (compatible; meta-externalagent/1.1 (+https://developers.facebook.com/docs/sharing/webmasters/crawler))"
57.141.0.34 - - [17/Jul/2026:00:10:36 +0000] "GET /?p=670 HTTP/2" 301 0 "-" "Mozilla/5.0 (Windows NT 10.0; Win64; x64) AppleWebKit/537.36 (KHTML, like Gecko) Chrome/145.0.0.0 Safari/537.36 (compatible; meta-externalagent/1.1 (+https://developers.facebook.com/docs/sharing/webmasters/crawler))"
57.141.0.38 - - [17/Jul/2026:00:10:40 +0000] "GET /?p=5416 HTTP/2" 301 0 "-" "Mozilla/5.0 (Windows NT 10.0; Win64; x64) AppleWebKit/537.36 (KHTML, like Gecko) Chrome/145.0.0.0 Safari/537.36 (compatible; meta-externalagent/1.1 (+https://developers.facebook.com/docs/sharing/webmasters/crawler))"
57.141.0.4 - - [17/Jul/2026:00:10:42 +0000] "GET /?p=8497 HTTP/2" 301 0 "-" "Mozilla/5.0 (Macintosh; Intel Mac OS X 10_15_7) AppleWebKit/537.36 (KHTML, like Gecko) Chrome/145.0.0.0 Safari/537.36 (compatible; meta-externalagent/1.1 (+https://developers.facebook.com/docs/sharing/webmasters/crawler))"
65.181.116.207 - - [17/Jul/2026:00:10:52 +0000] "POST /wp-cron.php?doing_wp_cron=1784247052.5013859272003173828125 HTTP/1.1" 200 0 "-" "WordPress/7.0.1; https://www.mecoraso.com"
57.141.0.6 - - [17/Jul/2026:00:10:50 +0000] "GET /?p=9196 HTTP/2" 301 0 "-" "Mozilla/5.0 (Windows NT 10.0; Win64; x64) AppleWebKit/537.36 (KHTML, like Gecko) Chrome/144.0.0.0 Safari/537.36 Edg/144.0.0.0 (compatible; meta-externalagent/1.1 (+https://developers.facebook.com/docs/sharing/webmasters/crawler))"
57.141.0.61 - - [17/Jul/2026:00:10:52 +0000] "GET /?p=1445 HTTP/2" 301 0 "-" "Mozilla/5.0 (Windows NT 10.0; Win64; x64) AppleWebKit/537.36 (KHTML, like Gecko) Chrome/145.0.0.0 Safari/537.36 (compatible; meta-externalagent/1.1 (+https://developers.facebook.com/docs/sharing/webmasters/crawler))"
57.141.0.9 - - [17/Jul/2026:00:11:23 +0000] "GET /?p=9050 HTTP/2" 301 0 "-" "Mozilla/5.0 (Windows NT 10.0; Win64; x64) AppleWebKit/537.36 (KHTML, like Gecko) Chrome/145.0.0.0 Safari/537.36 (compatible; meta-externalagent/1.1 (+https://developers.facebook.com/docs/sharing/webmasters/crawler))"
57.141.0.18 - - [17/Jul/2026:00:11:31 +0000] "GET /?p=6826 HTTP/2" 301 0 "-" "Mozilla/5.0 (Windows NT 10.0; Win64; x64) AppleWebKit/537.36 (KHTML, like Gecko) Chrome/145.0.0.0 Safari/537.36 (compatible; meta-externalagent/1.1 (+https://developers.facebook.com/docs/sharing/webmasters/crawler))"
65.181.116.207 - - [17/Jul/2026:00:12:11 +0000] "POST /wp-cron.php?doing_wp_cron=1784247131.1032500267028808593750 HTTP/1.1" 200 0 "-" "WordPress/7.0.1; https://www.mecoraso.com"
57.141.0.40 - - [17/Jul/2026:00:12:08 +0000] "GET /wp-json/wp/v2/posts/7194 HTTP/2" 200 5541 "-" "Mozilla/5.0 (Macintosh; Intel Mac OS X 10_15_7) AppleWebKit/537.36 (KHTML, like Gecko) Chrome/145.0.0.0 Safari/537.36 (compatible; meta-externalagent/1.1 (+https://developers.facebook.com/docs/sharing/webmasters/crawler))"
57.141.0.30 - - [17/Jul/2026:00:12:25 +0000] "GET /?p=8154 HTTP/2" 301 0 "-" "Mozilla/5.0 (Windows NT 10.0; Win64; x64) AppleWebKit/537.36 (KHTML, like Gecko) Chrome/145.0.0.0 Safari/537.36 (compatible; meta-externalagent/1.1 (+https://developers.facebook.com/docs/sharing/webmasters/crawler))"
57.141.0.27 - - [17/Jul/2026:00:12:36 +0000] "GET /?p=4300 HTTP/2" 301 0 "-" "Mozilla/5.0 (Windows NT 10.0; Win64; x64) AppleWebKit/537.36 (KHTML, like Gecko) Chrome/145.0.0.0 Safari/537.36 (compatible; meta-externalagent/1.1 (+https://developers.facebook.com/docs/sharing/webmasters/crawler))"
65.181.116.207 - - [17/Jul/2026:00:12:50 +0000] "POST /wp-cron.php?doing_wp_cron=1784247170.6173620223999023437500 HTTP/1.1" 200 0 "-" "WordPress/7.0.1; https://www.mecoraso.com"
57.141.0.5 - - [17/Jul/2026:00:12:46 +0000] "GET /?p=9286 HTTP/2" 301 0 "-" "Mozilla/5.0 (Macintosh; Intel Mac OS X 10_15_7) AppleWebKit/537.36 (KHTML, like Gecko) Chrome/145.0.0.0 Safari/537.36 (compatible; meta-externalagent/1.1 (+https://developers.facebook.com/docs/sharing/webmasters/crawler))"
57.141.0.55 - - [17/Jul/2026:00:12:57 +0000] "GET /?p=8145 HTTP/2" 301 0 "-" "Mozilla/5.0 (X11; Linux x86_64) AppleWebKit/537.36 (KHTML, like Gecko) Chrome/145.0.0.0 Safari/537.36 (compatible; meta-externalagent/1.1 (+https://developers.facebook.com/docs/sharing/webmasters/crawler))"
57.141.0.9 - - [17/Jul/2026:00:12:58 +0000] "GET /?p=5442 HTTP/2" 301 0 "-" "Mozilla/5.0 (Macintosh; Intel Mac OS X 10_15_7) AppleWebKit/537.36 (KHTML, like Gecko) Chrome/145.0.0.0 Safari/537.36 (compatible; meta-externalagent/1.1 (+https://developers.facebook.com/docs/sharing/webmasters/crawler))"
57.141.0.8 - - [17/Jul/2026:00:13:00 +0000] "GET /?p=4713 HTTP/2" 301 0 "-" "Mozilla/5.0 (Macintosh; Intel Mac OS X 10_15_7) AppleWebKit/537.36 (KHTML, like Gecko) Chrome/145.0.0.0 Safari/537.36 (compatible; meta-externalagent/1.1 (+https://developers.facebook.com/docs/sharing/webmasters/crawler))"
57.141.0.3 - - [17/Jul/2026:00:13:02 +0000] "GET /?p=3709 HTTP/2" 301 0 "-" "Mozilla/5.0 (Windows NT 10.0; Win64; x64) AppleWebKit/537.36 (KHTML, like Gecko) Chrome/145.0.0.0 Safari/537.36 (compatible; meta-externalagent/1.1 (+https://developers.facebook.com/docs/sharing/webmasters/crawler))"
57.141.0.18 - - [17/Jul/2026:00:13:08 +0000] "GET /?p=952 HTTP/2" 301 0 "-" "Mozilla/5.0 (Macintosh; Intel Mac OS X 10_15_7) AppleWebKit/537.36 (KHTML, like Gecko) Chrome/145.0.0.0 Safari/537.36 (compatible; meta-externalagent/1.1 (+https://developers.facebook.com/docs/sharing/webmasters/crawler))"
57.141.0.47 - - [17/Jul/2026:00:13:15 +0000] "GET /?p=6455 HTTP/2" 301 0 "-" "Mozilla/5.0 (Macintosh; Intel Mac OS X 10_15_7) AppleWebKit/537.36 (KHTML, like Gecko) Chrome/145.0.0.0 Safari/537.36 (compatible; meta-externalagent/1.1 (+https://developers.facebook.com/docs/sharing/webmasters/crawler))"
57.141.0.24 - - [17/Jul/2026:00:13:28 +0000] "GET /?p=8295 HTTP/2" 301 0 "-" "Mozilla/5.0 (Windows NT 10.0; Win64; x64) AppleWebKit/537.36 (KHTML, like Gecko) Chrome/145.0.0.0 Safari/537.36 (compatible; meta-externalagent/1.1 (+https://developers.facebook.com/docs/sharing/webmasters/crawler))"
57.141.0.9 - - [17/Jul/2026:00:13:30 +0000] "GET /?p=1953 HTTP/2" 301 0 "-" "Mozilla/5.0 (Windows NT 10.0; Win64; x64) AppleWebKit/537.36 (KHTML, like Gecko) Chrome/145.0.0.0 Safari/537.36 (compatible; meta-externalagent/1.1 (+https://developers.facebook.com/docs/sharing/webmasters/crawler))"
57.141.0.40 - - [17/Jul/2026:00:13:34 +0000] "GET /?p=8793 HTTP/2" 301 0 "-" "Mozilla/5.0 (Windows NT 10.0; Win64; x64) AppleWebKit/537.36 (KHTML, like Gecko) Chrome/145.0.0.0 Safari/537.36 (compatible; meta-externalagent/1.1 (+https://developers.facebook.com/docs/sharing/webmasters/crawler))"
57.141.0.39 - - [17/Jul/2026:00:13:34 +0000] "GET /?p=8097 HTTP/2" 301 0 "-" "Mozilla/5.0 (Windows NT 10.0; Win64; x64) AppleWebKit/537.36 (KHTML, like Gecko) Chrome/145.0.0.0 Safari/537.36 (compatible; meta-externalagent/1.1 (+https://developers.facebook.com/docs/sharing/webmasters/crawler))"
65.181.116.207 - - [17/Jul/2026:00:13:56 +0000] "POST /wp-cron.php?doing_wp_cron=1784247236.4743320941925048828125 HTTP/1.1" 200 0 "-" "WordPress/7.0.1; https://www.mecoraso.com"
57.141.0.61 - - [17/Jul/2026:00:13:54 +0000] "GET /?p=1595 HTTP/2" 301 0 "-" "Mozilla/5.0 (Windows NT 10.0; Win64; x64) AppleWebKit/537.36 (KHTML, like Gecko) Chrome/145.0.0.0 Safari/537.36 (compatible; meta-externalagent/1.1 (+https://developers.facebook.com/docs/sharing/webmasters/crawler))"
57.141.0.49 - - [17/Jul/2026:00:14:11 +0000] "GET /?p=261 HTTP/2" 301 0 "-" "Mozilla/5.0 (Windows NT 10.0; Win64; x64) AppleWebKit/537.36 (KHTML, like Gecko) Chrome/145.0.0.0 Safari/537.36 (compatible; meta-externalagent/1.1 (+https://developers.facebook.com/docs/sharing/webmasters/crawler))"
65.181.116.207 - - [17/Jul/2026:00:14:51 +0000] "POST /wp-cron.php?doing_wp_cron=1784247291.9591639041900634765625 HTTP/1.1" 200 0 "-" "WordPress/7.0.1; https://www.mecoraso.com"
57.141.0.5 - - [17/Jul/2026:00:14:49 +0000] "GET /?p=5462 HTTP/2" 301 0 "-" "Mozilla/5.0 (Windows NT 10.0; Win64; x64) AppleWebKit/537.36 (KHTML, like Gecko) Chrome/145.0.0.0 Safari/537.36 (compatible; meta-externalagent/1.1 (+https://developers.facebook.com/docs/sharing/webmasters/crawler))"
57.141.0.6 - - [17/Jul/2026:00:15:04 +0000] "GET /?p=8909 HTTP/2" 301 0 "-" "Mozilla/5.0 (Windows NT 10.0; Win64; x64) AppleWebKit/537.36 (KHTML, like Gecko) Chrome/145.0.0.0 Safari/537.36 Edg/145.0.0.0 (compatible; meta-externalagent/1.1 (+https://developers.facebook.com/docs/sharing/webmasters/crawler))"
57.141.0.71 - - [17/Jul/2026:00:15:19 +0000] "GET /?p=3428 HTTP/2" 301 0 "-" "Mozilla/5.0 (Macintosh; Intel Mac OS X 10_15_7) AppleWebKit/537.36 (KHTML, like Gecko) Chrome/145.0.0.0 Safari/537.36 (compatible; meta-externalagent/1.1 (+https://developers.facebook.com/docs/sharing/webmasters/crawler))"
57.141.0.6 - - [17/Jul/2026:00:15:25 +0000] "GET /?p=3702 HTTP/2" 301 0 "-" "Mozilla/5.0 (Macintosh; Intel Mac OS X 10_15_7) AppleWebKit/537.36 (KHTML, like Gecko) Chrome/145.0.0.0 Safari/537.36 (compatible; meta-externalagent/1.1 (+https://developers.facebook.com/docs/sharing/webmasters/crawler))"
65.181.116.207 - - [17/Jul/2026:00:15:53 +0000] "POST /wp-cron.php?doing_wp_cron=1784247353.4157409667968750000000 HTTP/1.1" 200 0 "-" "WordPress/7.0.1; https://www.mecoraso.com"
57.141.0.36 - - [17/Jul/2026:00:15:49 +0000] "GET /?p=2598 HTTP/2" 301 0 "-" "Mozilla/5.0 (Windows NT 10.0; Win64; x64) AppleWebKit/537.36 (KHTML, like Gecko) Chrome/145.0.0.0 Safari/537.36 (compatible; meta-externalagent/1.1 (+https://developers.facebook.com/docs/sharing/webmasters/crawler))"
57.141.0.5 - - [17/Jul/2026:00:15:53 +0000] "GET /?p=4233 HTTP/2" 301 0 "-" "Mozilla/5.0 (Macintosh; Intel Mac OS X 10_15_7) AppleWebKit/537.36 (KHTML, like Gecko) Chrome/145.0.0.0 Safari/537.36 (compatible; meta-externalagent/1.1 (+https://developers.facebook.com/docs/sharing/webmasters/crawler))"
57.141.0.30 - - [17/Jul/2026:00:16:08 +0000] "GET /?p=2383 HTTP/2" 301 0 "-" "Mozilla/5.0 (Windows NT 10.0; Win64; x64) AppleWebKit/537.36 (KHTML, like Gecko) Chrome/145.0.0.0 Safari/537.36 (compatible; meta-externalagent/1.1 (+https://developers.facebook.com/docs/sharing/webmasters/crawler))"
57.141.0.67 - - [17/Jul/2026:00:16:11 +0000] "GET /?p=9256 HTTP/2" 301 0 "-" "Mozilla/5.0 (Windows NT 10.0; Win64; x64) AppleWebKit/537.36 (KHTML, like Gecko) Chrome/146.0.0.0 Safari/537.36 Edg/146.0.0.0 (compatible; meta-externalagent/1.1 (+https://developers.facebook.com/docs/sharing/webmasters/crawler))"
65.181.116.207 - - [17/Jul/2026:00:17:29 +0000] "POST /wp-cron.php?doing_wp_cron=1784247449.5972239971160888671875 HTTP/1.1" 200 0 "-" "WordPress/7.0.1; https://www.mecoraso.com"
57.141.0.13 - - [17/Jul/2026:00:17:26 +0000] "GET /?p=829 HTTP/2" 301 0 "-" "Mozilla/5.0 (Macintosh; Intel Mac OS X 10_15_7) AppleWebKit/537.36 (KHTML, like Gecko) Chrome/145.0.0.0 Safari/537.36 (compatible; meta-externalagent/1.1 (+https://developers.facebook.com/docs/sharing/webmasters/crawler))"
20.226.26.5 - - [17/Jul/2026:00:17:30 +0000] "GET /wp-content/plugins/hellopress/wp_filemanager.php HTTP/1.1" 401 36 "-" "-"
20.226.26.5 - - [17/Jul/2026:00:17:30 +0000] "GET /this_is_a_new_hello_world.php HTTP/1.1" 401 36 "-" "-"
20.226.26.5 - - [17/Jul/2026:00:17:31 +0000] "GET /wp-der.php HTTP/1.1" 401 36 "-" "-"
20.226.26.5 - - [17/Jul/2026:00:17:31 +0000] "GET /wp-slss.php HTTP/1.1" 401 36 "-" "-"
20.226.26.5 - - [17/Jul/2026:00:17:31 +0000] "GET /min.php HTTP/1.1" 401 36 "-" "-"
20.226.26.5 - - [17/Jul/2026:00:17:32 +0000] "GET /wp-thi.php HTTP/1.1" 401 36 "-" "-"
20.226.26.5 - - [17/Jul/2026:00:17:32 +0000] "GET /noe.php HTTP/1.1" 401 36 "-" "-"
20.226.26.5 - - [17/Jul/2026:00:17:32 +0000] "GET /wp-file.php HTTP/1.1" 401 36 "-" "-"
20.226.26.5 - - [17/Jul/2026:00:17:33 +0000] "GET /edit-tags.php HTTP/1.1" 401 36 "-" "-"
20.226.26.5 - - [17/Jul/2026:00:17:33 +0000] "GET /wp-b0rk5oy.php HTTP/1.1" 401 36 "-" "-"
20.226.26.5 - - [17/Jul/2026:00:17:33 +0000] "GET /bless24.php HTTP/1.1" 401 36 "-" "-"
20.226.26.5 - - [17/Jul/2026:00:17:34 +0000] "GET /punah.php HTTP/1.1" 401 36 "-" "-"
20.226.26.5 - - [17/Jul/2026:00:17:34 +0000] "GET /min.php HTTP/1.1" 401 36 "-" "-"
20.226.26.5 - - [17/Jul/2026:00:17:35 +0000] "GET /dass.php HTTP/1.1" 401 36 "-" "-"
20.226.26.5 - - [17/Jul/2026:00:17:35 +0000] "GET /wander.php HTTP/1.1" 401 36 "-" "-"
20.226.26.5 - - [17/Jul/2026:00:17:35 +0000] "GET /cc13.php HTTP/1.1" 401 36 "-" "-"
20.226.26.5 - - [17/Jul/2026:00:17:36 +0000] "GET /des.php HTTP/1.1" 401 36 "-" "-"
20.226.26.5 - - [17/Jul/2026:00:17:36 +0000] "GET /avcqlevnbk.php HTTP/1.1" 401 36 "-" "-"
20.226.26.5 - - [17/Jul/2026:00:17:36 +0000] "GET /wp-ppoxua4.php HTTP/1.1" 401 36 "-" "-"
20.226.26.5 - - [17/Jul/2026:00:17:37 +0000] "GET /drykl.php HTTP/1.1" 401 36 "-" "-"
20.226.26.5 - - [17/Jul/2026:00:17:37 +0000] "GET /f35.php HTTP/1.1" 401 36 "-" "-"
20.226.26.5 - - [17/Jul/2026:00:17:37 +0000] "GET /wp-link-szoppm.php HTTP/1.1" 401 36 "-" "-"
20.226.26.5 - - [17/Jul/2026:00:17:38 +0000] "GET /x.php HTTP/1.1" 401 36 "-" "-"
20.226.26.5 - - [17/Jul/2026:00:17:38 +0000] "GET /xa.php HTTP/1.1" 401 36 "-" "-"
20.226.26.5 - - [17/Jul/2026:00:17:38 +0000] "GET /ms-edit.php HTTP/1.1" 401 36 "-" "-"
20.226.26.5 - - [17/Jul/2026:00:17:39 +0000] "GET /as.php HTTP/1.1" 401 36 "-" "-"
20.226.26.5 - - [17/Jul/2026:00:17:39 +0000] "GET /wen.php HTTP/1.1" 401 36 "-" "-"
20.226.26.5 - - [17/Jul/2026:00:17:39 +0000] "GET /dex.php HTTP/1.1" 401 36 "-" "-"
20.226.26.5 - - [17/Jul/2026:00:17:40 +0000] "GET /f.php HTTP/1.1" 401 36 "-" "-"
20.226.26.5 - - [17/Jul/2026:00:17:40 +0000] "GET /333.php HTTP/1.1" 401 36 "-" "-"
20.226.26.5 - - [17/Jul/2026:00:17:40 +0000] "GET /a4.php HTTP/1.1" 401 36 "-" "-"
20.226.26.5 - - [17/Jul/2026:00:17:41 +0000] "GET /wp-the.php HTTP/1.1" 401 36 "-" "-"
20.226.26.5 - - [17/Jul/2026:00:17:41 +0000] "GET /classwithtostring.php HTTP/1.1" 401 36 "-" "-"
20.226.26.5 - - [17/Jul/2026:00:17:41 +0000] "GET /fun.php HTTP/1.1" 401 36 "-" "-"
20.226.26.5 - - [17/Jul/2026:00:17:42 +0000] "GET /wp-content/languages/index.php HTTP/1.1" 401 36 "-" "-"
20.226.26.5 - - [17/Jul/2026:00:17:42 +0000] "GET /file.php HTTP/1.1" 401 36 "-" "-"
20.226.26.5 - - [17/Jul/2026:00:17:42 +0000] "GET /pass4.php HTTP/1.1" 401 36 "-" "-"
20.226.26.5 - - [17/Jul/2026:00:17:43 +0000] "GET /666.php HTTP/1.1" 401 36 "-" "-"
20.226.26.5 - - [17/Jul/2026:00:17:43 +0000] "GET /wp-access.php HTTP/1.1" 401 36 "-" "-"
20.226.26.5 - - [17/Jul/2026:00:17:43 +0000] "GET /jj.php HTTP/1.1" 401 36 "-" "-"
20.226.26.5 - - [17/Jul/2026:00:17:44 +0000] "GET /wp-x7.php HTTP/1.1" 401 36 "-" "-"
20.226.26.5 - - [17/Jul/2026:00:17:44 +0000] "GET /wpxml.php HTTP/1.1" 401 36 "-" "-"
20.226.26.5 - - [17/Jul/2026:00:17:44 +0000] "GET /inputs.php HTTP/1.1" 401 36 "-" "-"
20.226.26.5 - - [17/Jul/2026:00:17:45 +0000] "GET /file4.php HTTP/1.1" 401 36 "-" "-"
20.226.26.5 - - [17/Jul/2026:00:17:45 +0000] "GET /wp-firewall.php HTTP/1.1" 401 36 "-" "-"
20.226.26.5 - - [17/Jul/2026:00:17:46 +0000] "GET /data.php HTTP/1.1" 401 36 "-" "-"
20.226.26.5 - - [17/Jul/2026:00:17:46 +0000] "GET /wp-wpbak.php HTTP/1.1" 401 36 "-" "-"
20.226.26.5 - - [17/Jul/2026:00:17:46 +0000] "GET /002.php HTTP/1.1" 401 36 "-" "-"
20.226.26.5 - - [17/Jul/2026:00:17:47 +0000] "GET /class-t.api.php HTTP/1.1" 401 36 "-" "-"
20.226.26.5 - - [17/Jul/2026:00:17:47 +0000] "GET /file5.php HTTP/1.1" 401 36 "-" "-"
20.226.26.5 - - [17/Jul/2026:00:17:47 +0000] "GET /cache.php HTTP/1.1" 401 36 "-" "-"
20.226.26.5 - - [17/Jul/2026:00:17:48 +0000] "GET /error.php HTTP/1.1" 401 36 "-" "-"
20.226.26.5 - - [17/Jul/2026:00:17:48 +0000] "GET /wp-content/themes/about.php HTTP/1.1" 401 36 "-" "-"
20.226.26.5 - - [17/Jul/2026:00:17:48 +0000] "GET /wp-conflg.php HTTP/1.1" 401 36 "-" "-"
20.226.26.5 - - [17/Jul/2026:00:17:49 +0000] "GET /f35.php HTTP/1.1" 401 36 "-" "-"
20.226.26.5 - - [17/Jul/2026:00:17:49 +0000] "GET /plugins.php HTTP/1.1" 401 36 "-" "-"
20.226.26.5 - - [17/Jul/2026:00:17:49 +0000] "GET /wp-signup.php HTTP/1.1" 401 36 "-" "-"
20.226.26.5 - - [17/Jul/2026:00:17:50 +0000] "GET /la.php HTTP/1.1" 401 36 "-" "-"
20.226.26.5 - - [17/Jul/2026:00:17:50 +0000] "GET /yas.php HTTP/1.1" 401 36 "-" "-"
20.226.26.5 - - [17/Jul/2026:00:17:50 +0000] "GET /system.php HTTP/1.1" 401 36 "-" "-"
20.226.26.5 - - [17/Jul/2026:00:17:50 +0000] "GET /wp-fileesx-449.php HTTP/1.1" 401 36 "-" "-"
20.226.26.5 - - [17/Jul/2026:00:17:51 +0000] "GET /wp-good.php HTTP/1.1" 401 36 "-" "-"
20.226.26.5 - - [17/Jul/2026:00:17:51 +0000] "GET /shx.php HTTP/1.1" 401 36 "-" "-"
20.226.26.5 - - [17/Jul/2026:00:17:51 +0000] "GET /dropdown.php HTTP/1.1" 401 36 "-" "-"
20.226.26.5 - - [17/Jul/2026:00:17:52 +0000] "GET /revealability.php HTTP/1.1" 401 36 "-" "-"
20.226.26.5 - - [17/Jul/2026:00:17:52 +0000] "GET /wp.php HTTP/1.1" 401 36 "-" "-"
20.226.26.5 - - [17/Jul/2026:00:17:52 +0000] "GET /wp-wz.php HTTP/1.1" 401 36 "-" "-"
20.226.26.5 - - [17/Jul/2026:00:17:53 +0000] "GET /06.php HTTP/1.1" 401 36 "-" "-"
20.226.26.5 - - [17/Jul/2026:00:17:53 +0000] "GET /chomu.php HTTP/1.1" 401 36 "-" "-"
20.226.26.5 - - [17/Jul/2026:00:17:53 +0000] "GET /ff.php HTTP/1.1" 401 36 "-" "-"
20.226.26.5 - - [17/Jul/2026:00:17:54 +0000] "GET /xex.php HTTP/1.1" 401 36 "-" "-"
20.226.26.5 - - [17/Jul/2026:00:17:54 +0000] "GET /wp-sing.php HTTP/1.1" 401 36 "-" "-"
20.226.26.5 - - [17/Jul/2026:00:17:54 +0000] "GET /txets.php HTTP/1.1" 401 36 "-" "-"
20.226.26.5 - - [17/Jul/2026:00:17:55 +0000] "GET /xml.php HTTP/1.1" 401 36 "-" "-"
20.226.26.5 - - [17/Jul/2026:00:17:55 +0000] "GET /bgymj.php HTTP/1.1" 401 36 "-" "-"
20.226.26.5 - - [17/Jul/2026:00:17:55 +0000] "GET /t.php HTTP/1.1" 401 36 "-" "-"
20.226.26.5 - - [17/Jul/2026:00:17:56 +0000] "GET /wp.php HTTP/1.1" 401 36 "-" "-"
20.226.26.5 - - [17/Jul/2026:00:17:56 +0000] "GET /mini.php HTTP/1.1" 401 36 "-" "-"
20.226.26.5 - - [17/Jul/2026:00:17:56 +0000] "GET /19.php HTTP/1.1" 401 36 "-" "-"
20.226.26.5 - - [17/Jul/2026:00:17:57 +0000] "GET /db.php HTTP/1.1" 401 36 "-" "-"
20.226.26.5 - - [17/Jul/2026:00:17:57 +0000] "GET /wmore1.php HTTP/1.1" 401 36 "-" "-"
20.226.26.5 - - [17/Jul/2026:00:17:57 +0000] "GET /amax.php HTTP/1.1" 401 36 "-" "-"
20.226.26.5 - - [17/Jul/2026:00:17:57 +0000] "GET /wp-admin/index.php HTTP/1.1" 401 36 "-" "-"
20.226.26.5 - - [17/Jul/2026:00:17:58 +0000] "GET /b.php HTTP/1.1" 401 36 "-" "-"
20.226.26.5 - - [17/Jul/2026:00:17:58 +0000] "GET /8.php HTTP/1.1" 401 36 "-" "-"
20.226.26.5 - - [17/Jul/2026:00:17:58 +0000] "GET /wp-is.php HTTP/1.1" 401 36 "-" "-"
20.226.26.5 - - [17/Jul/2026:00:17:59 +0000] "GET /yanz.php HTTP/1.1" 401 36 "-" "-"
20.226.26.5 - - [17/Jul/2026:00:17:59 +0000] "GET /term.php HTTP/1.1" 401 36 "-" "-"
20.226.26.5 - - [17/Jul/2026:00:17:59 +0000] "GET /wp-block.php HTTP/1.1" 401 36 "-" "-"
20.226.26.5 - - [17/Jul/2026:00:18:00 +0000] "GET /file88.php HTTP/1.1" 401 36 "-" "-"
20.226.26.5 - - [17/Jul/2026:00:18:00 +0000] "GET /wp-content/uploads/admin.php HTTP/1.1" 401 36 "-" "-"
20.226.26.5 - - [17/Jul/2026:00:18:00 +0000] "GET /sid3.php HTTP/1.1" 401 36 "-" "-"
20.226.26.5 - - [17/Jul/2026:00:18:01 +0000] "GET /wp-blink.php HTTP/1.1" 401 36 "-" "-"
20.226.26.5 - - [17/Jul/2026:00:18:01 +0000] "GET /i.php HTTP/1.1" 401 36 "-" "-"
20.226.26.5 - - [17/Jul/2026:00:18:01 +0000] "GET /wp-admin/zoko.php HTTP/1.1" 401 36 "-" "-"
20.226.26.5 - - [17/Jul/2026:00:18:02 +0000] "GET /wp-tivate.php HTTP/1.1" 401 36 "-" "-"
