57.141.0.21 - - [16/Jul/2026:21:35:18 +0000] "GET /?p=5170 HTTP/2" 301 0 "-" "Mozilla/5.0 (Macintosh; Intel Mac OS X 10_15_7) AppleWebKit/537.36 (KHTML, like Gecko) Chrome/145.0.0.0 Safari/537.36 (compatible; meta-externalagent/1.1 (+https://developers.facebook.com/docs/sharing/webmasters/crawler))"
146.70.194.254 - - [16/Jul/2026:21:35:36 +0000] "GET / HTTP/1.1" 401 36 "-" "Mozilla/5.0 (Windows NT 10.0; Win64; x64) AppleWebKit/537.36 (KHTML, like Gecko) Chrome/78.0.3904.108 Safari/537.36"
146.70.194.254 - - [16/Jul/2026:21:35:36 +0000] "GET //wp-includes/wlwmanifest.xml HTTP/1.1" 401 36 "-" "Mozilla/5.0 (Windows NT 10.0; Win64; x64) AppleWebKit/537.36 (KHTML, like Gecko) Chrome/78.0.3904.108 Safari/537.36"
146.70.194.254 - - [16/Jul/2026:21:35:36 +0000] "GET //xmlrpc.php?rsd HTTP/1.1" 401 36 "-" "Mozilla/5.0 (Windows NT 10.0; Win64; x64) AppleWebKit/537.36 (KHTML, like Gecko) Chrome/78.0.3904.108 Safari/537.36"
146.70.194.254 - - [16/Jul/2026:21:35:36 +0000] "GET / HTTP/1.1" 401 36 "-" "Mozilla/5.0 (Windows NT 10.0; Win64; x64) AppleWebKit/537.36 (KHTML, like Gecko) Chrome/78.0.3904.108 Safari/537.36"
146.70.194.254 - - [16/Jul/2026:21:35:36 +0000] "GET //blog/wp-includes/wlwmanifest.xml HTTP/1.1" 401 36 "-" "Mozilla/5.0 (Windows NT 10.0; Win64; x64) AppleWebKit/537.36 (KHTML, like Gecko) Chrome/78.0.3904.108 Safari/537.36"
146.70.194.254 - - [16/Jul/2026:21:35:37 +0000] "GET //web/wp-includes/wlwmanifest.xml HTTP/1.1" 401 36 "-" "Mozilla/5.0 (Windows NT 10.0; Win64; x64) AppleWebKit/537.36 (KHTML, like Gecko) Chrome/78.0.3904.108 Safari/537.36"
146.70.194.254 - - [16/Jul/2026:21:35:37 +0000] "GET //wordpress/wp-includes/wlwmanifest.xml HTTP/1.1" 401 36 "-" "Mozilla/5.0 (Windows NT 10.0; Win64; x64) AppleWebKit/537.36 (KHTML, like Gecko) Chrome/78.0.3904.108 Safari/537.36"
146.70.194.254 - - [16/Jul/2026:21:35:37 +0000] "GET //website/wp-includes/wlwmanifest.xml HTTP/1.1" 401 36 "-" "Mozilla/5.0 (Windows NT 10.0; Win64; x64) AppleWebKit/537.36 (KHTML, like Gecko) Chrome/78.0.3904.108 Safari/537.36"
146.70.194.254 - - [16/Jul/2026:21:35:37 +0000] "GET //wp/wp-includes/wlwmanifest.xml HTTP/1.1" 401 36 "-" "Mozilla/5.0 (Windows NT 10.0; Win64; x64) AppleWebKit/537.36 (KHTML, like Gecko) Chrome/78.0.3904.108 Safari/537.36"
146.70.194.254 - - [16/Jul/2026:21:35:37 +0000] "GET //news/wp-includes/wlwmanifest.xml HTTP/1.1" 401 36 "-" "Mozilla/5.0 (Windows NT 10.0; Win64; x64) AppleWebKit/537.36 (KHTML, like Gecko) Chrome/78.0.3904.108 Safari/537.36"
146.70.194.254 - - [16/Jul/2026:21:35:37 +0000] "GET //2018/wp-includes/wlwmanifest.xml HTTP/1.1" 401 36 "-" "Mozilla/5.0 (Windows NT 10.0; Win64; x64) AppleWebKit/537.36 (KHTML, like Gecko) Chrome/78.0.3904.108 Safari/537.36"
146.70.194.254 - - [16/Jul/2026:21:35:37 +0000] "GET //2019/wp-includes/wlwmanifest.xml HTTP/1.1" 401 36 "-" "Mozilla/5.0 (Windows NT 10.0; Win64; x64) AppleWebKit/537.36 (KHTML, like Gecko) Chrome/78.0.3904.108 Safari/537.36"
146.70.194.254 - - [16/Jul/2026:21:35:38 +0000] "GET //shop/wp-includes/wlwmanifest.xml HTTP/1.1" 401 36 "-" "Mozilla/5.0 (Windows NT 10.0; Win64; x64) AppleWebKit/537.36 (KHTML, like Gecko) Chrome/78.0.3904.108 Safari/537.36"
146.70.194.254 - - [16/Jul/2026:21:35:38 +0000] "GET //wp1/wp-includes/wlwmanifest.xml HTTP/1.1" 401 36 "-" "Mozilla/5.0 (Windows NT 10.0; Win64; x64) AppleWebKit/537.36 (KHTML, like Gecko) Chrome/78.0.3904.108 Safari/537.36"
146.70.194.254 - - [16/Jul/2026:21:35:38 +0000] "GET //test/wp-includes/wlwmanifest.xml HTTP/1.1" 401 36 "-" "Mozilla/5.0 (Windows NT 10.0; Win64; x64) AppleWebKit/537.36 (KHTML, like Gecko) Chrome/78.0.3904.108 Safari/537.36"
146.70.194.254 - - [16/Jul/2026:21:35:38 +0000] "GET //media/wp-includes/wlwmanifest.xml HTTP/1.1" 401 36 "-" "Mozilla/5.0 (Windows NT 10.0; Win64; x64) AppleWebKit/537.36 (KHTML, like Gecko) Chrome/78.0.3904.108 Safari/537.36"
146.70.194.254 - - [16/Jul/2026:21:35:38 +0000] "GET //wp2/wp-includes/wlwmanifest.xml HTTP/1.1" 401 36 "-" "Mozilla/5.0 (Windows NT 10.0; Win64; x64) AppleWebKit/537.36 (KHTML, like Gecko) Chrome/78.0.3904.108 Safari/537.36"
146.70.194.254 - - [16/Jul/2026:21:35:38 +0000] "GET //site/wp-includes/wlwmanifest.xml HTTP/1.1" 401 36 "-" "Mozilla/5.0 (Windows NT 10.0; Win64; x64) AppleWebKit/537.36 (KHTML, like Gecko) Chrome/78.0.3904.108 Safari/537.36"
146.70.194.254 - - [16/Jul/2026:21:35:39 +0000] "GET //cms/wp-includes/wlwmanifest.xml HTTP/1.1" 401 36 "-" "Mozilla/5.0 (Windows NT 10.0; Win64; x64) AppleWebKit/537.36 (KHTML, like Gecko) Chrome/78.0.3904.108 Safari/537.36"
146.70.194.254 - - [16/Jul/2026:21:35:39 +0000] "GET //sito/wp-includes/wlwmanifest.xml HTTP/1.1" 401 36 "-" "Mozilla/5.0 (Windows NT 10.0; Win64; x64) AppleWebKit/537.36 (KHTML, like Gecko) Chrome/78.0.3904.108 Safari/537.36"
65.181.116.207 - - [16/Jul/2026:21:37:03 +0000] "POST /wp-cron.php?doing_wp_cron=1784237822.9354710578918457031250 HTTP/1.1" 200 0 "-" "WordPress/7.0.1; https://www.mecoraso.com"
57.141.0.69 - - [16/Jul/2026:21:36:59 +0000] "GET /?p=3591 HTTP/2" 301 0 "-" "Mozilla/5.0 (Windows NT 10.0; Win64; x64) AppleWebKit/537.36 (KHTML, like Gecko) Chrome/145.0.0.0 Safari/537.36 (compatible; meta-externalagent/1.1 (+https://developers.facebook.com/docs/sharing/webmasters/crawler))"
57.141.0.42 - - [16/Jul/2026:21:37:11 +0000] "GET /?p=2289 HTTP/2" 301 0 "-" "Mozilla/5.0 (Windows NT 10.0; Win64; x64) AppleWebKit/537.36 (KHTML, like Gecko) Chrome/145.0.0.0 Safari/537.36 (compatible; meta-externalagent/1.1 (+https://developers.facebook.com/docs/sharing/webmasters/crawler))"
57.141.0.27 - - [16/Jul/2026:21:37:21 +0000] "GET /?p=6385 HTTP/2" 301 0 "-" "Mozilla/5.0 (Windows NT 10.0; Win64; x64) AppleWebKit/537.36 (KHTML, like Gecko) Chrome/145.0.0.0 Safari/537.36 (compatible; meta-externalagent/1.1 (+https://developers.facebook.com/docs/sharing/webmasters/crawler))"
65.181.116.207 - - [16/Jul/2026:21:38:29 +0000] "POST /wp-cron.php?doing_wp_cron=1784237909.6076259613037109375000 HTTP/1.1" 200 0 "-" "WordPress/7.0.1; https://www.mecoraso.com"
57.141.0.14 - - [16/Jul/2026:21:38:27 +0000] "GET /?p=3297 HTTP/2" 301 0 "-" "Mozilla/5.0 (Windows NT 10.0; Win64; x64) AppleWebKit/537.36 (KHTML, like Gecko) Chrome/145.0.0.0 Safari/537.36 Edg/145.0.0.0 (compatible; meta-externalagent/1.1 (+https://developers.facebook.com/docs/sharing/webmasters/crawler))"
57.141.0.22 - - [16/Jul/2026:21:38:46 +0000] "GET /?p=5781 HTTP/2" 301 0 "-" "Mozilla/5.0 (Macintosh; Intel Mac OS X 10_15_7) AppleWebKit/537.36 (KHTML, like Gecko) Chrome/145.0.0.0 Safari/537.36 (compatible; meta-externalagent/1.1 (+https://developers.facebook.com/docs/sharing/webmasters/crawler))"
65.181.116.207 - - [16/Jul/2026:21:38:54 +0000] "POST /wp-cron.php?doing_wp_cron=1784237934.6412570476531982421875 HTTP/1.1" 200 0 "-" "WordPress/7.0.1; https://www.mecoraso.com"
57.141.0.27 - - [16/Jul/2026:21:38:52 +0000] "GET /?p=6464 HTTP/2" 301 0 "-" "Mozilla/5.0 (Windows NT 10.0; Win64; x64) AppleWebKit/537.36 (KHTML, like Gecko) Chrome/145.0.0.0 Safari/537.36 (compatible; meta-externalagent/1.1 (+https://developers.facebook.com/docs/sharing/webmasters/crawler))"
57.141.0.43 - - [16/Jul/2026:21:38:53 +0000] "GET /?p=7439 HTTP/2" 301 0 "-" "Mozilla/5.0 (Macintosh; Intel Mac OS X 10_15_7) AppleWebKit/537.36 (KHTML, like Gecko) Chrome/145.0.0.0 Safari/537.36 (compatible; meta-externalagent/1.1 (+https://developers.facebook.com/docs/sharing/webmasters/crawler))"
57.141.0.40 - - [16/Jul/2026:21:39:09 +0000] "GET /?p=227 HTTP/2" 301 0 "-" "Mozilla/5.0 (Windows NT 10.0; Win64; x64) AppleWebKit/537.36 (KHTML, like Gecko) Chrome/145.0.0.0 Safari/537.36 (compatible; meta-externalagent/1.1 (+https://developers.facebook.com/docs/sharing/webmasters/crawler))"
65.181.116.207 - - [16/Jul/2026:21:39:55 +0000] "POST /wp-cron.php?doing_wp_cron=1784237995.4372539520263671875000 HTTP/1.1" 200 0 "-" "WordPress/7.0.1; https://www.mecoraso.com"
57.141.0.5 - - [16/Jul/2026:21:39:53 +0000] "GET /?p=5895 HTTP/2" 301 0 "-" "Mozilla/5.0 (Macintosh; Intel Mac OS X 10_15_7) AppleWebKit/537.36 (KHTML, like Gecko) Chrome/145.0.0.0 Safari/537.36 (compatible; meta-externalagent/1.1 (+https://developers.facebook.com/docs/sharing/webmasters/crawler))"
57.141.0.11 - - [16/Jul/2026:21:40:01 +0000] "GET /?p=8765 HTTP/2" 301 0 "-" "Mozilla/5.0 (Windows NT 10.0; Win64; x64) AppleWebKit/537.36 (KHTML, like Gecko) Chrome/145.0.0.0 Safari/537.36 (compatible; meta-externalagent/1.1 (+https://developers.facebook.com/docs/sharing/webmasters/crawler))"
57.141.0.19 - - [16/Jul/2026:21:40:05 +0000] "GET /?p=2784 HTTP/2" 301 0 "-" "Mozilla/5.0 (Windows NT 10.0; Win64; x64) AppleWebKit/537.36 (KHTML, like Gecko) Chrome/145.0.0.0 Safari/537.36 (compatible; meta-externalagent/1.1 (+https://developers.facebook.com/docs/sharing/webmasters/crawler))"
57.141.0.36 - - [16/Jul/2026:21:40:25 +0000] "GET /?p=8100 HTTP/2" 301 0 "-" "Mozilla/5.0 (Macintosh; Intel Mac OS X 10_15_7) AppleWebKit/537.36 (KHTML, like Gecko) Chrome/145.0.0.0 Safari/537.36 (compatible; meta-externalagent/1.1 (+https://developers.facebook.com/docs/sharing/webmasters/crawler))"
152.53.111.131 - - [16/Jul/2026:21:40:27 +0000] "GET /wp-login.php HTTP/2" 200 1945 "-" "Mozilla/5.0 (Macintosh; Intel Mac OS X 10_15_7) AppleWebKit/537.36 (KHTML, like Gecko) Chrome/149.0.0.0 Safari/537.36"
152.53.111.131 - - [16/Jul/2026:21:40:31 +0000] "POST /wp-login.php HTTP/2" 200 2075 "https://mecoraso.com/wp-login.php" "Mozilla/5.0 (Macintosh; Intel Mac OS X 10_15_7) AppleWebKit/537.36 (KHTML, like Gecko) Chrome/149.0.0.0 Safari/537.36"
57.141.0.34 - - [16/Jul/2026:21:40:38 +0000] "GET /?p=3116 HTTP/2" 301 0 "-" "Mozilla/5.0 (Windows NT 10.0; Win64; x64) AppleWebKit/537.36 (KHTML, like Gecko) Chrome/145.0.0.0 Safari/537.36 (compatible; meta-externalagent/1.1 (+https://developers.facebook.com/docs/sharing/webmasters/crawler))"
65.181.116.207 - - [16/Jul/2026:21:41:12 +0000] "POST /wp-cron.php?doing_wp_cron=1784238072.2613599300384521484375 HTTP/1.1" 200 0 "-" "WordPress/7.0.1; https://www.mecoraso.com"
57.141.0.23 - - [16/Jul/2026:21:41:09 +0000] "GET /?p=9350 HTTP/2" 301 0 "-" "Mozilla/5.0 (Windows NT 10.0; Win64; x64) AppleWebKit/537.36 (KHTML, like Gecko) Chrome/145.0.0.0 Safari/537.36 (compatible; meta-externalagent/1.1 (+https://developers.facebook.com/docs/sharing/webmasters/crawler))"
65.181.116.207 - - [16/Jul/2026:21:41:52 +0000] "POST /wp-cron.php?doing_wp_cron=1784238112.8449680805206298828125 HTTP/1.1" 200 0 "-" "WordPress/7.0.1; https://www.mecoraso.com"
57.141.0.5 - - [16/Jul/2026:21:41:50 +0000] "GET /?p=267 HTTP/2" 301 0 "-" "Mozilla/5.0 (Windows NT 10.0; Win64; x64) AppleWebKit/537.36 (KHTML, like Gecko) Chrome/145.0.0.0 Safari/537.36 (compatible; meta-externalagent/1.1 (+https://developers.facebook.com/docs/sharing/webmasters/crawler))"
65.181.116.207 - - [16/Jul/2026:21:43:33 +0000] "POST /wp-cron.php?doing_wp_cron=1784238212.9821400642395019531250 HTTP/1.1" 200 0 "-" "WordPress/7.0.1; https://www.mecoraso.com"
57.141.0.26 - - [16/Jul/2026:21:43:30 +0000] "GET /?p=8382 HTTP/2" 301 0 "-" "Mozilla/5.0 (Windows NT 10.0; Win64; x64) AppleWebKit/537.36 (KHTML, like Gecko) Chrome/145.0.0.0 Safari/537.36 (compatible; meta-externalagent/1.1 (+https://developers.facebook.com/docs/sharing/webmasters/crawler))"
57.141.0.13 - - [16/Jul/2026:21:43:40 +0000] "GET /?p=3379 HTTP/2" 301 0 "-" "Mozilla/5.0 (X11; Linux x86_64) AppleWebKit/537.36 (KHTML, like Gecko) Chrome/145.0.0.0 Safari/537.36 (compatible; meta-externalagent/1.1 (+https://developers.facebook.com/docs/sharing/webmasters/crawler))"
66.249.79.193 - - [16/Jul/2026:21:44:29 +0000] "GET /robots.txt HTTP/1.1" 200 133 "-" "Mozilla/5.0 (compatible; Googlebot/2.1; +http://www.google.com/bot.html)"
65.181.116.207 - - [16/Jul/2026:21:44:39 +0000] "POST /wp-cron.php?doing_wp_cron=1784238279.3613419532775878906250 HTTP/1.1" 200 0 "-" "WordPress/7.0.1; https://www.mecoraso.com"
57.141.0.48 - - [16/Jul/2026:21:44:36 +0000] "GET /?p=7449 HTTP/2" 301 0 "-" "Mozilla/5.0 (Macintosh; Intel Mac OS X 10_15_7) AppleWebKit/537.36 (KHTML, like Gecko) Chrome/145.0.0.0 Safari/537.36 (compatible; meta-externalagent/1.1 (+https://developers.facebook.com/docs/sharing/webmasters/crawler))"
57.141.0.31 - - [16/Jul/2026:21:44:44 +0000] "GET /?p=840 HTTP/2" 301 0 "-" "Mozilla/5.0 (Windows NT 10.0; Win64; x64) AppleWebKit/537.36 (KHTML, like Gecko) Chrome/145.0.0.0 Safari/537.36 (compatible; meta-externalagent/1.1 (+https://developers.facebook.com/docs/sharing/webmasters/crawler))"
57.141.0.14 - - [16/Jul/2026:21:44:43 +0000] "GET /?p=1997 HTTP/2" 301 0 "-" "Mozilla/5.0 (Macintosh; Intel Mac OS X 10_15_7) AppleWebKit/537.36 (KHTML, like Gecko) Chrome/145.0.0.0 Safari/537.36 (compatible; meta-externalagent/1.1 (+https://developers.facebook.com/docs/sharing/webmasters/crawler))"
65.181.116.207 - - [16/Jul/2026:21:44:50 +0000] "POST /wp-cron.php?doing_wp_cron=1784238290.1935338973999023437500 HTTP/1.1" 200 0 "-" "WordPress/7.0.1; https://www.mecoraso.com"
57.141.0.6 - - [16/Jul/2026:21:44:46 +0000] "GET /?p=4410 HTTP/2" 301 0 "-" "Mozilla/5.0 (Windows NT 10.0; Win64; x64) AppleWebKit/537.36 (KHTML, like Gecko) Chrome/145.0.0.0 Safari/537.36 (compatible; meta-externalagent/1.1 (+https://developers.facebook.com/docs/sharing/webmasters/crawler))"
57.141.0.51 - - [16/Jul/2026:21:45:23 +0000] "GET /?p=6535 HTTP/2" 301 0 "-" "Mozilla/5.0 (Macintosh; Intel Mac OS X 10_15_7) AppleWebKit/537.36 (KHTML, like Gecko) Chrome/145.0.0.0 Safari/537.36 (compatible; meta-externalagent/1.1 (+https://developers.facebook.com/docs/sharing/webmasters/crawler))"
57.141.0.14 - - [16/Jul/2026:21:45:40 +0000] "GET /?p=6990 HTTP/2" 301 0 "-" "Mozilla/5.0 (Macintosh; Intel Mac OS X 10_15_7) AppleWebKit/537.36 (KHTML, like Gecko) Chrome/145.0.0.0 Safari/537.36 (compatible; meta-externalagent/1.1 (+https://developers.facebook.com/docs/sharing/webmasters/crawler))"
65.181.116.207 - - [16/Jul/2026:21:46:44 +0000] "POST /wp-cron.php?doing_wp_cron=1784238404.1341979503631591796875 HTTP/1.1" 200 0 "-" "WordPress/7.0.1; https://www.mecoraso.com"
57.141.0.31 - - [16/Jul/2026:21:46:41 +0000] "GET /?p=1365 HTTP/2" 301 0 "-" "Mozilla/5.0 (Windows NT 10.0; Win64; x64) AppleWebKit/537.36 (KHTML, like Gecko) Chrome/145.0.0.0 Safari/537.36 (compatible; meta-externalagent/1.1 (+https://developers.facebook.com/docs/sharing/webmasters/crawler))"
65.181.116.207 - - [16/Jul/2026:21:46:58 +0000] "POST /wp-cron.php?doing_wp_cron=1784238417.9945271015167236328125 HTTP/1.1" 200 0 "-" "WordPress/7.0.1; https://www.mecoraso.com"
57.141.0.1 - - [16/Jul/2026:21:46:56 +0000] "GET /?p=1579 HTTP/2" 301 0 "-" "Mozilla/5.0 (Macintosh; Intel Mac OS X 10_15_7) AppleWebKit/537.36 (KHTML, like Gecko) Chrome/145.0.0.0 Safari/537.36 (compatible; meta-externalagent/1.1 (+https://developers.facebook.com/docs/sharing/webmasters/crawler))"
57.141.0.26 - - [16/Jul/2026:21:47:01 +0000] "GET /?p=4326 HTTP/2" 301 0 "-" "Mozilla/5.0 (Windows NT 10.0; Win64; x64) AppleWebKit/537.36 (KHTML, like Gecko) Chrome/145.0.0.0 Safari/537.36 (compatible; meta-externalagent/1.1 (+https://developers.facebook.com/docs/sharing/webmasters/crawler))"
57.141.0.11 - - [16/Jul/2026:21:47:20 +0000] "GET /?p=1977 HTTP/2" 301 0 "-" "Mozilla/5.0 (Windows NT 10.0; Win64; x64) AppleWebKit/537.36 (KHTML, like Gecko) Chrome/145.0.0.0 Safari/537.36 (compatible; meta-externalagent/1.1 (+https://developers.facebook.com/docs/sharing/webmasters/crawler))"
177.224.173.250 - - [16/Jul/2026:21:47:23 +0000] "GET / HTTP/1.1" 301 0 "http://aio.online" "Mozilla/5.0 (Windows NT 6.1; Win64; x64) AppleWebKit/537.36 (KHTML, like Gecko) Chrome/97.0.4692.71 Safari/537.36"
177.224.173.250 - - [16/Jul/2026:21:47:26 +0000] "GET / HTTP/1.1" 200 24181 "http://aio.online" "Mozilla/5.0 (Windows NT 6.1; Win64; x64) AppleWebKit/537.36 (KHTML, like Gecko) Chrome/97.0.4692.71 Safari/537.36"
57.141.0.34 - - [16/Jul/2026:21:47:38 +0000] "GET /?p=2391 HTTP/2" 301 0 "-" "Mozilla/5.0 (Windows NT 10.0; Win64; x64) AppleWebKit/537.36 (KHTML, like Gecko) Chrome/145.0.0.0 Safari/537.36 (compatible; meta-externalagent/1.1 (+https://developers.facebook.com/docs/sharing/webmasters/crawler))"
66.249.79.194 - - [16/Jul/2026:21:47:43 +0000] "GET /2025/08/22/best-online-slots-to-win-real-money-australia/ HTTP/1.1" 200 15044 "-" "Mozilla/5.0 (Linux; Android 6.0.1; Nexus 5X Build/MMB29P) AppleWebKit/537.36 (KHTML, like Gecko) Chrome/150.0.7871.124 Mobile Safari/537.36 (compatible; Googlebot/2.1; +http://www.google.com/bot.html)"
65.181.116.207 - - [16/Jul/2026:21:47:57 +0000] "POST /wp-cron.php?doing_wp_cron=1784238477.2426829338073730468750 HTTP/1.1" 200 0 "-" "WordPress/7.0.1; https://www.mecoraso.com"
57.141.0.4 - - [16/Jul/2026:21:47:55 +0000] "GET /?p=7366 HTTP/2" 301 0 "-" "Mozilla/5.0 (Windows NT 10.0; Win64; x64) AppleWebKit/537.36 (KHTML, like Gecko) Chrome/145.0.0.0 Safari/537.36 (compatible; meta-externalagent/1.1 (+https://developers.facebook.com/docs/sharing/webmasters/crawler))"
65.181.116.207 - - [16/Jul/2026:21:49:06 +0000] "POST /wp-cron.php?doing_wp_cron=1784238546.7765328884124755859375 HTTP/1.1" 200 0 "-" "WordPress/7.0.1; https://www.mecoraso.com"
57.141.0.20 - - [16/Jul/2026:21:49:04 +0000] "GET /?p=5871 HTTP/2" 301 0 "-" "Mozilla/5.0 (Macintosh; Intel Mac OS X 10_15_7) AppleWebKit/537.36 (KHTML, like Gecko) Chrome/145.0.0.0 Safari/537.36 (compatible; meta-externalagent/1.1 (+https://developers.facebook.com/docs/sharing/webmasters/crawler))"
57.141.0.55 - - [16/Jul/2026:21:49:32 +0000] "GET /?p=8994 HTTP/2" 301 0 "-" "Mozilla/5.0 (Windows NT 10.0; Win64; x64) AppleWebKit/537.36 (KHTML, like Gecko) Chrome/145.0.0.0 Safari/537.36 (compatible; meta-externalagent/1.1 (+https://developers.facebook.com/docs/sharing/webmasters/crawler))"
65.181.116.207 - - [16/Jul/2026:21:49:53 +0000] "POST /wp-cron.php?doing_wp_cron=1784238593.7324969768524169921875 HTTP/1.1" 200 0 "-" "WordPress/7.0.1; https://www.mecoraso.com"
57.141.0.36 - - [16/Jul/2026:21:49:50 +0000] "GET /?p=8752 HTTP/2" 301 0 "-" "Mozilla/5.0 (Macintosh; Intel Mac OS X 10_15_7) AppleWebKit/537.36 (KHTML, like Gecko) Chrome/145.0.0.0 Safari/537.36 (compatible; meta-externalagent/1.1 (+https://developers.facebook.com/docs/sharing/webmasters/crawler))"
57.141.0.39 - - [16/Jul/2026:21:49:58 +0000] "GET /?p=7684 HTTP/2" 301 0 "-" "Mozilla/5.0 (Windows NT 10.0; Win64; x64) AppleWebKit/537.36 (KHTML, like Gecko) Chrome/145.0.0.0 Safari/537.36 (compatible; meta-externalagent/1.1 (+https://developers.facebook.com/docs/sharing/webmasters/crawler))"
57.141.0.68 - - [16/Jul/2026:21:50:06 +0000] "GET /?p=9178 HTTP/2" 301 0 "-" "Mozilla/5.0 (Windows NT 10.0; Win64; x64) AppleWebKit/537.36 (KHTML, like Gecko) Chrome/145.0.0.0 Safari/537.36 (compatible; meta-externalagent/1.1 (+https://developers.facebook.com/docs/sharing/webmasters/crawler))"
57.141.0.71 - - [16/Jul/2026:21:50:35 +0000] "GET /?p=4218 HTTP/2" 301 0 "-" "Mozilla/5.0 (Macintosh; Intel Mac OS X 10_15_7) AppleWebKit/537.36 (KHTML, like Gecko) Chrome/145.0.0.0 Safari/537.36 (compatible; meta-externalagent/1.1 (+https://developers.facebook.com/docs/sharing/webmasters/crawler))"
57.141.0.32 - - [16/Jul/2026:21:50:40 +0000] "GET /?p=8968 HTTP/2" 301 0 "-" "Mozilla/5.0 (Windows NT 10.0; Win64; x64) AppleWebKit/537.36 (KHTML, like Gecko) Chrome/145.0.0.0 Safari/537.36 (compatible; meta-externalagent/1.1 (+https://developers.facebook.com/docs/sharing/webmasters/crawler))"
65.181.116.207 - - [16/Jul/2026:21:50:52 +0000] "POST /wp-cron.php?doing_wp_cron=1784238652.5140581130981445312500 HTTP/1.1" 200 0 "-" "WordPress/7.0.1; https://www.mecoraso.com"
57.141.0.34 - - [16/Jul/2026:21:50:49 +0000] "GET /?p=3755 HTTP/2" 301 0 "-" "Mozilla/5.0 (Windows NT 10.0; Win64; x64) AppleWebKit/537.36 (KHTML, like Gecko) Chrome/145.0.0.0 Safari/537.36 (compatible; meta-externalagent/1.1 (+https://developers.facebook.com/docs/sharing/webmasters/crawler))"
57.141.0.39 - - [16/Jul/2026:21:51:37 +0000] "GET /?p=6970 HTTP/2" 301 0 "-" "Mozilla/5.0 (Macintosh; Intel Mac OS X 10_15_7) AppleWebKit/537.36 (KHTML, like Gecko) Chrome/145.0.0.0 Safari/537.36 (compatible; meta-externalagent/1.1 (+https://developers.facebook.com/docs/sharing/webmasters/crawler))"
65.181.116.207 - - [16/Jul/2026:21:52:08 +0000] "POST /wp-cron.php?doing_wp_cron=1784238728.5227029323577880859375 HTTP/1.1" 200 0 "-" "WordPress/7.0.1; https://www.mecoraso.com"
66.249.79.193 - - [16/Jul/2026:21:52:01 +0000] "GET /2025/08/22/play-live-dealer-blackjack-uk/ HTTP/1.1" 200 15146 "-" "Mozilla/5.0 (Linux; Android 6.0.1; Nexus 5X Build/MMB29P) AppleWebKit/537.36 (KHTML, like Gecko) Chrome/150.0.7871.124 Mobile Safari/537.36 (compatible; Googlebot/2.1; +http://www.google.com/bot.html)"
57.141.0.14 - - [16/Jul/2026:21:52:31 +0000] "GET /?p=1242 HTTP/2" 301 0 "-" "Mozilla/5.0 (Macintosh; Intel Mac OS X 10_15_7) AppleWebKit/537.36 (KHTML, like Gecko) Chrome/145.0.0.0 Safari/537.36 (compatible; meta-externalagent/1.1 (+https://developers.facebook.com/docs/sharing/webmasters/crawler))"
65.181.116.207 - - [16/Jul/2026:21:53:25 +0000] "POST /wp-cron.php?doing_wp_cron=1784238805.8777449131011962890625 HTTP/1.1" 200 0 "-" "WordPress/7.0.1; https://www.mecoraso.com"
57.141.0.23 - - [16/Jul/2026:21:53:22 +0000] "GET /?p=4008 HTTP/2" 301 0 "-" "Mozilla/5.0 (Macintosh; Intel Mac OS X 10_15_7) AppleWebKit/537.36 (KHTML, like Gecko) Chrome/145.0.0.0 Safari/537.36 (compatible; meta-externalagent/1.1 (+https://developers.facebook.com/docs/sharing/webmasters/crawler))"
20.46.252.52 - - [16/Jul/2026:21:53:39 +0000] "GET /wp-content/plugins/hellopress/wp_filemanager.php HTTP/1.1" 401 36 "-" "-"
20.46.252.52 - - [16/Jul/2026:21:53:39 +0000] "GET /this_is_a_new_hello_world.php HTTP/1.1" 401 36 "-" "-"
20.46.252.52 - - [16/Jul/2026:21:53:39 +0000] "GET /wp-check.php HTTP/1.1" 401 36 "-" "-"
20.46.252.52 - - [16/Jul/2026:21:53:39 +0000] "GET /wp-logins.php HTTP/1.1" 401 36 "-" "-"
20.46.252.52 - - [16/Jul/2026:21:53:39 +0000] "GET /wp-logs.php HTTP/1.1" 401 36 "-" "-"
20.46.252.52 - - [16/Jul/2026:21:53:39 +0000] "GET /ww.php HTTP/1.1" 401 36 "-" "-"
20.46.252.52 - - [16/Jul/2026:21:53:39 +0000] "GET /meta.php HTTP/1.1" 401 36 "-" "-"
20.46.252.52 - - [16/Jul/2026:21:53:40 +0000] "GET /yindu.php HTTP/1.1" 401 36 "-" "-"
20.46.252.52 - - [16/Jul/2026:21:53:40 +0000] "GET /functions.php HTTP/1.1" 401 36 "-" "-"
20.46.252.52 - - [16/Jul/2026:21:53:40 +0000] "GET /cron.php HTTP/1.1" 401 36 "-" "-"
20.46.252.52 - - [16/Jul/2026:21:53:40 +0000] "GET /gecko-new.php HTTP/1.1" 401 36 "-" "-"
20.46.252.52 - - [16/Jul/2026:21:53:40 +0000] "GET /cookie.php HTTP/1.1" 401 36 "-" "-"
20.46.252.52 - - [16/Jul/2026:21:53:40 +0000] "GET /spip.php HTTP/1.1" 401 36 "-" "-"
20.46.252.52 - - [16/Jul/2026:21:53:40 +0000] "GET /22.php HTTP/1.1" 401 36 "-" "-"
20.46.252.52 - - [16/Jul/2026:21:53:40 +0000] "GET /room.php HTTP/1.1" 401 36 "-" "-"
20.46.252.52 - - [16/Jul/2026:21:53:40 +0000] "GET /feeds.php HTTP/1.1" 401 36 "-" "-"
20.46.252.52 - - [16/Jul/2026:21:53:40 +0000] "GET /colors.php HTTP/1.1" 401 36 "-" "-"
20.46.252.52 - - [16/Jul/2026:21:53:41 +0000] "GET /alfa-rex1.php HTTP/1.1" 401 36 "-" "-"
20.46.252.52 - - [16/Jul/2026:21:53:41 +0000] "GET /wxo.php HTTP/1.1" 401 36 "-" "-"
20.46.252.52 - - [16/Jul/2026:21:53:41 +0000] "GET /colour.php HTTP/1.1" 401 36 "-" "-"
20.46.252.52 - - [16/Jul/2026:21:53:41 +0000] "GET /wp-contentt.php HTTP/1.1" 401 36 "-" "-"
20.46.252.52 - - [16/Jul/2026:21:53:41 +0000] "GET /config.php7 HTTP/1.1" 401 36 "-" "-"
20.46.252.52 - - [16/Jul/2026:21:53:41 +0000] "GET /theme.php HTTP/1.1" 401 36 "-" "-"
20.46.252.52 - - [16/Jul/2026:21:53:41 +0000] "GET /block-bindings.php HTTP/1.1" 401 36 "-" "-"
20.46.252.52 - - [16/Jul/2026:21:53:41 +0000] "GET /root.php HTTP/1.1" 401 36 "-" "-"
20.46.252.52 - - [16/Jul/2026:21:53:41 +0000] "GET /configs.php HTTP/1.1" 401 36 "-" "-"
20.46.252.52 - - [16/Jul/2026:21:53:41 +0000] "GET /disagreed.php HTTP/1.1" 401 36 "-" "-"
20.46.252.52 - - [16/Jul/2026:21:53:41 +0000] "GET /wp-index.php HTTP/1.1" 401 36 "-" "-"
20.46.252.52 - - [16/Jul/2026:21:53:42 +0000] "GET /locale.php HTTP/1.1" 401 36 "-" "-"
20.46.252.52 - - [16/Jul/2026:21:53:42 +0000] "GET /input.php HTTP/1.1" 401 36 "-" "-"
20.46.252.52 - - [16/Jul/2026:21:53:42 +0000] "GET /images/uploader.php HTTP/1.1" 401 36 "-" "-"
20.46.252.52 - - [16/Jul/2026:21:53:42 +0000] "GET /upload/upload.php HTTP/1.1" 401 36 "-" "-"
20.46.252.52 - - [16/Jul/2026:21:53:42 +0000] "GET /vuln.php HTTP/1.1" 401 36 "-" "-"
20.46.252.52 - - [16/Jul/2026:21:53:42 +0000] "GET /priv8.php HTTP/1.1" 401 36 "-" "-"
20.46.252.52 - - [16/Jul/2026:21:53:42 +0000] "GET /wp-post-editor.php HTTP/1.1" 401 36 "-" "-"
20.46.252.52 - - [16/Jul/2026:21:53:42 +0000] "GET /wp-admin/options.php HTTP/1.1" 401 36 "-" "-"
20.46.252.52 - - [16/Jul/2026:21:53:42 +0000] "GET /11index.php HTTP/1.1" 401 36 "-" "-"
20.46.252.52 - - [16/Jul/2026:21:53:42 +0000] "GET /2index.php HTTP/1.1" 401 36 "-" "-"
20.46.252.52 - - [16/Jul/2026:21:53:42 +0000] "GET /3index.php HTTP/1.1" 401 36 "-" "-"
20.46.252.52 - - [16/Jul/2026:21:53:43 +0000] "GET /stindex.php HTTP/1.1" 401 36 "-" "-"
20.46.252.52 - - [16/Jul/2026:21:53:43 +0000] "GET /alwso.php HTTP/1.1" 401 36 "-" "-"
20.46.252.52 - - [16/Jul/2026:21:53:43 +0000] "GET /ups.php HTTP/1.1" 401 36 "-" "-"
20.46.252.52 - - [16/Jul/2026:21:53:43 +0000] "GET /media-admin.php HTTP/1.1" 401 36 "-" "-"
20.46.252.52 - - [16/Jul/2026:21:53:43 +0000] "GET /sym.php HTTP/1.1" 401 36 "-" "-"
20.46.252.52 - - [16/Jul/2026:21:53:43 +0000] "GET /sym403.php HTTP/1.1" 401 36 "-" "-"
20.46.252.52 - - [16/Jul/2026:21:53:43 +0000] "GET /symlink.php HTTP/1.1" 401 36 "-" "-"
20.46.252.52 - - [16/Jul/2026:21:53:43 +0000] "GET /shx.php HTTP/1.1" 401 36 "-" "-"
20.46.252.52 - - [16/Jul/2026:21:53:43 +0000] "GET /old-index.php HTTP/1.1" 401 36 "-" "-"
20.46.252.52 - - [16/Jul/2026:21:53:43 +0000] "GET /FoxWSO.php HTTP/1.1" 401 36 "-" "-"
20.46.252.52 - - [16/Jul/2026:21:53:43 +0000] "GET /imagesvuln.php HTTP/1.1" 401 36 "-" "-"
20.46.252.52 - - [16/Jul/2026:21:53:44 +0000] "GET /edit-form.php HTTP/1.1" 401 36 "-" "-"
20.46.252.52 - - [16/Jul/2026:21:53:44 +0000] "GET /wikindex.php HTTP/1.1" 401 36 "-" "-"
20.46.252.52 - - [16/Jul/2026:21:53:44 +0000] "GET /0byte.php HTTP/1.1" 401 36 "-" "-"
20.46.252.52 - - [16/Jul/2026:21:53:44 +0000] "GET /new-index.php HTTP/1.1" 401 36 "-" "-"
20.46.252.52 - - [16/Jul/2026:21:53:44 +0000] "GET /wp-wso.php HTTP/1.1" 401 36 "-" "-"
20.46.252.52 - - [16/Jul/2026:21:53:44 +0000] "GET /qindex.php HTTP/1.1" 401 36 "-" "-"
20.46.252.52 - - [16/Jul/2026:21:53:44 +0000] "GET /minimo.php HTTP/1.1" 401 36 "-" "-"
20.46.252.52 - - [16/Jul/2026:21:53:44 +0000] "GET /V3.php HTTP/1.1" 401 36 "-" "-"
20.46.252.52 - - [16/Jul/2026:21:53:44 +0000] "GET /V5.php HTTP/1.1" 401 36 "-" "-"
20.46.252.52 - - [16/Jul/2026:21:53:44 +0000] "GET /www.php HTTP/1.1" 401 36 "-" "-"
20.46.252.52 - - [16/Jul/2026:21:53:44 +0000] "GET /100.php HTTP/1.1" 401 36 "-" "-"
20.46.252.52 - - [16/Jul/2026:21:53:45 +0000] "GET /777.php HTTP/1.1" 401 36 "-" "-"
20.46.252.52 - - [16/Jul/2026:21:53:45 +0000] "GET /defau1t.php HTTP/1.1" 401 36 "-" "-"
20.46.252.52 - - [16/Jul/2026:21:53:45 +0000] "GET /o.php HTTP/1.1" 401 36 "-" "-"
20.46.252.52 - - [16/Jul/2026:21:53:45 +0000] "GET /sindex.php HTTP/1.1" 401 36 "-" "-"
20.46.252.52 - - [16/Jul/2026:21:53:45 +0000] "GET /baindex.php HTTP/1.1" 401 36 "-" "-"
20.46.252.52 - - [16/Jul/2026:21:53:45 +0000] "GET /wi.php HTTP/1.1" 401 36 "-" "-"
20.46.252.52 - - [16/Jul/2026:21:53:45 +0000] "GET /nee.php HTTP/1.1" 401 36 "-" "-"
20.46.252.52 - - [16/Jul/2026:21:53:45 +0000] "GET /v.php HTTP/1.1" 401 36 "-" "-"
20.46.252.52 - - [16/Jul/2026:21:53:45 +0000] "GET /z.php HTTP/1.1" 401 36 "-" "-"
20.46.252.52 - - [16/Jul/2026:21:53:45 +0000] "GET /lol.php HTTP/1.1" 401 36 "-" "-"
20.46.252.52 - - [16/Jul/2026:21:53:45 +0000] "GET /87.php HTTP/1.1" 401 36 "-" "-"
20.46.252.52 - - [16/Jul/2026:21:53:46 +0000] "GET /7yn.php HTTP/1.1" 401 36 "-" "-"
20.46.252.52 - - [16/Jul/2026:21:53:46 +0000] "GET /haxor.php HTTP/1.1" 401 36 "-" "-"
20.46.252.52 - - [16/Jul/2026:21:53:46 +0000] "GET /13.php HTTP/1.1" 401 36 "-" "-"
20.46.252.52 - - [16/Jul/2026:21:53:46 +0000] "GET /e.php HTTP/1.1" 401 36 "-" "-"
20.46.252.52 - - [16/Jul/2026:21:53:46 +0000] "GET /r.php HTTP/1.1" 401 36 "-" "-"
20.46.252.52 - - [16/Jul/2026:21:53:46 +0000] "GET /t.php HTTP/1.1" 401 36 "-" "-"
20.46.252.52 - - [16/Jul/2026:21:53:46 +0000] "GET /y.php HTTP/1.1" 401 36 "-" "-"
20.46.252.52 - - [16/Jul/2026:21:53:46 +0000] "GET /u.php HTTP/1.1" 401 36 "-" "-"
20.46.252.52 - - [16/Jul/2026:21:53:46 +0000] "GET /q.php HTTP/1.1" 401 36 "-" "-"
20.46.252.52 - - [16/Jul/2026:21:53:46 +0000] "GET /d.php HTTP/1.1" 401 36 "-" "-"
20.46.252.52 - - [16/Jul/2026:21:53:47 +0000] "GET /j.php HTTP/1.1" 401 36 "-" "-"
20.46.252.52 - - [16/Jul/2026:21:53:47 +0000] "GET /l.php HTTP/1.1" 401 36 "-" "-"
20.46.252.52 - - [16/Jul/2026:21:53:47 +0000] "GET /n.php HTTP/1.1" 401 36 "-" "-"
20.46.252.52 - - [16/Jul/2026:21:53:47 +0000] "GET /xindex.php HTTP/1.1" 401 36 "-" "-"
20.46.252.52 - - [16/Jul/2026:21:53:47 +0000] "GET /kindex.php HTTP/1.1" 401 36 "-" "-"
20.46.252.52 - - [16/Jul/2026:21:53:47 +0000] "GET /FoxWSOv1.php HTTP/1.1" 401 36 "-" "-"
20.46.252.52 - - [16/Jul/2026:21:53:47 +0000] "GET /alf.php HTTP/1.1" 401 36 "-" "-"
20.46.252.52 - - [16/Jul/2026:21:53:47 +0000] "GET /lf.php HTTP/1.1" 401 36 "-" "-"
20.46.252.52 - - [16/Jul/2026:21:53:47 +0000] "GET /xxx.php HTTP/1.1" 401 36 "-" "-"
20.46.252.52 - - [16/Jul/2026:21:53:47 +0000] "GET /hello.php HTTP/1.1" 401 36 "-" "-"
20.46.252.52 - - [16/Jul/2026:21:53:47 +0000] "GET /if.php HTTP/1.1" 401 36 "-" "-"
20.46.252.52 - - [16/Jul/2026:21:53:48 +0000] "GET /kk.php HTTP/1.1" 401 36 "-" "-"
20.46.252.52 - - [16/Jul/2026:21:53:48 +0000] "GET /mrjn.php HTTP/1.1" 401 36 "-" "-"
20.46.252.52 - - [16/Jul/2026:21:53:48 +0000] "GET /kn.php HTTP/1.1" 401 36 "-" "-"
20.46.252.52 - - [16/Jul/2026:21:53:48 +0000] "GET /3301.php HTTP/1.1" 401 36 "-" "-"
20.46.252.52 - - [16/Jul/2026:21:53:48 +0000] "GET /leaf.php HTTP/1.1" 401 36 "-" "-"
20.46.252.52 - - [16/Jul/2026:21:53:48 +0000] "GET /alex.php HTTP/1.1" 401 36 "-" "-"
20.46.252.52 - - [16/Jul/2026:21:53:48 +0000] "GET /anone.php HTTP/1.1" 401 36 "-" "-"
20.46.252.52 - - [16/Jul/2026:21:53:48 +0000] "GET /wp-configer.php HTTP/1.1" 401 36 "-" "-"
20.46.252.52 - - [16/Jul/2026:21:53:48 +0000] "GET /wp-ad.php HTTP/1.1" 401 36 "-" "-"
20.46.252.52 - - [16/Jul/2026:21:53:48 +0000] "GET /send.php HTTP/1.1" 401 36 "-" "-"
20.46.252.52 - - [16/Jul/2026:21:53:49 +0000] "GET /3.php HTTP/1.1" 401 36 "-" "-"
20.46.252.52 - - [16/Jul/2026:21:53:49 +0000] "GET /sendmail.php HTTP/1.1" 401 36 "-" "-"
20.46.252.52 - - [16/Jul/2026:21:53:49 +0000] "GET /rahma.php HTTP/1.1" 401 36 "-" "-"
20.46.252.52 - - [16/Jul/2026:21:53:49 +0000] "GET /nasgor.php HTTP/1.1" 401 36 "-" "-"
20.46.252.52 - - [16/Jul/2026:21:53:49 +0000] "GET /wp-confirm.php HTTP/1.1" 401 36 "-" "-"
20.46.252.52 - - [16/Jul/2026:21:53:49 +0000] "GET /alfa123.php HTTP/1.1" 401 36 "-" "-"
20.46.252.52 - - [16/Jul/2026:21:53:49 +0000] "GET /wp-one.php HTTP/1.1" 401 36 "-" "-"
20.46.252.52 - - [16/Jul/2026:21:53:49 +0000] "GET /alexus.php HTTP/1.1" 401 36 "-" "-"
20.46.252.52 - - [16/Jul/2026:21:53:49 +0000] "GET /wso1337.php HTTP/1.1" 401 36 "-" "-"
20.46.252.52 - - [16/Jul/2026:21:53:49 +0000] "GET /it.php HTTP/1.1" 401 36 "-" "-"
20.46.252.52 - - [16/Jul/2026:21:53:49 +0000] "GET /kiss.php HTTP/1.1" 401 36 "-" "-"
20.46.252.52 - - [16/Jul/2026:21:53:50 +0000] "GET /0.php HTTP/1.1" 401 36 "-" "-"
20.46.252.52 - - [16/Jul/2026:21:53:50 +0000] "GET /wp2.php HTTP/1.1" 401 36 "-" "-"
20.46.252.52 - - [16/Jul/2026:21:53:50 +0000] "GET /ohayo.php HTTP/1.1" 401 36 "-" "-"
20.46.252.52 - - [16/Jul/2026:21:53:50 +0000] "GET /cms.php HTTP/1.1" 401 36 "-" "-"
20.46.252.52 - - [16/Jul/2026:21:53:50 +0000] "GET /wp-uploads.php HTTP/1.1" 401 36 "-" "-"
20.46.252.52 - - [16/Jul/2026:21:53:50 +0000] "GET /Gel.php HTTP/1.1" 401 36 "-" "-"
20.46.252.52 - - [16/Jul/2026:21:53:50 +0000] "GET /41.php HTTP/1.1" 401 36 "-" "-"
20.46.252.52 - - [16/Jul/2026:21:53:50 +0000] "GET /4price.php HTTP/1.1" 401 36 "-" "-"
20.46.252.52 - - [16/Jul/2026:21:53:50 +0000] "GET /MARIJUANA.php HTTP/1.1" 401 36 "-" "-"
20.46.252.52 - - [16/Jul/2026:21:53:50 +0000] "GET /XxX.php HTTP/1.1" 401 36 "-" "-"
20.46.252.52 - - [16/Jul/2026:21:53:50 +0000] "GET /Sendemail.php HTTP/1.1" 401 36 "-" "-"
20.46.252.52 - - [16/Jul/2026:21:53:51 +0000] "GET /leafmailer2.8.php HTTP/1.1" 401 36 "-" "-"
20.46.252.52 - - [16/Jul/2026:21:53:51 +0000] "GET /olu.php HTTP/1.1" 401 36 "-" "-"
20.46.252.52 - - [16/Jul/2026:21:53:51 +0000] "GET /202.0.php HTTP/1.1" 401 36 "-" "-"
20.46.252.52 - - [16/Jul/2026:21:53:51 +0000] "GET /rss.php HTTP/1.1" 401 36 "-" "-"
20.46.252.52 - - [16/Jul/2026:21:53:51 +0000] "GET /alexus-mailer.php HTTP/1.1" 401 36 "-" "-"
20.46.252.52 - - [16/Jul/2026:21:53:51 +0000] "GET /wso2.php HTTP/1.1" 401 36 "-" "-"
20.46.252.52 - - [16/Jul/2026:21:53:51 +0000] "GET /wso1.php HTTP/1.1" 401 36 "-" "-"
20.46.252.52 - - [16/Jul/2026:21:53:51 +0000] "GET /xl.php HTTP/1.1" 401 36 "-" "-"
20.46.252.52 - - [16/Jul/2026:21:53:51 +0000] "GET /wp-confiig.php HTTP/1.1" 401 36 "-" "-"
20.46.252.52 - - [16/Jul/2026:21:53:51 +0000] "GET /file-manager.php HTTP/1.1" 401 36 "-" "-"
20.46.252.52 - - [16/Jul/2026:21:53:52 +0000] "GET /uploader.php HTTP/1.1" 401 36 "-" "-"
20.46.252.52 - - [16/Jul/2026:21:53:52 +0000] "GET /leafmailer.php HTTP/1.1" 401 36 "-" "-"
20.46.252.52 - - [16/Jul/2026:21:53:52 +0000] "GET /alfaindex.php HTTP/1.1" 401 36 "-" "-"
20.46.252.52 - - [16/Jul/2026:21:53:52 +0000] "GET /.alf.php HTTP/1.1" 401 36 "-" "-"
20.46.252.52 - - [16/Jul/2026:21:53:52 +0000] "GET /wp-content/fw.php HTTP/1.1" 401 36 "-" "-"
20.46.252.52 - - [16/Jul/2026:21:53:52 +0000] "GET /snd.php HTTP/1.1" 401 36 "-" "-"
20.46.252.52 - - [16/Jul/2026:21:53:52 +0000] "GET /X7ROOT.PHP HTTP/1.1" 401 36 "-" "-"
20.46.252.52 - - [16/Jul/2026:21:53:52 +0000] "GET /lock360.php HTTP/1.1" 401 36 "-" "-"
20.46.252.52 - - [16/Jul/2026:21:53:53 +0000] "GET /r.php HTTP/1.1" 401 36 "-" "-"
20.46.252.52 - - [16/Jul/2026:21:53:53 +0000] "GET /sf.php HTTP/1.1" 401 36 "-" "-"
20.46.252.52 - - [16/Jul/2026:21:53:53 +0000] "GET /t.php HTTP/1.1" 401 36 "-" "-"
20.46.252.52 - - [16/Jul/2026:21:53:53 +0000] "GET /7.php HTTP/1.1" 401 36 "-" "-"
20.46.252.52 - - [16/Jul/2026:21:53:53 +0000] "GET /b.php HTTP/1.1" 401 36 "-" "-"
20.46.252.52 - - [16/Jul/2026:21:53:53 +0000] "GET /buy.php HTTP/1.1" 401 36 "-" "-"
20.46.252.52 - - [16/Jul/2026:21:53:53 +0000] "GET /BDKR28.PHP HTTP/1.1" 401 36 "-" "-"
65.181.116.207 - - [16/Jul/2026:21:54:11 +0000] "POST /wp-cron.php?doing_wp_cron=1784238851.8265879154205322265625 HTTP/1.1" 200 0 "-" "WordPress/7.0.1; https://www.mecoraso.com"
57.141.0.53 - - [16/Jul/2026:21:54:08 +0000] "GET /?p=7586 HTTP/2" 301 0 "-" "Mozilla/5.0 (Windows NT 10.0; Win64; x64) AppleWebKit/537.36 (KHTML, like Gecko) Chrome/145.0.0.0 Safari/537.36 (compatible; meta-externalagent/1.1 (+https://developers.facebook.com/docs/sharing/webmasters/crawler))"
57.141.0.42 - - [16/Jul/2026:21:54:14 +0000] "GET /?p=8842 HTTP/2" 301 0 "-" "Mozilla/5.0 (Windows NT 10.0; Win64; x64) AppleWebKit/537.36 (KHTML, like Gecko) Chrome/145.0.0.0 Safari/537.36 (compatible; meta-externalagent/1.1 (+https://developers.facebook.com/docs/sharing/webmasters/crawler))"
57.141.0.54 - - [16/Jul/2026:21:54:15 +0000] "GET /?p=6472 HTTP/2" 301 0 "-" "Mozilla/5.0 (X11; Linux x86_64) AppleWebKit/537.36 (KHTML, like Gecko) Chrome/145.0.0.0 Safari/537.36 (compatible; meta-externalagent/1.1 (+https://developers.facebook.com/docs/sharing/webmasters/crawler))"
57.141.0.1 - - [16/Jul/2026:21:54:43 +0000] "GET /?p=3865 HTTP/2" 301 0 "-" "Mozilla/5.0 (Windows NT 10.0; Win64; x64) AppleWebKit/537.36 (KHTML, like Gecko) Chrome/145.0.0.0 Safari/537.36 (compatible; meta-externalagent/1.1 (+https://developers.facebook.com/docs/sharing/webmasters/crawler))"
65.181.116.207 - - [16/Jul/2026:21:55:17 +0000] "POST /wp-cron.php?doing_wp_cron=1784238917.0814990997314453125000 HTTP/1.1" 200 0 "-" "WordPress/7.0.1; https://www.mecoraso.com"
57.141.0.11 - - [16/Jul/2026:21:55:13 +0000] "GET /?p=2674 HTTP/2" 301 0 "-" "Mozilla/5.0 (Windows NT 10.0; Win64; x64) AppleWebKit/537.36 (KHTML, like Gecko) Chrome/145.0.0.0 Safari/537.36 (compatible; meta-externalagent/1.1 (+https://developers.facebook.com/docs/sharing/webmasters/crawler))"
57.141.0.52 - - [16/Jul/2026:21:55:22 +0000] "GET /?p=2503 HTTP/2" 301 0 "-" "Mozilla/5.0 (Windows NT 10.0; Win64; x64) AppleWebKit/537.36 (KHTML, like Gecko) Chrome/145.0.0.0 Safari/537.36 Edg/145.0.0.0 (compatible; meta-externalagent/1.1 (+https://developers.facebook.com/docs/sharing/webmasters/crawler))"
65.181.116.207 - - [16/Jul/2026:21:55:55 +0000] "POST /wp-cron.php?doing_wp_cron=1784238955.6713309288024902343750 HTTP/1.1" 200 0 "-" "WordPress/7.0.1; https://www.mecoraso.com"
57.141.0.36 - - [16/Jul/2026:21:55:53 +0000] "GET /?p=8447 HTTP/2" 301 0 "-" "Mozilla/5.0 (Macintosh; Intel Mac OS X 10_15_7) AppleWebKit/537.36 (KHTML, like Gecko) Chrome/145.0.0.0 Safari/537.36 (compatible; meta-externalagent/1.1 (+https://developers.facebook.com/docs/sharing/webmasters/crawler))"
57.141.0.20 - - [16/Jul/2026:21:56:03 +0000] "GET /?p=5132 HTTP/2" 301 0 "-" "Mozilla/5.0 (Windows NT 10.0; Win64; x64) AppleWebKit/537.36 (KHTML, like Gecko) Chrome/145.0.0.0 Safari/537.36 (compatible; meta-externalagent/1.1 (+https://developers.facebook.com/docs/sharing/webmasters/crawler))"
57.141.0.5 - - [16/Jul/2026:21:56:38 +0000] "GET /?p=241 HTTP/2" 301 0 "-" "Mozilla/5.0 (Macintosh; Intel Mac OS X 10_15_7) AppleWebKit/537.36 (KHTML, like Gecko) Chrome/145.0.0.0 Safari/537.36 (compatible; meta-externalagent/1.1 (+https://developers.facebook.com/docs/sharing/webmasters/crawler))"
65.181.116.207 - - [16/Jul/2026:21:56:59 +0000] "POST /wp-cron.php?doing_wp_cron=1784239019.5667250156402587890625 HTTP/1.1" 200 0 "-" "WordPress/7.0.1; https://www.mecoraso.com"
57.141.0.37 - - [16/Jul/2026:21:56:55 +0000] "GET /?p=2404 HTTP/2" 301 0 "-" "Mozilla/5.0 (Macintosh; Intel Mac OS X 10_15_7) AppleWebKit/537.36 (KHTML, like Gecko) Chrome/145.0.0.0 Safari/537.36 (compatible; meta-externalagent/1.1 (+https://developers.facebook.com/docs/sharing/webmasters/crawler))"
65.181.116.207 - - [16/Jul/2026:21:58:04 +0000] "POST /wp-cron.php?doing_wp_cron=1784239083.8982141017913818359375 HTTP/1.1" 200 0 "-" "WordPress/7.0.1; https://www.mecoraso.com"
57.141.0.37 - - [16/Jul/2026:21:57:59 +0000] "GET /?p=5550 HTTP/2" 301 0 "-" "Mozilla/5.0 (Windows NT 10.0; Win64; x64) AppleWebKit/537.36 (KHTML, like Gecko) Chrome/145.0.0.0 Safari/537.36 (compatible; meta-externalagent/1.1 (+https://developers.facebook.com/docs/sharing/webmasters/crawler))"
57.141.0.20 - - [16/Jul/2026:21:58:37 +0000] "GET /?p=4603 HTTP/2" 301 0 "-" "Mozilla/5.0 (X11; Linux x86_64) AppleWebKit/537.36 (KHTML, like Gecko) Chrome/145.0.0.0 Safari/537.36 (compatible; meta-externalagent/1.1 (+https://developers.facebook.com/docs/sharing/webmasters/crawler))"
57.141.0.44 - - [16/Jul/2026:21:58:45 +0000] "GET /?p=3660 HTTP/2" 301 0 "-" "Mozilla/5.0 (Macintosh; Intel Mac OS X 10_15_7) AppleWebKit/537.36 (KHTML, like Gecko) Chrome/145.0.0.0 Safari/537.36 (compatible; meta-externalagent/1.1 (+https://developers.facebook.com/docs/sharing/webmasters/crawler))"
65.181.116.207 - - [16/Jul/2026:21:59:04 +0000] "POST /wp-cron.php?doing_wp_cron=1784239144.4465229511260986328125 HTTP/1.1" 200 0 "-" "WordPress/7.0.1; https://www.mecoraso.com"
57.141.0.6 - - [16/Jul/2026:21:59:00 +0000] "GET /?p=1410 HTTP/2" 301 0 "-" "Mozilla/5.0 (Macintosh; Intel Mac OS X 10_15_7) AppleWebKit/537.36 (KHTML, like Gecko) Chrome/145.0.0.0 Safari/537.36 (compatible; meta-externalagent/1.1 (+https://developers.facebook.com/docs/sharing/webmasters/crawler))"
57.141.0.40 - - [16/Jul/2026:21:59:03 +0000] "GET /?p=4600 HTTP/2" 301 0 "-" "Mozilla/5.0 (Macintosh; Intel Mac OS X 10_15_7) AppleWebKit/537.36 (KHTML, like Gecko) Chrome/145.0.0.0 Safari/537.36 (compatible; meta-externalagent/1.1 (+https://developers.facebook.com/docs/sharing/webmasters/crawler))"
57.141.0.52 - - [16/Jul/2026:21:59:18 +0000] "GET /?p=9258 HTTP/2" 301 0 "-" "Mozilla/5.0 (X11; Linux x86_64) AppleWebKit/537.36 (KHTML, like Gecko) Chrome/145.0.0.0 Safari/537.36 (compatible; meta-externalagent/1.1 (+https://developers.facebook.com/docs/sharing/webmasters/crawler))"
57.141.0.14 - - [16/Jul/2026:21:59:24 +0000] "GET /?p=1243 HTTP/2" 301 0 "-" "Mozilla/5.0 (Windows NT 10.0; Win64; x64) AppleWebKit/537.36 (KHTML, like Gecko) Chrome/145.0.0.0 Safari/537.36 (compatible; meta-externalagent/1.1 (+https://developers.facebook.com/docs/sharing/webmasters/crawler))"
57.141.0.55 - - [16/Jul/2026:21:59:40 +0000] "GET /?p=2505 HTTP/2" 301 0 "-" "Mozilla/5.0 (Windows NT 10.0; Win64; x64) AppleWebKit/537.36 (KHTML, like Gecko) Chrome/145.0.0.0 Safari/537.36 (compatible; meta-externalagent/1.1 (+https://developers.facebook.com/docs/sharing/webmasters/crawler))"
65.181.116.207 - - [16/Jul/2026:21:59:53 +0000] "POST /wp-cron.php?doing_wp_cron=1784239193.8983900547027587890625 HTTP/1.1" 200 0 "-" "WordPress/7.0.1; https://www.mecoraso.com"
57.141.0.9 - - [16/Jul/2026:21:59:51 +0000] "GET /?p=7459 HTTP/2" 301 0 "-" "Mozilla/5.0 (Windows NT 10.0; Win64; x64) AppleWebKit/537.36 (KHTML, like Gecko) Chrome/145.0.0.0 Safari/537.36 (compatible; meta-externalagent/1.1 (+https://developers.facebook.com/docs/sharing/webmasters/crawler))"
57.141.0.48 - - [16/Jul/2026:22:00:23 +0000] "GET /?p=3854 HTTP/2" 301 0 "-" "Mozilla/5.0 (Windows NT 10.0; Win64; x64) AppleWebKit/537.36 (KHTML, like Gecko) Chrome/145.0.0.0 Safari/537.36 (compatible; meta-externalagent/1.1 (+https://developers.facebook.com/docs/sharing/webmasters/crawler))"
57.141.0.45 - - [16/Jul/2026:22:00:34 +0000] "GET /?p=6279 HTTP/2" 301 0 "-" "Mozilla/5.0 (Macintosh; Intel Mac OS X 10_15_7) AppleWebKit/537.36 (KHTML, like Gecko) Chrome/145.0.0.0 Safari/537.36 (compatible; meta-externalagent/1.1 (+https://developers.facebook.com/docs/sharing/webmasters/crawler))"
65.181.116.207 - - [16/Jul/2026:22:00:55 +0000] "POST /wp-cron.php?doing_wp_cron=1784239255.4090790748596191406250 HTTP/1.1" 200 0 "-" "WordPress/7.0.1; https://www.mecoraso.com"
57.141.0.31 - - [16/Jul/2026:22:00:52 +0000] "GET /?p=3202 HTTP/2" 301 0 "-" "Mozilla/5.0 (Windows NT 10.0; Win64; x64) AppleWebKit/537.36 (KHTML, like Gecko) Chrome/145.0.0.0 Safari/537.36 (compatible; meta-externalagent/1.1 (+https://developers.facebook.com/docs/sharing/webmasters/crawler))"
65.181.116.207 - - [16/Jul/2026:22:01:56 +0000] "POST /wp-cron.php?doing_wp_cron=1784239315.9880499839782714843750 HTTP/1.1" 200 0 "-" "WordPress/7.0.1; https://www.mecoraso.com"
57.141.0.51 - - [16/Jul/2026:22:01:54 +0000] "GET /?p=617 HTTP/2" 301 0 "-" "Mozilla/5.0 (Windows NT 10.0; Win64; x64) AppleWebKit/537.36 (KHTML, like Gecko) Chrome/145.0.0.0 Safari/537.36 Edg/145.0.0.0 (compatible; meta-externalagent/1.1 (+https://developers.facebook.com/docs/sharing/webmasters/crawler))"
57.141.0.62 - - [16/Jul/2026:22:02:00 +0000] "GET /?p=4279 HTTP/2" 301 0 "-" "Mozilla/5.0 (Windows NT 10.0; Win64; x64) AppleWebKit/537.36 (KHTML, like Gecko) Chrome/145.0.0.0 Safari/537.36 (compatible; meta-externalagent/1.1 (+https://developers.facebook.com/docs/sharing/webmasters/crawler))"
57.141.0.10 - - [16/Jul/2026:22:02:25 +0000] "GET /?p=8303 HTTP/2" 301 0 "-" "Mozilla/5.0 (Windows NT 10.0; Win64; x64) AppleWebKit/537.36 (KHTML, like Gecko) Chrome/145.0.0.0 Safari/537.36 (compatible; meta-externalagent/1.1 (+https://developers.facebook.com/docs/sharing/webmasters/crawler))"
65.181.116.207 - - [16/Jul/2026:22:03:18 +0000] "POST /wp-cron.php?doing_wp_cron=1784239398.1404829025268554687500 HTTP/1.1" 200 0 "-" "WordPress/7.0.1; https://www.mecoraso.com"
57.141.0.23 - - [16/Jul/2026:22:03:15 +0000] "GET /?p=8768 HTTP/2" 301 0 "-" "Mozilla/5.0 (Windows NT 10.0; Win64; x64) AppleWebKit/537.36 (KHTML, like Gecko) Chrome/145.0.0.0 Safari/537.36 (compatible; meta-externalagent/1.1 (+https://developers.facebook.com/docs/sharing/webmasters/crawler))"
57.141.0.31 - - [16/Jul/2026:22:03:16 +0000] "GET /?p=2480 HTTP/2" 301 0 "-" "Mozilla/5.0 (Macintosh; Intel Mac OS X 10_15_7) AppleWebKit/537.36 (KHTML, like Gecko) Chrome/145.0.0.0 Safari/537.36 (compatible; meta-externalagent/1.1 (+https://developers.facebook.com/docs/sharing/webmasters/crawler))"
65.181.116.207 - - [16/Jul/2026:22:04:06 +0000] "POST /wp-cron.php?doing_wp_cron=1784239445.9806621074676513671875 HTTP/1.1" 200 0 "-" "WordPress/7.0.1; https://www.mecoraso.com"
57.141.0.20 - - [16/Jul/2026:22:04:03 +0000] "GET /?p=1845 HTTP/2" 301 0 "-" "Mozilla/5.0 (Windows NT 10.0; Win64; x64) AppleWebKit/537.36 (KHTML, like Gecko) Chrome/145.0.0.0 Safari/537.36 (compatible; meta-externalagent/1.1 (+https://developers.facebook.com/docs/sharing/webmasters/crawler))"
57.141.0.61 - - [16/Jul/2026:22:04:13 +0000] "GET /?p=1852 HTTP/2" 301 0 "-" "Mozilla/5.0 (Macintosh; Intel Mac OS X 10_15_7) AppleWebKit/537.36 (KHTML, like Gecko) Chrome/145.0.0.0 Safari/537.36 (compatible; meta-externalagent/1.1 (+https://developers.facebook.com/docs/sharing/webmasters/crawler))"
57.141.0.17 - - [16/Jul/2026:22:04:13 +0000] "GET /?p=8629 HTTP/2" 301 0 "-" "Mozilla/5.0 (Macintosh; Intel Mac OS X 10_15_7) AppleWebKit/537.36 (KHTML, like Gecko) Chrome/145.0.0.0 Safari/537.36 (compatible; meta-externalagent/1.1 (+https://developers.facebook.com/docs/sharing/webmasters/crawler))"
65.181.116.207 - - [16/Jul/2026:22:05:37 +0000] "POST /wp-cron.php?doing_wp_cron=1784239537.1004240512847900390625 HTTP/1.1" 200 0 "-" "WordPress/7.0.1; https://www.mecoraso.com"
66.249.79.194 - - [16/Jul/2026:22:05:28 +0000] "GET /2025/08/22/eu-casinos-that-accept-australia-players/ HTTP/1.1" 200 15347 "-" "Mozilla/5.0 (Linux; Android 6.0.1; Nexus 5X Build/MMB29P) AppleWebKit/537.36 (KHTML, like Gecko) Chrome/150.0.7871.124 Mobile Safari/537.36 (compatible; Googlebot/2.1; +http://www.google.com/bot.html)"
65.181.116.207 - - [16/Jul/2026:22:05:50 +0000] "POST /wp-cron.php?doing_wp_cron=1784239550.7929379940032958984375 HTTP/1.1" 200 0 "-" "WordPress/7.0.1; https://www.mecoraso.com"
57.141.0.30 - - [16/Jul/2026:22:05:47 +0000] "GET /?p=2844 HTTP/2" 301 0 "-" "Mozilla/5.0 (Windows NT 10.0; Win64; x64) AppleWebKit/537.36 (KHTML, like Gecko) Chrome/145.0.0.0 Safari/537.36 (compatible; meta-externalagent/1.1 (+https://developers.facebook.com/docs/sharing/webmasters/crawler))"
65.181.116.207 - - [16/Jul/2026:22:05:54 +0000] "POST /wp-cron.php?doing_wp_cron=1784239554.1178660392761230468750 HTTP/1.1" 200 0 "-" "WordPress/7.0.1; https://www.mecoraso.com"
57.141.0.4 - - [16/Jul/2026:22:05:50 +0000] "GET /?p=2234 HTTP/2" 301 0 "-" "Mozilla/5.0 (Windows NT 10.0; Win64; x64) AppleWebKit/537.36 (KHTML, like Gecko) Chrome/145.0.0.0 Safari/537.36 Edg/145.0.0.0 (compatible; meta-externalagent/1.1 (+https://developers.facebook.com/docs/sharing/webmasters/crawler))"
57.141.0.53 - - [16/Jul/2026:22:05:58 +0000] "GET /?p=7303 HTTP/2" 301 0 "-" "Mozilla/5.0 (Macintosh; Intel Mac OS X 10_15_7) AppleWebKit/537.36 (KHTML, like Gecko) Chrome/145.0.0.0 Safari/537.36 (compatible; meta-externalagent/1.1 (+https://developers.facebook.com/docs/sharing/webmasters/crawler))"
57.141.0.53 - - [16/Jul/2026:22:06:01 +0000] "GET /?p=8884 HTTP/2" 301 0 "-" "Mozilla/5.0 (Windows NT 10.0; Win64; x64) AppleWebKit/537.36 (KHTML, like Gecko) Chrome/145.0.0.0 Safari/537.36 (compatible; meta-externalagent/1.1 (+https://developers.facebook.com/docs/sharing/webmasters/crawler))"
57.141.0.8 - - [16/Jul/2026:22:06:09 +0000] "GET /?p=7528 HTTP/2" 301 0 "-" "Mozilla/5.0 (Windows NT 10.0; Win64; x64) AppleWebKit/537.36 (KHTML, like Gecko) Chrome/145.0.0.0 Safari/537.36 (compatible; meta-externalagent/1.1 (+https://developers.facebook.com/docs/sharing/webmasters/crawler))"
57.141.0.53 - - [16/Jul/2026:22:06:15 +0000] "GET /?p=7137 HTTP/2" 301 0 "-" "Mozilla/5.0 (Macintosh; Intel Mac OS X 10_15_7) AppleWebKit/537.36 (KHTML, like Gecko) Chrome/145.0.0.0 Safari/537.36 (compatible; meta-externalagent/1.1 (+https://developers.facebook.com/docs/sharing/webmasters/crawler))"
57.141.0.29 - - [16/Jul/2026:22:06:40 +0000] "GET /?p=2409 HTTP/2" 301 0 "-" "Mozilla/5.0 (Windows NT 10.0; Win64; x64) AppleWebKit/537.36 (KHTML, like Gecko) Chrome/145.0.0.0 Safari/537.36 (compatible; meta-externalagent/1.1 (+https://developers.facebook.com/docs/sharing/webmasters/crawler))"
65.181.116.207 - - [16/Jul/2026:22:07:03 +0000] "POST /wp-cron.php?doing_wp_cron=1784239623.1666181087493896484375 HTTP/1.1" 200 0 "-" "WordPress/7.0.1; https://www.mecoraso.com"
57.141.0.17 - - [16/Jul/2026:22:06:59 +0000] "GET /?p=3638 HTTP/2" 301 0 "-" "Mozilla/5.0 (Windows NT 10.0; Win64; x64) AppleWebKit/537.36 (KHTML, like Gecko) Chrome/145.0.0.0 Safari/537.36 (compatible; meta-externalagent/1.1 (+https://developers.facebook.com/docs/sharing/webmasters/crawler))"
57.141.0.10 - - [16/Jul/2026:22:07:10 +0000] "GET /?p=7073 HTTP/2" 301 0 "-" "Mozilla/5.0 (Windows NT 10.0; Win64; x64) AppleWebKit/537.36 (KHTML, like Gecko) Chrome/145.0.0.0 Safari/537.36 (compatible; meta-externalagent/1.1 (+https://developers.facebook.com/docs/sharing/webmasters/crawler))"
57.141.0.1 - - [16/Jul/2026:22:07:16 +0000] "GET /?p=4949 HTTP/2" 301 0 "-" "Mozilla/5.0 (Windows NT 10.0; Win64; x64) AppleWebKit/537.36 (KHTML, like Gecko) Chrome/145.0.0.0 Safari/537.36 Edg/145.0.0.0 (compatible; meta-externalagent/1.1 (+https://developers.facebook.com/docs/sharing/webmasters/crawler))"
104.210.140.131 - - [16/Jul/2026:22:07:22 +0000] "GET /robots.txt HTTP/2" 200 133 "-" "Mozilla/5.0 (Macintosh; Intel Mac OS X 10_15_7) AppleWebKit/537.36 (KHTML, like Gecko) Chrome/131.0.0.0 Safari/537.36; compatible; OAI-SearchBot/1.0; +https://openai.com/searchbot"
