57.141.0.27 - - [16/Jul/2026:14:47:17 +0000] "GET /?p=1385 HTTP/2" 301 0 "-" "Mozilla/5.0 (Windows NT 10.0; Win64; x64) AppleWebKit/537.36 (KHTML, like Gecko) Chrome/145.0.0.0 Safari/537.36 (compatible; meta-externalagent/1.1 (+https://developers.facebook.com/docs/sharing/webmasters/crawler))"
57.141.0.24 - - [16/Jul/2026:14:47:31 +0000] "GET /?p=525 HTTP/2" 301 0 "-" "Mozilla/5.0 (Windows NT 10.0; Win64; x64) AppleWebKit/537.36 (KHTML, like Gecko) Chrome/145.0.0.0 Safari/537.36 (compatible; meta-externalagent/1.1 (+https://developers.facebook.com/docs/sharing/webmasters/crawler))"
65.181.116.207 - - [16/Jul/2026:14:47:59 +0000] "POST /wp-cron.php?doing_wp_cron=1784213279.7374620437622070312500 HTTP/1.1" 200 0 "-" "WordPress/7.0.1; https://www.mecoraso.com"
57.141.0.6 - - [16/Jul/2026:14:47:57 +0000] "GET /?p=1179 HTTP/2" 301 0 "-" "Mozilla/5.0 (Windows NT 10.0; Win64; x64) AppleWebKit/537.36 (KHTML, like Gecko) Chrome/145.0.0.0 Safari/537.36 (compatible; meta-externalagent/1.1 (+https://developers.facebook.com/docs/sharing/webmasters/crawler))"
57.141.0.4 - - [16/Jul/2026:14:48:40 +0000] "GET /?p=6546 HTTP/2" 301 0 "-" "Mozilla/5.0 (Windows NT 10.0; Win64; x64) AppleWebKit/537.36 (KHTML, like Gecko) Chrome/145.0.0.0 Safari/537.36 Edg/145.0.0.0 (compatible; meta-externalagent/1.1 (+https://developers.facebook.com/docs/sharing/webmasters/crawler))"
65.181.116.207 - - [16/Jul/2026:14:48:56 +0000] "POST /wp-cron.php?doing_wp_cron=1784213336.4254100322723388671875 HTTP/1.1" 200 0 "-" "WordPress/7.0.1; https://www.mecoraso.com"
57.141.0.36 - - [16/Jul/2026:14:48:54 +0000] "GET /?p=5570 HTTP/2" 301 0 "-" "Mozilla/5.0 (Windows NT 10.0; Win64; x64) AppleWebKit/537.36 (KHTML, like Gecko) Chrome/145.0.0.0 Safari/537.36 (compatible; meta-externalagent/1.1 (+https://developers.facebook.com/docs/sharing/webmasters/crawler))"
57.141.0.37 - - [16/Jul/2026:14:49:05 +0000] "GET /?p=9218 HTTP/2" 301 0 "-" "Mozilla/5.0 (Windows NT 10.0; Win64; x64) AppleWebKit/537.36 (KHTML, like Gecko) Chrome/145.0.0.0 Safari/537.36 (compatible; meta-externalagent/1.1 (+https://developers.facebook.com/docs/sharing/webmasters/crawler))"
57.141.0.20 - - [16/Jul/2026:14:49:09 +0000] "GET /?p=8014 HTTP/2" 301 0 "-" "Mozilla/5.0 (Windows NT 10.0; Win64; x64) AppleWebKit/537.36 (KHTML, like Gecko) Chrome/145.0.0.0 Safari/537.36 (compatible; meta-externalagent/1.1 (+https://developers.facebook.com/docs/sharing/webmasters/crawler))"
57.141.0.11 - - [16/Jul/2026:14:49:19 +0000] "GET /?p=1008 HTTP/2" 301 0 "-" "Mozilla/5.0 (Macintosh; Intel Mac OS X 10_15_7) AppleWebKit/537.36 (KHTML, like Gecko) Chrome/145.0.0.0 Safari/537.36 (compatible; meta-externalagent/1.1 (+https://developers.facebook.com/docs/sharing/webmasters/crawler))"
57.141.0.5 - - [16/Jul/2026:14:49:25 +0000] "GET /?p=6796 HTTP/2" 301 0 "-" "Mozilla/5.0 (Windows NT 10.0; Win64; x64; rv:147.0) Gecko/20100101 Firefox/147.0 (compatible; meta-externalagent/1.1 (+https://developers.facebook.com/docs/sharing/webmasters/crawler))"
57.141.0.47 - - [16/Jul/2026:14:49:39 +0000] "GET /?p=2331 HTTP/2" 301 0 "-" "Mozilla/5.0 (Macintosh; Intel Mac OS X 10_15_7) AppleWebKit/537.36 (KHTML, like Gecko) Chrome/145.0.0.0 Safari/537.36 (compatible; meta-externalagent/1.1 (+https://developers.facebook.com/docs/sharing/webmasters/crawler))"
65.181.116.207 - - [16/Jul/2026:14:49:51 +0000] "POST /wp-cron.php?doing_wp_cron=1784213390.9758250713348388671875 HTTP/1.1" 200 0 "-" "WordPress/7.0.1; https://www.mecoraso.com"
57.141.0.6 - - [16/Jul/2026:14:49:48 +0000] "GET /?p=6496 HTTP/2" 301 0 "-" "Mozilla/5.0 (Macintosh; Intel Mac OS X 10_15_7) AppleWebKit/537.36 (KHTML, like Gecko) Chrome/145.0.0.0 Safari/537.36 (compatible; meta-externalagent/1.1 (+https://developers.facebook.com/docs/sharing/webmasters/crawler))"
57.141.0.26 - - [16/Jul/2026:14:50:02 +0000] "GET /?p=6819 HTTP/2" 301 0 "-" "Mozilla/5.0 (Windows NT 10.0; Win64; x64) AppleWebKit/537.36 (KHTML, like Gecko) Chrome/145.0.0.0 Safari/537.36 (compatible; meta-externalagent/1.1 (+https://developers.facebook.com/docs/sharing/webmasters/crawler))"
57.141.0.47 - - [16/Jul/2026:14:50:09 +0000] "GET /?p=6806 HTTP/2" 301 0 "-" "Mozilla/5.0 (Windows NT 10.0; Win64; x64) AppleWebKit/537.36 (KHTML, like Gecko) Chrome/145.0.0.0 Safari/537.36 (compatible; meta-externalagent/1.1 (+https://developers.facebook.com/docs/sharing/webmasters/crawler))"
57.141.0.71 - - [16/Jul/2026:14:50:17 +0000] "GET /?p=4346 HTTP/2" 301 0 "-" "Mozilla/5.0 (Macintosh; Intel Mac OS X 10_15_7) AppleWebKit/537.36 (KHTML, like Gecko) Chrome/145.0.0.0 Safari/537.36 (compatible; meta-externalagent/1.1 (+https://developers.facebook.com/docs/sharing/webmasters/crawler))"
43.130.102.223 - - [16/Jul/2026:14:50:32 +0000] "GET /2026/06/26/hur-beter-skyddar-jlph-casino-deltagare-information-och-fonder-speedy-online-casino-%c2%b7-sweden-register-free/ HTTP/1.1" 200 25362 "-" "Mozilla/5.0 (iPhone; CPU iPhone OS 13_2_3 like Mac OS X) AppleWebKit/605.1.15 (KHTML, like Gecko) Version/13.0.3 Mobile/15E148 Safari/604.1"
57.141.0.8 - - [16/Jul/2026:14:50:46 +0000] "GET /?p=8133 HTTP/2" 301 0 "-" "Mozilla/5.0 (Windows NT 10.0; Win64; x64) AppleWebKit/537.36 (KHTML, like Gecko) Chrome/145.0.0.0 Safari/537.36 (compatible; meta-externalagent/1.1 (+https://developers.facebook.com/docs/sharing/webmasters/crawler))"
65.181.116.207 - - [16/Jul/2026:14:51:11 +0000] "POST /wp-cron.php?doing_wp_cron=1784213471.1802289485931396484375 HTTP/1.1" 200 0 "-" "WordPress/7.0.1; https://www.mecoraso.com"
57.141.0.22 - - [16/Jul/2026:14:51:09 +0000] "GET /?p=9074 HTTP/2" 301 0 "-" "Mozilla/5.0 (Macintosh; Intel Mac OS X 10_15_7) AppleWebKit/537.36 (KHTML, like Gecko) Chrome/145.0.0.0 Safari/537.36 (compatible; meta-externalagent/1.1 (+https://developers.facebook.com/docs/sharing/webmasters/crawler))"
57.141.0.17 - - [16/Jul/2026:14:51:14 +0000] "GET /?p=3115 HTTP/2" 301 0 "-" "Mozilla/5.0 (Windows NT 10.0; Win64; x64) AppleWebKit/537.36 (KHTML, like Gecko) Chrome/145.0.0.0 Safari/537.36 (compatible; meta-externalagent/1.1 (+https://developers.facebook.com/docs/sharing/webmasters/crawler))"
57.141.0.19 - - [16/Jul/2026:14:51:27 +0000] "GET /?p=3848 HTTP/2" 301 0 "-" "Mozilla/5.0 (Windows NT 10.0; Win64; x64) AppleWebKit/537.36 (KHTML, like Gecko) Chrome/145.0.0.0 Safari/537.36 (compatible; meta-externalagent/1.1 (+https://developers.facebook.com/docs/sharing/webmasters/crawler))"
57.141.0.50 - - [16/Jul/2026:14:51:38 +0000] "GET /?p=9090 HTTP/2" 301 0 "-" "Mozilla/5.0 (Macintosh; Intel Mac OS X 10_15_7) AppleWebKit/537.36 (KHTML, like Gecko) Chrome/145.0.0.0 Safari/537.36 (compatible; meta-externalagent/1.1 (+https://developers.facebook.com/docs/sharing/webmasters/crawler))"
57.141.0.50 - - [16/Jul/2026:14:51:45 +0000] "GET /?p=8126 HTTP/2" 301 0 "-" "Mozilla/5.0 (Windows NT 10.0; Win64; x64) AppleWebKit/537.36 (KHTML, like Gecko) Chrome/145.0.0.0 Safari/537.36 (compatible; meta-externalagent/1.1 (+https://developers.facebook.com/docs/sharing/webmasters/crawler))"
65.181.116.207 - - [16/Jul/2026:14:51:54 +0000] "POST /wp-cron.php?doing_wp_cron=1784213514.7386660575866699218750 HTTP/1.1" 200 0 "-" "WordPress/7.0.1; https://www.mecoraso.com"
57.141.0.31 - - [16/Jul/2026:14:51:52 +0000] "GET /?p=1982 HTTP/2" 301 0 "-" "Mozilla/5.0 (Macintosh; Intel Mac OS X 10_15_7) AppleWebKit/537.36 (KHTML, like Gecko) Chrome/145.0.0.0 Safari/537.36 (compatible; meta-externalagent/1.1 (+https://developers.facebook.com/docs/sharing/webmasters/crawler))"
57.141.0.51 - - [16/Jul/2026:14:52:41 +0000] "GET /?p=7658 HTTP/2" 301 0 "-" "Mozilla/5.0 (Windows NT 10.0; Win64; x64) AppleWebKit/537.36 (KHTML, like Gecko) Chrome/145.0.0.0 Safari/537.36 (compatible; meta-externalagent/1.1 (+https://developers.facebook.com/docs/sharing/webmasters/crawler))"
65.181.116.207 - - [16/Jul/2026:14:52:50 +0000] "POST /wp-cron.php?doing_wp_cron=1784213570.8671560287475585937500 HTTP/1.1" 200 0 "-" "WordPress/7.0.1; https://www.mecoraso.com"
57.141.0.18 - - [16/Jul/2026:14:52:48 +0000] "GET /?p=1560 HTTP/2" 301 0 "-" "Mozilla/5.0 (Windows NT 10.0; Win64; x64) AppleWebKit/537.36 (KHTML, like Gecko) Chrome/145.0.0.0 Safari/537.36 (compatible; meta-externalagent/1.1 (+https://developers.facebook.com/docs/sharing/webmasters/crawler))"
57.141.0.14 - - [16/Jul/2026:14:52:52 +0000] "GET /?p=363 HTTP/2" 301 0 "-" "Mozilla/5.0 (Windows NT 10.0; Win64; x64) AppleWebKit/537.36 (KHTML, like Gecko) Chrome/145.0.0.0 Safari/537.36 (compatible; meta-externalagent/1.1 (+https://developers.facebook.com/docs/sharing/webmasters/crawler))"
20.226.26.5 - - [16/Jul/2026:14:53:05 +0000] "GET /wp-content/plugins/hellopress/wp_filemanager.php HTTP/1.1" 404 5750 "-" "-"
20.226.26.5 - - [16/Jul/2026:14:53:06 +0000] "GET /this_is_a_new_hello_world.php HTTP/1.1" 404 5750 "-" "-"
20.226.26.5 - - [16/Jul/2026:14:53:06 +0000] "GET /wp-der.php HTTP/1.1" 404 5750 "-" "-"
20.226.26.5 - - [16/Jul/2026:14:53:06 +0000] "GET /wp-slss.php HTTP/1.1" 404 5750 "-" "-"
20.226.26.5 - - [16/Jul/2026:14:53:07 +0000] "GET /min.php HTTP/1.1" 404 5750 "-" "-"
20.226.26.5 - - [16/Jul/2026:14:53:07 +0000] "GET /wp-thi.php HTTP/1.1" 404 5750 "-" "-"
57.141.0.41 - - [16/Jul/2026:14:53:05 +0000] "GET /?p=4451 HTTP/2" 301 0 "-" "Mozilla/5.0 (Macintosh; Intel Mac OS X 10_15_7) AppleWebKit/537.36 (KHTML, like Gecko) Chrome/145.0.0.0 Safari/537.36 (compatible; meta-externalagent/1.1 (+https://developers.facebook.com/docs/sharing/webmasters/crawler))"
20.226.26.5 - - [16/Jul/2026:14:53:07 +0000] "GET /noe.php HTTP/1.1" 404 5750 "-" "-"
20.226.26.5 - - [16/Jul/2026:14:53:07 +0000] "GET /wp-file.php HTTP/1.1" 404 5750 "-" "-"
20.226.26.5 - - [16/Jul/2026:14:53:08 +0000] "GET /edit-tags.php HTTP/1.1" 404 5750 "-" "-"
20.226.26.5 - - [16/Jul/2026:14:53:08 +0000] "GET /wp-b0rk5oy.php HTTP/1.1" 404 5750 "-" "-"
20.226.26.5 - - [16/Jul/2026:14:53:08 +0000] "GET /bless24.php HTTP/1.1" 404 5750 "-" "-"
20.226.26.5 - - [16/Jul/2026:14:53:09 +0000] "GET /punah.php HTTP/1.1" 404 5750 "-" "-"
20.226.26.5 - - [16/Jul/2026:14:53:09 +0000] "GET /min.php HTTP/1.1" 404 5750 "-" "-"
20.226.26.5 - - [16/Jul/2026:14:53:09 +0000] "GET /dass.php HTTP/1.1" 404 5750 "-" "-"
20.226.26.5 - - [16/Jul/2026:14:53:10 +0000] "GET /wander.php HTTP/1.1" 404 5750 "-" "-"
20.226.26.5 - - [16/Jul/2026:14:53:10 +0000] "GET /cc13.php HTTP/1.1" 404 5750 "-" "-"
20.226.26.5 - - [16/Jul/2026:14:53:10 +0000] "GET /des.php HTTP/1.1" 404 5750 "-" "-"
20.226.26.5 - - [16/Jul/2026:14:53:11 +0000] "GET /avcqlevnbk.php HTTP/1.1" 404 5750 "-" "-"
20.226.26.5 - - [16/Jul/2026:14:53:11 +0000] "GET /wp-ppoxua4.php HTTP/1.1" 404 5750 "-" "-"
20.226.26.5 - - [16/Jul/2026:14:53:11 +0000] "GET /drykl.php HTTP/1.1" 404 5750 "-" "-"
20.226.26.5 - - [16/Jul/2026:14:53:11 +0000] "GET /f35.php HTTP/1.1" 404 5750 "-" "-"
20.226.26.5 - - [16/Jul/2026:14:53:12 +0000] "GET /wp-link-szoppm.php HTTP/1.1" 404 5750 "-" "-"
20.226.26.5 - - [16/Jul/2026:14:53:12 +0000] "GET /x.php HTTP/1.1" 404 5750 "-" "-"
20.226.26.5 - - [16/Jul/2026:14:53:12 +0000] "GET /xa.php HTTP/1.1" 404 5750 "-" "-"
20.226.26.5 - - [16/Jul/2026:14:53:13 +0000] "GET /ms-edit.php HTTP/1.1" 404 5750 "-" "-"
20.226.26.5 - - [16/Jul/2026:14:53:13 +0000] "GET /as.php HTTP/1.1" 404 5750 "-" "-"
20.226.26.5 - - [16/Jul/2026:14:53:13 +0000] "GET /wen.php HTTP/1.1" 404 5750 "-" "-"
20.226.26.5 - - [16/Jul/2026:14:53:14 +0000] "GET /dex.php HTTP/1.1" 404 5750 "-" "-"
20.226.26.5 - - [16/Jul/2026:14:53:14 +0000] "GET /f.php HTTP/1.1" 404 5750 "-" "-"
20.226.26.5 - - [16/Jul/2026:14:53:14 +0000] "GET /shell.php HTTP/1.1" 404 5750 "-" "-"
20.226.26.5 - - [16/Jul/2026:14:53:15 +0000] "GET /333.php HTTP/1.1" 404 5750 "-" "-"
20.226.26.5 - - [16/Jul/2026:14:53:15 +0000] "GET /a4.php HTTP/1.1" 404 5750 "-" "-"
20.226.26.5 - - [16/Jul/2026:14:53:15 +0000] "GET /wp-the.php HTTP/1.1" 404 5750 "-" "-"
20.226.26.5 - - [16/Jul/2026:14:53:15 +0000] "GET /classwithtostring.php HTTP/1.1" 404 5750 "-" "-"
20.226.26.5 - - [16/Jul/2026:14:53:16 +0000] "GET /fun.php HTTP/1.1" 404 5750 "-" "-"
20.226.26.5 - - [16/Jul/2026:14:53:16 +0000] "GET /wp-content/languages/index.php HTTP/1.1" 404 5750 "-" "-"
20.226.26.5 - - [16/Jul/2026:14:53:16 +0000] "GET /file.php HTTP/1.1" 404 5750 "-" "-"
20.226.26.5 - - [16/Jul/2026:14:53:17 +0000] "GET /pass4.php HTTP/1.1" 404 5750 "-" "-"
20.226.26.5 - - [16/Jul/2026:14:53:17 +0000] "GET /666.php HTTP/1.1" 404 5750 "-" "-"
20.226.26.5 - - [16/Jul/2026:14:53:17 +0000] "GET /wp-access.php HTTP/1.1" 404 5750 "-" "-"
20.226.26.5 - - [16/Jul/2026:14:53:18 +0000] "GET /jj.php HTTP/1.1" 404 5750 "-" "-"
20.226.26.5 - - [16/Jul/2026:14:53:18 +0000] "GET /wp-x7.php HTTP/1.1" 404 5750 "-" "-"
20.226.26.5 - - [16/Jul/2026:14:53:18 +0000] "GET /wpxml.php HTTP/1.1" 404 5750 "-" "-"
20.226.26.5 - - [16/Jul/2026:14:53:19 +0000] "GET /inputs.php HTTP/1.1" 404 5750 "-" "-"
20.226.26.5 - - [16/Jul/2026:14:53:19 +0000] "GET /file4.php HTTP/1.1" 404 5750 "-" "-"
20.226.26.5 - - [16/Jul/2026:14:53:19 +0000] "GET /wp-firewall.php HTTP/1.1" 404 5750 "-" "-"
20.226.26.5 - - [16/Jul/2026:14:53:19 +0000] "GET /data.php HTTP/1.1" 404 5750 "-" "-"
20.226.26.5 - - [16/Jul/2026:14:53:20 +0000] "GET /wp-wpbak.php HTTP/1.1" 404 5750 "-" "-"
20.226.26.5 - - [16/Jul/2026:14:53:20 +0000] "GET /002.php HTTP/1.1" 404 5750 "-" "-"
20.226.26.5 - - [16/Jul/2026:14:53:20 +0000] "GET /class-t.api.php HTTP/1.1" 404 5750 "-" "-"
20.226.26.5 - - [16/Jul/2026:14:53:21 +0000] "GET /file5.php HTTP/1.1" 404 5750 "-" "-"
20.226.26.5 - - [16/Jul/2026:14:53:21 +0000] "GET /cache.php HTTP/1.1" 404 5750 "-" "-"
20.226.26.5 - - [16/Jul/2026:14:53:21 +0000] "GET /error.php HTTP/1.1" 404 5750 "-" "-"
20.226.26.5 - - [16/Jul/2026:14:53:22 +0000] "GET /wp-content/themes/about.php HTTP/1.1" 404 5750 "-" "-"
20.226.26.5 - - [16/Jul/2026:14:53:22 +0000] "GET /wp-conflg.php HTTP/1.1" 404 5750 "-" "-"
20.226.26.5 - - [16/Jul/2026:14:53:22 +0000] "GET /f35.php HTTP/1.1" 404 5750 "-" "-"
20.226.26.5 - - [16/Jul/2026:14:53:23 +0000] "GET /test.php HTTP/1.1" 404 5750 "-" "-"
20.226.26.5 - - [16/Jul/2026:14:53:23 +0000] "GET /plugins.php HTTP/1.1" 404 5750 "-" "-"
20.226.26.5 - - [16/Jul/2026:14:53:23 +0000] "GET /wp-signup.php HTTP/1.1" 404 5750 "-" "-"
20.226.26.5 - - [16/Jul/2026:14:53:23 +0000] "GET /la.php HTTP/1.1" 404 5750 "-" "-"
20.226.26.5 - - [16/Jul/2026:14:53:24 +0000] "GET /yas.php HTTP/1.1" 404 5750 "-" "-"
20.226.26.5 - - [16/Jul/2026:14:53:24 +0000] "GET /system.php HTTP/1.1" 404 5750 "-" "-"
20.226.26.5 - - [16/Jul/2026:14:53:24 +0000] "GET /wp-fileesx-449.php HTTP/1.1" 404 5750 "-" "-"
20.226.26.5 - - [16/Jul/2026:14:53:25 +0000] "GET /wp-good.php HTTP/1.1" 404 5750 "-" "-"
20.226.26.5 - - [16/Jul/2026:14:53:25 +0000] "GET /shx.php HTTP/1.1" 404 5750 "-" "-"
20.226.26.5 - - [16/Jul/2026:14:53:25 +0000] "GET /dropdown.php HTTP/1.1" 404 5750 "-" "-"
20.226.26.5 - - [16/Jul/2026:14:53:26 +0000] "GET /revealability.php HTTP/1.1" 404 5750 "-" "-"
20.226.26.5 - - [16/Jul/2026:14:53:26 +0000] "GET /wp.php HTTP/1.1" 404 5750 "-" "-"
20.226.26.5 - - [16/Jul/2026:14:53:26 +0000] "GET /wp-wz.php HTTP/1.1" 404 5750 "-" "-"
20.226.26.5 - - [16/Jul/2026:14:53:27 +0000] "GET /06.php HTTP/1.1" 404 5750 "-" "-"
20.226.26.5 - - [16/Jul/2026:14:53:27 +0000] "GET /chomu.php HTTP/1.1" 404 5750 "-" "-"
20.226.26.5 - - [16/Jul/2026:14:53:27 +0000] "GET /ff.php HTTP/1.1" 404 5750 "-" "-"
20.226.26.5 - - [16/Jul/2026:14:53:28 +0000] "GET /xex.php HTTP/1.1" 404 5750 "-" "-"
20.226.26.5 - - [16/Jul/2026:14:53:28 +0000] "GET /wp-sing.php HTTP/1.1" 404 5750 "-" "-"
20.226.26.5 - - [16/Jul/2026:14:53:28 +0000] "GET /txets.php HTTP/1.1" 404 5750 "-" "-"
20.226.26.5 - - [16/Jul/2026:14:53:28 +0000] "GET /xml.php HTTP/1.1" 404 5750 "-" "-"
20.226.26.5 - - [16/Jul/2026:14:53:29 +0000] "GET /bgymj.php HTTP/1.1" 404 5750 "-" "-"
20.226.26.5 - - [16/Jul/2026:14:53:29 +0000] "GET /t.php HTTP/1.1" 404 5750 "-" "-"
20.226.26.5 - - [16/Jul/2026:14:53:29 +0000] "GET /wp.php HTTP/1.1" 404 5750 "-" "-"
20.226.26.5 - - [16/Jul/2026:14:53:30 +0000] "GET /mini.php HTTP/1.1" 404 5750 "-" "-"
20.226.26.5 - - [16/Jul/2026:14:53:30 +0000] "GET /19.php HTTP/1.1" 404 5750 "-" "-"
20.226.26.5 - - [16/Jul/2026:14:53:30 +0000] "GET /db.php HTTP/1.1" 404 5750 "-" "-"
20.226.26.5 - - [16/Jul/2026:14:53:31 +0000] "GET /wmore1.php HTTP/1.1" 404 5750 "-" "-"
20.226.26.5 - - [16/Jul/2026:14:53:31 +0000] "GET /amax.php HTTP/1.1" 404 5750 "-" "-"
20.226.26.5 - - [16/Jul/2026:14:53:31 +0000] "GET /wp-admin/index.php HTTP/1.1" 404 5750 "-" "-"
20.226.26.5 - - [16/Jul/2026:14:53:32 +0000] "GET /b.php HTTP/1.1" 404 5750 "-" "-"
20.226.26.5 - - [16/Jul/2026:14:53:32 +0000] "GET /8.php HTTP/1.1" 404 5750 "-" "-"
20.226.26.5 - - [16/Jul/2026:14:53:32 +0000] "GET /wp-is.php HTTP/1.1" 404 5750 "-" "-"
20.226.26.5 - - [16/Jul/2026:14:53:33 +0000] "GET /wp-rss2.php HTTP/1.1" 404 5750 "-" "-"
20.226.26.5 - - [16/Jul/2026:14:53:33 +0000] "GET /yanz.php HTTP/1.1" 404 5750 "-" "-"
20.226.26.5 - - [16/Jul/2026:14:53:33 +0000] "GET /term.php HTTP/1.1" 404 5750 "-" "-"
20.226.26.5 - - [16/Jul/2026:14:53:33 +0000] "GET /wp-block.php HTTP/1.1" 404 5750 "-" "-"
20.226.26.5 - - [16/Jul/2026:14:53:34 +0000] "GET /file88.php HTTP/1.1" 404 5750 "-" "-"
20.226.26.5 - - [16/Jul/2026:14:53:34 +0000] "GET /wp-content/uploads/admin.php HTTP/1.1" 404 5750 "-" "-"
20.226.26.5 - - [16/Jul/2026:14:53:34 +0000] "GET /sid3.php HTTP/1.1" 404 5750 "-" "-"
20.226.26.5 - - [16/Jul/2026:14:53:35 +0000] "GET /wp-blink.php HTTP/1.1" 404 5750 "-" "-"
20.226.26.5 - - [16/Jul/2026:14:53:35 +0000] "GET /i.php HTTP/1.1" 404 5750 "-" "-"
20.226.26.5 - - [16/Jul/2026:14:53:35 +0000] "GET /wp-admin/zoko.php HTTP/1.1" 404 5750 "-" "-"
20.226.26.5 - - [16/Jul/2026:14:53:36 +0000] "GET /wp-tivate.php HTTP/1.1" 404 5750 "-" "-"
20.226.26.5 - - [16/Jul/2026:14:53:36 +0000] "GET /samll.php HTTP/1.1" 404 5750 "-" "-"
20.226.26.5 - - [16/Jul/2026:14:53:36 +0000] "GET /new.php HTTP/1.1" 404 5750 "-" "-"
20.226.26.5 - - [16/Jul/2026:14:53:37 +0000] "GET /lp6.php HTTP/1.1" 404 5750 "-" "-"
20.226.26.5 - - [16/Jul/2026:14:53:37 +0000] "GET /dex.php HTTP/1.1" 404 5750 "-" "-"
20.226.26.5 - - [16/Jul/2026:14:53:37 +0000] "GET /wp-term.php HTTP/1.1" 404 5750 "-" "-"
20.226.26.5 - - [16/Jul/2026:14:53:38 +0000] "GET /wp-xx.php HTTP/1.1" 404 5750 "-" "-"
20.226.26.5 - - [16/Jul/2026:14:53:38 +0000] "GET /cilus.php HTTP/1.1" 404 5750 "-" "-"
20.226.26.5 - - [16/Jul/2026:14:53:38 +0000] "GET /ccou.php HTTP/1.1" 404 5750 "-" "-"
20.226.26.5 - - [16/Jul/2026:14:53:39 +0000] "GET /edit.php HTTP/1.1" 404 5750 "-" "-"
20.226.26.5 - - [16/Jul/2026:14:53:39 +0000] "GET /shell20211028.php HTTP/1.1" 404 5750 "-" "-"
20.226.26.5 - - [16/Jul/2026:14:53:40 +0000] "GET /ccc.php HTTP/1.1" 404 5750 "-" "-"
20.226.26.5 - - [16/Jul/2026:14:53:40 +0000] "GET /wp-links-opml.php HTTP/1.1" 404 5750 "-" "-"
20.226.26.5 - - [16/Jul/2026:14:53:40 +0000] "GET /atkno.php HTTP/1.1" 404 5750 "-" "-"
20.226.26.5 - - [16/Jul/2026:14:53:40 +0000] "GET /1.php HTTP/1.1" 404 5750 "-" "-"
20.226.26.5 - - [16/Jul/2026:14:53:41 +0000] "GET /sql.php HTTP/1.1" 404 5750 "-" "-"
20.226.26.5 - - [16/Jul/2026:14:53:41 +0000] "GET /xxx.php HTTP/1.1" 404 5750 "-" "-"
20.226.26.5 - - [16/Jul/2026:14:53:41 +0000] "GET /shell.php HTTP/1.1" 404 5750 "-" "-"
20.226.26.5 - - [16/Jul/2026:14:53:42 +0000] "GET /r.php HTTP/1.1" 404 5750 "-" "-"
20.226.26.5 - - [16/Jul/2026:14:53:42 +0000] "GET /wso.php HTTP/1.1" 404 5750 "-" "-"
20.226.26.5 - - [16/Jul/2026:14:53:42 +0000] "GET /wp-ws68.php HTTP/1.1" 404 5750 "-" "-"
20.226.26.5 - - [16/Jul/2026:14:53:43 +0000] "GET /x.php HTTP/1.1" 404 5750 "-" "-"
20.226.26.5 - - [16/Jul/2026:14:53:43 +0000] "GET /v2.php HTTP/1.1" 404 5750 "-" "-"
20.226.26.5 - - [16/Jul/2026:14:53:43 +0000] "GET /atomlib.php HTTP/1.1" 404 5750 "-" "-"
20.226.26.5 - - [16/Jul/2026:14:53:43 +0000] "GET /wp-ver.php HTTP/1.1" 404 5750 "-" "-"
20.226.26.5 - - [16/Jul/2026:14:53:44 +0000] "GET /z.php HTTP/1.1" 404 5750 "-" "-"
20.226.26.5 - - [16/Jul/2026:14:53:44 +0000] "GET /thoms.php HTTP/1.1" 404 5750 "-" "-"
20.226.26.5 - - [16/Jul/2026:14:53:44 +0000] "GET /bthil.php HTTP/1.1" 404 5750 "-" "-"
20.226.26.5 - - [16/Jul/2026:14:53:45 +0000] "GET /crgio.php HTTP/1.1" 404 5750 "-" "-"
20.226.26.5 - - [16/Jul/2026:14:53:45 +0000] "GET /file11.php HTTP/1.1" 404 5750 "-" "-"
65.181.116.207 - - [16/Jul/2026:14:53:54 +0000] "POST /wp-cron.php?doing_wp_cron=1784213634.0826740264892578125000 HTTP/1.1" 200 0 "-" "WordPress/7.0.1; https://www.mecoraso.com"
57.141.0.49 - - [16/Jul/2026:14:53:52 +0000] "GET /?p=7662 HTTP/2" 301 0 "-" "Mozilla/5.0 (X11; Linux x86_64) AppleWebKit/537.36 (KHTML, like Gecko) Chrome/145.0.0.0 Safari/537.36 (compatible; meta-externalagent/1.1 (+https://developers.facebook.com/docs/sharing/webmasters/crawler))"
57.141.0.31 - - [16/Jul/2026:14:54:19 +0000] "GET /?p=8573 HTTP/2" 301 0 "-" "Mozilla/5.0 (Windows NT 10.0; Win64; x64) AppleWebKit/537.36 (KHTML, like Gecko) Chrome/145.0.0.0 Safari/537.36 (compatible; meta-externalagent/1.1 (+https://developers.facebook.com/docs/sharing/webmasters/crawler))"
57.141.0.20 - - [16/Jul/2026:14:54:25 +0000] "GET /?p=4081 HTTP/2" 301 0 "-" "Mozilla/5.0 (Macintosh; Intel Mac OS X 10_15_7) AppleWebKit/537.36 (KHTML, like Gecko) Chrome/145.0.0.0 Safari/537.36 (compatible; meta-externalagent/1.1 (+https://developers.facebook.com/docs/sharing/webmasters/crawler))"
57.141.0.55 - - [16/Jul/2026:14:54:26 +0000] "GET /?p=4454 HTTP/2" 301 0 "-" "Mozilla/5.0 (Windows NT 10.0; Win64; x64) AppleWebKit/537.36 (KHTML, like Gecko) Chrome/145.0.0.0 Safari/537.36 (compatible; meta-externalagent/1.1 (+https://developers.facebook.com/docs/sharing/webmasters/crawler))"
57.141.0.16 - - [16/Jul/2026:14:54:29 +0000] "GET /?p=2880 HTTP/2" 301 0 "-" "Mozilla/5.0 (Windows NT 10.0; Win64; x64) AppleWebKit/537.36 (KHTML, like Gecko) Chrome/145.0.0.0 Safari/537.36 Edg/145.0.0.0 (compatible; meta-externalagent/1.1 (+https://developers.facebook.com/docs/sharing/webmasters/crawler))"
65.181.116.207 - - [16/Jul/2026:14:54:55 +0000] "POST /wp-cron.php?doing_wp_cron=1784213695.8013970851898193359375 HTTP/1.1" 200 0 "-" "WordPress/7.0.1; https://www.mecoraso.com"
57.141.0.51 - - [16/Jul/2026:14:54:53 +0000] "GET /?p=8120 HTTP/2" 301 0 "-" "Mozilla/5.0 (Windows NT 10.0; Win64; x64) AppleWebKit/537.36 (KHTML, like Gecko) Chrome/145.0.0.0 Safari/537.36 (compatible; meta-externalagent/1.1 (+https://developers.facebook.com/docs/sharing/webmasters/crawler))"
57.141.0.69 - - [16/Jul/2026:14:55:17 +0000] "GET /?p=3740 HTTP/2" 301 0 "-" "Mozilla/5.0 (Macintosh; Intel Mac OS X 10_15_7) AppleWebKit/537.36 (KHTML, like Gecko) Chrome/145.0.0.0 Safari/537.36 (compatible; meta-externalagent/1.1 (+https://developers.facebook.com/docs/sharing/webmasters/crawler))"
57.141.0.34 - - [16/Jul/2026:14:55:22 +0000] "GET /?p=791 HTTP/2" 301 0 "-" "Mozilla/5.0 (Windows NT 10.0; Win64; x64) AppleWebKit/537.36 (KHTML, like Gecko) Chrome/145.0.0.0 Safari/537.36 (compatible; meta-externalagent/1.1 (+https://developers.facebook.com/docs/sharing/webmasters/crawler))"
57.141.0.22 - - [16/Jul/2026:14:55:24 +0000] "GET /?p=6278 HTTP/2" 301 0 "-" "Mozilla/5.0 (Windows NT 10.0; Win64; x64) AppleWebKit/537.36 (KHTML, like Gecko) Chrome/145.0.0.0 Safari/537.36 (compatible; meta-externalagent/1.1 (+https://developers.facebook.com/docs/sharing/webmasters/crawler))"
57.141.0.52 - - [16/Jul/2026:14:55:44 +0000] "GET /?p=8153 HTTP/2" 301 0 "-" "Mozilla/5.0 (Windows NT 10.0; Win64; x64) AppleWebKit/537.36 (KHTML, like Gecko) Chrome/145.0.0.0 Safari/537.36 (compatible; meta-externalagent/1.1 (+https://developers.facebook.com/docs/sharing/webmasters/crawler))"
65.181.116.207 - - [16/Jul/2026:14:56:15 +0000] "POST /wp-cron.php?doing_wp_cron=1784213775.7619020938873291015625 HTTP/1.1" 200 0 "-" "WordPress/7.0.1; https://www.mecoraso.com"
57.141.0.62 - - [16/Jul/2026:14:56:13 +0000] "GET /?p=2605 HTTP/2" 301 0 "-" "Mozilla/5.0 (Macintosh; Intel Mac OS X 10_15_7) AppleWebKit/537.36 (KHTML, like Gecko) Chrome/145.0.0.0 Safari/537.36 (compatible; meta-externalagent/1.1 (+https://developers.facebook.com/docs/sharing/webmasters/crawler))"
65.181.116.207 - - [16/Jul/2026:14:56:53 +0000] "POST /wp-cron.php?doing_wp_cron=1784213813.8762590885162353515625 HTTP/1.1" 200 0 "-" "WordPress/7.0.1; https://www.mecoraso.com"
57.141.0.29 - - [16/Jul/2026:14:56:51 +0000] "GET /?p=8943 HTTP/2" 301 0 "-" "Mozilla/5.0 (Windows NT 10.0; Win64; x64) AppleWebKit/537.36 (KHTML, like Gecko) Chrome/145.0.0.0 Safari/537.36 (compatible; meta-externalagent/1.1 (+https://developers.facebook.com/docs/sharing/webmasters/crawler))"
57.141.0.16 - - [16/Jul/2026:14:56:52 +0000] "GET /?p=1773 HTTP/2" 301 0 "-" "Mozilla/5.0 (Windows NT 10.0; Win64; x64) AppleWebKit/537.36 (KHTML, like Gecko) Chrome/145.0.0.0 Safari/537.36 (compatible; meta-externalagent/1.1 (+https://developers.facebook.com/docs/sharing/webmasters/crawler))"
57.141.0.36 - - [16/Jul/2026:14:57:05 +0000] "GET /?p=2866 HTTP/2" 301 0 "-" "Mozilla/5.0 (Windows NT 10.0; Win64; x64) AppleWebKit/537.36 (KHTML, like Gecko) Chrome/145.0.0.0 Safari/537.36 (compatible; meta-externalagent/1.1 (+https://developers.facebook.com/docs/sharing/webmasters/crawler))"
57.141.0.38 - - [16/Jul/2026:14:57:17 +0000] "GET /?p=9101 HTTP/2" 301 0 "-" "Mozilla/5.0 (Windows NT 10.0; Win64; x64) AppleWebKit/537.36 (KHTML, like Gecko) Chrome/145.0.0.0 Safari/537.36 (compatible; meta-externalagent/1.1 (+https://developers.facebook.com/docs/sharing/webmasters/crawler))"
57.141.0.27 - - [16/Jul/2026:14:57:37 +0000] "GET /?p=5793 HTTP/2" 301 0 "-" "Mozilla/5.0 (Windows NT 10.0; Win64; x64) AppleWebKit/537.36 (KHTML, like Gecko) Chrome/145.0.0.0 Safari/537.36 (compatible; meta-externalagent/1.1 (+https://developers.facebook.com/docs/sharing/webmasters/crawler))"
65.181.116.207 - - [16/Jul/2026:14:57:51 +0000] "POST /wp-cron.php?doing_wp_cron=1784213870.9524970054626464843750 HTTP/1.1" 200 0 "-" "WordPress/7.0.1; https://www.mecoraso.com"
57.141.0.1 - - [16/Jul/2026:14:57:47 +0000] "GET /?p=3148 HTTP/2" 301 0 "-" "Mozilla/5.0 (Windows NT 10.0; Win64; x64) AppleWebKit/537.36 (KHTML, like Gecko) Chrome/145.0.0.0 Safari/537.36 (compatible; meta-externalagent/1.1 (+https://developers.facebook.com/docs/sharing/webmasters/crawler))"
57.141.0.24 - - [16/Jul/2026:14:57:50 +0000] "GET /?p=6927 HTTP/2" 301 0 "-" "Mozilla/5.0 (Windows NT 10.0; Win64; x64) AppleWebKit/537.36 (KHTML, like Gecko) Chrome/145.0.0.0 Safari/537.36 (compatible; meta-externalagent/1.1 (+https://developers.facebook.com/docs/sharing/webmasters/crawler))"
57.141.0.3 - - [16/Jul/2026:14:57:55 +0000] "GET /?p=2521 HTTP/2" 301 0 "-" "Mozilla/5.0 (Macintosh; Intel Mac OS X 10_15_7) AppleWebKit/537.36 (KHTML, like Gecko) Chrome/145.0.0.0 Safari/537.36 (compatible; meta-externalagent/1.1 (+https://developers.facebook.com/docs/sharing/webmasters/crawler))"
65.181.116.207 - - [16/Jul/2026:14:59:45 +0000] "POST /wp-cron.php?doing_wp_cron=1784213985.8636760711669921875000 HTTP/1.1" 200 0 "-" "WordPress/7.0.1; https://www.mecoraso.com"
57.141.0.32 - - [16/Jul/2026:14:59:43 +0000] "GET /?p=8029 HTTP/2" 301 0 "-" "Mozilla/5.0 (Windows NT 10.0; Win64; x64) AppleWebKit/537.36 (KHTML, like Gecko) Chrome/145.0.0.0 Safari/537.36 (compatible; meta-externalagent/1.1 (+https://developers.facebook.com/docs/sharing/webmasters/crawler))"
65.181.116.207 - - [16/Jul/2026:15:00:00 +0000] "POST /wp-cron.php?doing_wp_cron=1784213999.9646599292755126953125 HTTP/1.1" 200 0 "-" "WordPress/7.0.1; https://www.mecoraso.com"
57.141.0.62 - - [16/Jul/2026:14:59:57 +0000] "GET /?p=8479 HTTP/2" 301 0 "-" "Mozilla/5.0 (Macintosh; Intel Mac OS X 10_15_7) AppleWebKit/537.36 (KHTML, like Gecko) Chrome/145.0.0.0 Safari/537.36 (compatible; meta-externalagent/1.1 (+https://developers.facebook.com/docs/sharing/webmasters/crawler))"
57.141.0.4 - - [16/Jul/2026:14:59:59 +0000] "GET /?p=9095 HTTP/2" 301 0 "-" "Mozilla/5.0 (X11; Linux x86_64) AppleWebKit/537.36 (KHTML, like Gecko) Chrome/145.0.0.0 Safari/537.36 (compatible; meta-externalagent/1.1 (+https://developers.facebook.com/docs/sharing/webmasters/crawler))"
57.141.0.53 - - [16/Jul/2026:15:00:39 +0000] "GET /?p=4430 HTTP/2" 301 0 "-" "Mozilla/5.0 (Windows NT 10.0; Win64; x64) AppleWebKit/537.36 (KHTML, like Gecko) Chrome/145.0.0.0 Safari/537.36 (compatible; meta-externalagent/1.1 (+https://developers.facebook.com/docs/sharing/webmasters/crawler))"
57.141.0.9 - - [16/Jul/2026:15:00:42 +0000] "GET /?p=2467 HTTP/2" 301 0 "-" "Mozilla/5.0 (Windows NT 10.0; Win64; x64) AppleWebKit/537.36 (KHTML, like Gecko) Chrome/145.0.0.0 Safari/537.36 (compatible; meta-externalagent/1.1 (+https://developers.facebook.com/docs/sharing/webmasters/crawler))"
65.181.116.207 - - [16/Jul/2026:15:01:17 +0000] "POST /wp-cron.php?doing_wp_cron=1784214077.8981060981750488281250 HTTP/1.1" 200 0 "-" "WordPress/7.0.1; https://www.mecoraso.com"
57.141.0.62 - - [16/Jul/2026:15:01:13 +0000] "GET /?p=5615 HTTP/2" 301 0 "-" "Mozilla/5.0 (Windows NT 10.0; Win64; x64) AppleWebKit/537.36 (KHTML, like Gecko) Chrome/145.0.0.0 Safari/537.36 (compatible; meta-externalagent/1.1 (+https://developers.facebook.com/docs/sharing/webmasters/crawler))"
57.141.0.47 - - [16/Jul/2026:15:01:28 +0000] "GET /?p=5520 HTTP/2" 301 0 "-" "Mozilla/5.0 (Windows NT 10.0; Win64; x64) AppleWebKit/537.36 (KHTML, like Gecko) Chrome/145.0.0.0 Safari/537.36 (compatible; meta-externalagent/1.1 (+https://developers.facebook.com/docs/sharing/webmasters/crawler))"
57.141.0.43 - - [16/Jul/2026:15:01:33 +0000] "GET /?p=5176 HTTP/2" 301 0 "-" "Mozilla/5.0 (Macintosh; Intel Mac OS X 10_15_7) AppleWebKit/537.36 (KHTML, like Gecko) Chrome/145.0.0.0 Safari/537.36 (compatible; meta-externalagent/1.1 (+https://developers.facebook.com/docs/sharing/webmasters/crawler))"
57.141.0.51 - - [16/Jul/2026:15:01:37 +0000] "GET /?p=7308 HTTP/2" 301 0 "-" "Mozilla/5.0 (Windows NT 10.0; Win64; x64) AppleWebKit/537.36 (KHTML, like Gecko) Chrome/145.0.0.0 Safari/537.36 Edg/145.0.0.0 (compatible; meta-externalagent/1.1 (+https://developers.facebook.com/docs/sharing/webmasters/crawler))"
57.141.0.17 - - [16/Jul/2026:15:01:37 +0000] "GET /?p=5875 HTTP/2" 301 0 "-" "Mozilla/5.0 (Windows NT 10.0; Win64; x64) AppleWebKit/537.36 (KHTML, like Gecko) Chrome/145.0.0.0 Safari/537.36 (compatible; meta-externalagent/1.1 (+https://developers.facebook.com/docs/sharing/webmasters/crawler))"
57.141.0.32 - - [16/Jul/2026:15:01:41 +0000] "GET /?p=195 HTTP/2" 301 0 "-" "Mozilla/5.0 (X11; Linux x86_64) AppleWebKit/537.36 (KHTML, like Gecko) Chrome/145.0.0.0 Safari/537.36 (compatible; meta-externalagent/1.1 (+https://developers.facebook.com/docs/sharing/webmasters/crawler))"
57.141.0.36 - - [16/Jul/2026:15:01:44 +0000] "GET /?p=6968 HTTP/2" 301 0 "-" "Mozilla/5.0 (Windows NT 10.0; Win64; x64) AppleWebKit/537.36 (KHTML, like Gecko) Chrome/145.0.0.0 Safari/537.36 (compatible; meta-externalagent/1.1 (+https://developers.facebook.com/docs/sharing/webmasters/crawler))"
65.181.116.207 - - [16/Jul/2026:15:01:54 +0000] "POST /wp-cron.php?doing_wp_cron=1784214114.0467519760131835937500 HTTP/1.1" 200 0 "-" "WordPress/7.0.1; https://www.mecoraso.com"
57.141.0.20 - - [16/Jul/2026:15:01:51 +0000] "GET /?p=9415 HTTP/2" 301 0 "-" "Mozilla/5.0 (Macintosh; Intel Mac OS X 10_15_7) AppleWebKit/537.36 (KHTML, like Gecko) Chrome/145.0.0.0 Safari/537.36 (compatible; meta-externalagent/1.1 (+https://developers.facebook.com/docs/sharing/webmasters/crawler))"
57.141.0.69 - - [16/Jul/2026:15:02:01 +0000] "GET /?p=1620 HTTP/2" 301 0 "-" "Mozilla/5.0 (Windows NT 10.0; Win64; x64) AppleWebKit/537.36 (KHTML, like Gecko) Chrome/145.0.0.0 Safari/537.36 (compatible; meta-externalagent/1.1 (+https://developers.facebook.com/docs/sharing/webmasters/crawler))"
57.141.0.6 - - [16/Jul/2026:15:02:17 +0000] "GET /?p=426 HTTP/2" 301 0 "-" "Mozilla/5.0 (Windows NT 10.0; Win64; x64) AppleWebKit/537.36 (KHTML, like Gecko) Chrome/145.0.0.0 Safari/537.36 Edg/145.0.0.0 (compatible; meta-externalagent/1.1 (+https://developers.facebook.com/docs/sharing/webmasters/crawler))"
65.181.116.207 - - [16/Jul/2026:15:03:16 +0000] "POST /wp-cron.php?doing_wp_cron=1784214196.6841549873352050781250 HTTP/1.1" 200 0 "-" "WordPress/7.0.1; https://www.mecoraso.com"
57.141.0.40 - - [16/Jul/2026:15:03:14 +0000] "GET /?p=300 HTTP/2" 301 0 "-" "Mozilla/5.0 (X11; Linux x86_64) AppleWebKit/537.36 (KHTML, like Gecko) Chrome/145.0.0.0 Safari/537.36 (compatible; meta-externalagent/1.1 (+https://developers.facebook.com/docs/sharing/webmasters/crawler))"
57.141.0.10 - - [16/Jul/2026:15:03:17 +0000] "GET /?p=1555 HTTP/2" 301 0 "-" "Mozilla/5.0 (Macintosh; Intel Mac OS X 10_15_7) AppleWebKit/537.36 (KHTML, like Gecko) Chrome/145.0.0.0 Safari/537.36 (compatible; meta-externalagent/1.1 (+https://developers.facebook.com/docs/sharing/webmasters/crawler))"
57.141.0.44 - - [16/Jul/2026:15:03:21 +0000] "GET /?p=602 HTTP/2" 301 0 "-" "Mozilla/5.0 (Macintosh; Intel Mac OS X 10_15_7) AppleWebKit/537.36 (KHTML, like Gecko) Chrome/145.0.0.0 Safari/537.36 (compatible; meta-externalagent/1.1 (+https://developers.facebook.com/docs/sharing/webmasters/crawler))"
57.141.0.20 - - [16/Jul/2026:15:03:34 +0000] "GET /?p=5212 HTTP/2" 301 0 "-" "Mozilla/5.0 (Windows NT 10.0; Win64; x64) AppleWebKit/537.36 (KHTML, like Gecko) Chrome/145.0.0.0 Safari/537.36 (compatible; meta-externalagent/1.1 (+https://developers.facebook.com/docs/sharing/webmasters/crawler))"
65.181.116.207 - - [16/Jul/2026:15:04:18 +0000] "POST /wp-cron.php?doing_wp_cron=1784214258.8224830627441406250000 HTTP/1.1" 200 0 "-" "WordPress/7.0.1; https://www.mecoraso.com"
57.141.0.20 - - [16/Jul/2026:15:04:17 +0000] "GET /?p=9026 HTTP/2" 301 0 "-" "Mozilla/5.0 (Macintosh; Intel Mac OS X 10_15_7) AppleWebKit/537.36 (KHTML, like Gecko) Chrome/145.0.0.0 Safari/537.36 (compatible; meta-externalagent/1.1 (+https://developers.facebook.com/docs/sharing/webmasters/crawler))"
57.141.0.24 - - [16/Jul/2026:15:04:25 +0000] "GET /?p=8135 HTTP/2" 301 0 "-" "Mozilla/5.0 (X11; Linux x86_64) AppleWebKit/537.36 (KHTML, like Gecko) Chrome/145.0.0.0 Safari/537.36 (compatible; meta-externalagent/1.1 (+https://developers.facebook.com/docs/sharing/webmasters/crawler))"
65.181.116.207 - - [16/Jul/2026:15:04:58 +0000] "POST /wp-cron.php?doing_wp_cron=1784214298.3038589954376220703125 HTTP/1.1" 200 0 "-" "WordPress/7.0.1; https://www.mecoraso.com"
57.141.0.11 - - [16/Jul/2026:15:04:56 +0000] "GET /?p=164 HTTP/2" 301 0 "-" "Mozilla/5.0 (Macintosh; Intel Mac OS X 10_15_7) AppleWebKit/537.36 (KHTML, like Gecko) Chrome/145.0.0.0 Safari/537.36 (compatible; meta-externalagent/1.1 (+https://developers.facebook.com/docs/sharing/webmasters/crawler))"
57.141.0.4 - - [16/Jul/2026:15:05:21 +0000] "GET /?p=6446 HTTP/2" 301 0 "-" "Mozilla/5.0 (Windows NT 10.0; Win64; x64) AppleWebKit/537.36 (KHTML, like Gecko) Chrome/145.0.0.0 Safari/537.36 (compatible; meta-externalagent/1.1 (+https://developers.facebook.com/docs/sharing/webmasters/crawler))"
17.22.237.89 - - [16/Jul/2026:15:05:26 +0000] "GET /2025/08/22/spin-bookie-casino-bonus-codes-2025/ HTTP/2" 200 17155 "-" "Mozilla/5.0 (Macintosh; Intel Mac OS X 10_15_7) AppleWebKit/605.1.15 (KHTML, like Gecko) Version/17.4 Safari/605.1.15 (Applebot/0.1; +http://www.apple.com/go/applebot)"
170.106.110.146 - - [16/Jul/2026:15:05:30 +0000] "GET /?p=9496 HTTP/1.1" 301 0 "-" "Mozilla/5.0 (iPhone; CPU iPhone OS 13_2_3 like Mac OS X) AppleWebKit/605.1.15 (KHTML, like Gecko) Version/13.0.3 Mobile/15E148 Safari/604.1"
57.141.0.69 - - [16/Jul/2026:15:05:32 +0000] "GET /?p=2714 HTTP/2" 301 0 "-" "Mozilla/5.0 (Windows NT 10.0; Win64; x64) AppleWebKit/537.36 (KHTML, like Gecko) Chrome/145.0.0.0 Safari/537.36 (compatible; meta-externalagent/1.1 (+https://developers.facebook.com/docs/sharing/webmasters/crawler))"
170.106.110.146 - - [16/Jul/2026:15:05:35 +0000] "GET /2026/06/26/hur-beter-skyddar-jlph-casino-deltagare-information-och-fonder-speedy-online-casino-%c2%b7-sweden-register-free/ HTTP/1.1" 200 25362 "https://www.mecoraso.com/?p=9496" "Mozilla/5.0 (iPhone; CPU iPhone OS 13_2_3 like Mac OS X) AppleWebKit/605.1.15 (KHTML, like Gecko) Version/13.0.3 Mobile/15E148 Safari/604.1"
65.181.116.207 - - [16/Jul/2026:15:06:06 +0000] "POST /wp-cron.php?doing_wp_cron=1784214366.1281940937042236328125 HTTP/1.1" 200 0 "-" "WordPress/7.0.1; https://www.mecoraso.com"
57.141.0.20 - - [16/Jul/2026:15:06:03 +0000] "GET /?p=4174 HTTP/2" 301 0 "-" "Mozilla/5.0 (Windows NT 10.0; Win64; x64) AppleWebKit/537.36 (KHTML, like Gecko) Chrome/145.0.0.0 Safari/537.36 (compatible; meta-externalagent/1.1 (+https://developers.facebook.com/docs/sharing/webmasters/crawler))"
57.141.0.52 - - [16/Jul/2026:15:06:40 +0000] "GET /?p=6697 HTTP/2" 301 0 "-" "Mozilla/5.0 (Macintosh; Intel Mac OS X 10_15_7) AppleWebKit/537.36 (KHTML, like Gecko) Chrome/145.0.0.0 Safari/537.36 (compatible; meta-externalagent/1.1 (+https://developers.facebook.com/docs/sharing/webmasters/crawler))"
57.141.0.37 - - [16/Jul/2026:15:06:43 +0000] "GET /?p=6805 HTTP/2" 301 0 "-" "Mozilla/5.0 (Windows NT 10.0; Win64; x64) AppleWebKit/537.36 (KHTML, like Gecko) Chrome/145.0.0.0 Safari/537.36 (compatible; meta-externalagent/1.1 (+https://developers.facebook.com/docs/sharing/webmasters/crawler))"
65.181.116.207 - - [16/Jul/2026:15:07:00 +0000] "POST /wp-cron.php?doing_wp_cron=1784214420.7935109138488769531250 HTTP/1.1" 200 0 "-" "WordPress/7.0.1; https://www.mecoraso.com"
57.141.0.40 - - [16/Jul/2026:15:06:58 +0000] "GET /?p=3262 HTTP/2" 301 0 "-" "Mozilla/5.0 (Windows NT 10.0; Win64; x64) AppleWebKit/537.36 (KHTML, like Gecko) Chrome/145.0.0.0 Safari/537.36 (compatible; meta-externalagent/1.1 (+https://developers.facebook.com/docs/sharing/webmasters/crawler))"
57.141.0.47 - - [16/Jul/2026:15:06:59 +0000] "GET /?p=7582 HTTP/2" 301 0 "-" "Mozilla/5.0 (Macintosh; Intel Mac OS X 10_15_7) AppleWebKit/537.36 (KHTML, like Gecko) Chrome/145.0.0.0 Safari/537.36 (compatible; meta-externalagent/1.1 (+https://developers.facebook.com/docs/sharing/webmasters/crawler))"
57.141.0.44 - - [16/Jul/2026:15:07:14 +0000] "GET /?p=1115 HTTP/2" 301 0 "-" "Mozilla/5.0 (Macintosh; Intel Mac OS X 10_15_7) AppleWebKit/537.36 (KHTML, like Gecko) Chrome/145.0.0.0 Safari/537.36 (compatible; meta-externalagent/1.1 (+https://developers.facebook.com/docs/sharing/webmasters/crawler))"
57.141.0.34 - - [16/Jul/2026:15:07:29 +0000] "GET /?p=8332 HTTP/2" 301 0 "-" "Mozilla/5.0 (Macintosh; Intel Mac OS X 10_15_7) AppleWebKit/537.36 (KHTML, like Gecko) Chrome/145.0.0.0 Safari/537.36 (compatible; meta-externalagent/1.1 (+https://developers.facebook.com/docs/sharing/webmasters/crawler))"
65.181.116.207 - - [16/Jul/2026:15:07:56 +0000] "POST /wp-cron.php?doing_wp_cron=1784214476.6754679679870605468750 HTTP/1.1" 200 0 "-" "WordPress/7.0.1; https://www.mecoraso.com"
57.141.0.7 - - [16/Jul/2026:15:07:54 +0000] "GET /?p=8075 HTTP/2" 301 0 "-" "Mozilla/5.0 (Macintosh; Intel Mac OS X 10_15_7) AppleWebKit/537.36 (KHTML, like Gecko) Chrome/145.0.0.0 Safari/537.36 (compatible; meta-externalagent/1.1 (+https://developers.facebook.com/docs/sharing/webmasters/crawler))"
65.181.116.207 - - [16/Jul/2026:15:10:07 +0000] "POST /wp-cron.php?doing_wp_cron=1784214607.1610379219055175781250 HTTP/1.1" 200 0 "-" "WordPress/7.0.1; https://www.mecoraso.com"
57.141.0.36 - - [16/Jul/2026:15:10:01 +0000] "GET /?p=4173 HTTP/2" 301 0 "-" "Mozilla/5.0 (Windows NT 10.0; Win64; x64) AppleWebKit/537.36 (KHTML, like Gecko) Chrome/145.0.0.0 Safari/537.36 (compatible; meta-externalagent/1.1 (+https://developers.facebook.com/docs/sharing/webmasters/crawler))"
57.141.0.54 - - [16/Jul/2026:15:10:07 +0000] "GET /?p=3081 HTTP/2" 301 0 "-" "Mozilla/5.0 (Windows NT 10.0; Win64; x64) AppleWebKit/537.36 (KHTML, like Gecko) Chrome/145.0.0.0 Safari/537.36 (compatible; meta-externalagent/1.1 (+https://developers.facebook.com/docs/sharing/webmasters/crawler))"
57.141.0.37 - - [16/Jul/2026:15:10:21 +0000] "GET /?p=3540 HTTP/2" 301 0 "-" "Mozilla/5.0 (Windows NT 10.0; Win64; x64) AppleWebKit/537.36 (KHTML, like Gecko) Chrome/145.0.0.0 Safari/537.36 (compatible; meta-externalagent/1.1 (+https://developers.facebook.com/docs/sharing/webmasters/crawler))"
57.141.0.13 - - [16/Jul/2026:15:10:26 +0000] "GET /?p=9376 HTTP/2" 301 0 "-" "Mozilla/5.0 (Macintosh; Intel Mac OS X 10_15_7) AppleWebKit/537.36 (KHTML, like Gecko) Chrome/145.0.0.0 Safari/537.36 (compatible; meta-externalagent/1.1 (+https://developers.facebook.com/docs/sharing/webmasters/crawler))"
57.141.0.7 - - [16/Jul/2026:15:10:29 +0000] "GET /?p=6473 HTTP/2" 301 0 "-" "Mozilla/5.0 (Windows NT 10.0; Win64; x64) AppleWebKit/537.36 (KHTML, like Gecko) Chrome/145.0.0.0 Safari/537.36 (compatible; meta-externalagent/1.1 (+https://developers.facebook.com/docs/sharing/webmasters/crawler))"
57.141.0.10 - - [16/Jul/2026:15:10:41 +0000] "GET /?p=6941 HTTP/2" 301 0 "-" "Mozilla/5.0 (Macintosh; Intel Mac OS X 10_15_7) AppleWebKit/537.36 (KHTML, like Gecko) Chrome/145.0.0.0 Safari/537.36 (compatible; meta-externalagent/1.1 (+https://developers.facebook.com/docs/sharing/webmasters/crawler))"
65.181.116.207 - - [16/Jul/2026:15:10:59 +0000] "POST /wp-cron.php?doing_wp_cron=1784214659.4069700241088867187500 HTTP/1.1" 200 0 "-" "WordPress/7.0.1; https://www.mecoraso.com"
57.141.0.71 - - [16/Jul/2026:15:10:56 +0000] "GET /?p=3378 HTTP/2" 301 0 "-" "Mozilla/5.0 (Macintosh; Intel Mac OS X 10_15_7) AppleWebKit/537.36 (KHTML, like Gecko) Chrome/145.0.0.0 Safari/537.36 (compatible; meta-externalagent/1.1 (+https://developers.facebook.com/docs/sharing/webmasters/crawler))"
57.141.0.31 - - [16/Jul/2026:15:10:57 +0000] "GET /?p=8809 HTTP/2" 301 0 "-" "Mozilla/5.0 (X11; Linux x86_64) AppleWebKit/537.36 (KHTML, like Gecko) Chrome/145.0.0.0 Safari/537.36 (compatible; meta-externalagent/1.1 (+https://developers.facebook.com/docs/sharing/webmasters/crawler))"
65.181.116.207 - - [16/Jul/2026:15:11:02 +0000] "POST /wp-cron.php?doing_wp_cron=1784214661.9856789112091064453125 HTTP/1.1" 200 0 "-" "WordPress/7.0.1; https://www.mecoraso.com"
57.141.0.62 - - [16/Jul/2026:15:10:58 +0000] "GET /?p=4350 HTTP/2" 301 0 "-" "Mozilla/5.0 (Windows NT 10.0; Win64; x64) AppleWebKit/537.36 (KHTML, like Gecko) Chrome/145.0.0.0 Safari/537.36 (compatible; meta-externalagent/1.1 (+https://developers.facebook.com/docs/sharing/webmasters/crawler))"
57.141.0.10 - - [16/Jul/2026:15:11:13 +0000] "GET /?p=1524 HTTP/2" 301 0 "-" "Mozilla/5.0 (Windows NT 10.0; Win64; x64) AppleWebKit/537.36 (KHTML, like Gecko) Chrome/145.0.0.0 Safari/537.36 (compatible; meta-externalagent/1.1 (+https://developers.facebook.com/docs/sharing/webmasters/crawler))"
57.141.0.38 - - [16/Jul/2026:15:11:31 +0000] "GET /?p=7120 HTTP/2" 301 0 "-" "Mozilla/5.0 (Macintosh; Intel Mac OS X 10_15_7) AppleWebKit/537.36 (KHTML, like Gecko) Chrome/145.0.0.0 Safari/537.36 (compatible; meta-externalagent/1.1 (+https://developers.facebook.com/docs/sharing/webmasters/crawler))"
57.141.0.61 - - [16/Jul/2026:15:11:49 +0000] "GET /?p=3900 HTTP/2" 301 0 "-" "Mozilla/5.0 (Windows NT 10.0; Win64; x64) AppleWebKit/537.36 (KHTML, like Gecko) Chrome/145.0.0.0 Safari/537.36 (compatible; meta-externalagent/1.1 (+https://developers.facebook.com/docs/sharing/webmasters/crawler))"
57.141.0.67 - - [16/Jul/2026:15:12:34 +0000] "GET /?p=8656 HTTP/2" 301 0 "-" "Mozilla/5.0 (Windows NT 10.0; Win64; x64) AppleWebKit/537.36 (KHTML, like Gecko) Chrome/145.0.0.0 Safari/537.36 (compatible; meta-externalagent/1.1 (+https://developers.facebook.com/docs/sharing/webmasters/crawler))"
57.141.0.27 - - [16/Jul/2026:15:12:39 +0000] "GET /?p=1282 HTTP/2" 301 0 "-" "Mozilla/5.0 (Macintosh; Intel Mac OS X 10_15_7) AppleWebKit/537.36 (KHTML, like Gecko) Chrome/145.0.0.0 Safari/537.36 (compatible; meta-externalagent/1.1 (+https://developers.facebook.com/docs/sharing/webmasters/crawler))"
57.141.0.29 - - [16/Jul/2026:15:12:52 +0000] "GET /?p=3273 HTTP/2" 301 0 "-" "Mozilla/5.0 (Macintosh; Intel Mac OS X 10_15_7) AppleWebKit/537.36 (KHTML, like Gecko) Chrome/145.0.0.0 Safari/537.36 (compatible; meta-externalagent/1.1 (+https://developers.facebook.com/docs/sharing/webmasters/crawler))"
57.141.0.45 - - [16/Jul/2026:15:12:54 +0000] "GET /?p=6553 HTTP/2" 301 0 "-" "Mozilla/5.0 (Windows NT 10.0; Win64; x64) AppleWebKit/537.36 (KHTML, like Gecko) Chrome/145.0.0.0 Safari/537.36 (compatible; meta-externalagent/1.1 (+https://developers.facebook.com/docs/sharing/webmasters/crawler))"
57.141.0.42 - - [16/Jul/2026:15:13:26 +0000] "GET /?p=2934 HTTP/2" 301 0 "-" "Mozilla/5.0 (Windows NT 10.0; Win64; x64) AppleWebKit/537.36 (KHTML, like Gecko) Chrome/145.0.0.0 Safari/537.36 (compatible; meta-externalagent/1.1 (+https://developers.facebook.com/docs/sharing/webmasters/crawler))"
57.141.0.11 - - [16/Jul/2026:15:13:45 +0000] "GET /?p=271 HTTP/2" 301 0 "-" "Mozilla/5.0 (Macintosh; Intel Mac OS X 10_15_7) AppleWebKit/537.36 (KHTML, like Gecko) Chrome/145.0.0.0 Safari/537.36 (compatible; meta-externalagent/1.1 (+https://developers.facebook.com/docs/sharing/webmasters/crawler))"
57.141.0.14 - - [16/Jul/2026:15:13:58 +0000] "GET /?p=3626 HTTP/2" 301 0 "-" "Mozilla/5.0 (Windows NT 10.0; Win64; x64) AppleWebKit/537.36 (KHTML, like Gecko) Chrome/145.0.0.0 Safari/537.36 (compatible; meta-externalagent/1.1 (+https://developers.facebook.com/docs/sharing/webmasters/crawler))"
17.246.19.134 - - [16/Jul/2026:15:14:08 +0000] "GET /2025/08/22/playboom-casino-review-and-free-chips-bonus/ HTTP/2" 200 16942 "-" "Mozilla/5.0 (Macintosh; Intel Mac OS X 10_15_7) AppleWebKit/605.1.15 (KHTML, like Gecko) Version/17.4 Safari/605.1.15 (Applebot/0.1; +http://www.apple.com/go/applebot)"
57.141.0.29 - - [16/Jul/2026:15:14:12 +0000] "GET /?p=5452 HTTP/2" 301 0 "-" "Mozilla/5.0 (Macintosh; Intel Mac OS X 10_15_7) AppleWebKit/537.36 (KHTML, like Gecko) Chrome/145.0.0.0 Safari/537.36 (compatible; meta-externalagent/1.1 (+https://developers.facebook.com/docs/sharing/webmasters/crawler))"
57.141.0.68 - - [16/Jul/2026:15:14:57 +0000] "GET /?p=7631 HTTP/2" 301 0 "-" "Mozilla/5.0 (Windows NT 10.0; Win64; x64) AppleWebKit/537.36 (KHTML, like Gecko) Chrome/145.0.0.0 Safari/537.36 (compatible; meta-externalagent/1.1 (+https://developers.facebook.com/docs/sharing/webmasters/crawler))"
57.141.0.18 - - [16/Jul/2026:15:15:00 +0000] "GET /?p=8402 HTTP/2" 301 0 "-" "Mozilla/5.0 (Windows NT 10.0; Win64; x64) AppleWebKit/537.36 (KHTML, like Gecko) Chrome/145.0.0.0 Safari/537.36 (compatible; meta-externalagent/1.1 (+https://developers.facebook.com/docs/sharing/webmasters/crawler))"
170.106.167.214 - - [16/Jul/2026:15:15:04 +0000] "GET /2026/06/26/hur-beter-skyddar-jlph-casino-deltagare-information-och-fonder-speedy-online-casino-%c2%b7-sweden-register-free/ HTTP/1.1" 200 25362 "-" "Mozilla/5.0 (iPhone; CPU iPhone OS 13_2_3 like Mac OS X) AppleWebKit/605.1.15 (KHTML, like Gecko) Version/13.0.3 Mobile/15E148 Safari/604.1"
57.141.0.47 - - [16/Jul/2026:15:15:59 +0000] "GET /?p=1144 HTTP/2" 301 0 "-" "Mozilla/5.0 (Windows NT 10.0; Win64; x64) AppleWebKit/537.36 (KHTML, like Gecko) Chrome/145.0.0.0 Safari/537.36 (compatible; meta-externalagent/1.1 (+https://developers.facebook.com/docs/sharing/webmasters/crawler))"
57.141.0.1 - - [16/Jul/2026:15:16:03 +0000] "GET /?p=491 HTTP/2" 301 0 "-" "Mozilla/5.0 (Macintosh; Intel Mac OS X 10_15_7) AppleWebKit/537.36 (KHTML, like Gecko) Chrome/145.0.0.0 Safari/537.36 (compatible; meta-externalagent/1.1 (+https://developers.facebook.com/docs/sharing/webmasters/crawler))"
57.141.0.5 - - [16/Jul/2026:15:16:14 +0000] "GET /?p=4915 HTTP/2" 301 0 "-" "Mozilla/5.0 (Windows NT 10.0; Win64; x64) AppleWebKit/537.36 (KHTML, like Gecko) Chrome/145.0.0.0 Safari/537.36 (compatible; meta-externalagent/1.1 (+https://developers.facebook.com/docs/sharing/webmasters/crawler))"
57.141.0.52 - - [16/Jul/2026:15:16:50 +0000] "GET /?p=6800 HTTP/2" 301 0 "-" "Mozilla/5.0 (Windows NT 10.0; Win64; x64) AppleWebKit/537.36 (KHTML, like Gecko) Chrome/145.0.0.0 Safari/537.36 (compatible; meta-externalagent/1.1 (+https://developers.facebook.com/docs/sharing/webmasters/crawler))"
57.141.0.49 - - [16/Jul/2026:15:17:19 +0000] "GET /?p=2845 HTTP/2" 301 0 "-" "Mozilla/5.0 (Macintosh; Intel Mac OS X 10_15_7) AppleWebKit/537.36 (KHTML, like Gecko) Chrome/145.0.0.0 Safari/537.36 (compatible; meta-externalagent/1.1 (+https://developers.facebook.com/docs/sharing/webmasters/crawler))"
57.141.0.22 - - [16/Jul/2026:15:17:34 +0000] "GET /?p=7055 HTTP/2" 301 0 "-" "Mozilla/5.0 (X11; Linux x86_64) AppleWebKit/537.36 (KHTML, like Gecko) Chrome/145.0.0.0 Safari/537.36 (compatible; meta-externalagent/1.1 (+https://developers.facebook.com/docs/sharing/webmasters/crawler))"
57.141.0.10 - - [16/Jul/2026:15:17:38 +0000] "GET /?p=2834 HTTP/2" 301 0 "-" "Mozilla/5.0 (Windows NT 10.0; Win64; x64) AppleWebKit/537.36 (KHTML, like Gecko) Chrome/145.0.0.0 Safari/537.36 (compatible; meta-externalagent/1.1 (+https://developers.facebook.com/docs/sharing/webmasters/crawler))"
57.141.0.69 - - [16/Jul/2026:15:17:45 +0000] "GET /?p=7423 HTTP/2" 301 0 "-" "Mozilla/5.0 (Windows NT 10.0; Win64; x64) AppleWebKit/537.36 (KHTML, like Gecko) Chrome/145.0.0.0 Safari/537.36 (compatible; meta-externalagent/1.1 (+https://developers.facebook.com/docs/sharing/webmasters/crawler))"
57.141.0.19 - - [16/Jul/2026:15:18:43 +0000] "GET /?p=9000 HTTP/2" 301 0 "-" "Mozilla/5.0 (Windows NT 10.0; Win64; x64) AppleWebKit/537.36 (KHTML, like Gecko) Chrome/145.0.0.0 Safari/537.36 (compatible; meta-externalagent/1.1 (+https://developers.facebook.com/docs/sharing/webmasters/crawler))"
57.141.0.11 - - [16/Jul/2026:15:19:03 +0000] "GET /?p=4347 HTTP/2" 301 0 "-" "Mozilla/5.0 (X11; Linux x86_64) AppleWebKit/537.36 (KHTML, like Gecko) Chrome/145.0.0.0 Safari/537.36 (compatible; meta-externalagent/1.1 (+https://developers.facebook.com/docs/sharing/webmasters/crawler))"
57.141.0.13 - - [16/Jul/2026:15:19:18 +0000] "GET /?p=5601 HTTP/2" 301 0 "-" "Mozilla/5.0 (Macintosh; Intel Mac OS X 10_15_7) AppleWebKit/537.36 (KHTML, like Gecko) Chrome/145.0.0.0 Safari/537.36 (compatible; meta-externalagent/1.1 (+https://developers.facebook.com/docs/sharing/webmasters/crawler))"
