20.48.236.161 - - [16/Jul/2026:17:35:04 +0000] "GET /yj09.php HTTP/1.1" 404 5749 "-" "-"
20.48.236.161 - - [16/Jul/2026:17:35:04 +0000] "GET /f900.php HTTP/1.1" 404 5749 "-" "-"
20.48.236.161 - - [16/Jul/2026:17:35:04 +0000] "GET /ups.php HTTP/1.1" 404 5749 "-" "-"
20.48.236.161 - - [16/Jul/2026:17:35:04 +0000] "GET /k.php HTTP/1.1" 404 5749 "-" "-"
20.48.236.161 - - [16/Jul/2026:17:35:04 +0000] "GET /k2.php HTTP/1.1" 404 5749 "-" "-"
20.48.236.161 - - [16/Jul/2026:17:35:04 +0000] "GET /w.php HTTP/1.1" 404 5749 "-" "-"
20.48.236.161 - - [16/Jul/2026:17:35:05 +0000] "GET /fpwch.php HTTP/1.1" 404 5749 "-" "-"
20.48.236.161 - - [16/Jul/2026:17:35:05 +0000] "GET /w2025.php HTTP/1.1" 404 5749 "-" "-"
20.48.236.161 - - [16/Jul/2026:17:35:05 +0000] "GET /scxy.php HTTP/1.1" 404 5749 "-" "-"
20.48.236.161 - - [16/Jul/2026:17:35:05 +0000] "GET /FWAZ.php HTTP/1.1" 404 5749 "-" "-"
20.48.236.161 - - [16/Jul/2026:17:35:05 +0000] "GET /qterm.php?p= HTTP/1.1" 404 5749 "-" "-"
20.48.236.161 - - [16/Jul/2026:17:35:05 +0000] "GET /blurbs.php HTTP/1.1" 404 5749 "-" "-"
20.48.236.161 - - [16/Jul/2026:17:35:05 +0000] "GET /v543.php HTTP/1.1" 404 5749 "-" "-"
20.48.236.161 - - [16/Jul/2026:17:35:05 +0000] "GET /w3lls.php HTTP/1.1" 404 5749 "-" "-"
20.48.236.161 - - [16/Jul/2026:17:35:05 +0000] "GET /wp-ws68.php?p= HTTP/1.1" 404 5749 "-" "-"
20.48.236.161 - - [16/Jul/2026:17:35:05 +0000] "GET /xyn.php HTTP/1.1" 404 5749 "-" "-"
20.48.236.161 - - [16/Jul/2026:17:35:06 +0000] "GET /green3.php?p= HTTP/1.1" 404 5749 "-" "-"
20.48.236.161 - - [16/Jul/2026:17:35:06 +0000] "GET /ccc.php?p= HTTP/1.1" 404 5749 "-" "-"
20.48.236.161 - - [16/Jul/2026:17:35:06 +0000] "GET /get.php HTTP/1.1" 404 5749 "-" "-"
20.48.236.161 - - [16/Jul/2026:17:35:06 +0000] "GET /images.php HTTP/1.1" 404 5749 "-" "-"
20.48.236.161 - - [16/Jul/2026:17:35:06 +0000] "GET /alls.php HTTP/1.1" 404 5749 "-" "-"
20.48.236.161 - - [16/Jul/2026:17:35:06 +0000] "GET /coffexium.php HTTP/1.1" 404 5749 "-" "-"
65.181.116.207 - - [16/Jul/2026:17:35:06 +0000] "POST /wp-cron.php?doing_wp_cron=1784223306.6318380832672119140625 HTTP/1.1" 200 0 "-" "WordPress/7.0.1; https://www.mecoraso.com"
57.141.0.50 - - [16/Jul/2026:17:35:00 +0000] "GET /?p=560 HTTP/2" 301 0 "-" "Mozilla/5.0 (Windows NT 10.0; Win64; x64) AppleWebKit/537.36 (KHTML, like Gecko) Chrome/145.0.0.0 Safari/537.36 (compatible; meta-externalagent/1.1 (+https://developers.facebook.com/docs/sharing/webmasters/crawler))"
20.48.236.161 - - [16/Jul/2026:17:35:06 +0000] "GET /red.php HTTP/1.1" 404 5749 "-" "-"
20.48.236.161 - - [16/Jul/2026:17:35:06 +0000] "GET /wp-includes/sodium_compat/ HTTP/1.1" 404 5749 "-" "-"
20.48.236.161 - - [16/Jul/2026:17:35:06 +0000] "GET /wp-admin/css/colors/coffee/wp-adochan.php HTTP/1.1" 404 5749 "-" "-"
20.48.236.161 - - [16/Jul/2026:17:35:06 +0000] "GET /wp-includes/Text/ HTTP/1.1" 404 5749 "-" "-"
20.48.236.161 - - [16/Jul/2026:17:35:07 +0000] "GET /footer.php HTTP/1.1" 404 5749 "-" "-"
20.48.236.161 - - [16/Jul/2026:17:35:07 +0000] "GET /wp-content/uploads/ HTTP/1.1" 404 5749 "-" "-"
20.48.236.161 - - [16/Jul/2026:17:35:07 +0000] "GET /wp-content/index.php HTTP/1.1" 404 5749 "-" "-"
20.48.236.161 - - [16/Jul/2026:17:35:07 +0000] "GET /zoro.php HTTP/1.1" 404 5749 "-" "-"
20.48.236.161 - - [16/Jul/2026:17:35:07 +0000] "GET /admin.php HTTP/1.1" 404 5749 "-" "-"
20.48.236.161 - - [16/Jul/2026:17:35:07 +0000] "GET /177.php HTTP/1.1" 404 5749 "-" "-"
20.48.236.161 - - [16/Jul/2026:17:35:07 +0000] "GET /199.php HTTP/1.1" 404 5749 "-" "-"
20.48.236.161 - - [16/Jul/2026:17:35:07 +0000] "GET /file52.php HTTP/1.1" 404 5749 "-" "-"
20.48.236.161 - - [16/Jul/2026:17:35:07 +0000] "GET /geck.php HTTP/1.1" 404 5749 "-" "-"
20.48.236.161 - - [16/Jul/2026:17:35:07 +0000] "GET /biufile.php HTTP/1.1" 404 5749 "-" "-"
20.48.236.161 - - [16/Jul/2026:17:35:08 +0000] "GET /mosty.php HTTP/1.1" 404 5749 "-" "-"
20.48.236.161 - - [16/Jul/2026:17:35:08 +0000] "GET /dejavu.php HTTP/1.1" 404 5749 "-" "-"
20.48.236.161 - - [16/Jul/2026:17:35:08 +0000] "GET /aaf.php HTTP/1.1" 404 5749 "-" "-"
20.48.236.161 - - [16/Jul/2026:17:35:08 +0000] "GET /term.php HTTP/1.1" 404 5749 "-" "-"
20.48.236.161 - - [16/Jul/2026:17:35:08 +0000] "GET /ha.php HTTP/1.1" 404 5749 "-" "-"
20.48.236.161 - - [16/Jul/2026:17:35:08 +0000] "GET /hur.php HTTP/1.1" 404 5749 "-" "-"
20.48.236.161 - - [16/Jul/2026:17:35:08 +0000] "GET /h02ugyh.php HTTP/1.1" 404 5749 "-" "-"
20.48.236.161 - - [16/Jul/2026:17:35:08 +0000] "GET /155.php HTTP/1.1" 404 5749 "-" "-"
20.48.236.161 - - [16/Jul/2026:17:35:08 +0000] "GET /pp.php HTTP/1.1" 404 5749 "-" "-"
20.48.236.161 - - [16/Jul/2026:17:35:08 +0000] "GET /201.php HTTP/1.1" 404 5749 "-" "-"
20.48.236.161 - - [16/Jul/2026:17:35:09 +0000] "GET /ops.php HTTP/1.1" 404 5749 "-" "-"
20.48.236.161 - - [16/Jul/2026:17:35:09 +0000] "GET /ingfo.php HTTP/1.1" 404 5749 "-" "-"
20.48.236.161 - - [16/Jul/2026:17:35:09 +0000] "GET /error_log.php HTTP/1.1" 404 5749 "-" "-"
20.48.236.161 - - [16/Jul/2026:17:35:09 +0000] "GET /test10.php HTTP/1.1" 404 5749 "-" "-"
20.48.236.161 - - [16/Jul/2026:17:35:09 +0000] "GET /koala.php HTTP/1.1" 404 5749 "-" "-"
20.48.236.161 - - [16/Jul/2026:17:35:09 +0000] "GET /mac.php HTTP/1.1" 404 5749 "-" "-"
20.48.236.161 - - [16/Jul/2026:17:35:09 +0000] "GET /wefile.php HTTP/1.1" 404 5749 "-" "-"
20.48.236.161 - - [16/Jul/2026:17:35:09 +0000] "GET /wp-includes/blocks/post-comments-form/ HTTP/1.1" 404 5749 "-" "-"
20.48.236.161 - - [16/Jul/2026:17:35:09 +0000] "GET /wp-admin/js/ HTTP/1.1" 404 5749 "-" "-"
20.48.236.161 - - [16/Jul/2026:17:35:09 +0000] "GET /makeasmtp.php?p= HTTP/1.1" 404 5749 "-" "-"
20.48.236.161 - - [16/Jul/2026:17:35:10 +0000] "GET /2P.php HTTP/1.1" 404 5749 "-" "-"
20.48.236.161 - - [16/Jul/2026:17:35:10 +0000] "GET /.well-known/about.php HTTP/1.1" 404 5749 "-" "-"
20.48.236.161 - - [16/Jul/2026:17:35:10 +0000] "GET /wp-includes/ID3/about.php HTTP/1.1" 404 5749 "-" "-"
20.48.236.161 - - [16/Jul/2026:17:35:10 +0000] "GET /system_log.php HTTP/1.1" 404 5749 "-" "-"
20.48.236.161 - - [16/Jul/2026:17:35:10 +0000] "GET /wp-admin/css/ HTTP/1.1" 404 5749 "-" "-"
20.48.236.161 - - [16/Jul/2026:17:35:10 +0000] "GET /wp-admin/css/colors/modern/ HTTP/1.1" 404 5749 "-" "-"
20.48.236.161 - - [16/Jul/2026:17:35:10 +0000] "GET /crgio.php HTTP/1.1" 404 5749 "-" "-"
20.48.236.161 - - [16/Jul/2026:17:35:10 +0000] "GET /pucci.php HTTP/1.1" 404 5749 "-" "-"
20.48.236.161 - - [16/Jul/2026:17:35:10 +0000] "GET /wp-includes/blocks/details/ HTTP/1.1" 404 5749 "-" "-"
20.48.236.161 - - [16/Jul/2026:17:35:10 +0000] "GET /wp-includes/blocks/audio/ HTTP/1.1" 404 5749 "-" "-"
20.48.236.161 - - [16/Jul/2026:17:35:11 +0000] "GET /wp-temp.php HTTP/1.1" 404 5749 "-" "-"
20.48.236.161 - - [16/Jul/2026:17:35:11 +0000] "GET /wp-includes/blocks/buttons/ HTTP/1.1" 404 5749 "-" "-"
20.48.236.161 - - [16/Jul/2026:17:35:11 +0000] "GET /wp-admin/js/index.php HTTP/1.1" 404 5749 "-" "-"
20.48.236.161 - - [16/Jul/2026:17:35:11 +0000] "GET /puc.php HTTP/1.1" 404 5749 "-" "-"
20.48.236.161 - - [16/Jul/2026:17:35:11 +0000] "GET /dx.php HTTP/1.1" 404 5749 "-" "-"
20.48.236.161 - - [16/Jul/2026:17:35:11 +0000] "GET /wp-includes/Requests/ HTTP/1.1" 404 5749 "-" "-"
20.48.236.161 - - [16/Jul/2026:17:35:11 +0000] "GET /bthil.php HTTP/1.1" 404 5749 "-" "-"
20.48.236.161 - - [16/Jul/2026:17:35:11 +0000] "GET /7.php HTTP/1.1" 404 5749 "-" "-"
20.48.236.161 - - [16/Jul/2026:17:35:11 +0000] "GET /8.php HTTP/1.1" 404 5749 "-" "-"
20.48.236.161 - - [16/Jul/2026:17:35:11 +0000] "GET /1.php HTTP/1.1" 404 5749 "-" "-"
20.48.236.161 - - [16/Jul/2026:17:35:12 +0000] "GET /100.php HTTP/1.1" 404 5749 "-" "-"
20.48.236.161 - - [16/Jul/2026:17:35:12 +0000] "GET /about.php HTTP/1.1" 404 5749 "-" "-"
20.48.236.161 - - [16/Jul/2026:17:35:12 +0000] "GET /admin.php HTTP/1.1" 404 5749 "-" "-"
20.48.236.161 - - [16/Jul/2026:17:35:12 +0000] "GET /edit.php HTTP/1.1" 404 5749 "-" "-"
20.48.236.161 - - [16/Jul/2026:17:35:12 +0000] "GET /wp-content/admin.php HTTP/1.1" 404 5749 "-" "-"
20.48.236.161 - - [16/Jul/2026:17:35:12 +0000] "GET /ss.php HTTP/1.1" 404 5749 "-" "-"
20.48.236.161 - - [16/Jul/2026:17:35:12 +0000] "GET /inputs.php HTTP/1.1" 404 5749 "-" "-"
20.48.236.161 - - [16/Jul/2026:17:35:12 +0000] "GET /av.php HTTP/1.1" 404 5749 "-" "-"
20.48.236.161 - - [16/Jul/2026:17:35:12 +0000] "GET /classwithtostring.php?p= HTTP/1.1" 404 5749 "-" "-"
20.48.236.161 - - [16/Jul/2026:17:35:12 +0000] "GET /wp-content/themes/index.php HTTP/1.1" 404 5749 "-" "-"
20.48.236.161 - - [16/Jul/2026:17:35:12 +0000] "GET /wp-blog.php HTTP/1.1" 404 5749 "-" "-"
20.48.236.161 - - [16/Jul/2026:17:35:13 +0000] "GET /wp-includes/js/jquery/ HTTP/1.1" 404 5749 "-" "-"
20.48.236.161 - - [16/Jul/2026:17:35:13 +0000] "GET /wp-content/admin.php HTTP/1.1" 404 5749 "-" "-"
20.48.236.161 - - [16/Jul/2026:17:35:13 +0000] "GET /adminfuns.php HTTP/1.1" 404 5749 "-" "-"
20.48.236.161 - - [16/Jul/2026:17:35:13 +0000] "GET /goods.php HTTP/1.1" 404 5749 "-" "-"
20.48.236.161 - - [16/Jul/2026:17:35:13 +0000] "GET /ms-edit.php HTTP/1.1" 404 5749 "-" "-"
20.48.236.161 - - [16/Jul/2026:17:35:13 +0000] "GET /222.php HTTP/1.1" 404 5749 "-" "-"
20.48.236.161 - - [16/Jul/2026:17:35:13 +0000] "GET /cgi-bin/index.php HTTP/1.1" 404 5749 "-" "-"
20.48.236.161 - - [16/Jul/2026:17:35:13 +0000] "GET /wp-includes/css/dist/ HTTP/1.1" 404 5749 "-" "-"
20.48.236.161 - - [16/Jul/2026:17:35:13 +0000] "GET /BDKR28WP.php HTTP/1.1" 404 5749 "-" "-"
20.48.236.161 - - [16/Jul/2026:17:35:14 +0000] "GET /wp-includes/l10n/ HTTP/1.1" 404 5749 "-" "-"
20.48.236.161 - - [16/Jul/2026:17:35:14 +0000] "GET /wp-content/uploads/ HTTP/1.1" 404 5749 "-" "-"
20.48.236.161 - - [16/Jul/2026:17:35:14 +0000] "GET /wp.php HTTP/1.1" 404 5749 "-" "-"
20.48.236.161 - - [16/Jul/2026:17:35:14 +0000] "GET /abcd.php HTTP/1.1" 404 5749 "-" "-"
20.48.236.161 - - [16/Jul/2026:17:35:14 +0000] "GET /a1.php HTTP/1.1" 404 5749 "-" "-"
20.48.236.161 - - [16/Jul/2026:17:35:14 +0000] "GET /wp-includes/Text/Diff/Engine/about.php HTTP/1.1" 404 5749 "-" "-"
20.48.236.161 - - [16/Jul/2026:17:35:14 +0000] "GET /cgi-bin/admin.php HTTP/1.1" 404 5749 "-" "-"
20.48.236.161 - - [16/Jul/2026:17:35:14 +0000] "GET /gettest.php HTTP/1.1" 404 5749 "-" "-"
20.48.236.161 - - [16/Jul/2026:17:35:14 +0000] "GET /wp-content/ HTTP/1.1" 404 5749 "-" "-"
20.48.236.161 - - [16/Jul/2026:17:35:14 +0000] "GET /simple.php HTTP/1.1" 404 5749 "-" "-"
20.48.236.161 - - [16/Jul/2026:17:35:15 +0000] "GET /xxx.php HTTP/1.1" 404 5749 "-" "-"
20.48.236.161 - - [16/Jul/2026:17:35:15 +0000] "GET /hypo.php HTTP/1.1" 404 5749 "-" "-"
20.48.236.161 - - [16/Jul/2026:17:35:15 +0000] "GET /wp-admin/css/colors/blue/ HTTP/1.1" 404 5749 "-" "-"
20.48.236.161 - - [16/Jul/2026:17:35:15 +0000] "GET /chosen.php HTTP/1.1" 404 5749 "-" "-"
20.48.236.161 - - [16/Jul/2026:17:35:15 +0000] "GET /wp-includes/block-bindings/ HTTP/1.1" 404 5749 "-" "-"
20.48.236.161 - - [16/Jul/2026:17:35:15 +0000] "GET /als.php HTTP/1.1" 404 5749 "-" "-"
20.48.236.161 - - [16/Jul/2026:17:35:15 +0000] "GET /pol.php HTTP/1.1" 404 5749 "-" "-"
20.48.236.161 - - [16/Jul/2026:17:35:15 +0000] "GET /file5.php HTTP/1.1" 404 5749 "-" "-"
20.48.236.161 - - [16/Jul/2026:17:35:15 +0000] "GET /file.php HTTP/1.1" 404 5749 "-" "-"
20.48.236.161 - - [16/Jul/2026:17:35:15 +0000] "GET /cfile.php HTTP/1.1" 404 5749 "-" "-"
20.48.236.161 - - [16/Jul/2026:17:35:16 +0000] "GET /admin.php HTTP/1.1" 404 5749 "-" "-"
20.48.236.161 - - [16/Jul/2026:17:35:16 +0000] "GET /aa2.php HTTP/1.1" 404 5749 "-" "-"
20.48.236.161 - - [16/Jul/2026:17:35:16 +0000] "GET /ccou.php HTTP/1.1" 404 5749 "-" "-"
20.48.236.161 - - [16/Jul/2026:17:35:16 +0000] "GET /dr.php HTTP/1.1" 404 5749 "-" "-"
20.48.236.161 - - [16/Jul/2026:17:35:16 +0000] "GET /xamp.php HTTP/1.1" 404 5749 "-" "-"
20.48.236.161 - - [16/Jul/2026:17:35:16 +0000] "GET /bless.php HTTP/1.1" 404 5749 "-" "-"
20.48.236.161 - - [16/Jul/2026:17:35:16 +0000] "GET /file25.php HTTP/1.1" 404 5749 "-" "-"
20.48.236.161 - - [16/Jul/2026:17:35:16 +0000] "GET /file6.php HTTP/1.1" 404 5749 "-" "-"
20.48.236.161 - - [16/Jul/2026:17:35:16 +0000] "GET /a2.php HTTP/1.1" 404 5749 "-" "-"
20.48.236.161 - - [16/Jul/2026:17:35:17 +0000] "GET /file15.php HTTP/1.1" 404 5749 "-" "-"
20.48.236.161 - - [16/Jul/2026:17:35:17 +0000] "GET /f35.php HTTP/1.1" 404 5749 "-" "-"
20.48.236.161 - - [16/Jul/2026:17:35:17 +0000] "GET /wp-load.php HTTP/1.1" 404 5749 "-" "-"
20.48.236.161 - - [16/Jul/2026:17:35:17 +0000] "GET /xwpg.php HTTP/1.1" 404 5749 "-" "-"
20.48.236.161 - - [16/Jul/2026:17:35:17 +0000] "GET /wp-includes/assets/ HTTP/1.1" 404 5749 "-" "-"
20.48.236.161 - - [16/Jul/2026:17:35:17 +0000] "GET /wp-admin/css/colors/sunrise/ HTTP/1.1" 404 5749 "-" "-"
20.48.236.161 - - [16/Jul/2026:17:35:17 +0000] "GET /xstelth.php HTTP/1.1" 404 5749 "-" "-"
20.48.236.161 - - [16/Jul/2026:17:35:17 +0000] "GET /wp-admin/network/plugins.php HTTP/1.1" 404 5749 "-" "-"
20.48.236.161 - - [16/Jul/2026:17:35:17 +0000] "GET /aaa.php HTTP/1.1" 404 5749 "-" "-"
20.48.236.161 - - [16/Jul/2026:17:35:18 +0000] "GET /gecko.php HTTP/1.1" 404 5749 "-" "-"
20.48.236.161 - - [16/Jul/2026:17:35:18 +0000] "GET /sh3ll.php HTTP/1.1" 404 5749 "-" "-"
20.48.236.161 - - [16/Jul/2026:17:35:18 +0000] "GET /wp-includes/Requests/library/ HTTP/1.1" 404 5749 "-" "-"
20.48.236.161 - - [16/Jul/2026:17:35:18 +0000] "GET /pbck.php HTTP/1.1" 404 5749 "-" "-"
20.48.236.161 - - [16/Jul/2026:17:35:18 +0000] "GET /xiugai.php?p= HTTP/1.1" 404 5749 "-" "-"
20.48.236.161 - - [16/Jul/2026:17:35:18 +0000] "GET /son1.php HTTP/1.1" 404 5749 "-" "-"
20.48.236.161 - - [16/Jul/2026:17:35:18 +0000] "GET /e.php HTTP/1.1" 404 5749 "-" "-"
20.48.236.161 - - [16/Jul/2026:17:35:18 +0000] "GET /hg.php?p= HTTP/1.1" 404 5749 "-" "-"
20.48.236.161 - - [16/Jul/2026:17:35:18 +0000] "GET /ah25.php HTTP/1.1" 404 5749 "-" "-"
20.48.236.161 - - [16/Jul/2026:17:35:18 +0000] "GET /mg2.php HTTP/1.1" 404 5749 "-" "-"
20.48.236.161 - - [16/Jul/2026:17:35:19 +0000] "GET /for.php HTTP/1.1" 404 5749 "-" "-"
57.141.0.7 - - [16/Jul/2026:17:33:04 +0000] "GET /?p=915 HTTP/2" 301 0 "-" "Mozilla/5.0 (Windows NT 10.0; Win64; x64) AppleWebKit/537.36 (KHTML, like Gecko) Chrome/145.0.0.0 Safari/537.36 (compatible; meta-externalagent/1.1 (+https://developers.facebook.com/docs/sharing/webmasters/crawler))"
57.141.0.44 - - [16/Jul/2026:17:33:17 +0000] "GET /?p=7964 HTTP/2" 301 0 "-" "Mozilla/5.0 (X11; Linux x86_64) AppleWebKit/537.36 (KHTML, like Gecko) Chrome/145.0.0.0 Safari/537.36 (compatible; meta-externalagent/1.1 (+https://developers.facebook.com/docs/sharing/webmasters/crawler))"
57.141.0.1 - - [16/Jul/2026:17:33:23 +0000] "GET /?p=8228 HTTP/2" 301 0 "-" "Mozilla/5.0 (Macintosh; Intel Mac OS X 10_15_7) AppleWebKit/537.36 (KHTML, like Gecko) Chrome/145.0.0.0 Safari/537.36 (compatible; meta-externalagent/1.1 (+https://developers.facebook.com/docs/sharing/webmasters/crawler))"
57.141.0.16 - - [16/Jul/2026:17:33:31 +0000] "GET /?p=4962 HTTP/2" 301 0 "-" "Mozilla/5.0 (Macintosh; Intel Mac OS X 10_15_7) AppleWebKit/537.36 (KHTML, like Gecko) Chrome/145.0.0.0 Safari/537.36 (compatible; meta-externalagent/1.1 (+https://developers.facebook.com/docs/sharing/webmasters/crawler))"
57.141.0.18 - - [16/Jul/2026:17:33:33 +0000] "GET /?p=831 HTTP/2" 301 0 "-" "Mozilla/5.0 (Windows NT 10.0; Win64; x64) AppleWebKit/537.36 (KHTML, like Gecko) Chrome/145.0.0.0 Safari/537.36 (compatible; meta-externalagent/1.1 (+https://developers.facebook.com/docs/sharing/webmasters/crawler))"
65.181.116.207 - - [16/Jul/2026:17:39:16 +0000] "POST /wp-cron.php?doing_wp_cron=1784223556.7332730293273925781250 HTTP/1.1" 200 0 "-" "WordPress/7.0.1; https://www.mecoraso.com"
57.141.0.44 - - [16/Jul/2026:17:39:31 +0000] "GET /?p=775 HTTP/2" 301 0 "-" "Mozilla/5.0 (Macintosh; Intel Mac OS X 10_15_7) AppleWebKit/537.36 (KHTML, like Gecko) Chrome/145.0.0.0 Safari/537.36 (compatible; meta-externalagent/1.1 (+https://developers.facebook.com/docs/sharing/webmasters/crawler))"
57.141.0.68 - - [16/Jul/2026:17:39:43 +0000] "GET /?p=3777 HTTP/2" 301 0 "-" "Mozilla/5.0 (Macintosh; Intel Mac OS X 10_15_7) AppleWebKit/537.36 (KHTML, like Gecko) Chrome/145.0.0.0 Safari/537.36 (compatible; meta-externalagent/1.1 (+https://developers.facebook.com/docs/sharing/webmasters/crawler))"
65.181.116.207 - - [16/Jul/2026:17:40:17 +0000] "POST /wp-cron.php?doing_wp_cron=1784223617.7031600475311279296875 HTTP/1.1" 200 0 "-" "WordPress/7.0.1; https://www.mecoraso.com"
57.141.0.13 - - [16/Jul/2026:17:40:14 +0000] "GET /?p=2038 HTTP/2" 301 0 "-" "Mozilla/5.0 (Macintosh; Intel Mac OS X 10_15_7) AppleWebKit/537.36 (KHTML, like Gecko) Chrome/145.0.0.0 Safari/537.36 (compatible; meta-externalagent/1.1 (+https://developers.facebook.com/docs/sharing/webmasters/crawler))"
57.141.0.41 - - [16/Jul/2026:17:40:28 +0000] "GET /?p=6712 HTTP/2" 301 0 "-" "Mozilla/5.0 (Windows NT 10.0; Win64; x64) AppleWebKit/537.36 (KHTML, like Gecko) Chrome/145.0.0.0 Safari/537.36 (compatible; meta-externalagent/1.1 (+https://developers.facebook.com/docs/sharing/webmasters/crawler))"
57.141.0.52 - - [16/Jul/2026:17:40:40 +0000] "GET /?p=7859 HTTP/2" 301 0 "-" "Mozilla/5.0 (Windows NT 10.0; Win64; x64) AppleWebKit/537.36 (KHTML, like Gecko) Chrome/145.0.0.0 Safari/537.36 (compatible; meta-externalagent/1.1 (+https://developers.facebook.com/docs/sharing/webmasters/crawler))"
65.181.116.207 - - [16/Jul/2026:17:41:27 +0000] "POST /wp-cron.php?doing_wp_cron=1784223687.3700580596923828125000 HTTP/1.1" 200 0 "-" "WordPress/7.0.1; https://www.mecoraso.com"
57.141.0.24 - - [16/Jul/2026:17:41:24 +0000] "GET /?p=1822 HTTP/2" 301 0 "-" "Mozilla/5.0 (X11; Linux x86_64) AppleWebKit/537.36 (KHTML, like Gecko) Chrome/145.0.0.0 Safari/537.36 (compatible; meta-externalagent/1.1 (+https://developers.facebook.com/docs/sharing/webmasters/crawler))"
57.141.0.39 - - [16/Jul/2026:17:41:32 +0000] "GET /?p=3547 HTTP/2" 301 0 "-" "Mozilla/5.0 (Windows NT 10.0; Win64; x64) AppleWebKit/537.36 (KHTML, like Gecko) Chrome/145.0.0.0 Safari/537.36 (compatible; meta-externalagent/1.1 (+https://developers.facebook.com/docs/sharing/webmasters/crawler))"
57.141.0.40 - - [16/Jul/2026:17:41:38 +0000] "GET /?p=6409 HTTP/2" 301 0 "-" "Mozilla/5.0 (Windows NT 10.0; Win64; x64) AppleWebKit/537.36 (KHTML, like Gecko) Chrome/145.0.0.0 Safari/537.36 (compatible; meta-externalagent/1.1 (+https://developers.facebook.com/docs/sharing/webmasters/crawler))"
65.181.116.207 - - [16/Jul/2026:17:41:57 +0000] "POST /wp-cron.php?doing_wp_cron=1784223717.3344490528106689453125 HTTP/1.1" 200 0 "-" "WordPress/7.0.1; https://www.mecoraso.com"
57.141.0.61 - - [16/Jul/2026:17:41:55 +0000] "GET /?p=9157 HTTP/2" 301 0 "-" "Mozilla/5.0 (Windows NT 10.0; Win64; x64) AppleWebKit/537.36 (KHTML, like Gecko) Chrome/145.0.0.0 Safari/537.36 (compatible; meta-externalagent/1.1 (+https://developers.facebook.com/docs/sharing/webmasters/crawler))"
57.141.0.68 - - [16/Jul/2026:17:41:59 +0000] "GET /?p=2969 HTTP/2" 301 0 "-" "Mozilla/5.0 (Windows NT 10.0; Win64; x64) AppleWebKit/537.36 (KHTML, like Gecko) Chrome/145.0.0.0 Safari/537.36 (compatible; meta-externalagent/1.1 (+https://developers.facebook.com/docs/sharing/webmasters/crawler))"
57.141.0.42 - - [16/Jul/2026:17:42:03 +0000] "GET /?p=4251 HTTP/2" 301 0 "-" "Mozilla/5.0 (Windows NT 10.0; Win64; x64) AppleWebKit/537.36 (KHTML, like Gecko) Chrome/145.0.0.0 Safari/537.36 (compatible; meta-externalagent/1.1 (+https://developers.facebook.com/docs/sharing/webmasters/crawler))"
57.141.0.5 - - [16/Jul/2026:17:35:36 +0000] "GET /?p=2117 HTTP/2" 301 0 "-" "Mozilla/5.0 (Windows NT 10.0; Win64; x64) AppleWebKit/537.36 (KHTML, like Gecko) Chrome/145.0.0.0 Safari/537.36 (compatible; meta-externalagent/1.1 (+https://developers.facebook.com/docs/sharing/webmasters/crawler))"
65.181.116.207 - - [16/Jul/2026:17:36:14 +0000] "POST /wp-cron.php?doing_wp_cron=1784223374.2150580883026123046875 HTTP/1.1" 200 0 "-" "WordPress/7.0.1; https://www.mecoraso.com"
57.141.0.68 - - [16/Jul/2026:17:36:12 +0000] "GET /?p=6478 HTTP/2" 301 0 "-" "Mozilla/5.0 (Windows NT 10.0; Win64; x64) AppleWebKit/537.36 (KHTML, like Gecko) Chrome/145.0.0.0 Safari/537.36 (compatible; meta-externalagent/1.1 (+https://developers.facebook.com/docs/sharing/webmasters/crawler))"
57.141.0.19 - - [16/Jul/2026:17:36:12 +0000] "GET /?p=9237 HTTP/2" 301 0 "-" "Mozilla/5.0 (Macintosh; Intel Mac OS X 10_15_7) AppleWebKit/537.36 (KHTML, like Gecko) Chrome/145.0.0.0 Safari/537.36 (compatible; meta-externalagent/1.1 (+https://developers.facebook.com/docs/sharing/webmasters/crawler))"
57.141.0.11 - - [16/Jul/2026:17:36:20 +0000] "GET /?p=884 HTTP/2" 301 0 "-" "Mozilla/5.0 (Macintosh; Intel Mac OS X 10_15_7) AppleWebKit/537.36 (KHTML, like Gecko) Chrome/145.0.0.0 Safari/537.36 (compatible; meta-externalagent/1.1 (+https://developers.facebook.com/docs/sharing/webmasters/crawler))"
65.181.116.207 - - [16/Jul/2026:17:36:52 +0000] "POST /wp-cron.php?doing_wp_cron=1784223412.1138710975646972656250 HTTP/1.1" 200 0 "-" "WordPress/7.0.1; https://www.mecoraso.com"
57.141.0.8 - - [16/Jul/2026:17:36:49 +0000] "GET /?p=3738 HTTP/2" 301 0 "-" "Mozilla/5.0 (Windows NT 10.0; Win64; x64) AppleWebKit/537.36 (KHTML, like Gecko) Chrome/145.0.0.0 Safari/537.36 (compatible; meta-externalagent/1.1 (+https://developers.facebook.com/docs/sharing/webmasters/crawler))"
57.141.0.43 - - [16/Jul/2026:17:37:18 +0000] "GET /?p=6938 HTTP/2" 301 0 "-" "Mozilla/5.0 (Windows NT 10.0; Win64; x64) AppleWebKit/537.36 (KHTML, like Gecko) Chrome/145.0.0.0 Safari/537.36 (compatible; meta-externalagent/1.1 (+https://developers.facebook.com/docs/sharing/webmasters/crawler))"
65.181.116.207 - - [16/Jul/2026:17:38:25 +0000] "POST /wp-cron.php?doing_wp_cron=1784223505.8396840095520019531250 HTTP/1.1" 200 0 "-" "WordPress/7.0.1; https://www.mecoraso.com"
57.141.0.7 - - [16/Jul/2026:17:38:21 +0000] "GET /?p=8791 HTTP/2" 301 0 "-" "Mozilla/5.0 (Windows NT 10.0; Win64; x64) AppleWebKit/537.36 (KHTML, like Gecko) Chrome/145.0.0.0 Safari/537.36 Edg/145.0.0.0 (compatible; meta-externalagent/1.1 (+https://developers.facebook.com/docs/sharing/webmasters/crawler))"
57.141.0.7 - - [16/Jul/2026:17:38:39 +0000] "GET /?p=7894 HTTP/2" 301 0 "-" "Mozilla/5.0 (Macintosh; Intel Mac OS X 10.15; rv:147.0) Gecko/20100101 Firefox/147.0 (compatible; meta-externalagent/1.1 (+https://developers.facebook.com/docs/sharing/webmasters/crawler))"
57.141.0.52 - - [16/Jul/2026:17:38:46 +0000] "GET /?p=2989 HTTP/2" 301 0 "-" "Mozilla/5.0 (Windows NT 10.0; Win64; x64) AppleWebKit/537.36 (KHTML, like Gecko) Chrome/145.0.0.0 Safari/537.36 (compatible; meta-externalagent/1.1 (+https://developers.facebook.com/docs/sharing/webmasters/crawler))"
57.141.0.4 - - [16/Jul/2026:17:39:13 +0000] "GET /?p=6576 HTTP/2" 301 0 "-" "Mozilla/5.0 (Windows NT 10.0; Win64; x64) AppleWebKit/537.36 (KHTML, like Gecko) Chrome/145.0.0.0 Safari/537.36 (compatible; meta-externalagent/1.1 (+https://developers.facebook.com/docs/sharing/webmasters/crawler))"
57.141.0.21 - - [16/Jul/2026:17:42:16 +0000] "GET /?p=4142 HTTP/2" 301 0 "-" "Mozilla/5.0 (Macintosh; Intel Mac OS X 10_15_7) AppleWebKit/537.36 (KHTML, like Gecko) Chrome/145.0.0.0 Safari/537.36 (compatible; meta-externalagent/1.1 (+https://developers.facebook.com/docs/sharing/webmasters/crawler))"
65.181.116.207 - - [16/Jul/2026:17:42:54 +0000] "POST /wp-cron.php?doing_wp_cron=1784223774.0990118980407714843750 HTTP/1.1" 200 0 "-" "WordPress/7.0.1; https://www.mecoraso.com"
57.141.0.23 - - [16/Jul/2026:17:42:51 +0000] "GET /?p=8973 HTTP/2" 301 0 "-" "Mozilla/5.0 (Macintosh; Intel Mac OS X 10_15_7) AppleWebKit/537.36 (KHTML, like Gecko) Chrome/145.0.0.0 Safari/537.36 (compatible; meta-externalagent/1.1 (+https://developers.facebook.com/docs/sharing/webmasters/crawler))"
57.141.0.8 - - [16/Jul/2026:17:43:07 +0000] "GET /?p=1811 HTTP/2" 301 0 "-" "Mozilla/5.0 (Windows NT 10.0; Win64; x64) AppleWebKit/537.36 (KHTML, like Gecko) Chrome/145.0.0.0 Safari/537.36 (compatible; meta-externalagent/1.1 (+https://developers.facebook.com/docs/sharing/webmasters/crawler))"
94.12.151.198 - - [16/Jul/2026:17:43:14 +0000] "GET /sitemap14.xml HTTP/1.1" 200 57823 "-" "Mozilla/5.0 (Windows NT 10.0; Win64; x64) AppleWebKit/537.36 (KHTML, like Gecko) Chrome/124.0.6367.82 Safari/537.36"
57.141.0.44 - - [16/Jul/2026:17:43:23 +0000] "GET /?p=1151 HTTP/2" 301 0 "-" "Mozilla/5.0 (Windows NT 10.0; Win64; x64) AppleWebKit/537.36 (KHTML, like Gecko) Chrome/145.0.0.0 Safari/537.36 (compatible; meta-externalagent/1.1 (+https://developers.facebook.com/docs/sharing/webmasters/crawler))"
57.141.0.37 - - [16/Jul/2026:17:43:24 +0000] "GET /?p=2205 HTTP/2" 301 0 "-" "Mozilla/5.0 (Windows NT 10.0; Win64; x64) AppleWebKit/537.36 (KHTML, like Gecko) Chrome/145.0.0.0 Safari/537.36 (compatible; meta-externalagent/1.1 (+https://developers.facebook.com/docs/sharing/webmasters/crawler))"
57.141.0.21 - - [16/Jul/2026:17:43:37 +0000] "GET /?p=8356 HTTP/2" 301 0 "-" "Mozilla/5.0 (Windows NT 10.0; Win64; x64) AppleWebKit/537.36 (KHTML, like Gecko) Chrome/145.0.0.0 Safari/537.36 (compatible; meta-externalagent/1.1 (+https://developers.facebook.com/docs/sharing/webmasters/crawler))"
65.181.116.207 - - [16/Jul/2026:17:44:09 +0000] "POST /wp-cron.php?doing_wp_cron=1784223849.3279769420623779296875 HTTP/1.1" 200 0 "-" "WordPress/7.0.1; https://www.mecoraso.com"
57.141.0.7 - - [16/Jul/2026:17:44:06 +0000] "GET /?p=1261 HTTP/2" 301 0 "-" "Mozilla/5.0 (Windows NT 10.0; Win64; x64) AppleWebKit/537.36 (KHTML, like Gecko) Chrome/145.0.0.0 Safari/537.36 (compatible; meta-externalagent/1.1 (+https://developers.facebook.com/docs/sharing/webmasters/crawler))"
57.141.0.22 - - [16/Jul/2026:17:44:21 +0000] "GET /?p=2742 HTTP/2" 301 0 "-" "Mozilla/5.0 (Windows NT 10.0; Win64; x64) AppleWebKit/537.36 (KHTML, like Gecko) Chrome/145.0.0.0 Safari/537.36 (compatible; meta-externalagent/1.1 (+https://developers.facebook.com/docs/sharing/webmasters/crawler))"
57.141.0.55 - - [16/Jul/2026:17:44:23 +0000] "GET /?p=1052 HTTP/2" 301 0 "-" "Mozilla/5.0 (Macintosh; Intel Mac OS X 10_15_7) AppleWebKit/537.36 (KHTML, like Gecko) Chrome/145.0.0.0 Safari/537.36 (compatible; meta-externalagent/1.1 (+https://developers.facebook.com/docs/sharing/webmasters/crawler))"
57.141.0.39 - - [16/Jul/2026:17:44:39 +0000] "GET /?p=2824 HTTP/2" 301 0 "-" "Mozilla/5.0 (Macintosh; Intel Mac OS X 10_15_7) AppleWebKit/537.36 (KHTML, like Gecko) Chrome/145.0.0.0 Safari/537.36 (compatible; meta-externalagent/1.1 (+https://developers.facebook.com/docs/sharing/webmasters/crawler))"
65.181.116.207 - - [16/Jul/2026:17:45:06 +0000] "POST /wp-cron.php?doing_wp_cron=1784223906.4110419750213623046875 HTTP/1.1" 200 0 "-" "WordPress/7.0.1; https://www.mecoraso.com"
57.141.0.49 - - [16/Jul/2026:17:45:00 +0000] "GET /?p=180 HTTP/2" 301 0 "-" "Mozilla/5.0 (Macintosh; Intel Mac OS X 10_15_7) AppleWebKit/537.36 (KHTML, like Gecko) Chrome/145.0.0.0 Safari/537.36 (compatible; meta-externalagent/1.1 (+https://developers.facebook.com/docs/sharing/webmasters/crawler))"
57.141.0.71 - - [16/Jul/2026:17:45:06 +0000] "GET /?p=3475 HTTP/2" 301 0 "-" "Mozilla/5.0 (Macintosh; Intel Mac OS X 10_15_7) AppleWebKit/537.36 (KHTML, like Gecko) Chrome/145.0.0.0 Safari/537.36 (compatible; meta-externalagent/1.1 (+https://developers.facebook.com/docs/sharing/webmasters/crawler))"
57.141.0.21 - - [16/Jul/2026:17:45:24 +0000] "GET /?p=9349 HTTP/2" 301 0 "-" "Mozilla/5.0 (Windows NT 10.0; Win64; x64) AppleWebKit/537.36 (KHTML, like Gecko) Chrome/145.0.0.0 Safari/537.36 (compatible; meta-externalagent/1.1 (+https://developers.facebook.com/docs/sharing/webmasters/crawler))"
57.141.0.20 - - [16/Jul/2026:17:45:28 +0000] "GET /?p=167 HTTP/2" 301 0 "-" "Mozilla/5.0 (Windows NT 10.0; Win64; x64) AppleWebKit/537.36 (KHTML, like Gecko) Chrome/145.0.0.0 Safari/537.36 (compatible; meta-externalagent/1.1 (+https://developers.facebook.com/docs/sharing/webmasters/crawler))"
57.141.0.69 - - [16/Jul/2026:17:46:04 +0000] "GET /wp-json/oembed/1.0/embed?url=https%3A%2F%2Fwww.mecoraso.com%2F2025%2F08%2F22%2Ffree-spins-online-casino-australia%2F HTTP/2" 200 2273 "-" "Mozilla/5.0 (Macintosh; Intel Mac OS X 10_15_7) AppleWebKit/537.36 (KHTML, like Gecko) Chrome/145.0.0.0 Safari/537.36 (compatible; meta-externalagent/1.1 (+https://developers.facebook.com/docs/sharing/webmasters/crawler))"
57.141.0.37 - - [16/Jul/2026:17:46:07 +0000] "GET /?p=4309 HTTP/2" 301 0 "-" "Mozilla/5.0 (Macintosh; Intel Mac OS X 10_15_7) AppleWebKit/537.36 (KHTML, like Gecko) Chrome/145.0.0.0 Safari/537.36 (compatible; meta-externalagent/1.1 (+https://developers.facebook.com/docs/sharing/webmasters/crawler))"
57.141.0.43 - - [16/Jul/2026:17:46:22 +0000] "GET /?p=163 HTTP/2" 301 0 "-" "Mozilla/5.0 (Windows NT 10.0; Win64; x64) AppleWebKit/537.36 (KHTML, like Gecko) Chrome/145.0.0.0 Safari/537.36 (compatible; meta-externalagent/1.1 (+https://developers.facebook.com/docs/sharing/webmasters/crawler))"
57.141.0.32 - - [16/Jul/2026:17:46:28 +0000] "GET /?p=2823 HTTP/2" 301 0 "-" "Mozilla/5.0 (Windows NT 10.0; Win64; x64) AppleWebKit/537.36 (KHTML, like Gecko) Chrome/145.0.0.0 Safari/537.36 (compatible; meta-externalagent/1.1 (+https://developers.facebook.com/docs/sharing/webmasters/crawler))"
57.141.0.20 - - [16/Jul/2026:17:47:35 +0000] "GET /?p=4170 HTTP/2" 301 0 "-" "Mozilla/5.0 (Windows NT 10.0; Win64; x64) AppleWebKit/537.36 (KHTML, like Gecko) Chrome/145.0.0.0 Safari/537.36 (compatible; meta-externalagent/1.1 (+https://developers.facebook.com/docs/sharing/webmasters/crawler))"
57.141.0.55 - - [16/Jul/2026:17:48:09 +0000] "GET /?p=5299 HTTP/2" 301 0 "-" "Mozilla/5.0 (Macintosh; Intel Mac OS X 10_15_7) AppleWebKit/537.36 (KHTML, like Gecko) Chrome/145.0.0.0 Safari/537.36 (compatible; meta-externalagent/1.1 (+https://developers.facebook.com/docs/sharing/webmasters/crawler))"
57.141.0.9 - - [16/Jul/2026:17:49:40 +0000] "GET /?p=8239 HTTP/2" 301 0 "-" "Mozilla/5.0 (Macintosh; Intel Mac OS X 10_15_7) AppleWebKit/537.36 (KHTML, like Gecko) Chrome/145.0.0.0 Safari/537.36 (compatible; meta-externalagent/1.1 (+https://developers.facebook.com/docs/sharing/webmasters/crawler))"
57.141.0.50 - - [16/Jul/2026:17:49:44 +0000] "GET /?p=7951 HTTP/2" 301 0 "-" "Mozilla/5.0 (Windows NT 10.0; Win64; x64) AppleWebKit/537.36 (KHTML, like Gecko) Chrome/145.0.0.0 Safari/537.36 (compatible; meta-externalagent/1.1 (+https://developers.facebook.com/docs/sharing/webmasters/crawler))"
57.141.0.48 - - [16/Jul/2026:17:49:44 +0000] "GET /?p=2993 HTTP/2" 301 0 "-" "Mozilla/5.0 (Windows NT 10.0; Win64; x64) AppleWebKit/537.36 (KHTML, like Gecko) Chrome/145.0.0.0 Safari/537.36 (compatible; meta-externalagent/1.1 (+https://developers.facebook.com/docs/sharing/webmasters/crawler))"
57.141.0.31 - - [16/Jul/2026:17:50:12 +0000] "GET /?p=4632 HTTP/2" 301 0 "-" "Mozilla/5.0 (Windows NT 10.0; Win64; x64) AppleWebKit/537.36 (KHTML, like Gecko) Chrome/145.0.0.0 Safari/537.36 (compatible; meta-externalagent/1.1 (+https://developers.facebook.com/docs/sharing/webmasters/crawler))"
57.141.0.68 - - [16/Jul/2026:17:50:20 +0000] "GET /?p=3186 HTTP/2" 301 0 "-" "Mozilla/5.0 (Windows NT 10.0; Win64; x64) AppleWebKit/537.36 (KHTML, like Gecko) Chrome/145.0.0.0 Safari/537.36 (compatible; meta-externalagent/1.1 (+https://developers.facebook.com/docs/sharing/webmasters/crawler))"
57.141.0.22 - - [16/Jul/2026:17:50:34 +0000] "GET /?p=2744 HTTP/2" 301 0 "-" "Mozilla/5.0 (Windows NT 10.0; Win64; x64) AppleWebKit/537.36 (KHTML, like Gecko) Chrome/145.0.0.0 Safari/537.36 (compatible; meta-externalagent/1.1 (+https://developers.facebook.com/docs/sharing/webmasters/crawler))"
57.141.0.42 - - [16/Jul/2026:17:50:44 +0000] "GET /?p=7464 HTTP/2" 301 0 "-" "Mozilla/5.0 (Windows NT 10.0; Win64; x64) AppleWebKit/537.36 (KHTML, like Gecko) Chrome/145.0.0.0 Safari/537.36 (compatible; meta-externalagent/1.1 (+https://developers.facebook.com/docs/sharing/webmasters/crawler))"
57.141.0.55 - - [16/Jul/2026:17:50:45 +0000] "GET /?p=4133 HTTP/2" 301 0 "-" "Mozilla/5.0 (Macintosh; Intel Mac OS X 10_15_7) AppleWebKit/537.36 (KHTML, like Gecko) Chrome/145.0.0.0 Safari/537.36 (compatible; meta-externalagent/1.1 (+https://developers.facebook.com/docs/sharing/webmasters/crawler))"
65.181.116.207 - - [16/Jul/2026:17:50:51 +0000] "POST /wp-cron.php?doing_wp_cron=1784224251.7511110305786132812500 HTTP/1.1" 200 0 "-" "WordPress/7.0.1; https://www.mecoraso.com"
57.141.0.14 - - [16/Jul/2026:17:50:50 +0000] "GET /?p=2244 HTTP/2" 301 0 "-" "Mozilla/5.0 (Windows NT 10.0; Win64; x64) AppleWebKit/537.36 (KHTML, like Gecko) Chrome/145.0.0.0 Safari/537.36 (compatible; meta-externalagent/1.1 (+https://developers.facebook.com/docs/sharing/webmasters/crawler))"
57.141.0.13 - - [16/Jul/2026:17:50:55 +0000] "GET /?p=8043 HTTP/2" 301 0 "-" "Mozilla/5.0 (Windows NT 10.0; Win64; x64) AppleWebKit/537.36 (KHTML, like Gecko) Chrome/145.0.0.0 Safari/537.36 (compatible; meta-externalagent/1.1 (+https://developers.facebook.com/docs/sharing/webmasters/crawler))"
57.141.0.55 - - [16/Jul/2026:17:51:19 +0000] "GET /?p=3724 HTTP/2" 301 0 "-" "Mozilla/5.0 (Macintosh; Intel Mac OS X 10_15_7) AppleWebKit/537.36 (KHTML, like Gecko) Chrome/145.0.0.0 Safari/537.36 (compatible; meta-externalagent/1.1 (+https://developers.facebook.com/docs/sharing/webmasters/crawler))"
57.141.0.18 - - [16/Jul/2026:17:51:36 +0000] "GET /?p=7595 HTTP/2" 301 0 "-" "Mozilla/5.0 (Macintosh; Intel Mac OS X 10_15_7) AppleWebKit/537.36 (KHTML, like Gecko) Chrome/145.0.0.0 Safari/537.36 (compatible; meta-externalagent/1.1 (+https://developers.facebook.com/docs/sharing/webmasters/crawler))"
57.141.0.4 - - [16/Jul/2026:17:51:40 +0000] "GET /?p=5557 HTTP/2" 301 0 "-" "Mozilla/5.0 (Windows NT 10.0; Win64; x64) AppleWebKit/537.36 (KHTML, like Gecko) Chrome/145.0.0.0 Safari/537.36 (compatible; meta-externalagent/1.1 (+https://developers.facebook.com/docs/sharing/webmasters/crawler))"
57.141.0.29 - - [16/Jul/2026:17:51:40 +0000] "GET /?p=1017 HTTP/2" 301 0 "-" "Mozilla/5.0 (Windows NT 10.0; Win64; x64) AppleWebKit/537.36 (KHTML, like Gecko) Chrome/145.0.0.0 Safari/537.36 (compatible; meta-externalagent/1.1 (+https://developers.facebook.com/docs/sharing/webmasters/crawler))"
65.181.116.207 - - [16/Jul/2026:17:51:50 +0000] "POST /wp-cron.php?doing_wp_cron=1784224310.4912559986114501953125 HTTP/1.1" 200 0 "-" "WordPress/7.0.1; https://www.mecoraso.com"
57.141.0.14 - - [16/Jul/2026:17:51:48 +0000] "GET /?p=8499 HTTP/2" 301 0 "-" "Mozilla/5.0 (X11; Linux x86_64) AppleWebKit/537.36 (KHTML, like Gecko) Chrome/145.0.0.0 Safari/537.36 (compatible; meta-externalagent/1.1 (+https://developers.facebook.com/docs/sharing/webmasters/crawler))"
20.226.26.5 - - [16/Jul/2026:17:52:03 +0000] "GET /wp-login.php?action=register HTTP/1.1" 302 0 "-" "-"
20.226.26.5 - - [16/Jul/2026:17:52:05 +0000] "GET /wp-login.php?registration=disabled HTTP/1.1" 200 6511 "-" "-"
146.70.194.254 - - [16/Jul/2026:17:52:34 +0000] "GET / HTTP/1.1" 200 98625 "-" "Mozilla/5.0 (Windows NT 10.0; Win64; x64) AppleWebKit/537.36 (KHTML, like Gecko) Chrome/78.0.3904.108 Safari/537.36"
146.70.194.254 - - [16/Jul/2026:17:52:37 +0000] "GET //wp-includes/wlwmanifest.xml HTTP/1.1" 301 0 "-" "Mozilla/5.0 (Windows NT 10.0; Win64; x64) AppleWebKit/537.36 (KHTML, like Gecko) Chrome/78.0.3904.108 Safari/537.36"
146.70.194.254 - - [16/Jul/2026:17:52:39 +0000] "GET //xmlrpc.php?rsd HTTP/1.1" 403 1242 "-" "Mozilla/5.0 (Windows NT 10.0; Win64; x64) AppleWebKit/537.36 (KHTML, like Gecko) Chrome/78.0.3904.108 Safari/537.36"
146.70.194.254 - - [16/Jul/2026:17:52:39 +0000] "GET / HTTP/1.1" 200 98625 "-" "Mozilla/5.0 (Windows NT 10.0; Win64; x64) AppleWebKit/537.36 (KHTML, like Gecko) Chrome/78.0.3904.108 Safari/537.36"
57.141.0.16 - - [16/Jul/2026:17:52:43 +0000] "GET /?p=4234 HTTP/2" 301 0 "-" "Mozilla/5.0 (Windows NT 10.0; Win64; x64) AppleWebKit/537.36 (KHTML, like Gecko) Chrome/145.0.0.0 Safari/537.36 (compatible; meta-externalagent/1.1 (+https://developers.facebook.com/docs/sharing/webmasters/crawler))"
146.70.194.254 - - [16/Jul/2026:17:52:43 +0000] "GET //?author=1 HTTP/1.1" 301 0 "-" "Mozilla/5.0 (Windows NT 10.0; Win64; x64) AppleWebKit/537.36 (KHTML, like Gecko) Chrome/78.0.3904.108 Safari/537.36"
57.141.0.21 - - [16/Jul/2026:17:52:44 +0000] "GET /?p=8719 HTTP/2" 301 0 "-" "Mozilla/5.0 (Macintosh; Intel Mac OS X 10_15_7) AppleWebKit/537.36 (KHTML, like Gecko) Chrome/145.0.0.0 Safari/537.36 (compatible; meta-externalagent/1.1 (+https://developers.facebook.com/docs/sharing/webmasters/crawler))"
146.70.194.254 - - [16/Jul/2026:17:52:45 +0000] "GET //?author=2 HTTP/1.1" 301 0 "-" "Mozilla/5.0 (Windows NT 10.0; Win64; x64) AppleWebKit/537.36 (KHTML, like Gecko) Chrome/78.0.3904.108 Safari/537.36"
57.141.0.29 - - [16/Jul/2026:17:52:47 +0000] "GET /?p=832 HTTP/2" 301 0 "-" "Mozilla/5.0 (Windows NT 10.0; Win64; x64) AppleWebKit/537.36 (KHTML, like Gecko) Chrome/145.0.0.0 Safari/537.36 (compatible; meta-externalagent/1.1 (+https://developers.facebook.com/docs/sharing/webmasters/crawler))"
146.70.194.254 - - [16/Jul/2026:17:52:47 +0000] "GET //wp-json/wp/v2/users/ HTTP/1.1" 200 1634 "-" "Mozilla/5.0 (Windows NT 10.0; Win64; x64) AppleWebKit/537.36 (KHTML, like Gecko) Chrome/78.0.3904.108 Safari/537.36"
146.70.194.254 - - [16/Jul/2026:17:52:49 +0000] "POST //xmlrpc.php HTTP/1.1" 403 1242 "-" "Mozilla/5.0 (Windows NT 10.0; Win64; x64) AppleWebKit/537.36 (KHTML, like Gecko) Chrome/78.0.3904.108 Safari/537.36"
146.70.194.254 - - [16/Jul/2026:17:52:49 +0000] "POST //xmlrpc.php HTTP/1.1" 403 1242 "-" "Mozilla/5.0 (Windows NT 10.0; Win64; x64) AppleWebKit/537.36 (KHTML, like Gecko) Chrome/78.0.3904.108 Safari/537.36"
146.70.194.254 - - [16/Jul/2026:17:52:49 +0000] "POST //xmlrpc.php HTTP/1.1" 403 1242 "-" "Mozilla/5.0 (Windows NT 10.0; Win64; x64) AppleWebKit/537.36 (KHTML, like Gecko) Chrome/78.0.3904.108 Safari/537.36"
57.141.0.10 - - [16/Jul/2026:17:52:48 +0000] "GET /?p=2542 HTTP/2" 301 0 "-" "Mozilla/5.0 (Windows NT 10.0; Win64; x64) AppleWebKit/537.36 (KHTML, like Gecko) Chrome/145.0.0.0 Safari/537.36 (compatible; meta-externalagent/1.1 (+https://developers.facebook.com/docs/sharing/webmasters/crawler))"
57.141.0.48 - - [16/Jul/2026:17:52:51 +0000] "GET /?p=9055 HTTP/2" 301 0 "-" "Mozilla/5.0 (Windows NT 10.0; Win64; x64) AppleWebKit/537.36 (KHTML, like Gecko) Chrome/145.0.0.0 Safari/537.36 (compatible; meta-externalagent/1.1 (+https://developers.facebook.com/docs/sharing/webmasters/crawler))"
57.141.0.61 - - [16/Jul/2026:17:53:12 +0000] "GET /?p=8340 HTTP/2" 301 0 "-" "Mozilla/5.0 (X11; Linux x86_64) AppleWebKit/537.36 (KHTML, like Gecko) Chrome/145.0.0.0 Safari/537.36 (compatible; meta-externalagent/1.1 (+https://developers.facebook.com/docs/sharing/webmasters/crawler))"
57.141.0.20 - - [16/Jul/2026:17:53:30 +0000] "GET /?p=7192 HTTP/2" 301 0 "-" "Mozilla/5.0 (Windows NT 10.0; Win64; x64) AppleWebKit/537.36 (KHTML, like Gecko) Chrome/146.0.0.0 Safari/537.36 Edg/146.0.0.0 (compatible; meta-externalagent/1.1 (+https://developers.facebook.com/docs/sharing/webmasters/crawler))"
57.141.0.34 - - [16/Jul/2026:17:53:37 +0000] "GET /?p=9161 HTTP/2" 301 0 "-" "Mozilla/5.0 (Windows NT 10.0; Win64; x64) AppleWebKit/537.36 (KHTML, like Gecko) Chrome/145.0.0.0 Safari/537.36 (compatible; meta-externalagent/1.1 (+https://developers.facebook.com/docs/sharing/webmasters/crawler))"
57.141.0.1 - - [16/Jul/2026:17:53:47 +0000] "GET /?p=1923 HTTP/2" 301 0 "-" "Mozilla/5.0 (Windows NT 10.0; Win64; x64) AppleWebKit/537.36 (KHTML, like Gecko) Chrome/145.0.0.0 Safari/537.36 (compatible; meta-externalagent/1.1 (+https://developers.facebook.com/docs/sharing/webmasters/crawler))"
57.141.0.8 - - [16/Jul/2026:17:54:05 +0000] "GET /?p=6234 HTTP/2" 301 0 "-" "Mozilla/5.0 (Windows NT 10.0; Win64; x64) AppleWebKit/537.36 (KHTML, like Gecko) Chrome/145.0.0.0 Safari/537.36 Edg/145.0.0.0 (compatible; meta-externalagent/1.1 (+https://developers.facebook.com/docs/sharing/webmasters/crawler))"
57.141.0.46 - - [16/Jul/2026:17:54:18 +0000] "GET /?p=3280 HTTP/2" 301 0 "-" "Mozilla/5.0 (Macintosh; Intel Mac OS X 10_15_7) AppleWebKit/537.36 (KHTML, like Gecko) Chrome/145.0.0.0 Safari/537.36 (compatible; meta-externalagent/1.1 (+https://developers.facebook.com/docs/sharing/webmasters/crawler))"
57.141.0.31 - - [16/Jul/2026:17:54:19 +0000] "GET /?p=4524 HTTP/2" 301 0 "-" "Mozilla/5.0 (Macintosh; Intel Mac OS X 10_15_7) AppleWebKit/537.36 (KHTML, like Gecko) Chrome/145.0.0.0 Safari/537.36 (compatible; meta-externalagent/1.1 (+https://developers.facebook.com/docs/sharing/webmasters/crawler))"
57.141.0.30 - - [16/Jul/2026:17:54:23 +0000] "GET /?p=3805 HTTP/2" 301 0 "-" "Mozilla/5.0 (Windows NT 10.0; Win64; x64) AppleWebKit/537.36 (KHTML, like Gecko) Chrome/145.0.0.0 Safari/537.36 (compatible; meta-externalagent/1.1 (+https://developers.facebook.com/docs/sharing/webmasters/crawler))"
57.141.0.13 - - [16/Jul/2026:17:54:40 +0000] "GET /?p=8646 HTTP/2" 301 0 "-" "Mozilla/5.0 (Windows NT 10.0; Win64; x64) AppleWebKit/537.36 (KHTML, like Gecko) Chrome/145.0.0.0 Safari/537.36 (compatible; meta-externalagent/1.1 (+https://developers.facebook.com/docs/sharing/webmasters/crawler))"
65.181.116.207 - - [16/Jul/2026:17:54:52 +0000] "POST /wp-cron.php?doing_wp_cron=1784224492.0763049125671386718750 HTTP/1.1" 200 0 "-" "WordPress/7.0.1; https://www.mecoraso.com"
57.141.0.23 - - [16/Jul/2026:17:54:50 +0000] "GET /?p=554 HTTP/2" 301 0 "-" "Mozilla/5.0 (X11; Linux x86_64) AppleWebKit/537.36 (KHTML, like Gecko) Chrome/145.0.0.0 Safari/537.36 (compatible; meta-externalagent/1.1 (+https://developers.facebook.com/docs/sharing/webmasters/crawler))"
57.141.0.36 - - [16/Jul/2026:17:54:53 +0000] "GET /?p=3867 HTTP/2" 301 0 "-" "Mozilla/5.0 (Windows NT 10.0; Win64; x64) AppleWebKit/537.36 (KHTML, like Gecko) Chrome/145.0.0.0 Safari/537.36 (compatible; meta-externalagent/1.1 (+https://developers.facebook.com/docs/sharing/webmasters/crawler))"
57.141.0.32 - - [16/Jul/2026:17:55:21 +0000] "GET /?p=2116 HTTP/2" 301 0 "-" "Mozilla/5.0 (Windows NT 10.0; Win64; x64) AppleWebKit/537.36 (KHTML, like Gecko) Chrome/145.0.0.0 Safari/537.36 (compatible; meta-externalagent/1.1 (+https://developers.facebook.com/docs/sharing/webmasters/crawler))"
57.141.0.1 - - [16/Jul/2026:17:55:35 +0000] "GET /?p=616 HTTP/2" 301 0 "-" "Mozilla/5.0 (Windows NT 10.0; Win64; x64) AppleWebKit/537.36 (KHTML, like Gecko) Chrome/145.0.0.0 Safari/537.36 (compatible; meta-externalagent/1.1 (+https://developers.facebook.com/docs/sharing/webmasters/crawler))"
57.141.0.27 - - [16/Jul/2026:17:55:41 +0000] "GET /?p=1813 HTTP/2" 301 0 "-" "Mozilla/5.0 (Windows NT 10.0; Win64; x64) AppleWebKit/537.36 (KHTML, like Gecko) Chrome/145.0.0.0 Safari/537.36 Edg/145.0.0.0 (compatible; meta-externalagent/1.1 (+https://developers.facebook.com/docs/sharing/webmasters/crawler))"
65.181.116.207 - - [16/Jul/2026:17:55:53 +0000] "POST /wp-cron.php?doing_wp_cron=1784224553.6617000102996826171875 HTTP/1.1" 200 0 "-" "WordPress/7.0.1; https://www.mecoraso.com"
20.226.26.5 - - [16/Jul/2026:17:55:51 +0000] "GET /wp-admin/index.php HTTP/1.1" 302 0 "-" "-"
20.226.26.5 - - [16/Jul/2026:17:55:56 +0000] "GET /wp-login.php?redirect_to=https%3A%2F%2Fmecoraso.com%2Fwp-admin%2Findex.php&reauth=1 HTTP/1.1" 200 6324 "-" "-"
20.226.26.5 - - [16/Jul/2026:17:56:36 +0000] "GET /feed/ HTTP/1.1" 200 219178 "-" "-"
57.141.0.44 - - [16/Jul/2026:17:57:21 +0000] "GET /?p=2072 HTTP/2" 301 0 "-" "Mozilla/5.0 (Macintosh; Intel Mac OS X 10_15_7) AppleWebKit/537.36 (KHTML, like Gecko) Chrome/145.0.0.0 Safari/537.36 (compatible; meta-externalagent/1.1 (+https://developers.facebook.com/docs/sharing/webmasters/crawler))"
57.141.0.1 - - [16/Jul/2026:17:58:06 +0000] "GET /?p=8139 HTTP/2" 301 0 "-" "Mozilla/5.0 (Windows NT 10.0; Win64; x64) AppleWebKit/537.36 (KHTML, like Gecko) Chrome/145.0.0.0 Safari/537.36 (compatible; meta-externalagent/1.1 (+https://developers.facebook.com/docs/sharing/webmasters/crawler))"
57.141.0.11 - - [16/Jul/2026:17:58:44 +0000] "GET /?p=2547 HTTP/2" 301 0 "-" "Mozilla/5.0 (Windows NT 10.0; Win64; x64) AppleWebKit/537.36 (KHTML, like Gecko) Chrome/145.0.0.0 Safari/537.36 (compatible; meta-externalagent/1.1 (+https://developers.facebook.com/docs/sharing/webmasters/crawler))"
57.141.0.5 - - [16/Jul/2026:17:59:13 +0000] "GET /?p=695 HTTP/2" 301 0 "-" "Mozilla/5.0 (Windows NT 10.0; Win64; x64) AppleWebKit/537.36 (KHTML, like Gecko) Chrome/145.0.0.0 Safari/537.36 (compatible; meta-externalagent/1.1 (+https://developers.facebook.com/docs/sharing/webmasters/crawler))"
57.141.0.17 - - [16/Jul/2026:17:59:31 +0000] "GET /?p=5356 HTTP/2" 301 0 "-" "Mozilla/5.0 (Macintosh; Intel Mac OS X 10_15_7) AppleWebKit/537.36 (KHTML, like Gecko) Chrome/145.0.0.0 Safari/537.36 (compatible; meta-externalagent/1.1 (+https://developers.facebook.com/docs/sharing/webmasters/crawler))"
57.141.0.32 - - [16/Jul/2026:17:59:41 +0000] "GET /?p=4343 HTTP/2" 301 0 "-" "Mozilla/5.0 (X11; Linux x86_64) AppleWebKit/537.36 (KHTML, like Gecko) Chrome/145.0.0.0 Safari/537.36 (compatible; meta-externalagent/1.1 (+https://developers.facebook.com/docs/sharing/webmasters/crawler))"
57.141.0.11 - - [16/Jul/2026:17:59:43 +0000] "GET /?p=4537 HTTP/2" 301 0 "-" "Mozilla/5.0 (Windows NT 10.0; Win64; x64) AppleWebKit/537.36 (KHTML, like Gecko) Chrome/145.0.0.0 Safari/537.36 (compatible; meta-externalagent/1.1 (+https://developers.facebook.com/docs/sharing/webmasters/crawler))"
57.141.0.17 - - [16/Jul/2026:18:00:11 +0000] "GET /?p=8085 HTTP/2" 301 0 "-" "Mozilla/5.0 (Windows NT 10.0; Win64; x64) AppleWebKit/537.36 (KHTML, like Gecko) Chrome/145.0.0.0 Safari/537.36 (compatible; meta-externalagent/1.1 (+https://developers.facebook.com/docs/sharing/webmasters/crawler))"
57.141.0.29 - - [16/Jul/2026:18:00:16 +0000] "GET /?p=7317 HTTP/2" 301 0 "-" "Mozilla/5.0 (Windows NT 10.0; Win64; x64) AppleWebKit/537.36 (KHTML, like Gecko) Chrome/145.0.0.0 Safari/537.36 (compatible; meta-externalagent/1.1 (+https://developers.facebook.com/docs/sharing/webmasters/crawler))"
57.141.0.52 - - [16/Jul/2026:18:00:34 +0000] "GET /wp-json/oembed/1.0/embed?url=https%3A%2F%2Fwww.mecoraso.com%2F2025%2F08%2F22%2Flive-games-casino%2F HTTP/2" 200 2188 "-" "Mozilla/5.0 (Macintosh; Intel Mac OS X 10_15_7) AppleWebKit/537.36 (KHTML, like Gecko) Chrome/145.0.0.0 Safari/537.36 (compatible; meta-externalagent/1.1 (+https://developers.facebook.com/docs/sharing/webmasters/crawler))"
57.141.0.18 - - [16/Jul/2026:18:00:44 +0000] "GET /?p=1988 HTTP/2" 301 0 "-" "Mozilla/5.0 (Macintosh; Intel Mac OS X 10_15_7) AppleWebKit/537.36 (KHTML, like Gecko) Chrome/145.0.0.0 Safari/537.36 (compatible; meta-externalagent/1.1 (+https://developers.facebook.com/docs/sharing/webmasters/crawler))"
65.181.116.207 - - [16/Jul/2026:18:00:50 +0000] "POST /wp-cron.php?doing_wp_cron=1784224850.8694341182708740234375 HTTP/1.1" 200 0 "-" "WordPress/7.0.1; https://www.mecoraso.com"
57.141.0.3 - - [16/Jul/2026:18:00:48 +0000] "GET /?p=2068 HTTP/2" 301 0 "-" "Mozilla/5.0 (Windows NT 10.0; Win64; x64) AppleWebKit/537.36 (KHTML, like Gecko) Chrome/145.0.0.0 Safari/537.36 (compatible; meta-externalagent/1.1 (+https://developers.facebook.com/docs/sharing/webmasters/crawler))"
57.141.0.37 - - [16/Jul/2026:18:00:59 +0000] "GET /?p=4268 HTTP/2" 301 0 "-" "Mozilla/5.0 (Macintosh; Intel Mac OS X 10_15_7) AppleWebKit/537.36 (KHTML, like Gecko) Chrome/145.0.0.0 Safari/537.36 (compatible; meta-externalagent/1.1 (+https://developers.facebook.com/docs/sharing/webmasters/crawler))"
57.141.0.44 - - [16/Jul/2026:18:01:03 +0000] "GET /?p=361 HTTP/2" 301 0 "-" "Mozilla/5.0 (Macintosh; Intel Mac OS X 10_15_7) AppleWebKit/537.36 (KHTML, like Gecko) Chrome/145.0.0.0 Safari/537.36 (compatible; meta-externalagent/1.1 (+https://developers.facebook.com/docs/sharing/webmasters/crawler))"
57.141.0.52 - - [16/Jul/2026:18:01:19 +0000] "GET /?p=7509 HTTP/2" 301 0 "-" "Mozilla/5.0 (Macintosh; Intel Mac OS X 10_15_7) AppleWebKit/537.36 (KHTML, like Gecko) Chrome/145.0.0.0 Safari/537.36 (compatible; meta-externalagent/1.1 (+https://developers.facebook.com/docs/sharing/webmasters/crawler))"
57.141.0.13 - - [16/Jul/2026:18:01:29 +0000] "GET /?p=1028 HTTP/2" 301 0 "-" "Mozilla/5.0 (Macintosh; Intel Mac OS X 10_15_7) AppleWebKit/537.36 (KHTML, like Gecko) Chrome/145.0.0.0 Safari/537.36 (compatible; meta-externalagent/1.1 (+https://developers.facebook.com/docs/sharing/webmasters/crawler))"
57.141.0.51 - - [16/Jul/2026:18:01:43 +0000] "GET /?p=3742 HTTP/2" 301 0 "-" "Mozilla/5.0 (Windows NT 10.0; Win64; x64) AppleWebKit/537.36 (KHTML, like Gecko) Chrome/145.0.0.0 Safari/537.36 (compatible; meta-externalagent/1.1 (+https://developers.facebook.com/docs/sharing/webmasters/crawler))"
65.181.116.207 - - [16/Jul/2026:18:01:52 +0000] "POST /wp-cron.php?doing_wp_cron=1784224912.5076930522918701171875 HTTP/1.1" 200 0 "-" "WordPress/7.0.1; https://www.mecoraso.com"
57.141.0.40 - - [16/Jul/2026:18:01:49 +0000] "GET /?p=8140 HTTP/2" 301 0 "-" "Mozilla/5.0 (Windows NT 10.0; Win64; x64) AppleWebKit/537.36 (KHTML, like Gecko) Chrome/145.0.0.0 Safari/537.36 (compatible; meta-externalagent/1.1 (+https://developers.facebook.com/docs/sharing/webmasters/crawler))"
57.141.0.21 - - [16/Jul/2026:18:01:56 +0000] "GET /?p=7927 HTTP/2" 301 0 "-" "Mozilla/5.0 (Windows NT 10.0; Win64; x64) AppleWebKit/537.36 (KHTML, like Gecko) Chrome/145.0.0.0 Safari/537.36 (compatible; meta-externalagent/1.1 (+https://developers.facebook.com/docs/sharing/webmasters/crawler))"
57.141.0.9 - - [16/Jul/2026:18:01:58 +0000] "GET /?p=873 HTTP/2" 301 0 "-" "Mozilla/5.0 (Windows NT 10.0; Win64; x64) AppleWebKit/537.36 (KHTML, like Gecko) Chrome/145.0.0.0 Safari/537.36 Edg/145.0.0.0 (compatible; meta-externalagent/1.1 (+https://developers.facebook.com/docs/sharing/webmasters/crawler))"
57.141.0.20 - - [16/Jul/2026:18:02:28 +0000] "GET /?p=7237 HTTP/2" 301 0 "-" "Mozilla/5.0 (Windows NT 10.0; Win64; x64) AppleWebKit/537.36 (KHTML, like Gecko) Chrome/145.0.0.0 Safari/537.36 (compatible; meta-externalagent/1.1 (+https://developers.facebook.com/docs/sharing/webmasters/crawler))"
