57.141.0.46 - - [17/Jul/2026:02:14:27 +0000] "GET /?p=8806 HTTP/2" 301 0 "-" "Mozilla/5.0 (Macintosh; Intel Mac OS X 10_15_7) AppleWebKit/537.36 (KHTML, like Gecko) Chrome/145.0.0.0 Safari/537.36 (compatible; meta-externalagent/1.1 (+https://developers.facebook.com/docs/sharing/webmasters/crawler))"
57.141.0.18 - - [17/Jul/2026:02:14:41 +0000] "GET /?p=8458 HTTP/2" 301 0 "-" "Mozilla/5.0 (Windows NT 10.0; Win64; x64) AppleWebKit/537.36 (KHTML, like Gecko) Chrome/145.0.0.0 Safari/537.36 (compatible; meta-externalagent/1.1 (+https://developers.facebook.com/docs/sharing/webmasters/crawler))"
65.181.116.207 - - [17/Jul/2026:02:15:01 +0000] "POST /wp-cron.php?doing_wp_cron=1784254501.0471289157867431640625 HTTP/1.1" 200 0 "-" "WordPress/7.0.1; https://www.mecoraso.com"
57.141.0.7 - - [17/Jul/2026:02:14:59 +0000] "GET /?p=5270 HTTP/2" 301 0 "-" "Mozilla/5.0 (Windows NT 10.0; Win64; x64) AppleWebKit/537.36 (KHTML, like Gecko) Chrome/145.0.0.0 Safari/537.36 (compatible; meta-externalagent/1.1 (+https://developers.facebook.com/docs/sharing/webmasters/crawler))"
57.141.0.37 - - [17/Jul/2026:02:15:07 +0000] "GET /?p=942 HTTP/2" 301 0 "-" "Mozilla/5.0 (X11; Linux x86_64) AppleWebKit/537.36 (KHTML, like Gecko) Chrome/145.0.0.0 Safari/537.36 (compatible; meta-externalagent/1.1 (+https://developers.facebook.com/docs/sharing/webmasters/crawler))"
57.141.0.27 - - [17/Jul/2026:02:15:28 +0000] "GET /?p=6006 HTTP/2" 301 0 "-" "Mozilla/5.0 (Macintosh; Intel Mac OS X 10_15_7) AppleWebKit/537.36 (KHTML, like Gecko) Chrome/145.0.0.0 Safari/537.36 (compatible; meta-externalagent/1.1 (+https://developers.facebook.com/docs/sharing/webmasters/crawler))"
57.141.0.44 - - [17/Jul/2026:02:15:30 +0000] "GET /?p=2970 HTTP/2" 301 0 "-" "Mozilla/5.0 (Windows NT 10.0; Win64; x64) AppleWebKit/537.36 (KHTML, like Gecko) Chrome/145.0.0.0 Safari/537.36 (compatible; meta-externalagent/1.1 (+https://developers.facebook.com/docs/sharing/webmasters/crawler))"
57.141.0.34 - - [17/Jul/2026:02:15:43 +0000] "GET /?p=3928 HTTP/2" 301 0 "-" "Mozilla/5.0 (Windows NT 10.0; Win64; x64) AppleWebKit/537.36 (KHTML, like Gecko) Chrome/145.0.0.0 Safari/537.36 (compatible; meta-externalagent/1.1 (+https://developers.facebook.com/docs/sharing/webmasters/crawler))"
112.86.225.98 - - [17/Jul/2026:02:15:42 +0000] "GET / HTTP/1.1" 200 24181 "-" "Sogou web spider/4.0(+http://www.sogou.com/docs/help/webmasters.htm#07)"
65.181.116.207 - - [17/Jul/2026:02:15:52 +0000] "POST /wp-cron.php?doing_wp_cron=1784254551.9094469547271728515625 HTTP/1.1" 200 0 "-" "WordPress/7.0.1; https://www.mecoraso.com"
57.141.0.62 - - [17/Jul/2026:02:15:47 +0000] "GET /?p=304 HTTP/2" 301 0 "-" "Mozilla/5.0 (Windows NT 10.0; Win64; x64) AppleWebKit/537.36 (KHTML, like Gecko) Chrome/145.0.0.0 Safari/537.36 (compatible; meta-externalagent/1.1 (+https://developers.facebook.com/docs/sharing/webmasters/crawler))"
57.141.0.43 - - [17/Jul/2026:02:15:52 +0000] "GET /?p=609 HTTP/2" 301 0 "-" "Mozilla/5.0 (Windows NT 10.0; Win64; x64) AppleWebKit/537.36 (KHTML, like Gecko) Chrome/145.0.0.0 Safari/537.36 (compatible; meta-externalagent/1.1 (+https://developers.facebook.com/docs/sharing/webmasters/crawler))"
57.141.0.51 - - [17/Jul/2026:02:11:45 +0000] "GET /?p=6896 HTTP/2" 301 0 "-" "Mozilla/5.0 (Windows NT 10.0; Win64; x64) AppleWebKit/537.36 (KHTML, like Gecko) Chrome/145.0.0.0 Safari/537.36 (compatible; meta-externalagent/1.1 (+https://developers.facebook.com/docs/sharing/webmasters/crawler))"
65.181.116.207 - - [17/Jul/2026:02:12:12 +0000] "POST /wp-cron.php?doing_wp_cron=1784254332.6680810451507568359375 HTTP/1.1" 200 0 "-" "WordPress/7.0.1; https://www.mecoraso.com"
65.181.116.207 - - [17/Jul/2026:02:12:12 +0000] "POST /wp-cron.php?doing_wp_cron=1784254332.6749689579010009765625 HTTP/1.1" 200 0 "-" "WordPress/7.0.1; https://www.mecoraso.com"
57.141.0.23 - - [17/Jul/2026:02:12:10 +0000] "GET /?p=9260 HTTP/2" 301 0 "-" "Mozilla/5.0 (Windows NT 10.0; Win64; x64) AppleWebKit/537.36 (KHTML, like Gecko) Chrome/145.0.0.0 Safari/537.36 (compatible; meta-externalagent/1.1 (+https://developers.facebook.com/docs/sharing/webmasters/crawler))"
57.141.0.5 - - [17/Jul/2026:02:12:09 +0000] "GET /?p=8748 HTTP/2" 301 0 "-" "Mozilla/5.0 (Macintosh; Intel Mac OS X 10.15; rv:147.0) Gecko/20100101 Firefox/147.0 (compatible; meta-externalagent/1.1 (+https://developers.facebook.com/docs/sharing/webmasters/crawler))"
57.141.0.34 - - [17/Jul/2026:02:15:51 +0000] "GET /?p=4594 HTTP/2" 301 0 "-" "Mozilla/5.0 (Windows NT 10.0; Win64; x64) AppleWebKit/537.36 (KHTML, like Gecko) Chrome/145.0.0.0 Safari/537.36 (compatible; meta-externalagent/1.1 (+https://developers.facebook.com/docs/sharing/webmasters/crawler))"
57.141.0.23 - - [17/Jul/2026:02:16:07 +0000] "GET /?p=7256 HTTP/2" 301 0 "-" "Mozilla/5.0 (Windows NT 10.0; Win64; x64) AppleWebKit/537.36 (KHTML, like Gecko) Chrome/145.0.0.0 Safari/537.36 (compatible; meta-externalagent/1.1 (+https://developers.facebook.com/docs/sharing/webmasters/crawler))"
57.141.0.61 - - [17/Jul/2026:02:16:17 +0000] "GET /?p=2400 HTTP/2" 301 0 "-" "Mozilla/5.0 (Windows NT 10.0; Win64; x64) AppleWebKit/537.36 (KHTML, like Gecko) Chrome/145.0.0.0 Safari/537.36 (compatible; meta-externalagent/1.1 (+https://developers.facebook.com/docs/sharing/webmasters/crawler))"
57.141.0.38 - - [17/Jul/2026:02:16:21 +0000] "GET /?p=635 HTTP/2" 301 0 "-" "Mozilla/5.0 (X11; Linux x86_64) AppleWebKit/537.36 (KHTML, like Gecko) Chrome/145.0.0.0 Safari/537.36 (compatible; meta-externalagent/1.1 (+https://developers.facebook.com/docs/sharing/webmasters/crawler))"
57.141.0.30 - - [17/Jul/2026:02:16:25 +0000] "GET /?p=9152 HTTP/2" 301 0 "-" "Mozilla/5.0 (Windows NT 10.0; Win64; x64) AppleWebKit/537.36 (KHTML, like Gecko) Chrome/145.0.0.0 Safari/537.36 (compatible; meta-externalagent/1.1 (+https://developers.facebook.com/docs/sharing/webmasters/crawler))"
65.181.116.207 - - [17/Jul/2026:02:17:09 +0000] "POST /wp-cron.php?doing_wp_cron=1784254629.1137769222259521484375 HTTP/1.1" 200 0 "-" "WordPress/7.0.1; https://www.mecoraso.com"
57.141.0.54 - - [17/Jul/2026:02:17:06 +0000] "GET /?p=2643 HTTP/2" 301 0 "-" "Mozilla/5.0 (Windows NT 10.0; Win64; x64) AppleWebKit/537.36 (KHTML, like Gecko) Chrome/145.0.0.0 Safari/537.36 (compatible; meta-externalagent/1.1 (+https://developers.facebook.com/docs/sharing/webmasters/crawler))"
57.141.0.29 - - [17/Jul/2026:02:17:26 +0000] "GET /?p=6295 HTTP/2" 301 0 "-" "Mozilla/5.0 (X11; Linux x86_64) AppleWebKit/537.36 (KHTML, like Gecko) Chrome/145.0.0.0 Safari/537.36 (compatible; meta-externalagent/1.1 (+https://developers.facebook.com/docs/sharing/webmasters/crawler))"
65.181.116.207 - - [17/Jul/2026:02:17:52 +0000] "POST /wp-cron.php?doing_wp_cron=1784254672.3403899669647216796875 HTTP/1.1" 200 0 "-" "WordPress/7.0.1; https://www.mecoraso.com"
57.141.0.21 - - [17/Jul/2026:02:17:50 +0000] "GET /?p=4188 HTTP/2" 301 0 "-" "Mozilla/5.0 (Macintosh; Intel Mac OS X 10_15_7) AppleWebKit/537.36 (KHTML, like Gecko) Chrome/145.0.0.0 Safari/537.36 (compatible; meta-externalagent/1.1 (+https://developers.facebook.com/docs/sharing/webmasters/crawler))"
57.141.0.24 - - [17/Jul/2026:02:18:04 +0000] "GET /?p=7430 HTTP/2" 301 0 "-" "Mozilla/5.0 (Macintosh; Intel Mac OS X 10_15_7) AppleWebKit/537.36 (KHTML, like Gecko) Chrome/145.0.0.0 Safari/537.36 (compatible; meta-externalagent/1.1 (+https://developers.facebook.com/docs/sharing/webmasters/crawler))"
57.141.0.3 - - [17/Jul/2026:02:18:10 +0000] "GET /?p=2983 HTTP/2" 301 0 "-" "Mozilla/5.0 (X11; Linux x86_64) AppleWebKit/537.36 (KHTML, like Gecko) Chrome/145.0.0.0 Safari/537.36 (compatible; meta-externalagent/1.1 (+https://developers.facebook.com/docs/sharing/webmasters/crawler))"
57.141.0.38 - - [17/Jul/2026:02:18:46 +0000] "GET /?p=2314 HTTP/2" 301 0 "-" "Mozilla/5.0 (Windows NT 10.0; Win64; x64) AppleWebKit/537.36 (KHTML, like Gecko) Chrome/145.0.0.0 Safari/537.36 (compatible; meta-externalagent/1.1 (+https://developers.facebook.com/docs/sharing/webmasters/crawler))"
65.181.116.207 - - [17/Jul/2026:02:19:09 +0000] "POST /wp-cron.php?doing_wp_cron=1784254749.7171020507812500000000 HTTP/1.1" 200 0 "-" "WordPress/7.0.1; https://www.mecoraso.com"
57.141.0.16 - - [17/Jul/2026:02:19:06 +0000] "GET /?p=1429 HTTP/2" 301 0 "-" "Mozilla/5.0 (Windows NT 10.0; Win64; x64) AppleWebKit/537.36 (KHTML, like Gecko) Chrome/145.0.0.0 Safari/537.36 (compatible; meta-externalagent/1.1 (+https://developers.facebook.com/docs/sharing/webmasters/crawler))"
57.141.0.24 - - [17/Jul/2026:02:19:17 +0000] "GET /?p=2631 HTTP/2" 301 0 "-" "Mozilla/5.0 (Macintosh; Intel Mac OS X 10_15_7) AppleWebKit/537.36 (KHTML, like Gecko) Chrome/145.0.0.0 Safari/537.36 (compatible; meta-externalagent/1.1 (+https://developers.facebook.com/docs/sharing/webmasters/crawler))"
57.141.0.54 - - [17/Jul/2026:02:19:38 +0000] "GET /?p=8504 HTTP/2" 301 0 "-" "Mozilla/5.0 (Macintosh; Intel Mac OS X 10_15_7) AppleWebKit/537.36 (KHTML, like Gecko) Chrome/145.0.0.0 Safari/537.36 (compatible; meta-externalagent/1.1 (+https://developers.facebook.com/docs/sharing/webmasters/crawler))"
65.181.116.207 - - [17/Jul/2026:02:20:01 +0000] "POST /wp-cron.php?doing_wp_cron=1784254801.4222500324249267578125 HTTP/1.1" 200 0 "-" "WordPress/7.0.1; https://www.mecoraso.com"
57.141.0.51 - - [17/Jul/2026:02:19:58 +0000] "GET /?p=7681 HTTP/2" 301 0 "-" "Mozilla/5.0 (Windows NT 10.0; Win64; x64) AppleWebKit/537.36 (KHTML, like Gecko) Chrome/145.0.0.0 Safari/537.36 (compatible; meta-externalagent/1.1 (+https://developers.facebook.com/docs/sharing/webmasters/crawler))"
57.141.0.26 - - [17/Jul/2026:02:20:16 +0000] "GET /?p=2860 HTTP/2" 301 0 "-" "Mozilla/5.0 (Windows NT 10.0; Win64; x64) AppleWebKit/537.36 (KHTML, like Gecko) Chrome/145.0.0.0 Safari/537.36 (compatible; meta-externalagent/1.1 (+https://developers.facebook.com/docs/sharing/webmasters/crawler))"
57.141.0.69 - - [17/Jul/2026:02:20:28 +0000] "GET /?p=8326 HTTP/2" 301 0 "-" "Mozilla/5.0 (Macintosh; Intel Mac OS X 10_15_7) AppleWebKit/537.36 (KHTML, like Gecko) Chrome/145.0.0.0 Safari/537.36 (compatible; meta-externalagent/1.1 (+https://developers.facebook.com/docs/sharing/webmasters/crawler))"
57.141.0.1 - - [17/Jul/2026:02:20:45 +0000] "GET /?p=3516 HTTP/2" 301 0 "-" "Mozilla/5.0 (Macintosh; Intel Mac OS X 10_15_7) AppleWebKit/537.36 (KHTML, like Gecko) Chrome/145.0.0.0 Safari/537.36 (compatible; meta-externalagent/1.1 (+https://developers.facebook.com/docs/sharing/webmasters/crawler))"
65.181.116.207 - - [17/Jul/2026:02:21:44 +0000] "POST /wp-cron.php?doing_wp_cron=1784254904.2432069778442382812500 HTTP/1.1" 200 0 "-" "WordPress/7.0.1; https://www.mecoraso.com"
57.141.0.34 - - [17/Jul/2026:02:21:41 +0000] "GET /?p=4002 HTTP/2" 301 0 "-" "Mozilla/5.0 (Macintosh; Intel Mac OS X 10_15_7) AppleWebKit/537.36 (KHTML, like Gecko) Chrome/145.0.0.0 Safari/537.36 (compatible; meta-externalagent/1.1 (+https://developers.facebook.com/docs/sharing/webmasters/crawler))"
57.141.0.67 - - [17/Jul/2026:02:21:45 +0000] "GET /?p=9225 HTTP/2" 301 0 "-" "Mozilla/5.0 (Windows NT 10.0; Win64; x64) AppleWebKit/537.36 (KHTML, like Gecko) Chrome/145.0.0.0 Safari/537.36 (compatible; meta-externalagent/1.1 (+https://developers.facebook.com/docs/sharing/webmasters/crawler))"
65.181.116.207 - - [17/Jul/2026:02:22:07 +0000] "POST /wp-cron.php?doing_wp_cron=1784254927.0242819786071777343750 HTTP/1.1" 200 0 "-" "WordPress/7.0.1; https://www.mecoraso.com"
57.141.0.48 - - [17/Jul/2026:02:22:03 +0000] "GET /?p=8789 HTTP/2" 301 0 "-" "Mozilla/5.0 (Windows NT 10.0; Win64; x64) AppleWebKit/537.36 (KHTML, like Gecko) Chrome/145.0.0.0 Safari/537.36 Edg/145.0.0.0 (compatible; meta-externalagent/1.1 (+https://developers.facebook.com/docs/sharing/webmasters/crawler))"
57.141.0.24 - - [17/Jul/2026:02:22:11 +0000] "GET /?p=6114 HTTP/2" 301 0 "-" "Mozilla/5.0 (Windows NT 10.0; Win64; x64) AppleWebKit/537.36 (KHTML, like Gecko) Chrome/145.0.0.0 Safari/537.36 (compatible; meta-externalagent/1.1 (+https://developers.facebook.com/docs/sharing/webmasters/crawler))"
57.141.0.18 - - [17/Jul/2026:02:22:15 +0000] "GET /?p=1292 HTTP/2" 301 0 "-" "Mozilla/5.0 (Windows NT 10.0; Win64; x64) AppleWebKit/537.36 (KHTML, like Gecko) Chrome/145.0.0.0 Safari/537.36 (compatible; meta-externalagent/1.1 (+https://developers.facebook.com/docs/sharing/webmasters/crawler))"
57.141.0.19 - - [17/Jul/2026:02:22:24 +0000] "GET /?p=3402 HTTP/2" 301 0 "-" "Mozilla/5.0 (Windows NT 10.0; Win64; x64) AppleWebKit/537.36 (KHTML, like Gecko) Chrome/145.0.0.0 Safari/537.36 (compatible; meta-externalagent/1.1 (+https://developers.facebook.com/docs/sharing/webmasters/crawler))"
65.181.116.207 - - [17/Jul/2026:02:22:58 +0000] "POST /wp-cron.php?doing_wp_cron=1784254978.4588348865509033203125 HTTP/1.1" 200 0 "-" "WordPress/7.0.1; https://www.mecoraso.com"
57.141.0.47 - - [17/Jul/2026:02:22:54 +0000] "GET /?p=5774 HTTP/2" 301 0 "-" "Mozilla/5.0 (Windows NT 10.0; Win64; x64) AppleWebKit/537.36 (KHTML, like Gecko) Chrome/145.0.0.0 Safari/537.36 (compatible; meta-externalagent/1.1 (+https://developers.facebook.com/docs/sharing/webmasters/crawler))"
20.226.66.230 - - [17/Jul/2026:02:24:38 +0000] "GET /wp-content/plugins/hellopress/wp_filemanager.php HTTP/1.1" 404 5750 "-" "-"
20.226.66.230 - - [17/Jul/2026:02:24:39 +0000] "GET /this_is_a_new_hello_world.php HTTP/1.1" 404 5750 "-" "-"
20.226.66.230 - - [17/Jul/2026:02:24:39 +0000] "GET /x.php HTTP/1.1" 404 5750 "-" "-"
20.226.66.230 - - [17/Jul/2026:02:24:39 +0000] "GET /mgrr.php HTTP/1.1" 404 5750 "-" "-"
20.226.66.230 - - [17/Jul/2026:02:24:40 +0000] "GET /stdin.php HTTP/1.1" 404 5750 "-" "-"
20.226.66.230 - - [17/Jul/2026:02:24:40 +0000] "GET /BDKR28.php HTTP/1.1" 404 5750 "-" "-"
20.226.66.230 - - [17/Jul/2026:02:24:40 +0000] "GET /001.php HTTP/1.1" 404 5750 "-" "-"
20.226.66.230 - - [17/Jul/2026:02:24:41 +0000] "GET /dZ3wP5.php HTTP/1.1" 404 5750 "-" "-"
20.226.66.230 - - [17/Jul/2026:02:24:41 +0000] "GET /yup.php HTTP/1.1" 404 5750 "-" "-"
65.181.116.207 - - [17/Jul/2026:02:24:41 +0000] "POST /wp-cron.php?doing_wp_cron=1784255081.3682401180267333984375 HTTP/1.1" 200 0 "-" "WordPress/7.0.1; https://www.mecoraso.com"
57.141.0.41 - - [17/Jul/2026:02:24:38 +0000] "GET /?p=7514 HTTP/2" 301 0 "-" "Mozilla/5.0 (Macintosh; Intel Mac OS X 10_15_7) AppleWebKit/537.36 (KHTML, like Gecko) Chrome/145.0.0.0 Safari/537.36 (compatible; meta-externalagent/1.1 (+https://developers.facebook.com/docs/sharing/webmasters/crawler))"
20.226.66.230 - - [17/Jul/2026:02:24:41 +0000] "GET /ts.php HTTP/1.1" 404 5750 "-" "-"
20.226.66.230 - - [17/Jul/2026:02:24:41 +0000] "GET /X.php HTTP/1.1" 404 5750 "-" "-"
20.226.66.230 - - [17/Jul/2026:02:24:42 +0000] "GET /1polka.php HTTP/1.1" 404 5750 "-" "-"
20.226.66.230 - - [17/Jul/2026:02:24:42 +0000] "GET /gec.php HTTP/1.1" 404 5750 "-" "-"
20.226.66.230 - - [17/Jul/2026:02:24:42 +0000] "GET /sky.php HTTP/1.1" 404 5750 "-" "-"
20.226.66.230 - - [17/Jul/2026:02:24:43 +0000] "GET /fffm.php HTTP/1.1" 404 5750 "-" "-"
20.226.66.230 - - [17/Jul/2026:02:24:43 +0000] "GET /sixxis.php HTTP/1.1" 404 5750 "-" "-"
20.226.66.230 - - [17/Jul/2026:02:24:43 +0000] "GET /yj09.php HTTP/1.1" 404 5750 "-" "-"
20.226.66.230 - - [17/Jul/2026:02:24:44 +0000] "GET /f900.php HTTP/1.1" 404 5750 "-" "-"
20.226.66.230 - - [17/Jul/2026:02:24:44 +0000] "GET /ups.php HTTP/1.1" 404 5750 "-" "-"
20.226.66.230 - - [17/Jul/2026:02:24:44 +0000] "GET /k.php HTTP/1.1" 404 5750 "-" "-"
20.226.66.230 - - [17/Jul/2026:02:24:45 +0000] "GET /k2.php HTTP/1.1" 404 5750 "-" "-"
20.226.66.230 - - [17/Jul/2026:02:24:45 +0000] "GET /w.php HTTP/1.1" 404 5750 "-" "-"
20.226.66.230 - - [17/Jul/2026:02:24:45 +0000] "GET /fpwch.php HTTP/1.1" 404 5750 "-" "-"
20.226.66.230 - - [17/Jul/2026:02:24:45 +0000] "GET /w2025.php HTTP/1.1" 404 5750 "-" "-"
20.226.66.230 - - [17/Jul/2026:02:24:46 +0000] "GET /scxy.php HTTP/1.1" 404 5750 "-" "-"
20.226.66.230 - - [17/Jul/2026:02:24:46 +0000] "GET /FWAZ.php HTTP/1.1" 404 5750 "-" "-"
20.226.66.230 - - [17/Jul/2026:02:24:46 +0000] "GET /qterm.php?p= HTTP/1.1" 404 5750 "-" "-"
20.226.66.230 - - [17/Jul/2026:02:24:47 +0000] "GET /blurbs.php HTTP/1.1" 404 5750 "-" "-"
20.226.66.230 - - [17/Jul/2026:02:24:47 +0000] "GET /v543.php HTTP/1.1" 404 5750 "-" "-"
20.226.66.230 - - [17/Jul/2026:02:24:47 +0000] "GET /w3lls.php HTTP/1.1" 404 5750 "-" "-"
20.226.66.230 - - [17/Jul/2026:02:24:48 +0000] "GET /wp-ws68.php?p= HTTP/1.1" 404 5750 "-" "-"
20.226.66.230 - - [17/Jul/2026:02:24:48 +0000] "GET /xyn.php HTTP/1.1" 404 5750 "-" "-"
20.226.66.230 - - [17/Jul/2026:02:24:48 +0000] "GET /green3.php?p= HTTP/1.1" 404 5750 "-" "-"
20.226.66.230 - - [17/Jul/2026:02:24:49 +0000] "GET /ccc.php?p= HTTP/1.1" 404 5750 "-" "-"
20.226.66.230 - - [17/Jul/2026:02:24:49 +0000] "GET /get.php HTTP/1.1" 404 5750 "-" "-"
20.226.66.230 - - [17/Jul/2026:02:24:49 +0000] "GET /images.php HTTP/1.1" 404 5750 "-" "-"
20.226.66.230 - - [17/Jul/2026:02:24:50 +0000] "GET /alls.php HTTP/1.1" 404 5750 "-" "-"
20.226.66.230 - - [17/Jul/2026:02:24:50 +0000] "GET /coffexium.php HTTP/1.1" 404 5750 "-" "-"
20.226.66.230 - - [17/Jul/2026:02:24:50 +0000] "GET /red.php HTTP/1.1" 404 5750 "-" "-"
20.226.66.230 - - [17/Jul/2026:02:24:51 +0000] "GET /wp-includes/sodium_compat/ HTTP/1.1" 404 5750 "-" "-"
20.226.66.230 - - [17/Jul/2026:02:24:51 +0000] "GET /wp-admin/css/colors/coffee/wp-adochan.php HTTP/1.1" 404 5750 "-" "-"
20.226.66.230 - - [17/Jul/2026:02:24:51 +0000] "GET /wp-includes/Text/ HTTP/1.1" 404 5750 "-" "-"
20.226.66.230 - - [17/Jul/2026:02:24:52 +0000] "GET /footer.php HTTP/1.1" 404 5750 "-" "-"
20.226.66.230 - - [17/Jul/2026:02:24:52 +0000] "GET /wp-content/uploads/ HTTP/1.1" 404 5750 "-" "-"
20.226.66.230 - - [17/Jul/2026:02:24:52 +0000] "GET /wp-content/index.php HTTP/1.1" 404 5750 "-" "-"
20.226.66.230 - - [17/Jul/2026:02:24:53 +0000] "GET /zoro.php HTTP/1.1" 404 5750 "-" "-"
20.226.66.230 - - [17/Jul/2026:02:24:53 +0000] "GET /admin.php HTTP/1.1" 404 5750 "-" "-"
20.226.66.230 - - [17/Jul/2026:02:24:53 +0000] "GET /177.php HTTP/1.1" 404 5750 "-" "-"
20.226.66.230 - - [17/Jul/2026:02:24:54 +0000] "GET /199.php HTTP/1.1" 404 5750 "-" "-"
20.226.66.230 - - [17/Jul/2026:02:24:54 +0000] "GET /file52.php HTTP/1.1" 404 5750 "-" "-"
20.226.66.230 - - [17/Jul/2026:02:24:54 +0000] "GET /geck.php HTTP/1.1" 404 5750 "-" "-"
20.226.66.230 - - [17/Jul/2026:02:24:55 +0000] "GET /biufile.php HTTP/1.1" 404 5750 "-" "-"
20.226.66.230 - - [17/Jul/2026:02:24:55 +0000] "GET /mosty.php HTTP/1.1" 404 5750 "-" "-"
20.226.66.230 - - [17/Jul/2026:02:24:55 +0000] "GET /dejavu.php HTTP/1.1" 404 5750 "-" "-"
20.226.66.230 - - [17/Jul/2026:02:24:56 +0000] "GET /aaf.php HTTP/1.1" 404 5750 "-" "-"
20.226.66.230 - - [17/Jul/2026:02:24:56 +0000] "GET /term.php HTTP/1.1" 404 5750 "-" "-"
20.226.66.230 - - [17/Jul/2026:02:24:56 +0000] "GET /ha.php HTTP/1.1" 404 5750 "-" "-"
20.226.66.230 - - [17/Jul/2026:02:24:57 +0000] "GET /hur.php HTTP/1.1" 404 5750 "-" "-"
20.226.66.230 - - [17/Jul/2026:02:24:57 +0000] "GET /h02ugyh.php HTTP/1.1" 404 5750 "-" "-"
20.226.66.230 - - [17/Jul/2026:02:24:57 +0000] "GET /155.php HTTP/1.1" 404 5750 "-" "-"
20.226.66.230 - - [17/Jul/2026:02:24:57 +0000] "GET /pp.php HTTP/1.1" 404 5750 "-" "-"
20.226.66.230 - - [17/Jul/2026:02:24:58 +0000] "GET /201.php HTTP/1.1" 404 5750 "-" "-"
20.226.66.230 - - [17/Jul/2026:02:24:58 +0000] "GET /ops.php HTTP/1.1" 404 5750 "-" "-"
20.226.66.230 - - [17/Jul/2026:02:24:58 +0000] "GET /ingfo.php HTTP/1.1" 404 5750 "-" "-"
20.226.66.230 - - [17/Jul/2026:02:24:59 +0000] "GET /error_log.php HTTP/1.1" 404 5750 "-" "-"
20.226.66.230 - - [17/Jul/2026:02:24:59 +0000] "GET /test10.php HTTP/1.1" 404 5750 "-" "-"
20.226.66.230 - - [17/Jul/2026:02:24:59 +0000] "GET /koala.php HTTP/1.1" 404 5750 "-" "-"
20.226.66.230 - - [17/Jul/2026:02:25:00 +0000] "GET /mac.php HTTP/1.1" 404 5750 "-" "-"
20.226.66.230 - - [17/Jul/2026:02:25:00 +0000] "GET /wefile.php HTTP/1.1" 404 5750 "-" "-"
20.226.66.230 - - [17/Jul/2026:02:25:00 +0000] "GET /wp-includes/blocks/post-comments-form/ HTTP/1.1" 404 5750 "-" "-"
20.226.66.230 - - [17/Jul/2026:02:25:01 +0000] "GET /wp-admin/js/ HTTP/1.1" 404 5750 "-" "-"
20.226.66.230 - - [17/Jul/2026:02:25:01 +0000] "GET /makeasmtp.php?p= HTTP/1.1" 404 5750 "-" "-"
20.226.66.230 - - [17/Jul/2026:02:25:01 +0000] "GET /2P.php HTTP/1.1" 404 5750 "-" "-"
20.226.66.230 - - [17/Jul/2026:02:25:02 +0000] "GET /.well-known/about.php HTTP/1.1" 404 5750 "-" "-"
20.226.66.230 - - [17/Jul/2026:02:25:02 +0000] "GET /wp-includes/ID3/about.php HTTP/1.1" 404 5750 "-" "-"
20.226.66.230 - - [17/Jul/2026:02:25:03 +0000] "GET /system_log.php HTTP/1.1" 404 5750 "-" "-"
20.226.66.230 - - [17/Jul/2026:02:25:03 +0000] "GET /wp-admin/css/ HTTP/1.1" 404 5750 "-" "-"
20.226.66.230 - - [17/Jul/2026:02:25:06 +0000] "GET /wp-admin/css/colors/modern/ HTTP/1.1" 404 5750 "-" "-"
20.226.66.230 - - [17/Jul/2026:02:25:07 +0000] "GET /crgio.php HTTP/1.1" 404 5750 "-" "-"
20.226.66.230 - - [17/Jul/2026:02:25:07 +0000] "GET /pucci.php HTTP/1.1" 404 5750 "-" "-"
20.226.66.230 - - [17/Jul/2026:02:25:08 +0000] "GET /wp-includes/blocks/details/ HTTP/1.1" 404 5750 "-" "-"
20.226.66.230 - - [17/Jul/2026:02:25:08 +0000] "GET /wp-includes/blocks/audio/ HTTP/1.1" 404 5750 "-" "-"
20.226.66.230 - - [17/Jul/2026:02:25:08 +0000] "GET /wp-temp.php HTTP/1.1" 404 5750 "-" "-"
20.226.66.230 - - [17/Jul/2026:02:25:09 +0000] "GET /wp-includes/blocks/buttons/ HTTP/1.1" 404 5750 "-" "-"
20.226.66.230 - - [17/Jul/2026:02:25:09 +0000] "GET /wp-admin/js/index.php HTTP/1.1" 404 5750 "-" "-"
20.226.66.230 - - [17/Jul/2026:02:25:09 +0000] "GET /puc.php HTTP/1.1" 404 5750 "-" "-"
20.226.66.230 - - [17/Jul/2026:02:25:10 +0000] "GET /dx.php HTTP/1.1" 404 5750 "-" "-"
20.226.66.230 - - [17/Jul/2026:02:25:10 +0000] "GET /wp-includes/Requests/ HTTP/1.1" 404 5750 "-" "-"
20.226.66.230 - - [17/Jul/2026:02:25:10 +0000] "GET /bthil.php HTTP/1.1" 404 5750 "-" "-"
20.226.66.230 - - [17/Jul/2026:02:25:11 +0000] "GET /7.php HTTP/1.1" 404 5750 "-" "-"
20.226.66.230 - - [17/Jul/2026:02:25:11 +0000] "GET /8.php HTTP/1.1" 404 5750 "-" "-"
20.226.66.230 - - [17/Jul/2026:02:25:11 +0000] "GET /1.php HTTP/1.1" 404 5750 "-" "-"
20.226.66.230 - - [17/Jul/2026:02:25:12 +0000] "GET /100.php HTTP/1.1" 404 5750 "-" "-"
20.226.66.230 - - [17/Jul/2026:02:25:12 +0000] "GET /about.php HTTP/1.1" 404 5750 "-" "-"
20.226.66.230 - - [17/Jul/2026:02:25:12 +0000] "GET /admin.php HTTP/1.1" 404 5750 "-" "-"
20.226.66.230 - - [17/Jul/2026:02:25:13 +0000] "GET /edit.php HTTP/1.1" 404 5750 "-" "-"
20.226.66.230 - - [17/Jul/2026:02:25:13 +0000] "GET /wp-content/admin.php HTTP/1.1" 404 5750 "-" "-"
20.226.66.230 - - [17/Jul/2026:02:25:13 +0000] "GET /ss.php HTTP/1.1" 404 5750 "-" "-"
20.226.66.230 - - [17/Jul/2026:02:25:13 +0000] "GET /inputs.php HTTP/1.1" 404 5750 "-" "-"
20.226.66.230 - - [17/Jul/2026:02:25:14 +0000] "GET /av.php HTTP/1.1" 404 5750 "-" "-"
20.226.66.230 - - [17/Jul/2026:02:25:14 +0000] "GET /classwithtostring.php?p= HTTP/1.1" 404 5750 "-" "-"
20.226.66.230 - - [17/Jul/2026:02:25:14 +0000] "GET /wp-content/themes/index.php HTTP/1.1" 404 5750 "-" "-"
20.226.66.230 - - [17/Jul/2026:02:25:15 +0000] "GET /wp-blog.php HTTP/1.1" 404 5750 "-" "-"
20.226.66.230 - - [17/Jul/2026:02:25:15 +0000] "GET /wp-includes/js/jquery/ HTTP/1.1" 404 5750 "-" "-"
20.226.66.230 - - [17/Jul/2026:02:25:15 +0000] "GET /wp-content/admin.php HTTP/1.1" 404 5750 "-" "-"
20.226.66.230 - - [17/Jul/2026:02:25:16 +0000] "GET /adminfuns.php HTTP/1.1" 404 5750 "-" "-"
20.226.66.230 - - [17/Jul/2026:02:25:16 +0000] "GET /goods.php HTTP/1.1" 404 5750 "-" "-"
20.226.66.230 - - [17/Jul/2026:02:25:16 +0000] "GET /ms-edit.php HTTP/1.1" 404 5750 "-" "-"
65.181.116.207 - - [17/Jul/2026:02:25:17 +0000] "POST /wp-cron.php?doing_wp_cron=1784255116.9132449626922607421875 HTTP/1.1" 200 0 "-" "WordPress/7.0.1; https://www.mecoraso.com"
57.141.0.30 - - [17/Jul/2026:02:25:12 +0000] "GET /?p=9032 HTTP/2" 301 0 "-" "Mozilla/5.0 (Windows NT 10.0; Win64; x64) AppleWebKit/537.36 (KHTML, like Gecko) Chrome/145.0.0.0 Safari/537.36 (compatible; meta-externalagent/1.1 (+https://developers.facebook.com/docs/sharing/webmasters/crawler))"
20.226.66.230 - - [17/Jul/2026:02:25:17 +0000] "GET /222.php HTTP/1.1" 404 5750 "-" "-"
20.226.66.230 - - [17/Jul/2026:02:25:17 +0000] "GET /cgi-bin/index.php HTTP/1.1" 404 5750 "-" "-"
20.226.66.230 - - [17/Jul/2026:02:25:17 +0000] "GET /wp-includes/css/dist/ HTTP/1.1" 404 5750 "-" "-"
20.226.66.230 - - [17/Jul/2026:02:25:18 +0000] "GET /BDKR28WP.php HTTP/1.1" 404 5750 "-" "-"
20.226.66.230 - - [17/Jul/2026:02:25:18 +0000] "GET /wp-includes/l10n/ HTTP/1.1" 404 5750 "-" "-"
20.226.66.230 - - [17/Jul/2026:02:25:18 +0000] "GET /wp-content/uploads/ HTTP/1.1" 404 5750 "-" "-"
20.226.66.230 - - [17/Jul/2026:02:25:19 +0000] "GET /wp.php HTTP/1.1" 404 5750 "-" "-"
57.141.0.36 - - [17/Jul/2026:02:25:15 +0000] "GET /?p=3426 HTTP/2" 301 0 "-" "Mozilla/5.0 (Windows NT 10.0; Win64; x64) AppleWebKit/537.36 (KHTML, like Gecko) Chrome/145.0.0.0 Safari/537.36 (compatible; meta-externalagent/1.1 (+https://developers.facebook.com/docs/sharing/webmasters/crawler))"
20.226.66.230 - - [17/Jul/2026:02:25:19 +0000] "GET /abcd.php HTTP/1.1" 404 5750 "-" "-"
20.226.66.230 - - [17/Jul/2026:02:25:19 +0000] "GET /a1.php HTTP/1.1" 404 5750 "-" "-"
20.226.66.230 - - [17/Jul/2026:02:25:20 +0000] "GET /wp-includes/Text/Diff/Engine/about.php HTTP/1.1" 404 5750 "-" "-"
20.226.66.230 - - [17/Jul/2026:02:25:20 +0000] "GET /cgi-bin/admin.php HTTP/1.1" 404 5750 "-" "-"
20.226.66.230 - - [17/Jul/2026:02:25:20 +0000] "GET /gettest.php HTTP/1.1" 404 5750 "-" "-"
20.226.66.230 - - [17/Jul/2026:02:25:20 +0000] "GET /wp-content/ HTTP/1.1" 404 5750 "-" "-"
20.226.66.230 - - [17/Jul/2026:02:25:21 +0000] "GET /simple.php HTTP/1.1" 404 5750 "-" "-"
20.226.66.230 - - [17/Jul/2026:02:25:21 +0000] "GET /xxx.php HTTP/1.1" 404 5750 "-" "-"
20.226.66.230 - - [17/Jul/2026:02:25:21 +0000] "GET /hypo.php HTTP/1.1" 404 5750 "-" "-"
20.226.66.230 - - [17/Jul/2026:02:25:22 +0000] "GET /wp-admin/css/colors/blue/ HTTP/1.1" 404 5750 "-" "-"
20.226.66.230 - - [17/Jul/2026:02:25:22 +0000] "GET /chosen.php HTTP/1.1" 404 5750 "-" "-"
20.226.66.230 - - [17/Jul/2026:02:25:22 +0000] "GET /wp-includes/block-bindings/ HTTP/1.1" 404 5750 "-" "-"
20.226.66.230 - - [17/Jul/2026:02:25:23 +0000] "GET /als.php HTTP/1.1" 404 5750 "-" "-"
20.226.66.230 - - [17/Jul/2026:02:25:23 +0000] "GET /pol.php HTTP/1.1" 404 5750 "-" "-"
20.226.66.230 - - [17/Jul/2026:02:25:23 +0000] "GET /file5.php HTTP/1.1" 404 5750 "-" "-"
20.226.66.230 - - [17/Jul/2026:02:25:24 +0000] "GET /file.php HTTP/1.1" 404 5750 "-" "-"
20.226.66.230 - - [17/Jul/2026:02:25:24 +0000] "GET /cfile.php HTTP/1.1" 404 5750 "-" "-"
20.226.66.230 - - [17/Jul/2026:02:25:24 +0000] "GET /admin.php HTTP/1.1" 404 5750 "-" "-"
20.226.66.230 - - [17/Jul/2026:02:25:25 +0000] "GET /aa2.php HTTP/1.1" 404 5750 "-" "-"
20.226.66.230 - - [17/Jul/2026:02:25:25 +0000] "GET /ccou.php HTTP/1.1" 404 5750 "-" "-"
20.226.66.230 - - [17/Jul/2026:02:25:25 +0000] "GET /dr.php HTTP/1.1" 404 5750 "-" "-"
20.226.66.230 - - [17/Jul/2026:02:25:26 +0000] "GET /xamp.php HTTP/1.1" 404 5750 "-" "-"
20.226.66.230 - - [17/Jul/2026:02:25:26 +0000] "GET /bless.php HTTP/1.1" 404 5750 "-" "-"
20.226.66.230 - - [17/Jul/2026:02:25:26 +0000] "GET /file25.php HTTP/1.1" 404 5750 "-" "-"
20.226.66.230 - - [17/Jul/2026:02:25:26 +0000] "GET /file6.php HTTP/1.1" 404 5750 "-" "-"
20.226.66.230 - - [17/Jul/2026:02:25:27 +0000] "GET /a2.php HTTP/1.1" 404 5750 "-" "-"
20.226.66.230 - - [17/Jul/2026:02:25:27 +0000] "GET /file15.php HTTP/1.1" 404 5750 "-" "-"
20.226.66.230 - - [17/Jul/2026:02:25:27 +0000] "GET /f35.php HTTP/1.1" 404 5750 "-" "-"
20.226.66.230 - - [17/Jul/2026:02:25:28 +0000] "GET /wp-load.php HTTP/1.1" 404 5750 "-" "-"
20.226.66.230 - - [17/Jul/2026:02:25:28 +0000] "GET /xwpg.php HTTP/1.1" 404 5750 "-" "-"
20.226.66.230 - - [17/Jul/2026:02:25:28 +0000] "GET /wp-includes/assets/ HTTP/1.1" 404 5750 "-" "-"
20.226.66.230 - - [17/Jul/2026:02:25:29 +0000] "GET /wp-admin/css/colors/sunrise/ HTTP/1.1" 404 5750 "-" "-"
57.141.0.11 - - [17/Jul/2026:02:25:25 +0000] "GET /?p=1679 HTTP/2" 301 0 "-" "Mozilla/5.0 (Macintosh; Intel Mac OS X 10_15_7) AppleWebKit/537.36 (KHTML, like Gecko) Chrome/145.0.0.0 Safari/537.36 (compatible; meta-externalagent/1.1 (+https://developers.facebook.com/docs/sharing/webmasters/crawler))"
20.226.66.230 - - [17/Jul/2026:02:25:29 +0000] "GET /xstelth.php HTTP/1.1" 404 5750 "-" "-"
20.226.66.230 - - [17/Jul/2026:02:25:29 +0000] "GET /wp-admin/network/plugins.php HTTP/1.1" 404 5750 "-" "-"
20.226.66.230 - - [17/Jul/2026:02:25:30 +0000] "GET /aaa.php HTTP/1.1" 404 5750 "-" "-"
20.226.66.230 - - [17/Jul/2026:02:25:30 +0000] "GET /gecko.php HTTP/1.1" 404 5750 "-" "-"
20.226.66.230 - - [17/Jul/2026:02:25:30 +0000] "GET /sh3ll.php HTTP/1.1" 404 5750 "-" "-"
20.226.66.230 - - [17/Jul/2026:02:25:31 +0000] "GET /wp-includes/Requests/library/ HTTP/1.1" 404 5750 "-" "-"
20.226.66.230 - - [17/Jul/2026:02:25:31 +0000] "GET /pbck.php HTTP/1.1" 404 5750 "-" "-"
20.226.66.230 - - [17/Jul/2026:02:25:31 +0000] "GET /xiugai.php?p= HTTP/1.1" 404 5750 "-" "-"
20.226.66.230 - - [17/Jul/2026:02:25:31 +0000] "GET /son1.php HTTP/1.1" 404 5750 "-" "-"
20.226.66.230 - - [17/Jul/2026:02:25:32 +0000] "GET /e.php HTTP/1.1" 404 5750 "-" "-"
20.226.66.230 - - [17/Jul/2026:02:25:32 +0000] "GET /hg.php?p= HTTP/1.1" 404 5750 "-" "-"
20.226.66.230 - - [17/Jul/2026:02:25:32 +0000] "GET /ah25.php HTTP/1.1" 404 5750 "-" "-"
20.226.66.230 - - [17/Jul/2026:02:25:33 +0000] "GET /mg2.php HTTP/1.1" 404 5750 "-" "-"
20.226.66.230 - - [17/Jul/2026:02:25:33 +0000] "GET /for.php HTTP/1.1" 404 5750 "-" "-"
65.181.116.207 - - [17/Jul/2026:02:25:51 +0000] "POST /wp-cron.php?doing_wp_cron=1784255151.7378048896789550781250 HTTP/1.1" 200 0 "-" "WordPress/7.0.1; https://www.mecoraso.com"
57.141.0.41 - - [17/Jul/2026:02:25:49 +0000] "GET /?p=5552 HTTP/2" 301 0 "-" "Mozilla/5.0 (Windows NT 10.0; Win64; x64) AppleWebKit/537.36 (KHTML, like Gecko) Chrome/145.0.0.0 Safari/537.36 (compatible; meta-externalagent/1.1 (+https://developers.facebook.com/docs/sharing/webmasters/crawler))"
65.181.116.207 - - [17/Jul/2026:02:27:39 +0000] "POST /wp-cron.php?doing_wp_cron=1784255259.9266200065612792968750 HTTP/1.1" 200 0 "-" "WordPress/7.0.1; https://www.mecoraso.com"
57.141.0.69 - - [17/Jul/2026:02:27:37 +0000] "GET /?p=4397 HTTP/2" 301 0 "-" "Mozilla/5.0 (Macintosh; Intel Mac OS X 10_15_7) AppleWebKit/537.36 (KHTML, like Gecko) Chrome/145.0.0.0 Safari/537.36 (compatible; meta-externalagent/1.1 (+https://developers.facebook.com/docs/sharing/webmasters/crawler))"
65.181.116.207 - - [17/Jul/2026:02:28:27 +0000] "POST /wp-cron.php?doing_wp_cron=1784255307.4907870292663574218750 HTTP/1.1" 200 0 "-" "WordPress/7.0.1; https://www.mecoraso.com"
57.141.0.34 - - [17/Jul/2026:02:28:25 +0000] "GET /?p=8039 HTTP/2" 301 0 "-" "Mozilla/5.0 (Windows NT 10.0; Win64; x64) AppleWebKit/537.36 (KHTML, like Gecko) Chrome/145.0.0.0 Safari/537.36 (compatible; meta-externalagent/1.1 (+https://developers.facebook.com/docs/sharing/webmasters/crawler))"
57.141.0.16 - - [17/Jul/2026:02:28:37 +0000] "GET /?p=7297 HTTP/2" 301 0 "-" "Mozilla/5.0 (Macintosh; Intel Mac OS X 10_15_7) AppleWebKit/537.36 (KHTML, like Gecko) Chrome/145.0.0.0 Safari/537.36 (compatible; meta-externalagent/1.1 (+https://developers.facebook.com/docs/sharing/webmasters/crawler))"
65.181.116.207 - - [17/Jul/2026:02:28:58 +0000] "POST /wp-cron.php?doing_wp_cron=1784255338.6399829387664794921875 HTTP/1.1" 200 0 "-" "WordPress/7.0.1; https://www.mecoraso.com"
57.141.0.61 - - [17/Jul/2026:02:28:56 +0000] "GET /?p=8569 HTTP/2" 301 0 "-" "Mozilla/5.0 (Windows NT 10.0; Win64; x64) AppleWebKit/537.36 (KHTML, like Gecko) Chrome/145.0.0.0 Safari/537.36 (compatible; meta-externalagent/1.1 (+https://developers.facebook.com/docs/sharing/webmasters/crawler))"
57.141.0.3 - - [17/Jul/2026:02:28:58 +0000] "GET /?p=5489 HTTP/2" 301 0 "-" "Mozilla/5.0 (Windows NT 10.0; Win64; x64) AppleWebKit/537.36 (KHTML, like Gecko) Chrome/145.0.0.0 Safari/537.36 (compatible; meta-externalagent/1.1 (+https://developers.facebook.com/docs/sharing/webmasters/crawler))"
57.141.0.71 - - [17/Jul/2026:02:29:04 +0000] "GET /?p=3479 HTTP/2" 301 0 "-" "Mozilla/5.0 (Windows NT 10.0; Win64; x64) AppleWebKit/537.36 (KHTML, like Gecko) Chrome/145.0.0.0 Safari/537.36 (compatible; meta-externalagent/1.1 (+https://developers.facebook.com/docs/sharing/webmasters/crawler))"
57.141.0.16 - - [17/Jul/2026:02:29:27 +0000] "GET /?p=5820 HTTP/2" 301 0 "-" "Mozilla/5.0 (Windows NT 10.0; Win64; x64) AppleWebKit/537.36 (KHTML, like Gecko) Chrome/145.0.0.0 Safari/537.36 (compatible; meta-externalagent/1.1 (+https://developers.facebook.com/docs/sharing/webmasters/crawler))"
65.181.116.207 - - [17/Jul/2026:02:29:52 +0000] "POST /wp-cron.php?doing_wp_cron=1784255392.4499390125274658203125 HTTP/1.1" 200 0 "-" "WordPress/7.0.1; https://www.mecoraso.com"
57.141.0.51 - - [17/Jul/2026:02:29:50 +0000] "GET /?p=1284 HTTP/2" 301 0 "-" "Mozilla/5.0 (Macintosh; Intel Mac OS X 10_15_7) AppleWebKit/537.36 (KHTML, like Gecko) Chrome/145.0.0.0 Safari/537.36 (compatible; meta-externalagent/1.1 (+https://developers.facebook.com/docs/sharing/webmasters/crawler))"
65.181.116.207 - - [17/Jul/2026:02:30:51 +0000] "POST /wp-cron.php?doing_wp_cron=1784255451.2968759536743164062500 HTTP/1.1" 200 0 "-" "WordPress/7.0.1; https://www.mecoraso.com"
57.141.0.48 - - [17/Jul/2026:02:30:49 +0000] "GET /?p=7024 HTTP/2" 301 0 "-" "Mozilla/5.0 (Windows NT 10.0; Win64; x64) AppleWebKit/537.36 (KHTML, like Gecko) Chrome/145.0.0.0 Safari/537.36 (compatible; meta-externalagent/1.1 (+https://developers.facebook.com/docs/sharing/webmasters/crawler))"
57.141.0.45 - - [17/Jul/2026:02:30:55 +0000] "GET /?p=1167 HTTP/2" 301 0 "-" "Mozilla/5.0 (Windows NT 10.0; Win64; x64) AppleWebKit/537.36 (KHTML, like Gecko) Chrome/145.0.0.0 Safari/537.36 (compatible; meta-externalagent/1.1 (+https://developers.facebook.com/docs/sharing/webmasters/crawler))"
89.238.73.161 - - [17/Jul/2026:02:30:57 +0000] "GET /wp-login.php HTTP/2" 200 1943 "-" "Mozilla/5.0 (iPhone; CPU iPhone OS 17_7 like Mac OS X) AppleWebKit/605.1.15 (KHTML, like Gecko) CriOS/143.0.6917.0 Mobile/15E148 Safari/604.1"
160.187.68.132 - - [17/Jul/2026:02:31:00 +0000] "GET /wp-login.php HTTP/2" 200 1943 "-" "Mozilla/5.0 (Linux; Android 10; K) AppleWebKit/537.36 (KHTML, like Gecko) Chrome/146.0.0.0 Mobile Safari/537.36"
89.238.73.161 - - [17/Jul/2026:02:31:01 +0000] "POST /wp-login.php HTTP/2" 200 2074 "https://mecoraso.com/wp-login.php" "Mozilla/5.0 (iPhone; CPU iPhone OS 17_7 like Mac OS X) AppleWebKit/605.1.15 (KHTML, like Gecko) CriOS/143.0.6917.0 Mobile/15E148 Safari/604.1"
160.187.68.132 - - [17/Jul/2026:02:31:07 +0000] "POST /wp-login.php HTTP/2" 200 2074 "https://mecoraso.com/wp-login.php" "Mozilla/5.0 (Linux; Android 10; K) AppleWebKit/537.36 (KHTML, like Gecko) Chrome/146.0.0.0 Mobile Safari/537.36"
57.141.0.71 - - [17/Jul/2026:02:31:39 +0000] "GET /?p=8609 HTTP/2" 301 0 "-" "Mozilla/5.0 (Macintosh; Intel Mac OS X 10_15_7) AppleWebKit/537.36 (KHTML, like Gecko) Chrome/145.0.0.0 Safari/537.36 (compatible; meta-externalagent/1.1 (+https://developers.facebook.com/docs/sharing/webmasters/crawler))"
57.141.0.54 - - [17/Jul/2026:02:31:38 +0000] "GET /?p=6348 HTTP/2" 301 0 "-" "Mozilla/5.0 (Windows NT 10.0; Win64; x64) AppleWebKit/537.36 (KHTML, like Gecko) Chrome/145.0.0.0 Safari/537.36 (compatible; meta-externalagent/1.1 (+https://developers.facebook.com/docs/sharing/webmasters/crawler))"
57.141.0.9 - - [17/Jul/2026:02:31:42 +0000] "GET /?p=8311 HTTP/2" 301 0 "-" "Mozilla/5.0 (Windows NT 10.0; Win64; x64) AppleWebKit/537.36 (KHTML, like Gecko) Chrome/145.0.0.0 Safari/537.36 (compatible; meta-externalagent/1.1 (+https://developers.facebook.com/docs/sharing/webmasters/crawler))"
65.181.116.207 - - [17/Jul/2026:02:31:51 +0000] "POST /wp-cron.php?doing_wp_cron=1784255510.9366590976715087890625 HTTP/1.1" 200 0 "-" "WordPress/7.0.1; https://www.mecoraso.com"
57.141.0.42 - - [17/Jul/2026:02:31:47 +0000] "GET /?p=3689 HTTP/2" 301 0 "-" "Mozilla/5.0 (Windows NT 10.0; Win64; x64) AppleWebKit/537.36 (KHTML, like Gecko) Chrome/145.0.0.0 Safari/537.36 (compatible; meta-externalagent/1.1 (+https://developers.facebook.com/docs/sharing/webmasters/crawler))"
57.141.0.68 - - [17/Jul/2026:02:32:08 +0000] "GET /?p=2651 HTTP/2" 301 0 "-" "Mozilla/5.0 (Windows NT 10.0; Win64; x64) AppleWebKit/537.36 (KHTML, like Gecko) Chrome/145.0.0.0 Safari/537.36 (compatible; meta-externalagent/1.1 (+https://developers.facebook.com/docs/sharing/webmasters/crawler))"
57.141.0.29 - - [17/Jul/2026:02:32:12 +0000] "GET /?p=8732 HTTP/2" 301 0 "-" "Mozilla/5.0 (Macintosh; Intel Mac OS X 10_15_7) AppleWebKit/537.36 (KHTML, like Gecko) Chrome/145.0.0.0 Safari/537.36 (compatible; meta-externalagent/1.1 (+https://developers.facebook.com/docs/sharing/webmasters/crawler))"
57.141.0.34 - - [17/Jul/2026:02:32:23 +0000] "GET /?p=7051 HTTP/2" 301 0 "-" "Mozilla/5.0 (Windows NT 10.0; Win64; x64) AppleWebKit/537.36 (KHTML, like Gecko) Chrome/145.0.0.0 Safari/537.36 (compatible; meta-externalagent/1.1 (+https://developers.facebook.com/docs/sharing/webmasters/crawler))"
65.181.116.207 - - [17/Jul/2026:02:33:30 +0000] "POST /wp-cron.php?doing_wp_cron=1784255610.6783850193023681640625 HTTP/1.1" 200 0 "-" "WordPress/7.0.1; https://www.mecoraso.com"
57.141.0.49 - - [17/Jul/2026:02:33:29 +0000] "GET /?p=774 HTTP/2" 301 0 "-" "Mozilla/5.0 (Windows NT 10.0; Win64; x64) AppleWebKit/537.36 (KHTML, like Gecko) Chrome/145.0.0.0 Safari/537.36 (compatible; meta-externalagent/1.1 (+https://developers.facebook.com/docs/sharing/webmasters/crawler))"
57.141.0.13 - - [17/Jul/2026:02:33:31 +0000] "GET /?p=4601 HTTP/2" 301 0 "-" "Mozilla/5.0 (Macintosh; Intel Mac OS X 10_15_7) AppleWebKit/537.36 (KHTML, like Gecko) Chrome/145.0.0.0 Safari/537.36 (compatible; meta-externalagent/1.1 (+https://developers.facebook.com/docs/sharing/webmasters/crawler))"
57.141.0.7 - - [17/Jul/2026:02:33:38 +0000] "GET /?p=8379 HTTP/2" 301 0 "-" "Mozilla/5.0 (Windows NT 10.0; Win64; x64) AppleWebKit/537.36 (KHTML, like Gecko) Chrome/145.0.0.0 Safari/537.36 (compatible; meta-externalagent/1.1 (+https://developers.facebook.com/docs/sharing/webmasters/crawler))"
65.181.116.207 - - [17/Jul/2026:02:34:22 +0000] "POST /wp-cron.php?doing_wp_cron=1784255662.5321578979492187500000 HTTP/1.1" 200 0 "-" "WordPress/7.0.1; https://www.mecoraso.com"
57.141.0.24 - - [17/Jul/2026:02:34:19 +0000] "GET /?p=7535 HTTP/2" 301 0 "-" "Mozilla/5.0 (Windows NT 10.0; Win64; x64) AppleWebKit/537.36 (KHTML, like Gecko) Chrome/145.0.0.0 Safari/537.36 Edg/145.0.0.0 (compatible; meta-externalagent/1.1 (+https://developers.facebook.com/docs/sharing/webmasters/crawler))"
57.141.0.68 - - [17/Jul/2026:02:34:43 +0000] "GET /?p=1366 HTTP/2" 301 0 "-" "Mozilla/5.0 (Macintosh; Intel Mac OS X 10_15_7) AppleWebKit/537.36 (KHTML, like Gecko) Chrome/145.0.0.0 Safari/537.36 (compatible; meta-externalagent/1.1 (+https://developers.facebook.com/docs/sharing/webmasters/crawler))"
65.181.116.207 - - [17/Jul/2026:02:35:42 +0000] "POST /wp-cron.php?doing_wp_cron=1784255742.0344018936157226562500 HTTP/1.1" 200 0 "-" "WordPress/7.0.1; https://www.mecoraso.com"
57.141.0.13 - - [17/Jul/2026:02:35:39 +0000] "GET /?p=7557 HTTP/2" 301 0 "-" "Mozilla/5.0 (Windows NT 10.0; Win64; x64) AppleWebKit/537.36 (KHTML, like Gecko) Chrome/145.0.0.0 Safari/537.36 (compatible; meta-externalagent/1.1 (+https://developers.facebook.com/docs/sharing/webmasters/crawler))"
65.181.116.207 - - [17/Jul/2026:02:35:57 +0000] "POST /wp-cron.php?doing_wp_cron=1784255756.9481909275054931640625 HTTP/1.1" 200 0 "-" "WordPress/7.0.1; https://www.mecoraso.com"
57.141.0.54 - - [17/Jul/2026:02:35:55 +0000] "GET /?p=201 HTTP/2" 301 0 "-" "Mozilla/5.0 (Macintosh; Intel Mac OS X 10_15_7) AppleWebKit/537.36 (KHTML, like Gecko) Chrome/145.0.0.0 Safari/537.36 (compatible; meta-externalagent/1.1 (+https://developers.facebook.com/docs/sharing/webmasters/crawler))"
57.141.0.11 - - [17/Jul/2026:02:35:56 +0000] "GET /?p=6978 HTTP/2" 301 0 "-" "Mozilla/5.0 (Windows NT 10.0; Win64; x64) AppleWebKit/537.36 (KHTML, like Gecko) Chrome/145.0.0.0 Safari/537.36 (compatible; meta-externalagent/1.1 (+https://developers.facebook.com/docs/sharing/webmasters/crawler))"
57.141.0.11 - - [17/Jul/2026:02:35:57 +0000] "GET /?p=3713 HTTP/2" 301 0 "-" "Mozilla/5.0 (Windows NT 10.0; Win64; x64) AppleWebKit/537.36 (KHTML, like Gecko) Chrome/145.0.0.0 Safari/537.36 (compatible; meta-externalagent/1.1 (+https://developers.facebook.com/docs/sharing/webmasters/crawler))"
57.141.0.45 - - [17/Jul/2026:02:36:21 +0000] "GET /?p=7336 HTTP/2" 301 0 "-" "Mozilla/5.0 (Windows NT 10.0; Win64; x64) AppleWebKit/537.36 (KHTML, like Gecko) Chrome/145.0.0.0 Safari/537.36 (compatible; meta-externalagent/1.1 (+https://developers.facebook.com/docs/sharing/webmasters/crawler))"
65.181.116.207 - - [17/Jul/2026:02:37:05 +0000] "POST /wp-cron.php?doing_wp_cron=1784255825.3826220035552978515625 HTTP/1.1" 200 0 "-" "WordPress/7.0.1; https://www.mecoraso.com"
57.141.0.1 - - [17/Jul/2026:02:37:02 +0000] "GET /?p=5585 HTTP/2" 301 0 "-" "Mozilla/5.0 (Windows NT 10.0; Win64; x64) AppleWebKit/537.36 (KHTML, like Gecko) Chrome/145.0.0.0 Safari/537.36 (compatible; meta-externalagent/1.1 (+https://developers.facebook.com/docs/sharing/webmasters/crawler))"
57.141.0.38 - - [17/Jul/2026:02:37:13 +0000] "GET /?p=1751 HTTP/2" 301 0 "-" "Mozilla/5.0 (X11; Linux x86_64) AppleWebKit/537.36 (KHTML, like Gecko) Chrome/145.0.0.0 Safari/537.36 (compatible; meta-externalagent/1.1 (+https://developers.facebook.com/docs/sharing/webmasters/crawler))"
57.141.0.29 - - [17/Jul/2026:02:37:23 +0000] "GET /?p=516 HTTP/2" 301 0 "-" "Mozilla/5.0 (Macintosh; Intel Mac OS X 10_15_7) AppleWebKit/537.36 (KHTML, like Gecko) Chrome/145.0.0.0 Safari/537.36 (compatible; meta-externalagent/1.1 (+https://developers.facebook.com/docs/sharing/webmasters/crawler))"
57.141.0.39 - - [17/Jul/2026:02:37:29 +0000] "GET /?p=3808 HTTP/2" 301 0 "-" "Mozilla/5.0 (Windows NT 10.0; Win64; x64) AppleWebKit/537.36 (KHTML, like Gecko) Chrome/145.0.0.0 Safari/537.36 (compatible; meta-externalagent/1.1 (+https://developers.facebook.com/docs/sharing/webmasters/crawler))"
65.181.116.207 - - [17/Jul/2026:02:38:18 +0000] "POST /wp-cron.php?doing_wp_cron=1784255898.5924999713897705078125 HTTP/1.1" 200 0 "-" "WordPress/7.0.1; https://www.mecoraso.com"
57.141.0.38 - - [17/Jul/2026:02:38:15 +0000] "GET /?p=1777 HTTP/2" 301 0 "-" "Mozilla/5.0 (Windows NT 10.0; Win64; x64) AppleWebKit/537.36 (KHTML, like Gecko) Chrome/145.0.0.0 Safari/537.36 (compatible; meta-externalagent/1.1 (+https://developers.facebook.com/docs/sharing/webmasters/crawler))"
65.181.116.207 - - [17/Jul/2026:02:39:07 +0000] "POST /wp-cron.php?doing_wp_cron=1784255947.0523290634155273437500 HTTP/1.1" 200 0 "-" "WordPress/7.0.1; https://www.mecoraso.com"
57.141.0.24 - - [17/Jul/2026:02:39:02 +0000] "GET /?p=335 HTTP/2" 301 0 "-" "Mozilla/5.0 (Windows NT 10.0; Win64; x64) AppleWebKit/537.36 (KHTML, like Gecko) Chrome/145.0.0.0 Safari/537.36 (compatible; meta-externalagent/1.1 (+https://developers.facebook.com/docs/sharing/webmasters/crawler))"
57.141.0.55 - - [17/Jul/2026:02:39:12 +0000] "GET /?p=2309 HTTP/2" 301 0 "-" "Mozilla/5.0 (Windows NT 10.0; Win64; x64) AppleWebKit/537.36 (KHTML, like Gecko) Chrome/145.0.0.0 Safari/537.36 (compatible; meta-externalagent/1.1 (+https://developers.facebook.com/docs/sharing/webmasters/crawler))"
57.141.0.47 - - [17/Jul/2026:02:39:37 +0000] "GET /?p=2913 HTTP/2" 301 0 "-" "Mozilla/5.0 (Windows NT 10.0; Win64; x64) AppleWebKit/537.36 (KHTML, like Gecko) Chrome/145.0.0.0 Safari/537.36 (compatible; meta-externalagent/1.1 (+https://developers.facebook.com/docs/sharing/webmasters/crawler))"
57.141.0.34 - - [17/Jul/2026:02:39:47 +0000] "GET /?p=433 HTTP/2" 301 0 "-" "Mozilla/5.0 (Macintosh; Intel Mac OS X 10_15_7) AppleWebKit/537.36 (KHTML, like Gecko) Chrome/145.0.0.0 Safari/537.36 (compatible; meta-externalagent/1.1 (+https://developers.facebook.com/docs/sharing/webmasters/crawler))"
65.181.116.207 - - [17/Jul/2026:02:40:14 +0000] "POST /wp-cron.php?doing_wp_cron=1784256014.4381880760192871093750 HTTP/1.1" 200 0 "-" "WordPress/7.0.1; https://www.mecoraso.com"
57.141.0.55 - - [17/Jul/2026:02:40:11 +0000] "GET /?p=6135 HTTP/2" 301 0 "-" "Mozilla/5.0 (Macintosh; Intel Mac OS X 10_15_7) AppleWebKit/537.36 (KHTML, like Gecko) Chrome/145.0.0.0 Safari/537.36 (compatible; meta-externalagent/1.1 (+https://developers.facebook.com/docs/sharing/webmasters/crawler))"
57.141.0.27 - - [17/Jul/2026:02:40:35 +0000] "GET /?p=9390 HTTP/2" 301 0 "-" "Mozilla/5.0 (Macintosh; Intel Mac OS X 10_15_7) AppleWebKit/537.36 (KHTML, like Gecko) Chrome/145.0.0.0 Safari/537.36 (compatible; meta-externalagent/1.1 (+https://developers.facebook.com/docs/sharing/webmasters/crawler))"
57.141.0.53 - - [17/Jul/2026:02:40:39 +0000] "GET /?p=7817 HTTP/2" 301 0 "-" "Mozilla/5.0 (Macintosh; Intel Mac OS X 10_15_7) AppleWebKit/537.36 (KHTML, like Gecko) Chrome/145.0.0.0 Safari/537.36 (compatible; meta-externalagent/1.1 (+https://developers.facebook.com/docs/sharing/webmasters/crawler))"
65.181.116.207 - - [17/Jul/2026:02:41:10 +0000] "POST /wp-cron.php?doing_wp_cron=1784256069.9377059936523437500000 HTTP/1.1" 200 0 "-" "WordPress/7.0.1; https://www.mecoraso.com"
57.141.0.41 - - [17/Jul/2026:02:41:07 +0000] "GET /?p=210 HTTP/2" 301 0 "-" "Mozilla/5.0 (Macintosh; Intel Mac OS X 10.15; rv:147.0) Gecko/20100101 Firefox/147.0 (compatible; meta-externalagent/1.1 (+https://developers.facebook.com/docs/sharing/webmasters/crawler))"
57.141.0.30 - - [17/Jul/2026:02:41:43 +0000] "GET /?p=8345 HTTP/2" 301 0 "-" "Mozilla/5.0 (Macintosh; Intel Mac OS X 10_15_7) AppleWebKit/537.36 (KHTML, like Gecko) Chrome/145.0.0.0 Safari/537.36 (compatible; meta-externalagent/1.1 (+https://developers.facebook.com/docs/sharing/webmasters/crawler))"
202.49.176.24 - - [17/Jul/2026:02:41:52 +0000] "POST /wp-comments-post.php HTTP/1.1" 302 0 "-" "Mozilla/5.0 (Windows NT 10.0; Win64; x64) AppleWebKit/537.36 (KHTML, like Gecko) Chrome/120.0.0.0 Safari/537.36"
202.49.176.24 - - [17/Jul/2026:02:41:56 +0000] "POST /wp-comments-post.php HTTP/1.1" 429 1183 "-" "Mozilla/5.0 (Windows NT 10.0; Win64; x64) AppleWebKit/537.36 (KHTML, like Gecko) Chrome/120.0.0.0 Safari/537.36"
202.49.176.24 - - [17/Jul/2026:02:41:59 +0000] "POST /wp-comments-post.php HTTP/1.1" 429 1183 "-" "Mozilla/5.0 (Windows NT 10.0; Win64; x64) AppleWebKit/537.36 (KHTML, like Gecko) Chrome/120.0.0.0 Safari/537.36"
202.49.176.24 - - [17/Jul/2026:02:42:01 +0000] "POST /wp-comments-post.php HTTP/1.1" 429 1183 "-" "Mozilla/5.0 (Windows NT 10.0; Win64; x64) AppleWebKit/537.36 (KHTML, like Gecko) Chrome/120.0.0.0 Safari/537.36"
202.49.176.24 - - [17/Jul/2026:02:42:06 +0000] "POST /wp-comments-post.php HTTP/1.1" 429 1183 "-" "Mozilla/5.0 (Windows NT 10.0; Win64; x64) AppleWebKit/537.36 (KHTML, like Gecko) Chrome/120.0.0.0 Safari/537.36"
202.49.176.24 - - [17/Jul/2026:02:42:09 +0000] "POST /wp-comments-post.php HTTP/1.1" 302 0 "-" "Mozilla/5.0 (Windows NT 10.0; Win64; x64) AppleWebKit/537.36 (KHTML, like Gecko) Chrome/120.0.0.0 Safari/537.36"
202.49.176.24 - - [17/Jul/2026:02:42:15 +0000] "POST /wp-comments-post.php HTTP/1.1" 429 1183 "-" "Mozilla/5.0 (Windows NT 10.0; Win64; x64) AppleWebKit/537.36 (KHTML, like Gecko) Chrome/120.0.0.0 Safari/537.36"
202.49.176.24 - - [17/Jul/2026:02:42:19 +0000] "POST /wp-comments-post.php HTTP/1.1" 429 1183 "-" "Mozilla/5.0 (Windows NT 10.0; Win64; x64) AppleWebKit/537.36 (KHTML, like Gecko) Chrome/120.0.0.0 Safari/537.36"
202.49.176.24 - - [17/Jul/2026:02:42:22 +0000] "POST /wp-comments-post.php HTTP/1.1" 429 1183 "-" "Mozilla/5.0 (Windows NT 10.0; Win64; x64) AppleWebKit/537.36 (KHTML, like Gecko) Chrome/120.0.0.0 Safari/537.36"
202.49.176.24 - - [17/Jul/2026:02:42:25 +0000] "POST /wp-comments-post.php HTTP/1.1" 302 0 "-" "Mozilla/5.0 (Windows NT 10.0; Win64; x64) AppleWebKit/537.36 (KHTML, like Gecko) Chrome/120.0.0.0 Safari/537.36"
57.141.0.34 - - [17/Jul/2026:02:42:27 +0000] "GET /?p=2981 HTTP/2" 301 0 "-" "Mozilla/5.0 (Windows NT 10.0; Win64; x64) AppleWebKit/537.36 (KHTML, like Gecko) Chrome/145.0.0.0 Safari/537.36 (compatible; meta-externalagent/1.1 (+https://developers.facebook.com/docs/sharing/webmasters/crawler))"
57.141.0.68 - - [17/Jul/2026:02:42:34 +0000] "GET /?p=4799 HTTP/2" 301 0 "-" "Mozilla/5.0 (Windows NT 10.0; Win64; x64) AppleWebKit/537.36 (KHTML, like Gecko) Chrome/145.0.0.0 Safari/537.36 (compatible; meta-externalagent/1.1 (+https://developers.facebook.com/docs/sharing/webmasters/crawler))"
57.141.0.71 - - [17/Jul/2026:02:42:46 +0000] "GET /?p=6704 HTTP/2" 301 0 "-" "Mozilla/5.0 (Windows NT 10.0; Win64; x64) AppleWebKit/537.36 (KHTML, like Gecko) Chrome/145.0.0.0 Safari/537.36 (compatible; meta-externalagent/1.1 (+https://developers.facebook.com/docs/sharing/webmasters/crawler))"
65.181.116.207 - - [17/Jul/2026:02:43:36 +0000] "POST /wp-cron.php?doing_wp_cron=1784256216.8673839569091796875000 HTTP/1.1" 200 0 "-" "WordPress/7.0.1; https://www.mecoraso.com"
57.141.0.45 - - [17/Jul/2026:02:43:33 +0000] "GET /?p=2386 HTTP/2" 301 0 "-" "Mozilla/5.0 (Macintosh; Intel Mac OS X 10_15_7) AppleWebKit/537.36 (KHTML, like Gecko) Chrome/145.0.0.0 Safari/537.36 (compatible; meta-externalagent/1.1 (+https://developers.facebook.com/docs/sharing/webmasters/crawler))"
65.181.116.207 - - [17/Jul/2026:02:43:57 +0000] "POST /wp-cron.php?doing_wp_cron=1784256237.8113141059875488281250 HTTP/1.1" 200 0 "-" "WordPress/7.0.1; https://www.mecoraso.com"
57.141.0.54 - - [17/Jul/2026:02:43:56 +0000] "GET /?p=5914 HTTP/2" 301 0 "-" "Mozilla/5.0 (Macintosh; Intel Mac OS X 10_15_7) AppleWebKit/537.36 (KHTML, like Gecko) Chrome/145.0.0.0 Safari/537.36 (compatible; meta-externalagent/1.1 (+https://developers.facebook.com/docs/sharing/webmasters/crawler))"
