57.141.0.10 - - [17/Jul/2026:05:01:25 +0000] "GET /?p=9130 HTTP/2" 301 0 "-" "Mozilla/5.0 (Macintosh; Intel Mac OS X 10_15_7) AppleWebKit/537.36 (KHTML, like Gecko) Chrome/145.0.0.0 Safari/537.36 (compatible; meta-externalagent/1.1 (+https://developers.facebook.com/docs/sharing/webmasters/crawler))"
65.181.116.207 - - [17/Jul/2026:05:01:58 +0000] "POST /wp-cron.php?doing_wp_cron=1784264518.4957969188690185546875 HTTP/1.1" 200 0 "-" "WordPress/7.0.1; https://www.mecoraso.com"
57.141.0.62 - - [17/Jul/2026:05:01:55 +0000] "GET /?p=7250 HTTP/2" 301 0 "-" "Mozilla/5.0 (Macintosh; Intel Mac OS X 10_15_7) AppleWebKit/537.36 (KHTML, like Gecko) Chrome/145.0.0.0 Safari/537.36 (compatible; meta-externalagent/1.1 (+https://developers.facebook.com/docs/sharing/webmasters/crawler))"
57.141.0.24 - - [17/Jul/2026:05:01:58 +0000] "GET /?p=2703 HTTP/2" 301 0 "-" "Mozilla/5.0 (X11; Linux x86_64) AppleWebKit/537.36 (KHTML, like Gecko) Chrome/145.0.0.0 Safari/537.36 (compatible; meta-externalagent/1.1 (+https://developers.facebook.com/docs/sharing/webmasters/crawler))"
57.141.0.34 - - [17/Jul/2026:05:02:19 +0000] "GET /?p=3962 HTTP/2" 301 0 "-" "Mozilla/5.0 (Macintosh; Intel Mac OS X 10_15_7) AppleWebKit/537.36 (KHTML, like Gecko) Chrome/145.0.0.0 Safari/537.36 (compatible; meta-externalagent/1.1 (+https://developers.facebook.com/docs/sharing/webmasters/crawler))"
57.141.0.11 - - [17/Jul/2026:05:02:25 +0000] "GET /?p=6816 HTTP/2" 301 0 "-" "Mozilla/5.0 (Macintosh; Intel Mac OS X 10_15_7) AppleWebKit/537.36 (KHTML, like Gecko) Chrome/145.0.0.0 Safari/537.36 (compatible; meta-externalagent/1.1 (+https://developers.facebook.com/docs/sharing/webmasters/crawler))"
57.141.0.46 - - [17/Jul/2026:05:02:25 +0000] "GET /?p=1462 HTTP/2" 301 0 "-" "Mozilla/5.0 (Windows NT 10.0; Win64; x64) AppleWebKit/537.36 (KHTML, like Gecko) Chrome/145.0.0.0 Safari/537.36 (compatible; meta-externalagent/1.1 (+https://developers.facebook.com/docs/sharing/webmasters/crawler))"
57.141.0.45 - - [17/Jul/2026:05:02:28 +0000] "GET /?p=721 HTTP/2" 301 0 "-" "Mozilla/5.0 (Windows NT 10.0; Win64; x64) AppleWebKit/537.36 (KHTML, like Gecko) Chrome/145.0.0.0 Safari/537.36 (compatible; meta-externalagent/1.1 (+https://developers.facebook.com/docs/sharing/webmasters/crawler))"
57.141.0.26 - - [17/Jul/2026:05:02:33 +0000] "GET /?p=1097 HTTP/2" 301 0 "-" "Mozilla/5.0 (Windows NT 10.0; Win64; x64) AppleWebKit/537.36 (KHTML, like Gecko) Chrome/145.0.0.0 Safari/537.36 (compatible; meta-externalagent/1.1 (+https://developers.facebook.com/docs/sharing/webmasters/crawler))"
57.141.0.61 - - [17/Jul/2026:05:02:39 +0000] "GET /?p=2868 HTTP/2" 301 0 "-" "Mozilla/5.0 (Macintosh; Intel Mac OS X 10_15_7) AppleWebKit/537.36 (KHTML, like Gecko) Chrome/145.0.0.0 Safari/537.36 (compatible; meta-externalagent/1.1 (+https://developers.facebook.com/docs/sharing/webmasters/crawler))"
65.181.116.207 - - [17/Jul/2026:05:03:04 +0000] "POST /wp-cron.php?doing_wp_cron=1784264584.2902500629425048828125 HTTP/1.1" 200 0 "-" "WordPress/7.0.1; https://www.mecoraso.com"
57.141.0.48 - - [17/Jul/2026:05:02:59 +0000] "GET /?p=5422 HTTP/2" 301 0 "-" "Mozilla/5.0 (Windows NT 10.0; Win64; x64) AppleWebKit/537.36 (KHTML, like Gecko) Chrome/145.0.0.0 Safari/537.36 (compatible; meta-externalagent/1.1 (+https://developers.facebook.com/docs/sharing/webmasters/crawler))"
57.141.0.37 - - [17/Jul/2026:05:03:04 +0000] "GET /?p=2930 HTTP/2" 301 0 "-" "Mozilla/5.0 (Windows NT 10.0; Win64; x64) AppleWebKit/537.36 (KHTML, like Gecko) Chrome/145.0.0.0 Safari/537.36 (compatible; meta-externalagent/1.1 (+https://developers.facebook.com/docs/sharing/webmasters/crawler))"
57.141.0.5 - - [17/Jul/2026:05:03:10 +0000] "GET /?p=2312 HTTP/2" 301 0 "-" "Mozilla/5.0 (Windows NT 10.0; Win64; x64) AppleWebKit/537.36 (KHTML, like Gecko) Chrome/145.0.0.0 Safari/537.36 (compatible; meta-externalagent/1.1 (+https://developers.facebook.com/docs/sharing/webmasters/crawler))"
57.141.0.30 - - [17/Jul/2026:05:03:20 +0000] "GET /?p=5651 HTTP/2" 301 0 "-" "Mozilla/5.0 (Windows NT 10.0; Win64; x64) AppleWebKit/537.36 (KHTML, like Gecko) Chrome/145.0.0.0 Safari/537.36 (compatible; meta-externalagent/1.1 (+https://developers.facebook.com/docs/sharing/webmasters/crawler))"
65.181.116.207 - - [17/Jul/2026:05:03:58 +0000] "POST /wp-cron.php?doing_wp_cron=1784264638.3652679920196533203125 HTTP/1.1" 200 0 "-" "WordPress/7.0.1; https://www.mecoraso.com"
57.141.0.7 - - [17/Jul/2026:05:03:55 +0000] "GET /?p=2678 HTTP/2" 301 0 "-" "Mozilla/5.0 (X11; Linux x86_64) AppleWebKit/537.36 (KHTML, like Gecko) Chrome/145.0.0.0 Safari/537.36 (compatible; meta-externalagent/1.1 (+https://developers.facebook.com/docs/sharing/webmasters/crawler))"
57.141.0.16 - - [17/Jul/2026:05:04:11 +0000] "GET /?p=1983 HTTP/2" 301 0 "-" "Mozilla/5.0 (Macintosh; Intel Mac OS X 10_15_7) AppleWebKit/537.36 (KHTML, like Gecko) Chrome/145.0.0.0 Safari/537.36 (compatible; meta-externalagent/1.1 (+https://developers.facebook.com/docs/sharing/webmasters/crawler))"
57.141.0.52 - - [17/Jul/2026:05:04:13 +0000] "GET /?p=3364 HTTP/2" 301 0 "-" "Mozilla/5.0 (Windows NT 10.0; Win64; x64) AppleWebKit/537.36 (KHTML, like Gecko) Chrome/145.0.0.0 Safari/537.36 (compatible; meta-externalagent/1.1 (+https://developers.facebook.com/docs/sharing/webmasters/crawler))"
57.141.0.54 - - [17/Jul/2026:05:04:30 +0000] "GET /?p=6315 HTTP/2" 301 0 "-" "Mozilla/5.0 (Macintosh; Intel Mac OS X 10_15_7) AppleWebKit/537.36 (KHTML, like Gecko) Chrome/145.0.0.0 Safari/537.36 (compatible; meta-externalagent/1.1 (+https://developers.facebook.com/docs/sharing/webmasters/crawler))"
65.181.116.207 - - [17/Jul/2026:05:05:35 +0000] "POST /wp-cron.php?doing_wp_cron=1784264735.8020799160003662109375 HTTP/1.1" 200 0 "-" "WordPress/7.0.1; https://www.mecoraso.com"
57.141.0.71 - - [17/Jul/2026:05:05:33 +0000] "GET /?p=693 HTTP/2" 301 0 "-" "Mozilla/5.0 (Windows NT 10.0; Win64; x64) AppleWebKit/537.36 (KHTML, like Gecko) Chrome/145.0.0.0 Safari/537.36 (compatible; meta-externalagent/1.1 (+https://developers.facebook.com/docs/sharing/webmasters/crawler))"
57.141.0.20 - - [17/Jul/2026:05:05:35 +0000] "GET /?p=4367 HTTP/2" 301 0 "-" "Mozilla/5.0 (Windows NT 10.0; Win64; x64) AppleWebKit/537.36 (KHTML, like Gecko) Chrome/145.0.0.0 Safari/537.36 (compatible; meta-externalagent/1.1 (+https://developers.facebook.com/docs/sharing/webmasters/crawler))"
65.181.116.207 - - [17/Jul/2026:05:05:54 +0000] "POST /wp-cron.php?doing_wp_cron=1784264753.8945291042327880859375 HTTP/1.1" 200 0 "-" "WordPress/7.0.1; https://www.mecoraso.com"
57.141.0.38 - - [17/Jul/2026:05:05:51 +0000] "GET /?p=169 HTTP/2" 301 0 "-" "Mozilla/5.0 (Windows NT 10.0; Win64; x64) AppleWebKit/537.36 (KHTML, like Gecko) Chrome/145.0.0.0 Safari/537.36 (compatible; meta-externalagent/1.1 (+https://developers.facebook.com/docs/sharing/webmasters/crawler))"
57.141.0.14 - - [17/Jul/2026:05:06:05 +0000] "GET /?p=5343 HTTP/2" 301 0 "-" "Mozilla/5.0 (X11; Linux x86_64) AppleWebKit/537.36 (KHTML, like Gecko) Chrome/145.0.0.0 Safari/537.36 (compatible; meta-externalagent/1.1 (+https://developers.facebook.com/docs/sharing/webmasters/crawler))"
57.141.0.18 - - [17/Jul/2026:05:06:20 +0000] "GET /?p=2565 HTTP/2" 301 0 "-" "Mozilla/5.0 (Windows NT 10.0; Win64; x64) AppleWebKit/537.36 (KHTML, like Gecko) Chrome/145.0.0.0 Safari/537.36 (compatible; meta-externalagent/1.1 (+https://developers.facebook.com/docs/sharing/webmasters/crawler))"
57.141.0.27 - - [17/Jul/2026:05:06:26 +0000] "GET /?p=9268 HTTP/2" 301 0 "-" "Mozilla/5.0 (X11; Linux x86_64) AppleWebKit/537.36 (KHTML, like Gecko) Chrome/145.0.0.0 Safari/537.36 (compatible; meta-externalagent/1.1 (+https://developers.facebook.com/docs/sharing/webmasters/crawler))"
57.141.0.24 - - [17/Jul/2026:05:06:38 +0000] "GET /?p=4207 HTTP/2" 301 0 "-" "Mozilla/5.0 (Windows NT 10.0; Win64; x64) AppleWebKit/537.36 (KHTML, like Gecko) Chrome/145.0.0.0 Safari/537.36 (compatible; meta-externalagent/1.1 (+https://developers.facebook.com/docs/sharing/webmasters/crawler))"
65.181.116.207 - - [17/Jul/2026:05:07:07 +0000] "POST /wp-cron.php?doing_wp_cron=1784264827.8088970184326171875000 HTTP/1.1" 200 0 "-" "WordPress/7.0.1; https://www.mecoraso.com"
57.141.0.14 - - [17/Jul/2026:05:07:04 +0000] "GET /?p=1717 HTTP/2" 301 0 "-" "Mozilla/5.0 (X11; Linux x86_64) AppleWebKit/537.36 (KHTML, like Gecko) Chrome/145.0.0.0 Safari/537.36 (compatible; meta-externalagent/1.1 (+https://developers.facebook.com/docs/sharing/webmasters/crawler))"
57.141.0.6 - - [17/Jul/2026:05:07:14 +0000] "GET /?p=7762 HTTP/2" 301 0 "-" "Mozilla/5.0 (Macintosh; Intel Mac OS X 10_15_7) AppleWebKit/537.36 (KHTML, like Gecko) Chrome/145.0.0.0 Safari/537.36 (compatible; meta-externalagent/1.1 (+https://developers.facebook.com/docs/sharing/webmasters/crawler))"
195.96.139.223 - - [17/Jul/2026:05:07:21 +0000] "GET / HTTP/1.1" 401 53 "-" "Mozilla/5.0 (compatible; InternetMeasurement/1.0; +https://internet-measurement.com/)"
57.141.0.37 - - [17/Jul/2026:05:07:32 +0000] "GET /?p=875 HTTP/2" 301 0 "-" "Mozilla/5.0 (Macintosh; Intel Mac OS X 10_15_7) AppleWebKit/537.36 (KHTML, like Gecko) Chrome/145.0.0.0 Safari/537.36 (compatible; meta-externalagent/1.1 (+https://developers.facebook.com/docs/sharing/webmasters/crawler))"
57.141.0.69 - - [17/Jul/2026:05:07:46 +0000] "GET /?p=532 HTTP/2" 301 0 "-" "Mozilla/5.0 (Windows NT 10.0; Win64; x64) AppleWebKit/537.36 (KHTML, like Gecko) Chrome/145.0.0.0 Safari/537.36 (compatible; meta-externalagent/1.1 (+https://developers.facebook.com/docs/sharing/webmasters/crawler))"
57.141.0.50 - - [17/Jul/2026:05:07:48 +0000] "GET /?p=3410 HTTP/2" 301 0 "-" "Mozilla/5.0 (Windows NT 10.0; Win64; x64) AppleWebKit/537.36 (KHTML, like Gecko) Chrome/145.0.0.0 Safari/537.36 (compatible; meta-externalagent/1.1 (+https://developers.facebook.com/docs/sharing/webmasters/crawler))"
65.181.116.207 - - [17/Jul/2026:05:07:54 +0000] "POST /wp-cron.php?doing_wp_cron=1784264874.3896970748901367187500 HTTP/1.1" 200 0 "-" "WordPress/7.0.1; https://www.mecoraso.com"
57.141.0.1 - - [17/Jul/2026:05:07:51 +0000] "GET /?p=7198 HTTP/2" 301 0 "-" "Mozilla/5.0 (Windows NT 10.0; Win64; x64) AppleWebKit/537.36 (KHTML, like Gecko) Chrome/145.0.0.0 Safari/537.36 (compatible; meta-externalagent/1.1 (+https://developers.facebook.com/docs/sharing/webmasters/crawler))"
57.141.0.20 - - [17/Jul/2026:05:07:55 +0000] "GET /?p=6131 HTTP/2" 301 0 "-" "Mozilla/5.0 (Windows NT 10.0; Win64; x64) AppleWebKit/537.36 (KHTML, like Gecko) Chrome/145.0.0.0 Safari/537.36 (compatible; meta-externalagent/1.1 (+https://developers.facebook.com/docs/sharing/webmasters/crawler))"
57.141.0.24 - - [17/Jul/2026:05:08:43 +0000] "GET /?p=5366 HTTP/2" 301 0 "-" "Mozilla/5.0 (Windows NT 10.0; Win64; x64) AppleWebKit/537.36 (KHTML, like Gecko) Chrome/145.0.0.0 Safari/537.36 (compatible; meta-externalagent/1.1 (+https://developers.facebook.com/docs/sharing/webmasters/crawler))"
65.181.116.207 - - [17/Jul/2026:05:09:13 +0000] "POST /wp-cron.php?doing_wp_cron=1784264953.7987339496612548828125 HTTP/1.1" 200 0 "-" "WordPress/7.0.1; https://www.mecoraso.com"
57.141.0.17 - - [17/Jul/2026:05:09:08 +0000] "GET /?p=8941 HTTP/2" 301 0 "-" "Mozilla/5.0 (Windows NT 10.0; Win64; x64) AppleWebKit/537.36 (KHTML, like Gecko) Chrome/145.0.0.0 Safari/537.36 Edg/145.0.0.0 (compatible; meta-externalagent/1.1 (+https://developers.facebook.com/docs/sharing/webmasters/crawler))"
57.141.0.67 - - [17/Jul/2026:05:09:17 +0000] "GET /?p=2584 HTTP/2" 301 0 "-" "Mozilla/5.0 (Windows NT 10.0; Win64; x64) AppleWebKit/537.36 (KHTML, like Gecko) Chrome/145.0.0.0 Safari/537.36 (compatible; meta-externalagent/1.1 (+https://developers.facebook.com/docs/sharing/webmasters/crawler))"
57.141.0.45 - - [17/Jul/2026:05:09:37 +0000] "GET /?p=213 HTTP/2" 301 0 "-" "Mozilla/5.0 (Windows NT 10.0; Win64; x64) AppleWebKit/537.36 (KHTML, like Gecko) Chrome/145.0.0.0 Safari/537.36 (compatible; meta-externalagent/1.1 (+https://developers.facebook.com/docs/sharing/webmasters/crawler))"
65.181.116.207 - - [17/Jul/2026:05:10:20 +0000] "POST /wp-cron.php?doing_wp_cron=1784265020.8958530426025390625000 HTTP/1.1" 200 0 "-" "WordPress/7.0.1; https://www.mecoraso.com"
57.141.0.27 - - [17/Jul/2026:05:10:18 +0000] "GET /?p=403 HTTP/2" 301 0 "-" "Mozilla/5.0 (Macintosh; Intel Mac OS X 10_15_7) AppleWebKit/537.36 (KHTML, like Gecko) Chrome/145.0.0.0 Safari/537.36 (compatible; meta-externalagent/1.1 (+https://developers.facebook.com/docs/sharing/webmasters/crawler))"
57.141.0.6 - - [17/Jul/2026:05:10:20 +0000] "GET /?p=2427 HTTP/2" 301 0 "-" "Mozilla/5.0 (Windows NT 10.0; Win64; x64) AppleWebKit/537.36 (KHTML, like Gecko) Chrome/145.0.0.0 Safari/537.36 (compatible; meta-externalagent/1.1 (+https://developers.facebook.com/docs/sharing/webmasters/crawler))"
57.141.0.14 - - [17/Jul/2026:05:10:33 +0000] "GET /?p=6151 HTTP/2" 301 0 "-" "Mozilla/5.0 (Macintosh; Intel Mac OS X 10_15_7) AppleWebKit/537.36 (KHTML, like Gecko) Chrome/145.0.0.0 Safari/537.36 (compatible; meta-externalagent/1.1 (+https://developers.facebook.com/docs/sharing/webmasters/crawler))"
57.141.0.38 - - [17/Jul/2026:05:10:43 +0000] "GET /?p=7922 HTTP/2" 301 0 "-" "Mozilla/5.0 (Windows NT 10.0; Win64; x64) AppleWebKit/537.36 (KHTML, like Gecko) Chrome/145.0.0.0 Safari/537.36 (compatible; meta-externalagent/1.1 (+https://developers.facebook.com/docs/sharing/webmasters/crawler))"
65.181.116.207 - - [17/Jul/2026:05:11:05 +0000] "POST /wp-cron.php?doing_wp_cron=1784265065.2464909553527832031250 HTTP/1.1" 200 0 "-" "WordPress/7.0.1; https://www.mecoraso.com"
57.141.0.5 - - [17/Jul/2026:05:11:01 +0000] "GET /?p=5023 HTTP/2" 301 0 "-" "Mozilla/5.0 (X11; Linux x86_64) AppleWebKit/537.36 (KHTML, like Gecko) Chrome/145.0.0.0 Safari/537.36 (compatible; meta-externalagent/1.1 (+https://developers.facebook.com/docs/sharing/webmasters/crawler))"
57.141.0.41 - - [17/Jul/2026:05:11:13 +0000] "GET /?p=3541 HTTP/2" 301 0 "-" "Mozilla/5.0 (Macintosh; Intel Mac OS X 10_15_7) AppleWebKit/537.36 (KHTML, like Gecko) Chrome/145.0.0.0 Safari/537.36 (compatible; meta-externalagent/1.1 (+https://developers.facebook.com/docs/sharing/webmasters/crawler))"
57.141.0.53 - - [17/Jul/2026:05:11:17 +0000] "GET /?p=4568 HTTP/2" 301 0 "-" "Mozilla/5.0 (Windows NT 10.0; Win64; x64) AppleWebKit/537.36 (KHTML, like Gecko) Chrome/145.0.0.0 Safari/537.36 (compatible; meta-externalagent/1.1 (+https://developers.facebook.com/docs/sharing/webmasters/crawler))"
57.141.0.48 - - [17/Jul/2026:05:11:24 +0000] "GET /?p=6267 HTTP/2" 301 0 "-" "Mozilla/5.0 (Windows NT 10.0; Win64; x64) AppleWebKit/537.36 (KHTML, like Gecko) Chrome/145.0.0.0 Safari/537.36 (compatible; meta-externalagent/1.1 (+https://developers.facebook.com/docs/sharing/webmasters/crawler))"
57.141.0.24 - - [17/Jul/2026:05:11:26 +0000] "GET /?p=9018 HTTP/2" 301 0 "-" "Mozilla/5.0 (X11; Linux x86_64) AppleWebKit/537.36 (KHTML, like Gecko) Chrome/145.0.0.0 Safari/537.36 (compatible; meta-externalagent/1.1 (+https://developers.facebook.com/docs/sharing/webmasters/crawler))"
57.141.0.17 - - [17/Jul/2026:05:11:32 +0000] "GET /?p=4017 HTTP/2" 301 0 "-" "Mozilla/5.0 (Windows NT 10.0; Win64; x64) AppleWebKit/537.36 (KHTML, like Gecko) Chrome/145.0.0.0 Safari/537.36 (compatible; meta-externalagent/1.1 (+https://developers.facebook.com/docs/sharing/webmasters/crawler))"
65.181.116.207 - - [17/Jul/2026:05:11:54 +0000] "POST /wp-cron.php?doing_wp_cron=1784265114.0461449623107910156250 HTTP/1.1" 200 0 "-" "WordPress/7.0.1; https://www.mecoraso.com"
57.141.0.8 - - [17/Jul/2026:05:11:50 +0000] "GET /?p=9233 HTTP/2" 301 0 "-" "Mozilla/5.0 (Windows NT 10.0; Win64; x64) AppleWebKit/537.36 (KHTML, like Gecko) Chrome/145.0.0.0 Safari/537.36 (compatible; meta-externalagent/1.1 (+https://developers.facebook.com/docs/sharing/webmasters/crawler))"
57.141.0.3 - - [17/Jul/2026:05:11:52 +0000] "GET /?p=3004 HTTP/2" 301 0 "-" "Mozilla/5.0 (Macintosh; Intel Mac OS X 10_15_7) AppleWebKit/537.36 (KHTML, like Gecko) Chrome/145.0.0.0 Safari/537.36 (compatible; meta-externalagent/1.1 (+https://developers.facebook.com/docs/sharing/webmasters/crawler))"
57.141.0.21 - - [17/Jul/2026:05:11:58 +0000] "GET /?p=760 HTTP/2" 301 0 "-" "Mozilla/5.0 (Macintosh; Intel Mac OS X 10_15_7) AppleWebKit/537.36 (KHTML, like Gecko) Chrome/145.0.0.0 Safari/537.36 (compatible; meta-externalagent/1.1 (+https://developers.facebook.com/docs/sharing/webmasters/crawler))"
65.181.116.207 - - [17/Jul/2026:05:13:09 +0000] "POST /wp-cron.php?doing_wp_cron=1784265189.6586248874664306640625 HTTP/1.1" 200 0 "-" "WordPress/7.0.1; https://www.mecoraso.com"
57.141.0.44 - - [17/Jul/2026:05:13:06 +0000] "GET /?p=1969 HTTP/2" 301 0 "-" "Mozilla/5.0 (Windows NT 10.0; Win64; x64) AppleWebKit/537.36 (KHTML, like Gecko) Chrome/145.0.0.0 Safari/537.36 (compatible; meta-externalagent/1.1 (+https://developers.facebook.com/docs/sharing/webmasters/crawler))"
57.141.0.39 - - [17/Jul/2026:05:13:08 +0000] "GET /?p=4652 HTTP/2" 301 0 "-" "Mozilla/5.0 (Macintosh; Intel Mac OS X 10_15_7) AppleWebKit/537.36 (KHTML, like Gecko) Chrome/145.0.0.0 Safari/537.36 (compatible; meta-externalagent/1.1 (+https://developers.facebook.com/docs/sharing/webmasters/crawler))"
57.141.0.50 - - [17/Jul/2026:05:13:14 +0000] "GET /?p=8588 HTTP/2" 301 0 "-" "Mozilla/5.0 (X11; Linux x86_64) AppleWebKit/537.36 (KHTML, like Gecko) Chrome/145.0.0.0 Safari/537.36 (compatible; meta-externalagent/1.1 (+https://developers.facebook.com/docs/sharing/webmasters/crawler))"
57.141.0.53 - - [17/Jul/2026:05:13:32 +0000] "GET /?p=579 HTTP/2" 301 0 "-" "Mozilla/5.0 (Windows NT 10.0; Win64; x64) AppleWebKit/537.36 (KHTML, like Gecko) Chrome/145.0.0.0 Safari/537.36 Edg/145.0.0.0 (compatible; meta-externalagent/1.1 (+https://developers.facebook.com/docs/sharing/webmasters/crawler))"
57.141.0.43 - - [17/Jul/2026:05:13:35 +0000] "GET /?p=6526 HTTP/2" 301 0 "-" "Mozilla/5.0 (Windows NT 10.0; Win64; x64) AppleWebKit/537.36 (KHTML, like Gecko) Chrome/145.0.0.0 Safari/537.36 Edg/145.0.0.0 (compatible; meta-externalagent/1.1 (+https://developers.facebook.com/docs/sharing/webmasters/crawler))"
57.141.0.9 - - [17/Jul/2026:05:13:41 +0000] "GET /?p=6781 HTTP/2" 301 0 "-" "Mozilla/5.0 (Macintosh; Intel Mac OS X 10_15_7) AppleWebKit/537.36 (KHTML, like Gecko) Chrome/145.0.0.0 Safari/537.36 (compatible; meta-externalagent/1.1 (+https://developers.facebook.com/docs/sharing/webmasters/crawler))"
57.141.0.29 - - [17/Jul/2026:05:13:42 +0000] "GET /?p=4388 HTTP/2" 301 0 "-" "Mozilla/5.0 (Windows NT 10.0; Win64; x64) AppleWebKit/537.36 (KHTML, like Gecko) Chrome/145.0.0.0 Safari/537.36 (compatible; meta-externalagent/1.1 (+https://developers.facebook.com/docs/sharing/webmasters/crawler))"
65.181.116.207 - - [17/Jul/2026:05:13:58 +0000] "POST /wp-cron.php?doing_wp_cron=1784265238.7434339523315429687500 HTTP/1.1" 200 0 "-" "WordPress/7.0.1; https://www.mecoraso.com"
57.141.0.30 - - [17/Jul/2026:05:13:55 +0000] "GET /?p=6837 HTTP/2" 301 0 "-" "Mozilla/5.0 (Macintosh; Intel Mac OS X 10_15_7) AppleWebKit/537.36 (KHTML, like Gecko) Chrome/145.0.0.0 Safari/537.36 (compatible; meta-externalagent/1.1 (+https://developers.facebook.com/docs/sharing/webmasters/crawler))"
57.141.0.27 - - [17/Jul/2026:05:14:01 +0000] "GET /?p=6617 HTTP/2" 301 0 "-" "Mozilla/5.0 (Macintosh; Intel Mac OS X 10_15_7) AppleWebKit/537.36 (KHTML, like Gecko) Chrome/145.0.0.0 Safari/537.36 (compatible; meta-externalagent/1.1 (+https://developers.facebook.com/docs/sharing/webmasters/crawler))"
65.181.116.207 - - [17/Jul/2026:05:14:58 +0000] "POST /wp-cron.php?doing_wp_cron=1784265297.9569718837738037109375 HTTP/1.1" 200 0 "-" "WordPress/7.0.1; https://www.mecoraso.com"
57.141.0.16 - - [17/Jul/2026:05:14:54 +0000] "GET /?p=5506 HTTP/2" 301 0 "-" "Mozilla/5.0 (X11; Linux x86_64) AppleWebKit/537.36 (KHTML, like Gecko) Chrome/145.0.0.0 Safari/537.36 (compatible; meta-externalagent/1.1 (+https://developers.facebook.com/docs/sharing/webmasters/crawler))"
57.141.0.61 - - [17/Jul/2026:05:14:58 +0000] "GET /?p=4169 HTTP/2" 301 0 "-" "Mozilla/5.0 (Windows NT 10.0; Win64; x64) AppleWebKit/537.36 (KHTML, like Gecko) Chrome/145.0.0.0 Safari/537.36 Edg/145.0.0.0 (compatible; meta-externalagent/1.1 (+https://developers.facebook.com/docs/sharing/webmasters/crawler))"
57.141.0.20 - - [17/Jul/2026:05:15:03 +0000] "GET /?p=4193 HTTP/2" 301 0 "-" "Mozilla/5.0 (Windows NT 10.0; Win64; x64) AppleWebKit/537.36 (KHTML, like Gecko) Chrome/145.0.0.0 Safari/537.36 (compatible; meta-externalagent/1.1 (+https://developers.facebook.com/docs/sharing/webmasters/crawler))"
57.141.0.62 - - [17/Jul/2026:05:15:21 +0000] "GET /?p=4182 HTTP/2" 301 0 "-" "Mozilla/5.0 (Windows NT 10.0; Win64; x64) AppleWebKit/537.36 (KHTML, like Gecko) Chrome/145.0.0.0 Safari/537.36 (compatible; meta-externalagent/1.1 (+https://developers.facebook.com/docs/sharing/webmasters/crawler))"
57.141.0.45 - - [17/Jul/2026:05:15:24 +0000] "GET /?p=4276 HTTP/2" 301 0 "-" "Mozilla/5.0 (Windows NT 10.0; Win64; x64) AppleWebKit/537.36 (KHTML, like Gecko) Chrome/145.0.0.0 Safari/537.36 Edg/145.0.0.0 (compatible; meta-externalagent/1.1 (+https://developers.facebook.com/docs/sharing/webmasters/crawler))"
17.241.219.171 - - [17/Jul/2026:05:15:32 +0000] "GET /2025/08/22/how-much-is-a-gambling-license-in-united-kingdom/ HTTP/2" 200 16492 "-" "Mozilla/5.0 (Macintosh; Intel Mac OS X 10_15_7) AppleWebKit/605.1.15 (KHTML, like Gecko) Version/17.4 Safari/605.1.15 (Applebot/0.1; +http://www.apple.com/go/applebot)"
57.141.0.53 - - [17/Jul/2026:05:15:39 +0000] "GET /?p=2746 HTTP/2" 301 0 "-" "Mozilla/5.0 (Macintosh; Intel Mac OS X 10_15_7) AppleWebKit/537.36 (KHTML, like Gecko) Chrome/145.0.0.0 Safari/537.36 (compatible; meta-externalagent/1.1 (+https://developers.facebook.com/docs/sharing/webmasters/crawler))"
65.181.116.207 - - [17/Jul/2026:05:16:07 +0000] "POST /wp-cron.php?doing_wp_cron=1784265367.6667399406433105468750 HTTP/1.1" 200 0 "-" "WordPress/7.0.1; https://www.mecoraso.com"
57.141.0.44 - - [17/Jul/2026:05:16:04 +0000] "GET /?p=8695 HTTP/2" 301 0 "-" "Mozilla/5.0 (Macintosh; Intel Mac OS X 10_15_7) AppleWebKit/537.36 (KHTML, like Gecko) Chrome/145.0.0.0 Safari/537.36 (compatible; meta-externalagent/1.1 (+https://developers.facebook.com/docs/sharing/webmasters/crawler))"
57.141.0.16 - - [17/Jul/2026:05:16:06 +0000] "GET /?p=5639 HTTP/2" 301 0 "-" "Mozilla/5.0 (Windows NT 10.0; Win64; x64) AppleWebKit/537.36 (KHTML, like Gecko) Chrome/145.0.0.0 Safari/537.36 (compatible; meta-externalagent/1.1 (+https://developers.facebook.com/docs/sharing/webmasters/crawler))"
57.141.0.39 - - [17/Jul/2026:05:16:10 +0000] "GET /?p=6559 HTTP/2" 301 0 "-" "Mozilla/5.0 (Windows NT 10.0; Win64; x64) AppleWebKit/537.36 (KHTML, like Gecko) Chrome/145.0.0.0 Safari/537.36 (compatible; meta-externalagent/1.1 (+https://developers.facebook.com/docs/sharing/webmasters/crawler))"
57.141.0.32 - - [17/Jul/2026:05:16:24 +0000] "GET /?p=1414 HTTP/2" 301 0 "-" "Mozilla/5.0 (Windows NT 10.0; Win64; x64) AppleWebKit/537.36 (KHTML, like Gecko) Chrome/145.0.0.0 Safari/537.36 Edg/145.0.0.0 (compatible; meta-externalagent/1.1 (+https://developers.facebook.com/docs/sharing/webmasters/crawler))"
57.141.0.34 - - [17/Jul/2026:05:16:43 +0000] "GET /?p=8099 HTTP/2" 301 0 "-" "Mozilla/5.0 (Windows NT 10.0; Win64; x64) AppleWebKit/537.36 (KHTML, like Gecko) Chrome/145.0.0.0 Safari/537.36 (compatible; meta-externalagent/1.1 (+https://developers.facebook.com/docs/sharing/webmasters/crawler))"
65.181.116.207 - - [17/Jul/2026:05:16:50 +0000] "POST /wp-cron.php?doing_wp_cron=1784265410.3716011047363281250000 HTTP/1.1" 200 0 "-" "WordPress/7.0.1; https://www.mecoraso.com"
57.141.0.1 - - [17/Jul/2026:05:16:48 +0000] "GET /?p=7047 HTTP/2" 301 0 "-" "Mozilla/5.0 (Windows NT 10.0; Win64; x64) AppleWebKit/537.36 (KHTML, like Gecko) Chrome/145.0.0.0 Safari/537.36 (compatible; meta-externalagent/1.1 (+https://developers.facebook.com/docs/sharing/webmasters/crawler))"
57.141.0.11 - - [17/Jul/2026:05:17:19 +0000] "GET /?p=8820 HTTP/2" 301 0 "-" "Mozilla/5.0 (Windows NT 10.0; Win64; x64) AppleWebKit/537.36 (KHTML, like Gecko) Chrome/145.0.0.0 Safari/537.36 (compatible; meta-externalagent/1.1 (+https://developers.facebook.com/docs/sharing/webmasters/crawler))"
57.141.0.36 - - [17/Jul/2026:05:17:31 +0000] "GET /?p=191 HTTP/2" 301 0 "-" "Mozilla/5.0 (Macintosh; Intel Mac OS X 10_15_7) AppleWebKit/537.36 (KHTML, like Gecko) Chrome/145.0.0.0 Safari/537.36 (compatible; meta-externalagent/1.1 (+https://developers.facebook.com/docs/sharing/webmasters/crawler))"
57.141.0.24 - - [17/Jul/2026:05:17:37 +0000] "GET /?p=6503 HTTP/2" 301 0 "-" "Mozilla/5.0 (Windows NT 10.0; Win64; x64) AppleWebKit/537.36 (KHTML, like Gecko) Chrome/145.0.0.0 Safari/537.36 (compatible; meta-externalagent/1.1 (+https://developers.facebook.com/docs/sharing/webmasters/crawler))"
65.181.116.207 - - [17/Jul/2026:05:17:50 +0000] "POST /wp-cron.php?doing_wp_cron=1784265470.2797539234161376953125 HTTP/1.1" 200 0 "-" "WordPress/7.0.1; https://www.mecoraso.com"
57.141.0.5 - - [17/Jul/2026:05:17:46 +0000] "GET /?p=465 HTTP/2" 301 0 "-" "Mozilla/5.0 (Macintosh; Intel Mac OS X 10_15_7) AppleWebKit/537.36 (KHTML, like Gecko) Chrome/145.0.0.0 Safari/537.36 (compatible; meta-externalagent/1.1 (+https://developers.facebook.com/docs/sharing/webmasters/crawler))"
57.141.0.19 - - [17/Jul/2026:05:18:00 +0000] "GET /?p=8687 HTTP/2" 301 0 "-" "Mozilla/5.0 (Windows NT 10.0; Win64; x64) AppleWebKit/537.36 (KHTML, like Gecko) Chrome/145.0.0.0 Safari/537.36 (compatible; meta-externalagent/1.1 (+https://developers.facebook.com/docs/sharing/webmasters/crawler))"
57.141.0.4 - - [17/Jul/2026:05:18:20 +0000] "GET /?p=6103 HTTP/2" 301 0 "-" "Mozilla/5.0 (Windows NT 10.0; Win64; x64) AppleWebKit/537.36 (KHTML, like Gecko) Chrome/145.0.0.0 Safari/537.36 (compatible; meta-externalagent/1.1 (+https://developers.facebook.com/docs/sharing/webmasters/crawler))"
65.181.116.207 - - [17/Jul/2026:05:18:56 +0000] "POST /wp-cron.php?doing_wp_cron=1784265536.0554320812225341796875 HTTP/1.1" 200 0 "-" "WordPress/7.0.1; https://www.mecoraso.com"
57.141.0.11 - - [17/Jul/2026:05:18:54 +0000] "GET /?p=8772 HTTP/2" 301 0 "-" "Mozilla/5.0 (Macintosh; Intel Mac OS X 10_15_7) AppleWebKit/537.36 (KHTML, like Gecko) Chrome/145.0.0.0 Safari/537.36 (compatible; meta-externalagent/1.1 (+https://developers.facebook.com/docs/sharing/webmasters/crawler))"
65.181.116.207 - - [17/Jul/2026:05:19:54 +0000] "POST /wp-cron.php?doing_wp_cron=1784265594.2418611049652099609375 HTTP/1.1" 200 0 "-" "WordPress/7.0.1; https://www.mecoraso.com"
57.141.0.46 - - [17/Jul/2026:05:19:50 +0000] "GET /?p=671 HTTP/2" 301 0 "-" "Mozilla/5.0 (Windows NT 10.0; Win64; x64) AppleWebKit/537.36 (KHTML, like Gecko) Chrome/145.0.0.0 Safari/537.36 (compatible; meta-externalagent/1.1 (+https://developers.facebook.com/docs/sharing/webmasters/crawler))"
57.141.0.10 - - [17/Jul/2026:05:19:56 +0000] "GET /?p=3031 HTTP/2" 301 0 "-" "Mozilla/5.0 (Macintosh; Intel Mac OS X 10_15_7) AppleWebKit/537.36 (KHTML, like Gecko) Chrome/145.0.0.0 Safari/537.36 (compatible; meta-externalagent/1.1 (+https://developers.facebook.com/docs/sharing/webmasters/crawler))"
57.141.0.17 - - [17/Jul/2026:05:19:57 +0000] "GET /?p=338 HTTP/2" 301 0 "-" "Mozilla/5.0 (Windows NT 10.0; Win64; x64) AppleWebKit/537.36 (KHTML, like Gecko) Chrome/145.0.0.0 Safari/537.36 (compatible; meta-externalagent/1.1 (+https://developers.facebook.com/docs/sharing/webmasters/crawler))"
57.141.0.50 - - [17/Jul/2026:05:20:01 +0000] "GET /?p=8735 HTTP/2" 301 0 "-" "Mozilla/5.0 (Macintosh; Intel Mac OS X 10_15_7) AppleWebKit/537.36 (KHTML, like Gecko) Chrome/145.0.0.0 Safari/537.36 (compatible; meta-externalagent/1.1 (+https://developers.facebook.com/docs/sharing/webmasters/crawler))"
57.141.0.47 - - [17/Jul/2026:05:20:09 +0000] "GET /?p=2822 HTTP/2" 301 0 "-" "Mozilla/5.0 (Windows NT 10.0; Win64; x64) AppleWebKit/537.36 (KHTML, like Gecko) Chrome/145.0.0.0 Safari/537.36 Edg/145.0.0.0 (compatible; meta-externalagent/1.1 (+https://developers.facebook.com/docs/sharing/webmasters/crawler))"
57.141.0.51 - - [17/Jul/2026:05:20:11 +0000] "GET /?p=329 HTTP/2" 301 0 "-" "Mozilla/5.0 (Windows NT 10.0; Win64; x64) AppleWebKit/537.36 (KHTML, like Gecko) Chrome/145.0.0.0 Safari/537.36 (compatible; meta-externalagent/1.1 (+https://developers.facebook.com/docs/sharing/webmasters/crawler))"
57.141.0.14 - - [17/Jul/2026:05:20:20 +0000] "GET /?p=1744 HTTP/2" 301 0 "-" "Mozilla/5.0 (Macintosh; Intel Mac OS X 10_15_7) AppleWebKit/537.36 (KHTML, like Gecko) Chrome/145.0.0.0 Safari/537.36 (compatible; meta-externalagent/1.1 (+https://developers.facebook.com/docs/sharing/webmasters/crawler))"
57.141.0.47 - - [17/Jul/2026:05:20:29 +0000] "GET /?p=5216 HTTP/2" 301 0 "-" "Mozilla/5.0 (Windows NT 10.0; Win64; x64) AppleWebKit/537.36 (KHTML, like Gecko) Chrome/145.0.0.0 Safari/537.36 (compatible; meta-externalagent/1.1 (+https://developers.facebook.com/docs/sharing/webmasters/crawler))"
57.141.0.11 - - [17/Jul/2026:05:20:28 +0000] "GET /?p=9392 HTTP/2" 301 0 "-" "Mozilla/5.0 (Windows NT 10.0; Win64; x64) AppleWebKit/537.36 (KHTML, like Gecko) Chrome/145.0.0.0 Safari/537.36 (compatible; meta-externalagent/1.1 (+https://developers.facebook.com/docs/sharing/webmasters/crawler))"
57.141.0.44 - - [17/Jul/2026:05:20:35 +0000] "GET /?p=6515 HTTP/2" 301 0 "-" "Mozilla/5.0 (Macintosh; Intel Mac OS X 10_15_7) AppleWebKit/537.36 (KHTML, like Gecko) Chrome/145.0.0.0 Safari/537.36 (compatible; meta-externalagent/1.1 (+https://developers.facebook.com/docs/sharing/webmasters/crawler))"
17.241.227.29 - - [17/Jul/2026:05:21:05 +0000] "GET /wp-content/themes/hello-elementor/assets/css/reset.css?ver=3.4.4 HTTP/2" 200 1581 "https://www.mecoraso.com/2025/08/22/how-much-is-a-gambling-license-in-united-kingdom/" "Mozilla/5.0 (Macintosh; Intel Mac OS X 10_15_7) AppleWebKit/605.1.15 (KHTML, like Gecko) Version/17.4 Safari/605.1.15 (Applebot/0.1; +http://www.apple.com/go/applebot)"
17.241.227.29 - - [17/Jul/2026:05:21:06 +0000] "GET /wp-content/plugins/elementor/assets/css/widget-icon-list.min.css?ver=3.29.2 HTTP/2" 200 958 "https://www.mecoraso.com/2025/08/22/how-much-is-a-gambling-license-in-united-kingdom/" "Mozilla/5.0 (Macintosh; Intel Mac OS X 10_15_7) AppleWebKit/605.1.15 (KHTML, like Gecko) Version/17.4 Safari/605.1.15 (Applebot/0.1; +http://www.apple.com/go/applebot)"
17.241.227.29 - - [17/Jul/2026:05:21:08 +0000] "GET /wp-content/themes/hello-elementor/assets/css/theme.css?ver=3.4.4 HTTP/2" 200 1126 "https://www.mecoraso.com/2025/08/22/how-much-is-a-gambling-license-in-united-kingdom/" "Mozilla/5.0 (Macintosh; Intel Mac OS X 10_15_7) AppleWebKit/605.1.15 (KHTML, like Gecko) Version/17.4 Safari/605.1.15 (Applebot/0.1; +http://www.apple.com/go/applebot)"
17.241.227.29 - - [17/Jul/2026:05:21:09 +0000] "GET /wp-content/plugins/elementor/assets/css/frontend.min.css?ver=3.29.2 HTTP/2" 200 6472 "https://www.mecoraso.com/2025/08/22/how-much-is-a-gambling-license-in-united-kingdom/" "Mozilla/5.0 (Macintosh; Intel Mac OS X 10_15_7) AppleWebKit/605.1.15 (KHTML, like Gecko) Version/17.4 Safari/605.1.15 (Applebot/0.1; +http://www.apple.com/go/applebot)"
17.241.227.29 - - [17/Jul/2026:05:21:11 +0000] "GET /wp-content/themes/hello-elementor/assets/css/header-footer.css?ver=3.4.4 HTTP/2" 200 1261 "https://www.mecoraso.com/2025/08/22/how-much-is-a-gambling-license-in-united-kingdom/" "Mozilla/5.0 (Macintosh; Intel Mac OS X 10_15_7) AppleWebKit/605.1.15 (KHTML, like Gecko) Version/17.4 Safari/605.1.15 (Applebot/0.1; +http://www.apple.com/go/applebot)"
17.241.227.29 - - [17/Jul/2026:05:21:12 +0000] "GET /wp-content/uploads/elementor/css/post-5.css?ver=1755862459 HTTP/2" 200 404 "https://www.mecoraso.com/2025/08/22/how-much-is-a-gambling-license-in-united-kingdom/" "Mozilla/5.0 (Macintosh; Intel Mac OS X 10_15_7) AppleWebKit/605.1.15 (KHTML, like Gecko) Version/17.4 Safari/605.1.15 (Applebot/0.1; +http://www.apple.com/go/applebot)"
17.241.227.29 - - [17/Jul/2026:05:21:14 +0000] "GET /wp-content/plugins/elementor-pro/assets/css/widget-search-form.min.css?ver=3.25.3 HTTP/2" 200 920 "https://www.mecoraso.com/2025/08/22/how-much-is-a-gambling-license-in-united-kingdom/" "Mozilla/5.0 (Macintosh; Intel Mac OS X 10_15_7) AppleWebKit/605.1.15 (KHTML, like Gecko) Version/17.4 Safari/605.1.15 (Applebot/0.1; +http://www.apple.com/go/applebot)"
17.241.227.29 - - [17/Jul/2026:05:21:15 +0000] "GET /wp-content/plugins/elementor/assets/css/widget-image.min.css?ver=3.29.2 HTTP/2" 200 119 "https://www.mecoraso.com/2025/08/22/how-much-is-a-gambling-license-in-united-kingdom/" "Mozilla/5.0 (Macintosh; Intel Mac OS X 10_15_7) AppleWebKit/605.1.15 (KHTML, like Gecko) Version/17.4 Safari/605.1.15 (Applebot/0.1; +http://www.apple.com/go/applebot)"
17.241.227.29 - - [17/Jul/2026:05:21:17 +0000] "GET /wp-content/plugins/elementor-pro/assets/css/widget-nav-menu.min.css?ver=3.25.3 HTTP/2" 200 3142 "https://www.mecoraso.com/2025/08/22/how-much-is-a-gambling-license-in-united-kingdom/" "Mozilla/5.0 (Macintosh; Intel Mac OS X 10_15_7) AppleWebKit/605.1.15 (KHTML, like Gecko) Version/17.4 Safari/605.1.15 (Applebot/0.1; +http://www.apple.com/go/applebot)"
17.241.227.29 - - [17/Jul/2026:05:21:18 +0000] "GET /wp-content/plugins/elementor/assets/css/widget-heading.min.css?ver=3.29.2 HTTP/2" 200 154 "https://www.mecoraso.com/2025/08/22/how-much-is-a-gambling-license-in-united-kingdom/" "Mozilla/5.0 (Macintosh; Intel Mac OS X 10_15_7) AppleWebKit/605.1.15 (KHTML, like Gecko) Version/17.4 Safari/605.1.15 (Applebot/0.1; +http://www.apple.com/go/applebot)"
17.241.227.29 - - [17/Jul/2026:05:21:20 +0000] "GET /wp-content/plugins/elementor/assets/lib/animations/styles/e-animation-sink.min.css?ver=3.29.2 HTTP/2" 200 112 "https://www.mecoraso.com/2025/08/22/how-much-is-a-gambling-license-in-united-kingdom/" "Mozilla/5.0 (Macintosh; Intel Mac OS X 10_15_7) AppleWebKit/605.1.15 (KHTML, like Gecko) Version/17.4 Safari/605.1.15 (Applebot/0.1; +http://www.apple.com/go/applebot)"
65.181.116.207 - - [17/Jul/2026:05:21:20 +0000] "POST /wp-cron.php?doing_wp_cron=1784265680.7592570781707763671875 HTTP/1.1" 200 0 "-" "WordPress/7.0.1; https://www.mecoraso.com"
57.141.0.37 - - [17/Jul/2026:05:21:17 +0000] "GET /?p=5879 HTTP/2" 301 0 "-" "Mozilla/5.0 (X11; Linux x86_64) AppleWebKit/537.36 (KHTML, like Gecko) Chrome/145.0.0.0 Safari/537.36 (compatible; meta-externalagent/1.1 (+https://developers.facebook.com/docs/sharing/webmasters/crawler))"
17.241.227.29 - - [17/Jul/2026:05:21:21 +0000] "GET /wp-content/plugins/elementor-pro/assets/css/conditionals/popup.min.css?ver=3.25.3 HTTP/2" 200 322 "https://www.mecoraso.com/2025/08/22/how-much-is-a-gambling-license-in-united-kingdom/" "Mozilla/5.0 (Macintosh; Intel Mac OS X 10_15_7) AppleWebKit/605.1.15 (KHTML, like Gecko) Version/17.4 Safari/605.1.15 (Applebot/0.1; +http://www.apple.com/go/applebot)"
57.141.0.43 - - [17/Jul/2026:05:21:20 +0000] "GET /?p=1418 HTTP/2" 301 0 "-" "Mozilla/5.0 (Macintosh; Intel Mac OS X 10_15_7) AppleWebKit/537.36 (KHTML, like Gecko) Chrome/145.0.0.0 Safari/537.36 (compatible; meta-externalagent/1.1 (+https://developers.facebook.com/docs/sharing/webmasters/crawler))"
17.241.227.29 - - [17/Jul/2026:05:21:23 +0000] "GET /wp-content/uploads/elementor/css/post-83.css?ver=1755862460 HTTP/2" 200 2096 "https://www.mecoraso.com/2025/08/22/how-much-is-a-gambling-license-in-united-kingdom/" "Mozilla/5.0 (Macintosh; Intel Mac OS X 10_15_7) AppleWebKit/605.1.15 (KHTML, like Gecko) Version/17.4 Safari/605.1.15 (Applebot/0.1; +http://www.apple.com/go/applebot)"
17.241.227.29 - - [17/Jul/2026:05:21:24 +0000] "GET /wp-content/uploads/elementor/css/post-95.css?ver=1755862460 HTTP/2" 200 1530 "https://www.mecoraso.com/2025/08/22/how-much-is-a-gambling-license-in-united-kingdom/" "Mozilla/5.0 (Macintosh; Intel Mac OS X 10_15_7) AppleWebKit/605.1.15 (KHTML, like Gecko) Version/17.4 Safari/605.1.15 (Applebot/0.1; +http://www.apple.com/go/applebot)"
17.241.227.29 - - [17/Jul/2026:05:21:26 +0000] "GET /wp-content/uploads/elementor/google-fonts/css/roboto.css?ver=1751311652 HTTP/2" 200 1874 "https://www.mecoraso.com/2025/08/22/how-much-is-a-gambling-license-in-united-kingdom/" "Mozilla/5.0 (Macintosh; Intel Mac OS X 10_15_7) AppleWebKit/605.1.15 (KHTML, like Gecko) Version/17.4 Safari/605.1.15 (Applebot/0.1; +http://www.apple.com/go/applebot)"
17.241.227.29 - - [17/Jul/2026:05:21:27 +0000] "GET /wp-content/uploads/elementor/google-fonts/css/robotoslab.css?ver=1751311653 HTTP/2" 200 711 "https://www.mecoraso.com/2025/08/22/how-much-is-a-gambling-license-in-united-kingdom/" "Mozilla/5.0 (Macintosh; Intel Mac OS X 10_15_7) AppleWebKit/605.1.15 (KHTML, like Gecko) Version/17.4 Safari/605.1.15 (Applebot/0.1; +http://www.apple.com/go/applebot)"
57.141.0.48 - - [17/Jul/2026:05:21:26 +0000] "GET /?p=7556 HTTP/2" 301 0 "-" "Mozilla/5.0 (Windows NT 10.0; Win64; x64) AppleWebKit/537.36 (KHTML, like Gecko) Chrome/145.0.0.0 Safari/537.36 (compatible; meta-externalagent/1.1 (+https://developers.facebook.com/docs/sharing/webmasters/crawler))"
17.241.227.29 - - [17/Jul/2026:05:21:29 +0000] "GET /wp-content/uploads/elementor/google-fonts/css/montserrat.css?ver=1751313186 HTTP/2" 200 754 "https://www.mecoraso.com/2025/08/22/how-much-is-a-gambling-license-in-united-kingdom/" "Mozilla/5.0 (Macintosh; Intel Mac OS X 10_15_7) AppleWebKit/605.1.15 (KHTML, like Gecko) Version/17.4 Safari/605.1.15 (Applebot/0.1; +http://www.apple.com/go/applebot)"
17.241.227.29 - - [17/Jul/2026:05:21:30 +0000] "GET /wp-includes/js/jquery/jquery.min.js?ver=3.7.1 HTTP/2" 200 29744 "https://www.mecoraso.com/2025/08/22/how-much-is-a-gambling-license-in-united-kingdom/" "Mozilla/5.0 (Macintosh; Intel Mac OS X 10_15_7) AppleWebKit/605.1.15 (KHTML, like Gecko) Version/17.4 Safari/605.1.15 (Applebot/0.1; +http://www.apple.com/go/applebot)"
17.241.227.29 - - [17/Jul/2026:05:21:32 +0000] "GET /wp-includes/js/jquery/jquery-migrate.min.js?ver=3.4.1 HTTP/2" 200 4678 "https://www.mecoraso.com/2025/08/22/how-much-is-a-gambling-license-in-united-kingdom/" "Mozilla/5.0 (Macintosh; Intel Mac OS X 10_15_7) AppleWebKit/605.1.15 (KHTML, like Gecko) Version/17.4 Safari/605.1.15 (Applebot/0.1; +http://www.apple.com/go/applebot)"
17.241.227.29 - - [17/Jul/2026:05:21:33 +0000] "GET /wp-content/plugins/elementor-pro/assets/css/modules/sticky.min.css?ver=3.25.3 HTTP/2" 200 162 "https://www.mecoraso.com/2025/08/22/how-much-is-a-gambling-license-in-united-kingdom/" "Mozilla/5.0 (Macintosh; Intel Mac OS X 10_15_7) AppleWebKit/605.1.15 (KHTML, like Gecko) Version/17.4 Safari/605.1.15 (Applebot/0.1; +http://www.apple.com/go/applebot)"
17.241.227.29 - - [17/Jul/2026:05:21:35 +0000] "GET /wp-content/themes/hello-elementor/assets/js/hello-frontend.js?ver=3.4.4 HTTP/2" 200 496 "https://www.mecoraso.com/2025/08/22/how-much-is-a-gambling-license-in-united-kingdom/" "Mozilla/5.0 (Macintosh; Intel Mac OS X 10_15_7) AppleWebKit/605.1.15 (KHTML, like Gecko) Version/17.4 Safari/605.1.15 (Applebot/0.1; +http://www.apple.com/go/applebot)"
17.241.227.29 - - [17/Jul/2026:05:21:37 +0000] "GET /wp-content/plugins/elementor/assets/js/webpack.runtime.min.js?ver=3.29.2 HTTP/2" 200 2319 "https://www.mecoraso.com/2025/08/22/how-much-is-a-gambling-license-in-united-kingdom/" "Mozilla/5.0 (Macintosh; Intel Mac OS X 10_15_7) AppleWebKit/605.1.15 (KHTML, like Gecko) Version/17.4 Safari/605.1.15 (Applebot/0.1; +http://www.apple.com/go/applebot)"
17.241.227.29 - - [17/Jul/2026:05:21:38 +0000] "GET /wp-content/plugins/elementor/assets/js/frontend-modules.min.js?ver=3.29.2 HTTP/2" 200 14423 "https://www.mecoraso.com/2025/08/22/how-much-is-a-gambling-license-in-united-kingdom/" "Mozilla/5.0 (Macintosh; Intel Mac OS X 10_15_7) AppleWebKit/605.1.15 (KHTML, like Gecko) Version/17.4 Safari/605.1.15 (Applebot/0.1; +http://www.apple.com/go/applebot)"
17.241.227.29 - - [17/Jul/2026:05:21:40 +0000] "GET /wp-includes/js/jquery/ui/core.min.js?ver=1.13.3 HTTP/2" 200 6812 "https://www.mecoraso.com/2025/08/22/how-much-is-a-gambling-license-in-united-kingdom/" "Mozilla/5.0 (Macintosh; Intel Mac OS X 10_15_7) AppleWebKit/605.1.15 (KHTML, like Gecko) Version/17.4 Safari/605.1.15 (Applebot/0.1; +http://www.apple.com/go/applebot)"
17.241.227.29 - - [17/Jul/2026:05:21:41 +0000] "GET /wp-content/plugins/elementor/assets/js/frontend.min.js?ver=3.29.2 HTTP/2" 200 10288 "https://www.mecoraso.com/2025/08/22/how-much-is-a-gambling-license-in-united-kingdom/" "Mozilla/5.0 (Macintosh; Intel Mac OS X 10_15_7) AppleWebKit/605.1.15 (KHTML, like Gecko) Version/17.4 Safari/605.1.15 (Applebot/0.1; +http://www.apple.com/go/applebot)"
17.241.227.29 - - [17/Jul/2026:05:21:43 +0000] "GET /wp-content/plugins/elementor-pro/assets/lib/smartmenus/jquery.smartmenus.min.js?ver=1.2.1 HTTP/2" 200 6867 "https://www.mecoraso.com/2025/08/22/how-much-is-a-gambling-license-in-united-kingdom/" "Mozilla/5.0 (Macintosh; Intel Mac OS X 10_15_7) AppleWebKit/605.1.15 (KHTML, like Gecko) Version/17.4 Safari/605.1.15 (Applebot/0.1; +http://www.apple.com/go/applebot)"
17.241.227.29 - - [17/Jul/2026:05:21:44 +0000] "GET /wp-content/plugins/elementor-pro/assets/lib/sticky/jquery.sticky.min.js?ver=3.25.3 HTTP/2" 200 1442 "https://www.mecoraso.com/2025/08/22/how-much-is-a-gambling-license-in-united-kingdom/" "Mozilla/5.0 (Macintosh; Intel Mac OS X 10_15_7) AppleWebKit/605.1.15 (KHTML, like Gecko) Version/17.4 Safari/605.1.15 (Applebot/0.1; +http://www.apple.com/go/applebot)"
57.141.0.49 - - [17/Jul/2026:05:21:42 +0000] "GET /?p=7505 HTTP/2" 301 0 "-" "Mozilla/5.0 (Macintosh; Intel Mac OS X 10.15; rv:147.0) Gecko/20100101 Firefox/147.0 (compatible; meta-externalagent/1.1 (+https://developers.facebook.com/docs/sharing/webmasters/crawler))"
17.241.227.29 - - [17/Jul/2026:05:21:45 +0000] "GET /wp-content/plugins/elementor-pro/assets/js/webpack-pro.runtime.min.js?ver=3.25.3 HTTP/2" 200 2628 "https://www.mecoraso.com/2025/08/22/how-much-is-a-gambling-license-in-united-kingdom/" "Mozilla/5.0 (Macintosh; Intel Mac OS X 10_15_7) AppleWebKit/605.1.15 (KHTML, like Gecko) Version/17.4 Safari/605.1.15 (Applebot/0.1; +http://www.apple.com/go/applebot)"
17.241.227.29 - - [17/Jul/2026:05:21:47 +0000] "GET /wp-includes/js/dist/hooks.min.js?ver=7496969728ca0f95732d HTTP/2" 200 1734 "https://www.mecoraso.com/2025/08/22/how-much-is-a-gambling-license-in-united-kingdom/" "Mozilla/5.0 (Macintosh; Intel Mac OS X 10_15_7) AppleWebKit/605.1.15 (KHTML, like Gecko) Version/17.4 Safari/605.1.15 (Applebot/0.1; +http://www.apple.com/go/applebot)"
57.141.0.68 - - [17/Jul/2026:05:21:45 +0000] "GET /?p=796 HTTP/2" 301 0 "-" "Mozilla/5.0 (Macintosh; Intel Mac OS X 10_15_7) AppleWebKit/537.36 (KHTML, like Gecko) Chrome/145.0.0.0 Safari/537.36 Edg/145.0.0.0 (compatible; meta-externalagent/1.1 (+https://developers.facebook.com/docs/sharing/webmasters/crawler))"
17.241.227.29 - - [17/Jul/2026:05:21:48 +0000] "GET /wp-includes/js/dist/i18n.min.js?ver=781d11515ad3d91786ec HTTP/2" 200 2354 "https://www.mecoraso.com/2025/08/22/how-much-is-a-gambling-license-in-united-kingdom/" "Mozilla/5.0 (Macintosh; Intel Mac OS X 10_15_7) AppleWebKit/605.1.15 (KHTML, like Gecko) Version/17.4 Safari/605.1.15 (Applebot/0.1; +http://www.apple.com/go/applebot)"
17.241.227.29 - - [17/Jul/2026:05:21:50 +0000] "GET /wp-content/plugins/elementor-pro/assets/js/frontend.min.js?ver=3.25.3 HTTP/2" 200 6446 "https://www.mecoraso.com/2025/08/22/how-much-is-a-gambling-license-in-united-kingdom/" "Mozilla/5.0 (Macintosh; Intel Mac OS X 10_15_7) AppleWebKit/605.1.15 (KHTML, like Gecko) Version/17.4 Safari/605.1.15 (Applebot/0.1; +http://www.apple.com/go/applebot)"
17.241.227.29 - - [17/Jul/2026:05:21:51 +0000] "GET /wp-content/plugins/elementor-pro/assets/js/elements-handlers.min.js?ver=3.25.3 HTTP/2" 200 9746 "https://www.mecoraso.com/2025/08/22/how-much-is-a-gambling-license-in-united-kingdom/" "Mozilla/5.0 (Macintosh; Intel Mac OS X 10_15_7) AppleWebKit/605.1.15 (KHTML, like Gecko) Version/17.4 Safari/605.1.15 (Applebot/0.1; +http://www.apple.com/go/applebot)"
17.241.227.29 - - [17/Jul/2026:05:21:53 +0000] "GET /wp-content/plugins/elementor-pro/assets/js/nav-menu.7e665d03657d48aef483.bundle.min.js HTTP/2" 200 1766 "https://www.mecoraso.com/2025/08/22/how-much-is-a-gambling-license-in-united-kingdom/" "Mozilla/5.0 (Macintosh; Intel Mac OS X 10_15_7) AppleWebKit/605.1.15 (KHTML, like Gecko) Version/17.4 Safari/605.1.15 (Applebot/0.1; +http://www.apple.com/go/applebot)"
17.241.227.29 - - [17/Jul/2026:05:21:54 +0000] "GET /wp-content/plugins/elementor-pro/assets/js/search-form.b7065999d77832a1b764.bundle.min.js HTTP/2" 200 752 "https://www.mecoraso.com/2025/08/22/how-much-is-a-gambling-license-in-united-kingdom/" "Mozilla/5.0 (Macintosh; Intel Mac OS X 10_15_7) AppleWebKit/605.1.15 (KHTML, like Gecko) Version/17.4 Safari/605.1.15 (Applebot/0.1; +http://www.apple.com/go/applebot)"
17.241.227.29 - - [17/Jul/2026:05:21:56 +0000] "GET /wp-content/plugins/elementor/assets/js/shared-frontend-handlers.30dc2f9c080845a413a6.bundle.min.js HTTP/2" 200 2546 "https://www.mecoraso.com/2025/08/22/how-much-is-a-gambling-license-in-united-kingdom/" "Mozilla/5.0 (Macintosh; Intel Mac OS X 10_15_7) AppleWebKit/605.1.15 (KHTML, like Gecko) Version/17.4 Safari/605.1.15 (Applebot/0.1; +http://www.apple.com/go/applebot)"
17.241.227.29 - - [17/Jul/2026:05:21:58 +0000] "GET /wp-content/plugins/elementor/assets/js/text-editor.c084ef86600b6f11690d.bundle.min.js HTTP/2" 200 621 "https://www.mecoraso.com/2025/08/22/how-much-is-a-gambling-license-in-united-kingdom/" "Mozilla/5.0 (Macintosh; Intel Mac OS X 10_15_7) AppleWebKit/605.1.15 (KHTML, like Gecko) Version/17.4 Safari/605.1.15 (Applebot/0.1; +http://www.apple.com/go/applebot)"
17.241.227.29 - - [17/Jul/2026:05:21:59 +0000] "GET /wp-includes/js/wp-emoji-release.min.js?ver=7.0.1 HTTP/2" 200 4974 "https://www.mecoraso.com/2025/08/22/how-much-is-a-gambling-license-in-united-kingdom/" "Mozilla/5.0 (Macintosh; Intel Mac OS X 10_15_7) AppleWebKit/605.1.15 (KHTML, like Gecko) Version/17.4 Safari/605.1.15 (Applebot/0.1; +http://www.apple.com/go/applebot)"
17.241.227.29 - - [17/Jul/2026:05:22:01 +0000] "GET /wp-content/plugins/elementor/assets/js/section-frontend-handlers.d85ab872da118940910d.bundle.min.js HTTP/2" 200 254 "https://www.mecoraso.com/2025/08/22/how-much-is-a-gambling-license-in-united-kingdom/" "Mozilla/5.0 (Macintosh; Intel Mac OS X 10_15_7) AppleWebKit/605.1.15 (KHTML, like Gecko) Version/17.4 Safari/605.1.15 (Applebot/0.1; +http://www.apple.com/go/applebot)"
65.181.116.207 - - [17/Jul/2026:05:22:17 +0000] "POST /wp-cron.php?doing_wp_cron=1784265737.6734230518341064453125 HTTP/1.1" 200 0 "-" "WordPress/7.0.1; https://www.mecoraso.com"
57.141.0.54 - - [17/Jul/2026:05:22:14 +0000] "GET /?p=694 HTTP/2" 301 0 "-" "Mozilla/5.0 (Macintosh; Intel Mac OS X 10_15_7) AppleWebKit/537.36 (KHTML, like Gecko) Chrome/145.0.0.0 Safari/537.36 (compatible; meta-externalagent/1.1 (+https://developers.facebook.com/docs/sharing/webmasters/crawler))"
57.141.0.16 - - [17/Jul/2026:05:22:29 +0000] "GET /?p=2337 HTTP/2" 301 0 "-" "Mozilla/5.0 (Macintosh; Intel Mac OS X 10_15_7) AppleWebKit/537.36 (KHTML, like Gecko) Chrome/145.0.0.0 Safari/537.36 (compatible; meta-externalagent/1.1 (+https://developers.facebook.com/docs/sharing/webmasters/crawler))"
57.141.0.6 - - [17/Jul/2026:05:22:31 +0000] "GET /?p=5934 HTTP/2" 301 0 "-" "Mozilla/5.0 (Windows NT 10.0; Win64; x64) AppleWebKit/537.36 (KHTML, like Gecko) Chrome/145.0.0.0 Safari/537.36 (compatible; meta-externalagent/1.1 (+https://developers.facebook.com/docs/sharing/webmasters/crawler))"
57.141.0.1 - - [17/Jul/2026:05:22:35 +0000] "GET /?p=8397 HTTP/2" 301 0 "-" "Mozilla/5.0 (Windows NT 10.0; Win64; x64) AppleWebKit/537.36 (KHTML, like Gecko) Chrome/145.0.0.0 Safari/537.36 (compatible; meta-externalagent/1.1 (+https://developers.facebook.com/docs/sharing/webmasters/crawler))"
65.181.116.207 - - [17/Jul/2026:05:23:32 +0000] "POST /wp-cron.php?doing_wp_cron=1784265812.1620049476623535156250 HTTP/1.1" 200 0 "-" "WordPress/7.0.1; https://www.mecoraso.com"
57.141.0.16 - - [17/Jul/2026:05:23:29 +0000] "GET /?p=7547 HTTP/2" 301 0 "-" "Mozilla/5.0 (Windows NT 10.0; Win64; x64) AppleWebKit/537.36 (KHTML, like Gecko) Chrome/145.0.0.0 Safari/537.36 (compatible; meta-externalagent/1.1 (+https://developers.facebook.com/docs/sharing/webmasters/crawler))"
65.181.116.207 - - [17/Jul/2026:05:23:55 +0000] "POST /wp-cron.php?doing_wp_cron=1784265835.5782771110534667968750 HTTP/1.1" 200 0 "-" "WordPress/7.0.1; https://www.mecoraso.com"
57.141.0.43 - - [17/Jul/2026:05:23:52 +0000] "GET /?p=3086 HTTP/2" 301 0 "-" "Mozilla/5.0 (Windows NT 10.0; Win64; x64) AppleWebKit/537.36 (KHTML, like Gecko) Chrome/145.0.0.0 Safari/537.36 (compatible; meta-externalagent/1.1 (+https://developers.facebook.com/docs/sharing/webmasters/crawler))"
57.141.0.14 - - [17/Jul/2026:05:23:58 +0000] "GET /?p=6275 HTTP/2" 301 0 "-" "Mozilla/5.0 (Windows NT 10.0; Win64; x64) AppleWebKit/537.36 (KHTML, like Gecko) Chrome/145.0.0.0 Safari/537.36 (compatible; meta-externalagent/1.1 (+https://developers.facebook.com/docs/sharing/webmasters/crawler))"
57.141.0.54 - - [17/Jul/2026:05:24:37 +0000] "GET /?p=6419 HTTP/2" 301 0 "-" "Mozilla/5.0 (Macintosh; Intel Mac OS X 10_15_7) AppleWebKit/537.36 (KHTML, like Gecko) Chrome/145.0.0.0 Safari/537.36 (compatible; meta-externalagent/1.1 (+https://developers.facebook.com/docs/sharing/webmasters/crawler))"
57.141.0.50 - - [17/Jul/2026:05:24:44 +0000] "GET /?p=2936 HTTP/2" 301 0 "-" "Mozilla/5.0 (Windows NT 10.0; Win64; x64) AppleWebKit/537.36 (KHTML, like Gecko) Chrome/145.0.0.0 Safari/537.36 (compatible; meta-externalagent/1.1 (+https://developers.facebook.com/docs/sharing/webmasters/crawler))"
65.181.116.207 - - [17/Jul/2026:05:25:05 +0000] "POST /wp-cron.php?doing_wp_cron=1784265905.6102979183197021484375 HTTP/1.1" 200 0 "-" "WordPress/7.0.1; https://www.mecoraso.com"
57.141.0.48 - - [17/Jul/2026:05:25:00 +0000] "GET /?p=7752 HTTP/2" 301 0 "-" "Mozilla/5.0 (Windows NT 10.0; Win64; x64) AppleWebKit/537.36 (KHTML, like Gecko) Chrome/145.0.0.0 Safari/537.36 (compatible; meta-externalagent/1.1 (+https://developers.facebook.com/docs/sharing/webmasters/crawler))"
