57.141.0.5 - - [16/Jul/2026:21:07:09 +0000] "GET /?p=7196 HTTP/2" 301 0 "-" "Mozilla/5.0 (Macintosh; Intel Mac OS X 10_15_7) AppleWebKit/537.36 (KHTML, like Gecko) Chrome/145.0.0.0 Safari/537.36 (compatible; meta-externalagent/1.1 (+https://developers.facebook.com/docs/sharing/webmasters/crawler))"
57.141.0.13 - - [16/Jul/2026:21:07:28 +0000] "GET /?p=8069 HTTP/2" 301 0 "-" "Mozilla/5.0 (Windows NT 10.0; Win64; x64) AppleWebKit/537.36 (KHTML, like Gecko) Chrome/145.0.0.0 Safari/537.36 Edg/145.0.0.0 (compatible; meta-externalagent/1.1 (+https://developers.facebook.com/docs/sharing/webmasters/crawler))"
57.141.0.71 - - [16/Jul/2026:21:07:31 +0000] "GET /?p=3570 HTTP/2" 301 0 "-" "Mozilla/5.0 (Windows NT 10.0; Win64; x64) AppleWebKit/537.36 (KHTML, like Gecko) Chrome/145.0.0.0 Safari/537.36 (compatible; meta-externalagent/1.1 (+https://developers.facebook.com/docs/sharing/webmasters/crawler))"
57.141.0.14 - - [16/Jul/2026:21:07:37 +0000] "GET /?p=515 HTTP/2" 301 0 "-" "Mozilla/5.0 (Macintosh; Intel Mac OS X 10_15_7) AppleWebKit/537.36 (KHTML, like Gecko) Chrome/145.0.0.0 Safari/537.36 (compatible; meta-externalagent/1.1 (+https://developers.facebook.com/docs/sharing/webmasters/crawler))"
65.181.116.207 - - [16/Jul/2026:21:08:11 +0000] "POST /wp-cron.php?doing_wp_cron=1784236091.4037940502166748046875 HTTP/1.1" 200 0 "-" "WordPress/7.0.1; https://www.mecoraso.com"
57.141.0.7 - - [16/Jul/2026:21:08:09 +0000] "GET /?p=8472 HTTP/2" 301 0 "-" "Mozilla/5.0 (Macintosh; Intel Mac OS X 10_15_7) AppleWebKit/537.36 (KHTML, like Gecko) Chrome/145.0.0.0 Safari/537.36 (compatible; meta-externalagent/1.1 (+https://developers.facebook.com/docs/sharing/webmasters/crawler))"
57.141.0.54 - - [16/Jul/2026:21:08:18 +0000] "GET /?p=434 HTTP/2" 301 0 "-" "Mozilla/5.0 (Macintosh; Intel Mac OS X 10_15_7) AppleWebKit/537.36 (KHTML, like Gecko) Chrome/145.0.0.0 Safari/537.36 (compatible; meta-externalagent/1.1 (+https://developers.facebook.com/docs/sharing/webmasters/crawler))"
57.141.0.67 - - [16/Jul/2026:21:08:24 +0000] "GET /?p=238 HTTP/2" 301 0 "-" "Mozilla/5.0 (Windows NT 10.0; Win64; x64) AppleWebKit/537.36 (KHTML, like Gecko) Chrome/144.0.0.0 Safari/537.36 Edg/144.0.0.0 (compatible; meta-externalagent/1.1 (+https://developers.facebook.com/docs/sharing/webmasters/crawler))"
57.141.0.39 - - [16/Jul/2026:21:08:37 +0000] "GET /?p=5577 HTTP/2" 301 0 "-" "Mozilla/5.0 (Windows NT 10.0; Win64; x64) AppleWebKit/537.36 (KHTML, like Gecko) Chrome/145.0.0.0 Safari/537.36 (compatible; meta-externalagent/1.1 (+https://developers.facebook.com/docs/sharing/webmasters/crawler))"
57.141.0.42 - - [16/Jul/2026:21:08:50 +0000] "GET /?p=6476 HTTP/2" 301 0 "-" "Mozilla/5.0 (Windows NT 10.0; Win64; x64) AppleWebKit/537.36 (KHTML, like Gecko) Chrome/145.0.0.0 Safari/537.36 (compatible; meta-externalagent/1.1 (+https://developers.facebook.com/docs/sharing/webmasters/crawler))"
57.141.0.40 - - [16/Jul/2026:21:08:55 +0000] "GET /?p=6580 HTTP/2" 301 0 "-" "Mozilla/5.0 (Windows NT 10.0; Win64; x64) AppleWebKit/537.36 (KHTML, like Gecko) Chrome/145.0.0.0 Safari/537.36 (compatible; meta-externalagent/1.1 (+https://developers.facebook.com/docs/sharing/webmasters/crawler))"
57.141.0.11 - - [16/Jul/2026:21:08:57 +0000] "GET /?p=2259 HTTP/2" 301 0 "-" "Mozilla/5.0 (Windows NT 10.0; Win64; x64) AppleWebKit/537.36 (KHTML, like Gecko) Chrome/145.0.0.0 Safari/537.36 (compatible; meta-externalagent/1.1 (+https://developers.facebook.com/docs/sharing/webmasters/crawler))"
57.141.0.23 - - [16/Jul/2026:21:09:00 +0000] "GET /?p=5858 HTTP/2" 301 0 "-" "Mozilla/5.0 (Windows NT 10.0; Win64; x64) AppleWebKit/537.36 (KHTML, like Gecko) Chrome/145.0.0.0 Safari/537.36 (compatible; meta-externalagent/1.1 (+https://developers.facebook.com/docs/sharing/webmasters/crawler))"
57.141.0.3 - - [16/Jul/2026:21:09:40 +0000] "GET /?p=7006 HTTP/2" 301 0 "-" "Mozilla/5.0 (Windows NT 10.0; Win64; x64) AppleWebKit/537.36 (KHTML, like Gecko) Chrome/145.0.0.0 Safari/537.36 (compatible; meta-externalagent/1.1 (+https://developers.facebook.com/docs/sharing/webmasters/crawler))"
57.141.0.16 - - [16/Jul/2026:21:09:51 +0000] "GET /?p=1671 HTTP/2" 301 0 "-" "Mozilla/5.0 (Macintosh; Intel Mac OS X 10_15_7) AppleWebKit/537.36 (KHTML, like Gecko) Chrome/145.0.0.0 Safari/537.36 (compatible; meta-externalagent/1.1 (+https://developers.facebook.com/docs/sharing/webmasters/crawler))"
65.181.116.207 - - [16/Jul/2026:21:10:29 +0000] "POST /wp-cron.php?doing_wp_cron=1784236229.4820001125335693359375 HTTP/1.1" 200 0 "-" "WordPress/7.0.1; https://www.mecoraso.com"
57.141.0.11 - - [16/Jul/2026:21:10:27 +0000] "GET /?p=3469 HTTP/2" 301 0 "-" "Mozilla/5.0 (Windows NT 10.0; Win64; x64) AppleWebKit/537.36 (KHTML, like Gecko) Chrome/145.0.0.0 Safari/537.36 (compatible; meta-externalagent/1.1 (+https://developers.facebook.com/docs/sharing/webmasters/crawler))"
57.141.0.30 - - [16/Jul/2026:21:10:32 +0000] "GET /?p=1663 HTTP/2" 301 0 "-" "Mozilla/5.0 (Windows NT 10.0; Win64; x64) AppleWebKit/537.36 (KHTML, like Gecko) Chrome/145.0.0.0 Safari/537.36 (compatible; meta-externalagent/1.1 (+https://developers.facebook.com/docs/sharing/webmasters/crawler))"
65.181.116.207 - - [16/Jul/2026:21:10:56 +0000] "POST /wp-cron.php?doing_wp_cron=1784236256.3942050933837890625000 HTTP/1.1" 200 0 "-" "WordPress/7.0.1; https://www.mecoraso.com"
57.141.0.55 - - [16/Jul/2026:21:10:51 +0000] "GET /?p=6403 HTTP/2" 301 0 "-" "Mozilla/5.0 (Windows NT 10.0; Win64; x64) AppleWebKit/537.36 (KHTML, like Gecko) Chrome/145.0.0.0 Safari/537.36 (compatible; meta-externalagent/1.1 (+https://developers.facebook.com/docs/sharing/webmasters/crawler))"
57.141.0.69 - - [16/Jul/2026:21:11:03 +0000] "GET /?p=5739 HTTP/2" 301 0 "-" "Mozilla/5.0 (Macintosh; Intel Mac OS X 10_15_7) AppleWebKit/537.36 (KHTML, like Gecko) Chrome/145.0.0.0 Safari/537.36 (compatible; meta-externalagent/1.1 (+https://developers.facebook.com/docs/sharing/webmasters/crawler))"
57.141.0.3 - - [16/Jul/2026:21:11:13 +0000] "GET /?p=5365 HTTP/2" 301 0 "-" "Mozilla/5.0 (Windows NT 10.0; Win64; x64) AppleWebKit/537.36 (KHTML, like Gecko) Chrome/145.0.0.0 Safari/537.36 (compatible; meta-externalagent/1.1 (+https://developers.facebook.com/docs/sharing/webmasters/crawler))"
57.141.0.31 - - [16/Jul/2026:21:11:13 +0000] "GET /?p=9080 HTTP/2" 301 0 "-" "Mozilla/5.0 (Macintosh; Intel Mac OS X 10_15_7) AppleWebKit/537.36 (KHTML, like Gecko) Chrome/145.0.0.0 Safari/537.36 (compatible; meta-externalagent/1.1 (+https://developers.facebook.com/docs/sharing/webmasters/crawler))"
57.141.0.37 - - [16/Jul/2026:21:11:25 +0000] "GET /?p=7128 HTTP/2" 301 0 "-" "Mozilla/5.0 (Windows NT 10.0; Win64; x64) AppleWebKit/537.36 (KHTML, like Gecko) Chrome/145.0.0.0 Safari/537.36 (compatible; meta-externalagent/1.1 (+https://developers.facebook.com/docs/sharing/webmasters/crawler))"
57.141.0.10 - - [16/Jul/2026:21:11:33 +0000] "GET /?p=8263 HTTP/2" 301 0 "-" "Mozilla/5.0 (Windows NT 10.0; Win64; x64) AppleWebKit/537.36 (KHTML, like Gecko) Chrome/145.0.0.0 Safari/537.36 (compatible; meta-externalagent/1.1 (+https://developers.facebook.com/docs/sharing/webmasters/crawler))"
57.141.0.71 - - [16/Jul/2026:21:11:37 +0000] "GET /?p=6451 HTTP/2" 301 0 "-" "Mozilla/5.0 (Macintosh; Intel Mac OS X 10_15_7) AppleWebKit/537.36 (KHTML, like Gecko) Chrome/145.0.0.0 Safari/537.36 (compatible; meta-externalagent/1.1 (+https://developers.facebook.com/docs/sharing/webmasters/crawler))"
57.141.0.22 - - [16/Jul/2026:21:11:47 +0000] "GET /?p=5070 HTTP/2" 301 0 "-" "Mozilla/5.0 (Windows NT 10.0; Win64; x64) AppleWebKit/537.36 (KHTML, like Gecko) Chrome/145.0.0.0 Safari/537.36 (compatible; meta-externalagent/1.1 (+https://developers.facebook.com/docs/sharing/webmasters/crawler))"
66.249.79.192 - - [16/Jul/2026:21:11:51 +0000] "GET /2025/08/22/free-online-blackjack-uk/ HTTP/1.1" 200 15079 "-" "Mozilla/5.0 (Linux; Android 6.0.1; Nexus 5X Build/MMB29P) AppleWebKit/537.36 (KHTML, like Gecko) Chrome/150.0.7871.124 Mobile Safari/537.36 (compatible; Googlebot/2.1; +http://www.google.com/bot.html)"
65.181.116.207 - - [16/Jul/2026:21:11:57 +0000] "POST /wp-cron.php?doing_wp_cron=1784236317.5304560661315917968750 HTTP/1.1" 200 0 "-" "WordPress/7.0.1; https://www.mecoraso.com"
57.141.0.46 - - [16/Jul/2026:21:12:09 +0000] "GET /?p=4548 HTTP/2" 301 0 "-" "Mozilla/5.0 (Macintosh; Intel Mac OS X 10_15_7) AppleWebKit/537.36 (KHTML, like Gecko) Chrome/145.0.0.0 Safari/537.36 (compatible; meta-externalagent/1.1 (+https://developers.facebook.com/docs/sharing/webmasters/crawler))"
57.141.0.49 - - [16/Jul/2026:21:12:27 +0000] "GET /wp-json/oembed/1.0/embed?url=https%3A%2F%2Fwww.mecoraso.com%2F2025%2F08%2F22%2Fcasino-slot-machine-games-free-download%2F HTTP/2" 200 2298 "-" "Mozilla/5.0 (Macintosh; Intel Mac OS X 10_15_7) AppleWebKit/537.36 (KHTML, like Gecko) Chrome/145.0.0.0 Safari/537.36 (compatible; meta-externalagent/1.1 (+https://developers.facebook.com/docs/sharing/webmasters/crawler))"
65.181.116.207 - - [16/Jul/2026:21:12:51 +0000] "POST /wp-cron.php?doing_wp_cron=1784236371.7101330757141113281250 HTTP/1.1" 200 0 "-" "WordPress/7.0.1; https://www.mecoraso.com"
57.141.0.62 - - [16/Jul/2026:21:12:49 +0000] "GET /?p=540 HTTP/2" 301 0 "-" "Mozilla/5.0 (Windows NT 10.0; Win64; x64) AppleWebKit/537.36 (KHTML, like Gecko) Chrome/145.0.0.0 Safari/537.36 (compatible; meta-externalagent/1.1 (+https://developers.facebook.com/docs/sharing/webmasters/crawler))"
57.141.0.4 - - [16/Jul/2026:21:12:52 +0000] "GET /?p=7404 HTTP/2" 301 0 "-" "Mozilla/5.0 (Windows NT 10.0; Win64; x64) AppleWebKit/537.36 (KHTML, like Gecko) Chrome/145.0.0.0 Safari/537.36 (compatible; meta-externalagent/1.1 (+https://developers.facebook.com/docs/sharing/webmasters/crawler))"
57.141.0.24 - - [16/Jul/2026:21:12:56 +0000] "GET /?p=7419 HTTP/2" 301 0 "-" "Mozilla/5.0 (X11; Linux x86_64) AppleWebKit/537.36 (KHTML, like Gecko) Chrome/145.0.0.0 Safari/537.36 (compatible; meta-externalagent/1.1 (+https://developers.facebook.com/docs/sharing/webmasters/crawler))"
57.141.0.20 - - [16/Jul/2026:21:13:02 +0000] "GET /?p=524 HTTP/2" 301 0 "-" "Mozilla/5.0 (Windows NT 10.0; Win64; x64) AppleWebKit/537.36 (KHTML, like Gecko) Chrome/145.0.0.0 Safari/537.36 (compatible; meta-externalagent/1.1 (+https://developers.facebook.com/docs/sharing/webmasters/crawler))"
57.141.0.40 - - [16/Jul/2026:21:13:23 +0000] "GET /?p=7422 HTTP/2" 301 0 "-" "Mozilla/5.0 (Windows NT 10.0; Win64; x64) AppleWebKit/537.36 (KHTML, like Gecko) Chrome/145.0.0.0 Safari/537.36 (compatible; meta-externalagent/1.1 (+https://developers.facebook.com/docs/sharing/webmasters/crawler))"
65.181.116.207 - - [16/Jul/2026:21:14:50 +0000] "POST /wp-cron.php?doing_wp_cron=1784236490.5724260807037353515625 HTTP/1.1" 200 0 "-" "WordPress/7.0.1; https://www.mecoraso.com"
57.141.0.54 - - [16/Jul/2026:21:14:48 +0000] "GET /?p=2951 HTTP/2" 301 0 "-" "Mozilla/5.0 (Macintosh; Intel Mac OS X 10_15_7) AppleWebKit/537.36 (KHTML, like Gecko) Chrome/145.0.0.0 Safari/537.36 (compatible; meta-externalagent/1.1 (+https://developers.facebook.com/docs/sharing/webmasters/crawler))"
57.141.0.10 - - [16/Jul/2026:21:14:49 +0000] "GET /?p=8358 HTTP/2" 301 0 "-" "Mozilla/5.0 (Macintosh; Intel Mac OS X 10_15_7) AppleWebKit/537.36 (KHTML, like Gecko) Chrome/145.0.0.0 Safari/537.36 (compatible; meta-externalagent/1.1 (+https://developers.facebook.com/docs/sharing/webmasters/crawler))"
57.141.0.67 - - [16/Jul/2026:21:15:03 +0000] "GET /?p=7287 HTTP/2" 301 0 "-" "Mozilla/5.0 (Windows NT 10.0; Win64; x64) AppleWebKit/537.36 (KHTML, like Gecko) Chrome/145.0.0.0 Safari/537.36 (compatible; meta-externalagent/1.1 (+https://developers.facebook.com/docs/sharing/webmasters/crawler))"
57.141.0.50 - - [16/Jul/2026:21:15:02 +0000] "GET /?p=5841 HTTP/2" 301 0 "-" "Mozilla/5.0 (Windows NT 10.0; Win64; x64) AppleWebKit/537.36 (KHTML, like Gecko) Chrome/145.0.0.0 Safari/537.36 (compatible; meta-externalagent/1.1 (+https://developers.facebook.com/docs/sharing/webmasters/crawler))"
57.141.0.67 - - [16/Jul/2026:21:15:07 +0000] "GET /?p=6228 HTTP/2" 301 0 "-" "Mozilla/5.0 (Macintosh; Intel Mac OS X 10_15_7) AppleWebKit/537.36 (KHTML, like Gecko) Chrome/145.0.0.0 Safari/537.36 (compatible; meta-externalagent/1.1 (+https://developers.facebook.com/docs/sharing/webmasters/crawler))"
57.141.0.61 - - [16/Jul/2026:21:15:24 +0000] "GET /?p=2303 HTTP/2" 301 0 "-" "Mozilla/5.0 (Windows NT 10.0; Win64; x64) AppleWebKit/537.36 (KHTML, like Gecko) Chrome/145.0.0.0 Safari/537.36 (compatible; meta-externalagent/1.1 (+https://developers.facebook.com/docs/sharing/webmasters/crawler))"
57.141.0.6 - - [16/Jul/2026:21:15:31 +0000] "GET /?p=8722 HTTP/2" 301 0 "-" "Mozilla/5.0 (X11; Linux x86_64) AppleWebKit/537.36 (KHTML, like Gecko) Chrome/145.0.0.0 Safari/537.36 (compatible; meta-externalagent/1.1 (+https://developers.facebook.com/docs/sharing/webmasters/crawler))"
65.181.116.207 - - [16/Jul/2026:21:15:59 +0000] "POST /wp-cron.php?doing_wp_cron=1784236559.7775130271911621093750 HTTP/1.1" 200 0 "-" "WordPress/7.0.1; https://www.mecoraso.com"
57.141.0.41 - - [16/Jul/2026:21:15:57 +0000] "GET /?p=1559 HTTP/2" 301 0 "-" "Mozilla/5.0 (Windows NT 10.0; Win64; x64) AppleWebKit/537.36 (KHTML, like Gecko) Chrome/145.0.0.0 Safari/537.36 (compatible; meta-externalagent/1.1 (+https://developers.facebook.com/docs/sharing/webmasters/crawler))"
57.141.0.41 - - [16/Jul/2026:21:16:01 +0000] "GET /?p=269 HTTP/2" 301 0 "-" "Mozilla/5.0 (Macintosh; Intel Mac OS X 10_15_7) AppleWebKit/537.36 (KHTML, like Gecko) Chrome/145.0.0.0 Safari/537.36 (compatible; meta-externalagent/1.1 (+https://developers.facebook.com/docs/sharing/webmasters/crawler))"
66.249.79.194 - - [16/Jul/2026:21:16:02 +0000] "GET /2025/08/22/new-online-slots-australia/ HTTP/1.1" 200 15277 "-" "Mozilla/5.0 (Linux; Android 6.0.1; Nexus 5X Build/MMB29P) AppleWebKit/537.36 (KHTML, like Gecko) Chrome/150.0.7871.124 Mobile Safari/537.36 (compatible; Googlebot/2.1; +http://www.google.com/bot.html)"
57.141.0.55 - - [16/Jul/2026:21:16:06 +0000] "GET /?p=5511 HTTP/2" 301 0 "-" "Mozilla/5.0 (Windows NT 10.0; Win64; x64) AppleWebKit/537.36 (KHTML, like Gecko) Chrome/145.0.0.0 Safari/537.36 (compatible; meta-externalagent/1.1 (+https://developers.facebook.com/docs/sharing/webmasters/crawler))"
57.141.0.71 - - [16/Jul/2026:21:16:05 +0000] "GET /wp-json/wp/v2/posts/4172 HTTP/2" 200 5390 "-" "Mozilla/5.0 (Windows NT 10.0; Win64; x64) AppleWebKit/537.36 (KHTML, like Gecko) Chrome/145.0.0.0 Safari/537.36 (compatible; meta-externalagent/1.1 (+https://developers.facebook.com/docs/sharing/webmasters/crawler))"
57.141.0.61 - - [16/Jul/2026:21:16:08 +0000] "GET /?p=6036 HTTP/2" 301 0 "-" "Mozilla/5.0 (Windows NT 10.0; Win64; x64) AppleWebKit/537.36 (KHTML, like Gecko) Chrome/145.0.0.0 Safari/537.36 (compatible; meta-externalagent/1.1 (+https://developers.facebook.com/docs/sharing/webmasters/crawler))"
65.181.116.207 - - [16/Jul/2026:21:17:06 +0000] "POST /wp-cron.php?doing_wp_cron=1784236626.8893349170684814453125 HTTP/1.1" 200 0 "-" "WordPress/7.0.1; https://www.mecoraso.com"
57.141.0.6 - - [16/Jul/2026:21:17:04 +0000] "GET /?p=2313 HTTP/2" 301 0 "-" "Mozilla/5.0 (Windows NT 10.0; Win64; x64) AppleWebKit/537.36 (KHTML, like Gecko) Chrome/145.0.0.0 Safari/537.36 (compatible; meta-externalagent/1.1 (+https://developers.facebook.com/docs/sharing/webmasters/crawler))"
57.141.0.1 - - [16/Jul/2026:21:17:07 +0000] "GET /?p=8028 HTTP/2" 301 0 "-" "Mozilla/5.0 (Windows NT 10.0; Win64; x64) AppleWebKit/537.36 (KHTML, like Gecko) Chrome/145.0.0.0 Safari/537.36 (compatible; meta-externalagent/1.1 (+https://developers.facebook.com/docs/sharing/webmasters/crawler))"
57.141.0.46 - - [16/Jul/2026:21:17:11 +0000] "GET /?p=3073 HTTP/2" 301 0 "-" "Mozilla/5.0 (Windows NT 10.0; Win64; x64) AppleWebKit/537.36 (KHTML, like Gecko) Chrome/145.0.0.0 Safari/537.36 (compatible; meta-externalagent/1.1 (+https://developers.facebook.com/docs/sharing/webmasters/crawler))"
57.141.0.34 - - [16/Jul/2026:21:17:20 +0000] "GET /?p=6636 HTTP/2" 301 0 "-" "Mozilla/5.0 (Windows NT 10.0; Win64; x64) AppleWebKit/537.36 (KHTML, like Gecko) Chrome/145.0.0.0 Safari/537.36 (compatible; meta-externalagent/1.1 (+https://developers.facebook.com/docs/sharing/webmasters/crawler))"
57.141.0.8 - - [16/Jul/2026:21:17:29 +0000] "GET /?p=3820 HTTP/2" 301 0 "-" "Mozilla/5.0 (Macintosh; Intel Mac OS X 10_15_7) AppleWebKit/537.36 (KHTML, like Gecko) Chrome/145.0.0.0 Safari/537.36 (compatible; meta-externalagent/1.1 (+https://developers.facebook.com/docs/sharing/webmasters/crawler))"
57.141.0.26 - - [16/Jul/2026:21:17:35 +0000] "GET /?p=3915 HTTP/2" 301 0 "-" "Mozilla/5.0 (Windows NT 10.0; Win64; x64) AppleWebKit/537.36 (KHTML, like Gecko) Chrome/145.0.0.0 Safari/537.36 (compatible; meta-externalagent/1.1 (+https://developers.facebook.com/docs/sharing/webmasters/crawler))"
65.181.116.207 - - [16/Jul/2026:21:18:09 +0000] "POST /wp-cron.php?doing_wp_cron=1784236688.8908588886260986328125 HTTP/1.1" 200 0 "-" "WordPress/7.0.1; https://www.mecoraso.com"
57.141.0.10 - - [16/Jul/2026:21:18:06 +0000] "GET /?p=7131 HTTP/2" 301 0 "-" "Mozilla/5.0 (Macintosh; Intel Mac OS X 10_15_7) AppleWebKit/537.36 (KHTML, like Gecko) Chrome/145.0.0.0 Safari/537.36 (compatible; meta-externalagent/1.1 (+https://developers.facebook.com/docs/sharing/webmasters/crawler))"
57.141.0.8 - - [16/Jul/2026:21:18:19 +0000] "GET /?p=3869 HTTP/2" 301 0 "-" "Mozilla/5.0 (Macintosh; Intel Mac OS X 10_15_7) AppleWebKit/537.36 (KHTML, like Gecko) Chrome/145.0.0.0 Safari/537.36 (compatible; meta-externalagent/1.1 (+https://developers.facebook.com/docs/sharing/webmasters/crawler))"
17.241.75.254 - - [16/Jul/2026:21:18:15 +0000] "GET /2025/08/22/real-money-slots-game-ireland/ HTTP/2" 200 16806 "-" "Mozilla/5.0 (Macintosh; Intel Mac OS X 10_15_7) AppleWebKit/605.1.15 (KHTML, like Gecko) Version/17.4 Safari/605.1.15 (Applebot/0.1; +http://www.apple.com/go/applebot)"
66.249.79.192 - - [16/Jul/2026:21:18:18 +0000] "GET /2025/08/22/bled-casino-review-and-free-chips-bonus/ HTTP/1.1" 200 15048 "-" "Mozilla/5.0 (Linux; Android 6.0.1; Nexus 5X Build/MMB29P) AppleWebKit/537.36 (KHTML, like Gecko) Chrome/150.0.7871.124 Mobile Safari/537.36 (compatible; Googlebot/2.1; +http://www.google.com/bot.html)"
57.141.0.18 - - [16/Jul/2026:21:18:38 +0000] "GET /wp-json/oembed/1.0/embed?url=https%3A%2F%2Fwww.mecoraso.com%2F2025%2F08%2F22%2Ftop-free-no-deposit-casino%2F HTTP/2" 200 2233 "-" "Mozilla/5.0 (Windows NT 10.0; Win64; x64) AppleWebKit/537.36 (KHTML, like Gecko) Chrome/145.0.0.0 Safari/537.36 (compatible; meta-externalagent/1.1 (+https://developers.facebook.com/docs/sharing/webmasters/crawler))"
65.181.116.207 - - [16/Jul/2026:21:19:33 +0000] "POST /wp-cron.php?doing_wp_cron=1784236773.5711629390716552734375 HTTP/1.1" 200 0 "-" "WordPress/7.0.1; https://www.mecoraso.com"
57.141.0.20 - - [16/Jul/2026:21:19:31 +0000] "GET /?p=7375 HTTP/2" 301 0 "-" "Mozilla/5.0 (Macintosh; Intel Mac OS X 10_15_7) AppleWebKit/537.36 (KHTML, like Gecko) Chrome/145.0.0.0 Safari/537.36 (compatible; meta-externalagent/1.1 (+https://developers.facebook.com/docs/sharing/webmasters/crawler))"
65.181.116.207 - - [16/Jul/2026:21:20:38 +0000] "POST /wp-cron.php?doing_wp_cron=1784236838.1100409030914306640625 HTTP/1.1" 200 0 "-" "WordPress/7.0.1; https://www.mecoraso.com"
57.141.0.52 - - [16/Jul/2026:21:20:35 +0000] "GET /?p=6751 HTTP/2" 301 0 "-" "Mozilla/5.0 (Windows NT 10.0; Win64; x64) AppleWebKit/537.36 (KHTML, like Gecko) Chrome/145.0.0.0 Safari/537.36 (compatible; meta-externalagent/1.1 (+https://developers.facebook.com/docs/sharing/webmasters/crawler))"
65.181.116.207 - - [16/Jul/2026:21:20:50 +0000] "POST /wp-cron.php?doing_wp_cron=1784236850.7705841064453125000000 HTTP/1.1" 200 0 "-" "WordPress/7.0.1; https://www.mecoraso.com"
57.141.0.27 - - [16/Jul/2026:21:20:48 +0000] "GET /?p=3413 HTTP/2" 301 0 "-" "Mozilla/5.0 (Windows NT 10.0; Win64; x64) AppleWebKit/537.36 (KHTML, like Gecko) Chrome/145.0.0.0 Safari/537.36 (compatible; meta-externalagent/1.1 (+https://developers.facebook.com/docs/sharing/webmasters/crawler))"
57.141.0.24 - - [16/Jul/2026:21:20:52 +0000] "GET /?p=6309 HTTP/2" 301 0 "-" "Mozilla/5.0 (Windows NT 10.0; Win64; x64) AppleWebKit/537.36 (KHTML, like Gecko) Chrome/145.0.0.0 Safari/537.36 (compatible; meta-externalagent/1.1 (+https://developers.facebook.com/docs/sharing/webmasters/crawler))"
57.141.0.4 - - [16/Jul/2026:21:21:22 +0000] "GET /?p=4630 HTTP/2" 301 0 "-" "Mozilla/5.0 (Windows NT 10.0; Win64; x64) AppleWebKit/537.36 (KHTML, like Gecko) Chrome/145.0.0.0 Safari/537.36 (compatible; meta-externalagent/1.1 (+https://developers.facebook.com/docs/sharing/webmasters/crawler))"
57.141.0.54 - - [16/Jul/2026:21:21:26 +0000] "GET /?p=7412 HTTP/2" 301 0 "-" "Mozilla/5.0 (Macintosh; Intel Mac OS X 10_15_7) AppleWebKit/537.36 (KHTML, like Gecko) Chrome/145.0.0.0 Safari/537.36 (compatible; meta-externalagent/1.1 (+https://developers.facebook.com/docs/sharing/webmasters/crawler))"
65.181.116.207 - - [16/Jul/2026:21:22:46 +0000] "POST /wp-cron.php?doing_wp_cron=1784236966.2372729778289794921875 HTTP/1.1" 200 0 "-" "WordPress/7.0.1; https://www.mecoraso.com"
57.141.0.31 - - [16/Jul/2026:21:22:44 +0000] "GET /?p=2379 HTTP/2" 301 0 "-" "Mozilla/5.0 (Windows NT 10.0; Win64; x64) AppleWebKit/537.36 (KHTML, like Gecko) Chrome/145.0.0.0 Safari/537.36 (compatible; meta-externalagent/1.1 (+https://developers.facebook.com/docs/sharing/webmasters/crawler))"
65.181.116.207 - - [16/Jul/2026:21:22:54 +0000] "POST /wp-cron.php?doing_wp_cron=1784236974.6084139347076416015625 HTTP/1.1" 200 0 "-" "WordPress/7.0.1; https://www.mecoraso.com"
57.141.0.38 - - [16/Jul/2026:21:22:53 +0000] "GET /?p=7611 HTTP/2" 301 0 "-" "Mozilla/5.0 (Windows NT 10.0; Win64; x64) AppleWebKit/537.36 (KHTML, like Gecko) Chrome/145.0.0.0 Safari/537.36 (compatible; meta-externalagent/1.1 (+https://developers.facebook.com/docs/sharing/webmasters/crawler))"
57.141.0.26 - - [16/Jul/2026:21:22:55 +0000] "GET /?p=4152 HTTP/2" 301 0 "-" "Mozilla/5.0 (Macintosh; Intel Mac OS X 10_15_7) AppleWebKit/537.36 (KHTML, like Gecko) Chrome/145.0.0.0 Safari/537.36 (compatible; meta-externalagent/1.1 (+https://developers.facebook.com/docs/sharing/webmasters/crawler))"
57.141.0.45 - - [16/Jul/2026:21:23:10 +0000] "GET /?p=7786 HTTP/2" 301 0 "-" "Mozilla/5.0 (Macintosh; Intel Mac OS X 10_15_7) AppleWebKit/537.36 (KHTML, like Gecko) Chrome/145.0.0.0 Safari/537.36 (compatible; meta-externalagent/1.1 (+https://developers.facebook.com/docs/sharing/webmasters/crawler))"
57.141.0.43 - - [16/Jul/2026:21:23:21 +0000] "GET /?p=420 HTTP/2" 301 0 "-" "Mozilla/5.0 (Windows NT 10.0; Win64; x64) AppleWebKit/537.36 (KHTML, like Gecko) Chrome/145.0.0.0 Safari/537.36 (compatible; meta-externalagent/1.1 (+https://developers.facebook.com/docs/sharing/webmasters/crawler))"
57.141.0.67 - - [16/Jul/2026:21:23:28 +0000] "GET /?p=1122 HTTP/2" 301 0 "-" "Mozilla/5.0 (Windows NT 10.0; Win64; x64) AppleWebKit/537.36 (KHTML, like Gecko) Chrome/145.0.0.0 Safari/537.36 (compatible; meta-externalagent/1.1 (+https://developers.facebook.com/docs/sharing/webmasters/crawler))"
57.141.0.30 - - [16/Jul/2026:21:23:42 +0000] "GET /?p=2603 HTTP/2" 301 0 "-" "Mozilla/5.0 (Macintosh; Intel Mac OS X 10_15_7) AppleWebKit/537.36 (KHTML, like Gecko) Chrome/145.0.0.0 Safari/537.36 (compatible; meta-externalagent/1.1 (+https://developers.facebook.com/docs/sharing/webmasters/crawler))"
65.181.116.207 - - [16/Jul/2026:21:24:05 +0000] "POST /wp-cron.php?doing_wp_cron=1784237045.2966039180755615234375 HTTP/1.1" 200 0 "-" "WordPress/7.0.1; https://www.mecoraso.com"
57.141.0.17 - - [16/Jul/2026:21:24:02 +0000] "GET /?p=9269 HTTP/2" 301 0 "-" "Mozilla/5.0 (Macintosh; Intel Mac OS X 10_15_7) AppleWebKit/537.36 (KHTML, like Gecko) Chrome/145.0.0.0 Safari/537.36 (compatible; meta-externalagent/1.1 (+https://developers.facebook.com/docs/sharing/webmasters/crawler))"
57.141.0.8 - - [16/Jul/2026:21:24:24 +0000] "GET /?p=2754 HTTP/2" 301 0 "-" "Mozilla/5.0 (Macintosh; Intel Mac OS X 10_15_7) AppleWebKit/537.36 (KHTML, like Gecko) Chrome/145.0.0.0 Safari/537.36 (compatible; meta-externalagent/1.1 (+https://developers.facebook.com/docs/sharing/webmasters/crawler))"
57.141.0.52 - - [16/Jul/2026:21:24:32 +0000] "GET /?p=3074 HTTP/2" 301 0 "-" "Mozilla/5.0 (Windows NT 10.0; Win64; x64) AppleWebKit/537.36 (KHTML, like Gecko) Chrome/145.0.0.0 Safari/537.36 (compatible; meta-externalagent/1.1 (+https://developers.facebook.com/docs/sharing/webmasters/crawler))"
57.141.0.51 - - [16/Jul/2026:21:24:38 +0000] "GET /?p=6170 HTTP/2" 301 0 "-" "Mozilla/5.0 (Macintosh; Intel Mac OS X 10_15_7) AppleWebKit/537.36 (KHTML, like Gecko) Chrome/145.0.0.0 Safari/537.36 (compatible; meta-externalagent/1.1 (+https://developers.facebook.com/docs/sharing/webmasters/crawler))"
65.181.116.207 - - [16/Jul/2026:21:25:10 +0000] "POST /wp-cron.php?doing_wp_cron=1784237110.3340580463409423828125 HTTP/1.1" 200 0 "-" "WordPress/7.0.1; https://www.mecoraso.com"
57.141.0.1 - - [16/Jul/2026:21:25:07 +0000] "GET /?p=8961 HTTP/2" 301 0 "-" "Mozilla/5.0 (Macintosh; Intel Mac OS X 10_15_7) AppleWebKit/537.36 (KHTML, like Gecko) Chrome/145.0.0.0 Safari/537.36 (compatible; meta-externalagent/1.1 (+https://developers.facebook.com/docs/sharing/webmasters/crawler))"
57.141.0.14 - - [16/Jul/2026:21:25:38 +0000] "GET /?p=2769 HTTP/2" 301 0 "-" "Mozilla/5.0 (Windows NT 10.0; Win64; x64) AppleWebKit/537.36 (KHTML, like Gecko) Chrome/145.0.0.0 Safari/537.36 (compatible; meta-externalagent/1.1 (+https://developers.facebook.com/docs/sharing/webmasters/crawler))"
57.141.0.22 - - [16/Jul/2026:21:25:59 +0000] "GET /?p=5011 HTTP/2" 301 0 "-" "Mozilla/5.0 (Macintosh; Intel Mac OS X 10_15_7) AppleWebKit/537.36 (KHTML, like Gecko) Chrome/145.0.0.0 Safari/537.36 (compatible; meta-externalagent/1.1 (+https://developers.facebook.com/docs/sharing/webmasters/crawler))"
65.181.116.207 - - [16/Jul/2026:21:26:02 +0000] "POST /wp-cron.php?doing_wp_cron=1784237162.8521430492401123046875 HTTP/1.1" 200 0 "-" "WordPress/7.0.1; https://www.mecoraso.com"
57.141.0.14 - - [16/Jul/2026:21:26:44 +0000] "GET /?p=7542 HTTP/2" 301 0 "-" "Mozilla/5.0 (Windows NT 10.0; Win64; x64) AppleWebKit/537.36 (KHTML, like Gecko) Chrome/145.0.0.0 Safari/537.36 (compatible; meta-externalagent/1.1 (+https://developers.facebook.com/docs/sharing/webmasters/crawler))"
57.141.0.37 - - [16/Jul/2026:21:26:45 +0000] "GET /?p=5120 HTTP/2" 301 0 "-" "Mozilla/5.0 (X11; Linux x86_64) AppleWebKit/537.36 (KHTML, like Gecko) Chrome/145.0.0.0 Safari/537.36 (compatible; meta-externalagent/1.1 (+https://developers.facebook.com/docs/sharing/webmasters/crawler))"
65.181.116.207 - - [16/Jul/2026:21:26:58 +0000] "POST /wp-cron.php?doing_wp_cron=1784237218.5024149417877197265625 HTTP/1.1" 200 0 "-" "WordPress/7.0.1; https://www.mecoraso.com"
66.249.79.194 - - [16/Jul/2026:21:26:54 +0000] "GET /2025/08/22/best-casinos-online-europe/ HTTP/1.1" 200 14928 "-" "Mozilla/5.0 (Linux; Android 6.0.1; Nexus 5X Build/MMB29P) AppleWebKit/537.36 (KHTML, like Gecko) Chrome/150.0.7871.124 Mobile Safari/537.36 (compatible; Googlebot/2.1; +http://www.google.com/bot.html)"
146.70.194.254 - - [16/Jul/2026:21:27:22 +0000] "GET / HTTP/1.1" 401 36 "-" "Mozilla/5.0 (Windows NT 10.0; Win64; x64) AppleWebKit/537.36 (KHTML, like Gecko) Chrome/78.0.3904.108 Safari/537.36"
146.70.194.254 - - [16/Jul/2026:21:27:22 +0000] "GET //wp-includes/wlwmanifest.xml HTTP/1.1" 401 36 "-" "Mozilla/5.0 (Windows NT 10.0; Win64; x64) AppleWebKit/537.36 (KHTML, like Gecko) Chrome/78.0.3904.108 Safari/537.36"
146.70.194.254 - - [16/Jul/2026:21:27:22 +0000] "GET //xmlrpc.php?rsd HTTP/1.1" 401 36 "-" "Mozilla/5.0 (Windows NT 10.0; Win64; x64) AppleWebKit/537.36 (KHTML, like Gecko) Chrome/78.0.3904.108 Safari/537.36"
146.70.194.254 - - [16/Jul/2026:21:27:23 +0000] "GET / HTTP/1.1" 401 36 "-" "Mozilla/5.0 (Windows NT 10.0; Win64; x64) AppleWebKit/537.36 (KHTML, like Gecko) Chrome/78.0.3904.108 Safari/537.36"
146.70.194.254 - - [16/Jul/2026:21:27:23 +0000] "GET //blog/wp-includes/wlwmanifest.xml HTTP/1.1" 401 36 "-" "Mozilla/5.0 (Windows NT 10.0; Win64; x64) AppleWebKit/537.36 (KHTML, like Gecko) Chrome/78.0.3904.108 Safari/537.36"
146.70.194.254 - - [16/Jul/2026:21:27:23 +0000] "GET //web/wp-includes/wlwmanifest.xml HTTP/1.1" 401 36 "-" "Mozilla/5.0 (Windows NT 10.0; Win64; x64) AppleWebKit/537.36 (KHTML, like Gecko) Chrome/78.0.3904.108 Safari/537.36"
146.70.194.254 - - [16/Jul/2026:21:27:23 +0000] "GET //wordpress/wp-includes/wlwmanifest.xml HTTP/1.1" 401 36 "-" "Mozilla/5.0 (Windows NT 10.0; Win64; x64) AppleWebKit/537.36 (KHTML, like Gecko) Chrome/78.0.3904.108 Safari/537.36"
146.70.194.254 - - [16/Jul/2026:21:27:23 +0000] "GET //website/wp-includes/wlwmanifest.xml HTTP/1.1" 401 36 "-" "Mozilla/5.0 (Windows NT 10.0; Win64; x64) AppleWebKit/537.36 (KHTML, like Gecko) Chrome/78.0.3904.108 Safari/537.36"
146.70.194.254 - - [16/Jul/2026:21:27:23 +0000] "GET //wp/wp-includes/wlwmanifest.xml HTTP/1.1" 401 36 "-" "Mozilla/5.0 (Windows NT 10.0; Win64; x64) AppleWebKit/537.36 (KHTML, like Gecko) Chrome/78.0.3904.108 Safari/537.36"
146.70.194.254 - - [16/Jul/2026:21:27:23 +0000] "GET //news/wp-includes/wlwmanifest.xml HTTP/1.1" 401 36 "-" "Mozilla/5.0 (Windows NT 10.0; Win64; x64) AppleWebKit/537.36 (KHTML, like Gecko) Chrome/78.0.3904.108 Safari/537.36"
146.70.194.254 - - [16/Jul/2026:21:27:24 +0000] "GET //2018/wp-includes/wlwmanifest.xml HTTP/1.1" 401 36 "-" "Mozilla/5.0 (Windows NT 10.0; Win64; x64) AppleWebKit/537.36 (KHTML, like Gecko) Chrome/78.0.3904.108 Safari/537.36"
146.70.194.254 - - [16/Jul/2026:21:27:24 +0000] "GET //2019/wp-includes/wlwmanifest.xml HTTP/1.1" 401 36 "-" "Mozilla/5.0 (Windows NT 10.0; Win64; x64) AppleWebKit/537.36 (KHTML, like Gecko) Chrome/78.0.3904.108 Safari/537.36"
146.70.194.254 - - [16/Jul/2026:21:27:24 +0000] "GET //shop/wp-includes/wlwmanifest.xml HTTP/1.1" 401 36 "-" "Mozilla/5.0 (Windows NT 10.0; Win64; x64) AppleWebKit/537.36 (KHTML, like Gecko) Chrome/78.0.3904.108 Safari/537.36"
146.70.194.254 - - [16/Jul/2026:21:27:24 +0000] "GET //wp1/wp-includes/wlwmanifest.xml HTTP/1.1" 401 36 "-" "Mozilla/5.0 (Windows NT 10.0; Win64; x64) AppleWebKit/537.36 (KHTML, like Gecko) Chrome/78.0.3904.108 Safari/537.36"
146.70.194.254 - - [16/Jul/2026:21:27:24 +0000] "GET //test/wp-includes/wlwmanifest.xml HTTP/1.1" 401 36 "-" "Mozilla/5.0 (Windows NT 10.0; Win64; x64) AppleWebKit/537.36 (KHTML, like Gecko) Chrome/78.0.3904.108 Safari/537.36"
146.70.194.254 - - [16/Jul/2026:21:27:24 +0000] "GET //media/wp-includes/wlwmanifest.xml HTTP/1.1" 401 36 "-" "Mozilla/5.0 (Windows NT 10.0; Win64; x64) AppleWebKit/537.36 (KHTML, like Gecko) Chrome/78.0.3904.108 Safari/537.36"
146.70.194.254 - - [16/Jul/2026:21:27:24 +0000] "GET //wp2/wp-includes/wlwmanifest.xml HTTP/1.1" 401 36 "-" "Mozilla/5.0 (Windows NT 10.0; Win64; x64) AppleWebKit/537.36 (KHTML, like Gecko) Chrome/78.0.3904.108 Safari/537.36"
146.70.194.254 - - [16/Jul/2026:21:27:25 +0000] "GET //site/wp-includes/wlwmanifest.xml HTTP/1.1" 401 36 "-" "Mozilla/5.0 (Windows NT 10.0; Win64; x64) AppleWebKit/537.36 (KHTML, like Gecko) Chrome/78.0.3904.108 Safari/537.36"
146.70.194.254 - - [16/Jul/2026:21:27:25 +0000] "GET //cms/wp-includes/wlwmanifest.xml HTTP/1.1" 401 36 "-" "Mozilla/5.0 (Windows NT 10.0; Win64; x64) AppleWebKit/537.36 (KHTML, like Gecko) Chrome/78.0.3904.108 Safari/537.36"
146.70.194.254 - - [16/Jul/2026:21:27:25 +0000] "GET //sito/wp-includes/wlwmanifest.xml HTTP/1.1" 401 36 "-" "Mozilla/5.0 (Windows NT 10.0; Win64; x64) AppleWebKit/537.36 (KHTML, like Gecko) Chrome/78.0.3904.108 Safari/537.36"
35.192.232.168 - - [16/Jul/2026:21:27:52 +0000] "POST / HTTP/1.1" 200 0 "https://mail.mecoraso.com/" "Mozilla/5.0 (Windows NT 10.0; Win64; x64) AppleWebKit/537.36 (KHTML, like Gecko) Chrome/145.0.0.0 Safari/537.36"
65.181.116.207 - - [16/Jul/2026:21:27:55 +0000] "POST /wp-cron.php?doing_wp_cron=1784237275.8558599948883056640625 HTTP/1.1" 200 0 "-" "WordPress/7.0.1; https://www.mecoraso.com"
57.141.0.53 - - [16/Jul/2026:21:28:38 +0000] "GET /?p=8123 HTTP/2" 301 0 "-" "Mozilla/5.0 (Windows NT 10.0; Win64; x64) AppleWebKit/537.36 (KHTML, like Gecko) Chrome/145.0.0.0 Safari/537.36 (compatible; meta-externalagent/1.1 (+https://developers.facebook.com/docs/sharing/webmasters/crawler))"
57.141.0.49 - - [16/Jul/2026:21:28:40 +0000] "GET /?p=2837 HTTP/2" 301 0 "-" "Mozilla/5.0 (Macintosh; Intel Mac OS X 10_15_7) AppleWebKit/537.36 (KHTML, like Gecko) Chrome/145.0.0.0 Safari/537.36 (compatible; meta-externalagent/1.1 (+https://developers.facebook.com/docs/sharing/webmasters/crawler))"
65.181.116.207 - - [16/Jul/2026:21:29:26 +0000] "POST /wp-cron.php?doing_wp_cron=1784237366.3170390129089355468750 HTTP/1.1" 200 0 "-" "WordPress/7.0.1; https://www.mecoraso.com"
57.141.0.29 - - [16/Jul/2026:21:29:24 +0000] "GET /?p=3389 HTTP/2" 301 0 "-" "Mozilla/5.0 (Windows NT 10.0; Win64; x64) AppleWebKit/537.36 (KHTML, like Gecko) Chrome/145.0.0.0 Safari/537.36 (compatible; meta-externalagent/1.1 (+https://developers.facebook.com/docs/sharing/webmasters/crawler))"
65.181.116.207 - - [16/Jul/2026:21:30:01 +0000] "POST /wp-cron.php?doing_wp_cron=1784237401.7687790393829345703125 HTTP/1.1" 200 0 "-" "WordPress/7.0.1; https://www.mecoraso.com"
57.141.0.14 - - [16/Jul/2026:21:29:59 +0000] "GET /?p=1376 HTTP/2" 301 0 "-" "Mozilla/5.0 (Windows NT 10.0; Win64; x64) AppleWebKit/537.36 (KHTML, like Gecko) Chrome/145.0.0.0 Safari/537.36 (compatible; meta-externalagent/1.1 (+https://developers.facebook.com/docs/sharing/webmasters/crawler))"
57.141.0.10 - - [16/Jul/2026:21:30:10 +0000] "GET /?p=3839 HTTP/2" 301 0 "-" "Mozilla/5.0 (Macintosh; Intel Mac OS X 10_15_7) AppleWebKit/537.36 (KHTML, like Gecko) Chrome/145.0.0.0 Safari/537.36 (compatible; meta-externalagent/1.1 (+https://developers.facebook.com/docs/sharing/webmasters/crawler))"
57.141.0.50 - - [16/Jul/2026:21:30:11 +0000] "GET /?p=9396 HTTP/2" 301 0 "-" "Mozilla/5.0 (Macintosh; Intel Mac OS X 10_15_7) AppleWebKit/537.36 (KHTML, like Gecko) Chrome/145.0.0.0 Safari/537.36 (compatible; meta-externalagent/1.1 (+https://developers.facebook.com/docs/sharing/webmasters/crawler))"
66.249.79.192 - - [16/Jul/2026:21:30:13 +0000] "GET /2025/08/22/best-new-uk-bingo-sites/ HTTP/1.1" 200 15066 "-" "Mozilla/5.0 (Linux; Android 6.0.1; Nexus 5X Build/MMB29P) AppleWebKit/537.36 (KHTML, like Gecko) Chrome/150.0.7871.124 Mobile Safari/537.36 (compatible; Googlebot/2.1; +http://www.google.com/bot.html)"
57.141.0.68 - - [16/Jul/2026:21:30:35 +0000] "GET /?p=5082 HTTP/2" 301 0 "-" "Mozilla/5.0 (Windows NT 10.0; Win64; x64) AppleWebKit/537.36 (KHTML, like Gecko) Chrome/145.0.0.0 Safari/537.36 Edg/145.0.0.0 (compatible; meta-externalagent/1.1 (+https://developers.facebook.com/docs/sharing/webmasters/crawler))"
91.92.241.196 - - [16/Jul/2026:21:30:41 +0000] "GET /.env HTTP/1.1" 400 52 "-" "Mozilla/5.0 (Windows NT 10.0; Win64; x64) AppleWebKit/537.36"
91.92.241.196 - - [16/Jul/2026:21:30:43 +0000] "GET /.env.production HTTP/1.1" 400 52 "-" "Mozilla/5.0 (Windows NT 10.0; Win64; x64) AppleWebKit/537.36"
91.92.241.196 - - [16/Jul/2026:21:30:44 +0000] "GET /api/.env HTTP/1.1" 400 52 "-" "Mozilla/5.0 (Windows NT 10.0; Win64; x64) AppleWebKit/537.36"
91.92.241.196 - - [16/Jul/2026:21:30:45 +0000] "GET /.aws/credentials HTTP/1.1" 400 52 "-" "Mozilla/5.0 (Windows NT 10.0; Win64; x64) AppleWebKit/537.36"
57.141.0.52 - - [16/Jul/2026:21:31:06 +0000] "GET /?p=8164 HTTP/2" 301 0 "-" "Mozilla/5.0 (Windows NT 10.0; Win64; x64) AppleWebKit/537.36 (KHTML, like Gecko) Chrome/145.0.0.0 Safari/537.36 (compatible; meta-externalagent/1.1 (+https://developers.facebook.com/docs/sharing/webmasters/crawler))"
65.181.116.207 - - [16/Jul/2026:21:31:09 +0000] "POST /wp-cron.php?doing_wp_cron=1784237469.5174939632415771484375 HTTP/1.1" 200 0 "-" "WordPress/7.0.1; https://www.mecoraso.com"
57.141.0.42 - - [16/Jul/2026:21:31:07 +0000] "GET /?p=7506 HTTP/2" 301 0 "-" "Mozilla/5.0 (Windows NT 10.0; Win64; x64) AppleWebKit/537.36 (KHTML, like Gecko) Chrome/145.0.0.0 Safari/537.36 Edg/145.0.0.0 (compatible; meta-externalagent/1.1 (+https://developers.facebook.com/docs/sharing/webmasters/crawler))"
57.141.0.32 - - [16/Jul/2026:21:31:19 +0000] "GET /?p=8986 HTTP/2" 301 0 "-" "Mozilla/5.0 (Windows NT 10.0; Win64; x64) AppleWebKit/537.36 (KHTML, like Gecko) Chrome/145.0.0.0 Safari/537.36 (compatible; meta-externalagent/1.1 (+https://developers.facebook.com/docs/sharing/webmasters/crawler))"
65.181.116.207 - - [16/Jul/2026:21:32:01 +0000] "POST /wp-cron.php?doing_wp_cron=1784237521.5719408988952636718750 HTTP/1.1" 200 0 "-" "WordPress/7.0.1; https://www.mecoraso.com"
57.141.0.68 - - [16/Jul/2026:21:31:59 +0000] "GET /?p=1964 HTTP/2" 301 0 "-" "Mozilla/5.0 (Windows NT 10.0; Win64; x64) AppleWebKit/537.36 (KHTML, like Gecko) Chrome/145.0.0.0 Safari/537.36 (compatible; meta-externalagent/1.1 (+https://developers.facebook.com/docs/sharing/webmasters/crawler))"
57.141.0.44 - - [16/Jul/2026:21:32:32 +0000] "GET /?p=3504 HTTP/2" 301 0 "-" "Mozilla/5.0 (Macintosh; Intel Mac OS X 10_15_7) AppleWebKit/537.36 (KHTML, like Gecko) Chrome/145.0.0.0 Safari/537.36 (compatible; meta-externalagent/1.1 (+https://developers.facebook.com/docs/sharing/webmasters/crawler))"
57.141.0.10 - - [16/Jul/2026:21:32:32 +0000] "GET /?p=2438 HTTP/2" 301 0 "-" "Mozilla/5.0 (Windows NT 10.0; Win64; x64) AppleWebKit/537.36 (KHTML, like Gecko) Chrome/145.0.0.0 Safari/537.36 (compatible; meta-externalagent/1.1 (+https://developers.facebook.com/docs/sharing/webmasters/crawler))"
57.141.0.22 - - [16/Jul/2026:21:32:38 +0000] "GET /?p=1927 HTTP/2" 301 0 "-" "Mozilla/5.0 (Windows NT 10.0; Win64; x64) AppleWebKit/537.36 (KHTML, like Gecko) Chrome/145.0.0.0 Safari/537.36 (compatible; meta-externalagent/1.1 (+https://developers.facebook.com/docs/sharing/webmasters/crawler))"
20.63.63.128 - - [16/Jul/2026:21:32:41 +0000] "GET /wp-content/plugins/hellopress/wp_filemanager.php HTTP/1.1" 401 36 "-" "-"
20.63.63.128 - - [16/Jul/2026:21:32:42 +0000] "GET /this_is_a_new_hello_world.php HTTP/1.1" 401 36 "-" "-"
20.63.63.128 - - [16/Jul/2026:21:32:42 +0000] "GET /wp-der.php HTTP/1.1" 401 36 "-" "-"
20.63.63.128 - - [16/Jul/2026:21:32:42 +0000] "GET /wp-slss.php HTTP/1.1" 401 36 "-" "-"
20.63.63.128 - - [16/Jul/2026:21:32:42 +0000] "GET /min.php HTTP/1.1" 401 36 "-" "-"
20.63.63.128 - - [16/Jul/2026:21:32:42 +0000] "GET /wp-thi.php HTTP/1.1" 401 36 "-" "-"
20.63.63.128 - - [16/Jul/2026:21:32:42 +0000] "GET /noe.php HTTP/1.1" 401 36 "-" "-"
20.63.63.128 - - [16/Jul/2026:21:32:42 +0000] "GET /wp-file.php HTTP/1.1" 401 36 "-" "-"
20.63.63.128 - - [16/Jul/2026:21:32:42 +0000] "GET /edit-tags.php HTTP/1.1" 401 36 "-" "-"
20.63.63.128 - - [16/Jul/2026:21:32:43 +0000] "GET /wp-b0rk5oy.php HTTP/1.1" 401 36 "-" "-"
20.63.63.128 - - [16/Jul/2026:21:32:43 +0000] "GET /bless24.php HTTP/1.1" 401 36 "-" "-"
20.63.63.128 - - [16/Jul/2026:21:32:43 +0000] "GET /punah.php HTTP/1.1" 401 36 "-" "-"
20.63.63.128 - - [16/Jul/2026:21:32:43 +0000] "GET /min.php HTTP/1.1" 401 36 "-" "-"
20.63.63.128 - - [16/Jul/2026:21:32:43 +0000] "GET /dass.php HTTP/1.1" 401 36 "-" "-"
20.63.63.128 - - [16/Jul/2026:21:32:43 +0000] "GET /wander.php HTTP/1.1" 401 36 "-" "-"
20.63.63.128 - - [16/Jul/2026:21:32:43 +0000] "GET /cc13.php HTTP/1.1" 401 36 "-" "-"
20.63.63.128 - - [16/Jul/2026:21:32:43 +0000] "GET /des.php HTTP/1.1" 401 36 "-" "-"
20.63.63.128 - - [16/Jul/2026:21:32:44 +0000] "GET /avcqlevnbk.php HTTP/1.1" 401 36 "-" "-"
20.63.63.128 - - [16/Jul/2026:21:32:44 +0000] "GET /wp-ppoxua4.php HTTP/1.1" 401 36 "-" "-"
20.63.63.128 - - [16/Jul/2026:21:32:44 +0000] "GET /drykl.php HTTP/1.1" 401 36 "-" "-"
20.63.63.128 - - [16/Jul/2026:21:32:44 +0000] "GET /f35.php HTTP/1.1" 401 36 "-" "-"
20.63.63.128 - - [16/Jul/2026:21:32:44 +0000] "GET /wp-link-szoppm.php HTTP/1.1" 401 36 "-" "-"
20.63.63.128 - - [16/Jul/2026:21:32:44 +0000] "GET /x.php HTTP/1.1" 401 36 "-" "-"
20.63.63.128 - - [16/Jul/2026:21:32:44 +0000] "GET /xa.php HTTP/1.1" 401 36 "-" "-"
20.63.63.128 - - [16/Jul/2026:21:32:44 +0000] "GET /ms-edit.php HTTP/1.1" 401 36 "-" "-"
20.63.63.128 - - [16/Jul/2026:21:32:45 +0000] "GET /as.php HTTP/1.1" 401 36 "-" "-"
20.63.63.128 - - [16/Jul/2026:21:32:45 +0000] "GET /wen.php HTTP/1.1" 401 36 "-" "-"
20.63.63.128 - - [16/Jul/2026:21:32:45 +0000] "GET /dex.php HTTP/1.1" 401 36 "-" "-"
20.63.63.128 - - [16/Jul/2026:21:32:45 +0000] "GET /f.php HTTP/1.1" 401 36 "-" "-"
20.63.63.128 - - [16/Jul/2026:21:32:45 +0000] "GET /333.php HTTP/1.1" 401 36 "-" "-"
20.63.63.128 - - [16/Jul/2026:21:32:45 +0000] "GET /a4.php HTTP/1.1" 401 36 "-" "-"
20.63.63.128 - - [16/Jul/2026:21:32:45 +0000] "GET /wp-the.php HTTP/1.1" 401 36 "-" "-"
20.63.63.128 - - [16/Jul/2026:21:32:45 +0000] "GET /classwithtostring.php HTTP/1.1" 401 36 "-" "-"
20.63.63.128 - - [16/Jul/2026:21:32:45 +0000] "GET /fun.php HTTP/1.1" 401 36 "-" "-"
20.63.63.128 - - [16/Jul/2026:21:32:46 +0000] "GET /wp-content/languages/index.php HTTP/1.1" 401 36 "-" "-"
20.63.63.128 - - [16/Jul/2026:21:32:46 +0000] "GET /file.php HTTP/1.1" 401 36 "-" "-"
20.63.63.128 - - [16/Jul/2026:21:32:46 +0000] "GET /pass4.php HTTP/1.1" 401 36 "-" "-"
20.63.63.128 - - [16/Jul/2026:21:32:46 +0000] "GET /666.php HTTP/1.1" 401 36 "-" "-"
20.63.63.128 - - [16/Jul/2026:21:32:46 +0000] "GET /wp-access.php HTTP/1.1" 401 36 "-" "-"
20.63.63.128 - - [16/Jul/2026:21:32:46 +0000] "GET /jj.php HTTP/1.1" 401 36 "-" "-"
20.63.63.128 - - [16/Jul/2026:21:32:46 +0000] "GET /wp-x7.php HTTP/1.1" 401 36 "-" "-"
20.63.63.128 - - [16/Jul/2026:21:32:46 +0000] "GET /wpxml.php HTTP/1.1" 401 36 "-" "-"
20.63.63.128 - - [16/Jul/2026:21:32:46 +0000] "GET /inputs.php HTTP/1.1" 401 36 "-" "-"
20.63.63.128 - - [16/Jul/2026:21:32:47 +0000] "GET /file4.php HTTP/1.1" 401 36 "-" "-"
20.63.63.128 - - [16/Jul/2026:21:32:47 +0000] "GET /wp-firewall.php HTTP/1.1" 401 36 "-" "-"
20.63.63.128 - - [16/Jul/2026:21:32:47 +0000] "GET /data.php HTTP/1.1" 401 36 "-" "-"
20.63.63.128 - - [16/Jul/2026:21:32:47 +0000] "GET /wp-wpbak.php HTTP/1.1" 401 36 "-" "-"
20.63.63.128 - - [16/Jul/2026:21:32:47 +0000] "GET /002.php HTTP/1.1" 401 36 "-" "-"
20.63.63.128 - - [16/Jul/2026:21:32:47 +0000] "GET /class-t.api.php HTTP/1.1" 401 36 "-" "-"
20.63.63.128 - - [16/Jul/2026:21:32:47 +0000] "GET /file5.php HTTP/1.1" 401 36 "-" "-"
20.63.63.128 - - [16/Jul/2026:21:32:47 +0000] "GET /cache.php HTTP/1.1" 401 36 "-" "-"
20.63.63.128 - - [16/Jul/2026:21:32:48 +0000] "GET /error.php HTTP/1.1" 401 36 "-" "-"
20.63.63.128 - - [16/Jul/2026:21:32:48 +0000] "GET /wp-content/themes/about.php HTTP/1.1" 401 36 "-" "-"
20.63.63.128 - - [16/Jul/2026:21:32:48 +0000] "GET /wp-conflg.php HTTP/1.1" 401 36 "-" "-"
20.63.63.128 - - [16/Jul/2026:21:32:48 +0000] "GET /f35.php HTTP/1.1" 401 36 "-" "-"
20.63.63.128 - - [16/Jul/2026:21:32:48 +0000] "GET /plugins.php HTTP/1.1" 401 36 "-" "-"
20.63.63.128 - - [16/Jul/2026:21:32:48 +0000] "GET /wp-signup.php HTTP/1.1" 401 36 "-" "-"
20.63.63.128 - - [16/Jul/2026:21:32:48 +0000] "GET /la.php HTTP/1.1" 401 36 "-" "-"
20.63.63.128 - - [16/Jul/2026:21:32:48 +0000] "GET /yas.php HTTP/1.1" 401 36 "-" "-"
20.63.63.128 - - [16/Jul/2026:21:32:48 +0000] "GET /system.php HTTP/1.1" 401 36 "-" "-"
20.63.63.128 - - [16/Jul/2026:21:32:48 +0000] "GET /wp-fileesx-449.php HTTP/1.1" 401 36 "-" "-"
20.63.63.128 - - [16/Jul/2026:21:32:49 +0000] "GET /wp-good.php HTTP/1.1" 401 36 "-" "-"
20.63.63.128 - - [16/Jul/2026:21:32:49 +0000] "GET /shx.php HTTP/1.1" 401 36 "-" "-"
20.63.63.128 - - [16/Jul/2026:21:32:49 +0000] "GET /dropdown.php HTTP/1.1" 401 36 "-" "-"
20.63.63.128 - - [16/Jul/2026:21:32:49 +0000] "GET /revealability.php HTTP/1.1" 401 36 "-" "-"
20.63.63.128 - - [16/Jul/2026:21:32:49 +0000] "GET /wp.php HTTP/1.1" 401 36 "-" "-"
20.63.63.128 - - [16/Jul/2026:21:32:49 +0000] "GET /wp-wz.php HTTP/1.1" 401 36 "-" "-"
20.63.63.128 - - [16/Jul/2026:21:32:49 +0000] "GET /06.php HTTP/1.1" 401 36 "-" "-"
20.63.63.128 - - [16/Jul/2026:21:32:49 +0000] "GET /chomu.php HTTP/1.1" 401 36 "-" "-"
20.63.63.128 - - [16/Jul/2026:21:32:50 +0000] "GET /ff.php HTTP/1.1" 401 36 "-" "-"
20.63.63.128 - - [16/Jul/2026:21:32:50 +0000] "GET /xex.php HTTP/1.1" 401 36 "-" "-"
20.63.63.128 - - [16/Jul/2026:21:32:50 +0000] "GET /wp-sing.php HTTP/1.1" 401 36 "-" "-"
20.63.63.128 - - [16/Jul/2026:21:32:50 +0000] "GET /txets.php HTTP/1.1" 401 36 "-" "-"
20.63.63.128 - - [16/Jul/2026:21:32:50 +0000] "GET /xml.php HTTP/1.1" 401 36 "-" "-"
20.63.63.128 - - [16/Jul/2026:21:32:50 +0000] "GET /bgymj.php HTTP/1.1" 401 36 "-" "-"
20.63.63.128 - - [16/Jul/2026:21:32:50 +0000] "GET /t.php HTTP/1.1" 401 36 "-" "-"
20.63.63.128 - - [16/Jul/2026:21:32:50 +0000] "GET /wp.php HTTP/1.1" 401 36 "-" "-"
20.63.63.128 - - [16/Jul/2026:21:32:50 +0000] "GET /mini.php HTTP/1.1" 401 36 "-" "-"
20.63.63.128 - - [16/Jul/2026:21:32:51 +0000] "GET /19.php HTTP/1.1" 401 36 "-" "-"
20.63.63.128 - - [16/Jul/2026:21:32:51 +0000] "GET /db.php HTTP/1.1" 401 36 "-" "-"
20.63.63.128 - - [16/Jul/2026:21:32:51 +0000] "GET /wmore1.php HTTP/1.1" 401 36 "-" "-"
20.63.63.128 - - [16/Jul/2026:21:32:51 +0000] "GET /amax.php HTTP/1.1" 401 36 "-" "-"
20.63.63.128 - - [16/Jul/2026:21:32:51 +0000] "GET /wp-admin/index.php HTTP/1.1" 401 36 "-" "-"
20.63.63.128 - - [16/Jul/2026:21:32:51 +0000] "GET /b.php HTTP/1.1" 401 36 "-" "-"
20.63.63.128 - - [16/Jul/2026:21:32:51 +0000] "GET /8.php HTTP/1.1" 401 36 "-" "-"
20.63.63.128 - - [16/Jul/2026:21:32:51 +0000] "GET /wp-is.php HTTP/1.1" 401 36 "-" "-"
20.63.63.128 - - [16/Jul/2026:21:32:52 +0000] "GET /yanz.php HTTP/1.1" 401 36 "-" "-"
20.63.63.128 - - [16/Jul/2026:21:32:52 +0000] "GET /term.php HTTP/1.1" 401 36 "-" "-"
20.63.63.128 - - [16/Jul/2026:21:32:52 +0000] "GET /wp-block.php HTTP/1.1" 401 36 "-" "-"
20.63.63.128 - - [16/Jul/2026:21:32:52 +0000] "GET /file88.php HTTP/1.1" 401 36 "-" "-"
20.63.63.128 - - [16/Jul/2026:21:32:52 +0000] "GET /wp-content/uploads/admin.php HTTP/1.1" 401 36 "-" "-"
20.63.63.128 - - [16/Jul/2026:21:32:52 +0000] "GET /sid3.php HTTP/1.1" 401 36 "-" "-"
20.63.63.128 - - [16/Jul/2026:21:32:52 +0000] "GET /wp-blink.php HTTP/1.1" 401 36 "-" "-"
20.63.63.128 - - [16/Jul/2026:21:32:52 +0000] "GET /i.php HTTP/1.1" 401 36 "-" "-"
20.63.63.128 - - [16/Jul/2026:21:32:52 +0000] "GET /wp-admin/zoko.php HTTP/1.1" 401 36 "-" "-"
20.63.63.128 - - [16/Jul/2026:21:32:53 +0000] "GET /wp-tivate.php HTTP/1.1" 401 36 "-" "-"
20.63.63.128 - - [16/Jul/2026:21:32:53 +0000] "GET /shell.php HTTP/1.1" 401 36 "-" "-"
20.63.63.128 - - [16/Jul/2026:21:32:53 +0000] "GET /new.php HTTP/1.1" 401 36 "-" "-"
20.63.63.128 - - [16/Jul/2026:21:32:53 +0000] "GET /lp6.php HTTP/1.1" 401 36 "-" "-"
20.63.63.128 - - [16/Jul/2026:21:32:53 +0000] "GET /dex.php HTTP/1.1" 401 36 "-" "-"
20.63.63.128 - - [16/Jul/2026:21:32:53 +0000] "GET /wp-term.php HTTP/1.1" 401 36 "-" "-"
20.63.63.128 - - [16/Jul/2026:21:32:53 +0000] "GET /wp-xx.php HTTP/1.1" 401 36 "-" "-"
20.63.63.128 - - [16/Jul/2026:21:32:53 +0000] "GET /cilus.php HTTP/1.1" 401 36 "-" "-"
20.63.63.128 - - [16/Jul/2026:21:32:54 +0000] "GET /ccou.php HTTP/1.1" 401 36 "-" "-"
20.63.63.128 - - [16/Jul/2026:21:32:54 +0000] "GET /edit.php HTTP/1.1" 401 36 "-" "-"
20.63.63.128 - - [16/Jul/2026:21:32:54 +0000] "GET /shell20211028.php HTTP/1.1" 401 36 "-" "-"
20.63.63.128 - - [16/Jul/2026:21:32:54 +0000] "GET /ccc.php HTTP/1.1" 401 36 "-" "-"
20.63.63.128 - - [16/Jul/2026:21:32:54 +0000] "GET /wp-links-opml.php HTTP/1.1" 401 36 "-" "-"
20.63.63.128 - - [16/Jul/2026:21:32:54 +0000] "GET /atkno.php HTTP/1.1" 401 36 "-" "-"
20.63.63.128 - - [16/Jul/2026:21:32:54 +0000] "GET /1.php HTTP/1.1" 401 36 "-" "-"
20.63.63.128 - - [16/Jul/2026:21:32:55 +0000] "GET /sql.php HTTP/1.1" 401 36 "-" "-"
20.63.63.128 - - [16/Jul/2026:21:32:55 +0000] "GET /xxx.php HTTP/1.1" 401 36 "-" "-"
20.63.63.128 - - [16/Jul/2026:21:32:55 +0000] "GET /shell.php HTTP/1.1" 401 36 "-" "-"
20.63.63.128 - - [16/Jul/2026:21:32:55 +0000] "GET /r.php HTTP/1.1" 401 36 "-" "-"
20.63.63.128 - - [16/Jul/2026:21:32:55 +0000] "GET /wso.php HTTP/1.1" 401 36 "-" "-"
20.63.63.128 - - [16/Jul/2026:21:32:55 +0000] "GET /wp-ws68.php HTTP/1.1" 401 36 "-" "-"
20.63.63.128 - - [16/Jul/2026:21:32:55 +0000] "GET /x.php HTTP/1.1" 401 36 "-" "-"
20.63.63.128 - - [16/Jul/2026:21:32:55 +0000] "GET /v2.php HTTP/1.1" 401 36 "-" "-"
20.63.63.128 - - [16/Jul/2026:21:32:56 +0000] "GET /atomlib.php HTTP/1.1" 401 36 "-" "-"
20.63.63.128 - - [16/Jul/2026:21:32:56 +0000] "GET /wp-ver.php HTTP/1.1" 401 36 "-" "-"
20.63.63.128 - - [16/Jul/2026:21:32:56 +0000] "GET /z.php HTTP/1.1" 401 36 "-" "-"
20.63.63.128 - - [16/Jul/2026:21:32:56 +0000] "GET /thoms.php HTTP/1.1" 401 36 "-" "-"
20.63.63.128 - - [16/Jul/2026:21:32:56 +0000] "GET /bthil.php HTTP/1.1" 401 36 "-" "-"
20.63.63.128 - - [16/Jul/2026:21:32:56 +0000] "GET /crgio.php HTTP/1.1" 401 36 "-" "-"
20.63.63.128 - - [16/Jul/2026:21:32:56 +0000] "GET /file11.php HTTP/1.1" 401 36 "-" "-"
65.181.116.207 - - [16/Jul/2026:21:32:59 +0000] "POST /wp-cron.php?doing_wp_cron=1784237579.5707759857177734375000 HTTP/1.1" 200 0 "-" "WordPress/7.0.1; https://www.mecoraso.com"
57.141.0.17 - - [16/Jul/2026:21:32:56 +0000] "GET /?p=4767 HTTP/2" 301 0 "-" "Mozilla/5.0 (Macintosh; Intel Mac OS X 10_15_7) AppleWebKit/537.36 (KHTML, like Gecko) Chrome/145.0.0.0 Safari/537.36 (compatible; meta-externalagent/1.1 (+https://developers.facebook.com/docs/sharing/webmasters/crawler))"
57.141.0.26 - - [16/Jul/2026:21:33:21 +0000] "GET /?p=8595 HTTP/2" 301 0 "-" "Mozilla/5.0 (Windows NT 10.0; Win64; x64) AppleWebKit/537.36 (KHTML, like Gecko) Chrome/145.0.0.0 Safari/537.36 (compatible; meta-externalagent/1.1 (+https://developers.facebook.com/docs/sharing/webmasters/crawler))"
65.181.116.207 - - [16/Jul/2026:21:35:19 +0000] "POST /wp-cron.php?doing_wp_cron=1784237719.1328980922698974609375 HTTP/1.1" 200 0 "-" "WordPress/7.0.1; https://www.mecoraso.com"
57.141.0.41 - - [16/Jul/2026:21:35:16 +0000] "GET /?p=1832 HTTP/2" 301 0 "-" "Mozilla/5.0 (Windows NT 10.0; Win64; x64) AppleWebKit/537.36 (KHTML, like Gecko) Chrome/145.0.0.0 Safari/537.36 (compatible; meta-externalagent/1.1 (+https://developers.facebook.com/docs/sharing/webmasters/crawler))"
