72.14.199.201 - - [16/Jul/2026:13:20:23 +0000] "GET /wp-includes/js/dist/vendor/wp-polyfill.min.js?ver=3.15.0 HTTP/1.1" 200 11581 "https://www.max4k-iptv.com/checkout/order-pay/1149/" "AdsBot-Google (+http://www.google.com/adsbot.html)"
72.14.199.201 - - [16/Jul/2026:13:20:23 +0000] "GET /wp-content/plugins/jetpack/jetpack_vendor/automattic/woocommerce-analytics/build/193.js?minify=false&ver=5b5cf55edcce081b4ad1 HTTP/1.1" 200 2861 "https://www.max4k-iptv.com/checkout/order-pay/1144/" "AdsBot-Google (+http://www.google.com/adsbot.html)"
72.14.199.201 - - [16/Jul/2026:13:20:23 +0000] "GET /wp-content/plugins/woocommerce/assets/client/blocks/wc-types.js?ver=fe36cf3610166e461f03 HTTP/1.1" 200 1579 "https://www.max4k-iptv.com/checkout/order-pay/1149/" "AdsBot-Google (+http://www.google.com/adsbot.html)"
72.14.199.201 - - [16/Jul/2026:13:20:24 +0000] "GET /wp-includes/js/dist/url.min.js?ver=bb0f766c3d2efe497871 HTTP/1.1" 200 3629 "https://www.max4k-iptv.com/checkout/order-pay/1149/" "AdsBot-Google (+http://www.google.com/adsbot.html)"
72.14.199.201 - - [16/Jul/2026:13:20:24 +0000] "GET /wp-includes/js/dist/api-fetch.min.js?ver=d7efe4dc1468d36c39b8 HTTP/1.1" 200 2692 "https://www.max4k-iptv.com/checkout/order-pay/1149/" "AdsBot-Google (+http://www.google.com/adsbot.html)"
72.14.199.201 - - [16/Jul/2026:13:20:24 +0000] "GET /wp-content/plugins/woocommerce/assets/client/blocks/wc-settings.js?ver=5cdaba16c87338181b77 HTTP/1.1" 200 2454 "https://www.max4k-iptv.com/checkout/order-pay/1149/" "AdsBot-Google (+http://www.google.com/adsbot.html)"
72.14.199.201 - - [16/Jul/2026:13:20:24 +0000] "GET /wp-includes/js/dist/deprecated.min.js?ver=990e85f234fee8f7d446 HTTP/1.1" 200 698 "https://www.max4k-iptv.com/checkout/order-pay/1149/" "AdsBot-Google (+http://www.google.com/adsbot.html)"
72.14.199.201 - - [16/Jul/2026:13:20:24 +0000] "GET /wp-includes/js/dist/dom.min.js?ver=66a6cf58e0c4cd128af0 HTTP/1.1" 200 4822 "https://www.max4k-iptv.com/checkout/order-pay/1149/" "AdsBot-Google (+http://www.google.com/adsbot.html)"
72.14.199.201 - - [16/Jul/2026:13:20:25 +0000] "GET /wp-includes/js/dist/vendor/react-dom.min.js?ver=18.3.1.1 HTTP/1.1" 200 41410 "https://www.max4k-iptv.com/checkout/order-pay/1149/" "AdsBot-Google (+http://www.google.com/adsbot.html)"
72.14.199.201 - - [16/Jul/2026:13:20:25 +0000] "GET /wp-includes/js/dist/escape-html.min.js?ver=3f093e5cca67aa0f8b56 HTTP/1.1" 200 537 "https://www.max4k-iptv.com/checkout/order-pay/1149/" "AdsBot-Google (+http://www.google.com/adsbot.html)"
72.14.199.201 - - [16/Jul/2026:13:20:25 +0000] "GET /wp-includes/js/dist/element.min.js?ver=15ba804677f72a8db97b HTTP/1.1" 200 5024 "https://www.max4k-iptv.com/checkout/order-pay/1149/" "AdsBot-Google (+http://www.google.com/adsbot.html)"
72.14.199.201 - - [16/Jul/2026:13:20:25 +0000] "GET /wp-includes/js/dist/is-shallow-equal.min.js?ver=5d84b9f3cb50d2ce7d04 HTTP/1.1" 200 523 "https://www.max4k-iptv.com/checkout/order-pay/1149/" "AdsBot-Google (+http://www.google.com/adsbot.html)"
72.14.199.201 - - [16/Jul/2026:13:20:25 +0000] "GET /wp-includes/js/dist/keycodes.min.js?ver=aa1a141e3468afe7f852 HTTP/1.1" 200 1492 "https://www.max4k-iptv.com/checkout/order-pay/1149/" "AdsBot-Google (+http://www.google.com/adsbot.html)"
72.14.199.201 - - [16/Jul/2026:13:20:26 +0000] "GET /wp-includes/js/dist/priority-queue.min.js?ver=1f0e89e247bc0bd3f9b9 HTTP/1.1" 200 1514 "https://www.max4k-iptv.com/checkout/order-pay/1149/" "AdsBot-Google (+http://www.google.com/adsbot.html)"
72.14.199.201 - - [16/Jul/2026:13:20:26 +0000] "GET /wp-includes/js/dist/undo-manager.min.js?ver=27bb0ae036a2c9d4a1b5 HTTP/1.1" 200 871 "https://www.max4k-iptv.com/checkout/order-pay/1149/" "AdsBot-Google (+http://www.google.com/adsbot.html)"
72.14.199.201 - - [16/Jul/2026:13:20:26 +0000] "GET /wp-includes/js/dist/compose.min.js?ver=fbe37f6b46750554f947 HTTP/1.1" 200 10730 "https://www.max4k-iptv.com/checkout/order-pay/1149/" "AdsBot-Google (+http://www.google.com/adsbot.html)"
72.14.199.201 - - [16/Jul/2026:13:20:26 +0000] "GET /wp-includes/js/dist/private-apis.min.js?ver=835912f0086b9e59aed4 HTTP/1.1" 200 997 "https://www.max4k-iptv.com/checkout/order-pay/1149/" "AdsBot-Google (+http://www.google.com/adsbot.html)"
72.14.199.201 - - [16/Jul/2026:13:20:26 +0000] "GET /wp-includes/js/dist/redux-routine.min.js?ver=64f9f5001aabc046c605 HTTP/1.1" 200 3223 "https://www.max4k-iptv.com/checkout/order-pay/1149/" "AdsBot-Google (+http://www.google.com/adsbot.html)"
72.14.199.201 - - [16/Jul/2026:13:20:27 +0000] "GET /wp-includes/js/dist/data.min.js?ver=1756b6a2676c1b3369ab HTTP/1.1" 200 9420 "https://www.max4k-iptv.com/checkout/order-pay/1149/" "AdsBot-Google (+http://www.google.com/adsbot.html)"
72.14.199.201 - - [16/Jul/2026:13:20:27 +0000] "GET /wp-content/plugins/woocommerce/assets/client/blocks/wc-blocks-registry.js?ver=bb54b6869c8b2a477616 HTTP/1.1" 200 4885 "https://www.max4k-iptv.com/checkout/order-pay/1149/" "AdsBot-Google (+http://www.google.com/adsbot.html)"
72.14.199.201 - - [16/Jul/2026:13:20:27 +0000] "GET /wp-includes/js/dist/dom-ready.min.js?ver=a06281ae5cf5500e9317 HTTP/1.1" 200 420 "https://www.max4k-iptv.com/checkout/order-pay/1149/" "AdsBot-Google (+http://www.google.com/adsbot.html)"
72.14.199.201 - - [16/Jul/2026:13:20:27 +0000] "GET /wp-includes/js/dist/a11y.min.js?ver=af934e5259bc51b8718e HTTP/1.1" 200 935 "https://www.max4k-iptv.com/checkout/order-pay/1149/" "AdsBot-Google (+http://www.google.com/adsbot.html)"
72.14.199.201 - - [16/Jul/2026:13:20:27 +0000] "GET /wp-includes/js/dist/vendor/moment.min.js?ver=2.30.1 HTTP/1.1" 200 18383 "https://www.max4k-iptv.com/checkout/order-pay/1149/" "AdsBot-Google (+http://www.google.com/adsbot.html)"
72.14.199.201 - - [16/Jul/2026:13:20:28 +0000] "GET /wp-includes/js/dist/date.min.js?ver=c9f8e7dd3232716f34e9 HTTP/1.1" 200 22977 "https://www.max4k-iptv.com/checkout/order-pay/1149/" "AdsBot-Google (+http://www.google.com/adsbot.html)"
72.14.199.201 - - [16/Jul/2026:13:20:28 +0000] "GET /wp-includes/js/dist/html-entities.min.js?ver=8c6fa5b869dfeadc4af2 HTTP/1.1" 200 441 "https://www.max4k-iptv.com/checkout/order-pay/1149/" "AdsBot-Google (+http://www.google.com/adsbot.html)"
72.14.199.201 - - [16/Jul/2026:13:20:28 +0000] "GET /wp-includes/js/dist/primitives.min.js?ver=a5c905ec27bcd76ef287 HTTP/1.1" 200 948 "https://www.max4k-iptv.com/checkout/order-pay/1149/" "AdsBot-Google (+http://www.google.com/adsbot.html)"
72.14.199.201 - - [16/Jul/2026:13:20:28 +0000] "GET /wp-includes/js/dist/rich-text.min.js?ver=16449e6108f48327f368 HTTP/1.1" 200 13480 "https://www.max4k-iptv.com/checkout/order-pay/1149/" "AdsBot-Google (+http://www.google.com/adsbot.html)"
72.14.199.201 - - [16/Jul/2026:13:20:28 +0000] "GET /wp-includes/js/dist/warning.min.js?ver=36fdbdc984d93aee8a97 HTTP/1.1" 200 407 "https://www.max4k-iptv.com/checkout/order-pay/1149/" "AdsBot-Google (+http://www.google.com/adsbot.html)"
72.14.199.201 - - [16/Jul/2026:13:20:29 +0000] "GET /wp-includes/js/dist/components.min.js?ver=5dedfe13f08880193a28 HTTP/1.1" 200 252681 "https://www.max4k-iptv.com/checkout/order-pay/1149/" "AdsBot-Google (+http://www.google.com/adsbot.html)"
72.14.199.201 - - [16/Jul/2026:13:20:29 +0000] "GET /wp-includes/js/dist/autop.min.js?ver=9d0d0901b46f0a9027c9 HTTP/1.1" 200 2067 "https://www.max4k-iptv.com/checkout/order-pay/1149/" "AdsBot-Google (+http://www.google.com/adsbot.html)"
72.14.199.201 - - [16/Jul/2026:13:20:30 +0000] "GET /wp-includes/js/dist/blob.min.js?ver=198af75fe06d924090d8 HTTP/1.1" 200 564 "https://www.max4k-iptv.com/checkout/order-pay/1149/" "AdsBot-Google (+http://www.google.com/adsbot.html)"
72.14.199.201 - - [16/Jul/2026:13:20:30 +0000] "GET /wp-includes/js/dist/block-serialization-default-parser.min.js?ver=bff55bd3f1ce9df0c99c HTTP/1.1" 200 1092 "https://www.max4k-iptv.com/checkout/order-pay/1149/" "AdsBot-Google (+http://www.google.com/adsbot.html)"
72.14.199.201 - - [16/Jul/2026:13:20:30 +0000] "GET /wp-includes/js/dist/shortcode.min.js?ver=11742fe18cc215d3d5ab HTTP/1.1" 200 1499 "https://www.max4k-iptv.com/checkout/order-pay/1149/" "AdsBot-Google (+http://www.google.com/adsbot.html)"
72.14.199.201 - - [16/Jul/2026:13:20:31 +0000] "GET /wp-includes/js/dist/blocks.min.js?ver=ef38e42500165bfda301 HTTP/1.1" 200 54171 "https://www.max4k-iptv.com/checkout/order-pay/1149/" "AdsBot-Google (+http://www.google.com/adsbot.html)"
72.14.199.201 - - [16/Jul/2026:13:20:31 +0000] "GET /wp-includes/js/dist/keyboard-shortcuts.min.js?ver=2ed78d3b4c23f38804e0 HTTP/1.1" 200 1481 "https://www.max4k-iptv.com/checkout/order-pay/1149/" "AdsBot-Google (+http://www.google.com/adsbot.html)"
72.14.199.201 - - [16/Jul/2026:13:20:32 +0000] "GET /wp-includes/js/dist/commands.min.js?ver=e3d8bba53f4ffea4fcd2 HTTP/1.1" 200 19300 "https://www.max4k-iptv.com/checkout/order-pay/1149/" "AdsBot-Google (+http://www.google.com/adsbot.html)"
72.14.199.201 - - [16/Jul/2026:13:20:32 +0000] "GET /wp-includes/js/dist/notices.min.js?ver=218d0173a31ae7269246 HTTP/1.1" 200 1760 "https://www.max4k-iptv.com/checkout/order-pay/1149/" "AdsBot-Google (+http://www.google.com/adsbot.html)"
72.14.199.201 - - [16/Jul/2026:13:20:32 +0000] "GET /wp-includes/js/dist/preferences-persistence.min.js?ver=e8033be98338d1861bca HTTP/1.1" 200 2054 "https://www.max4k-iptv.com/checkout/order-pay/1149/" "AdsBot-Google (+http://www.google.com/adsbot.html)"
72.14.199.201 - - [16/Jul/2026:13:20:32 +0000] "GET /wp-includes/js/dist/preferences.min.js?ver=035813168e404aa30193 HTTP/1.1" 200 3108 "https://www.max4k-iptv.com/checkout/order-pay/1149/" "AdsBot-Google (+http://www.google.com/adsbot.html)"
72.14.199.201 - - [16/Jul/2026:13:20:32 +0000] "GET /wp-includes/js/dist/style-engine.min.js?ver=faa37ce61b7ec8394b2a HTTP/1.1" 200 2243 "https://www.max4k-iptv.com/checkout/order-pay/1149/" "AdsBot-Google (+http://www.google.com/adsbot.html)"
72.14.199.201 - - [16/Jul/2026:13:20:33 +0000] "GET /wp-includes/js/dist/theme.min.js?ver=e22ce547a4420507b323 HTTP/1.1" 200 21174 "https://www.max4k-iptv.com/checkout/order-pay/1149/" "AdsBot-Google (+http://www.google.com/adsbot.html)"
72.14.199.201 - - [16/Jul/2026:13:20:33 +0000] "GET /wp-includes/js/dist/token-list.min.js?ver=16f0aebdd39d87c2a84b HTTP/1.1" 200 678 "https://www.max4k-iptv.com/checkout/order-pay/1149/" "AdsBot-Google (+http://www.google.com/adsbot.html)"
72.14.199.201 - - [16/Jul/2026:13:20:33 +0000] "GET /wp-includes/js/dist/upload-media.min.js?ver=d359c2cccf866d7082d2 HTTP/1.1" 200 7528 "https://www.max4k-iptv.com/checkout/order-pay/1149/" "AdsBot-Google (+http://www.google.com/adsbot.html)"
72.14.199.201 - - [16/Jul/2026:13:20:33 +0000] "GET /wp-includes/js/dist/block-editor.min.js?ver=f3d941bcb2e86c269881 HTTP/1.1" 200 313912 "https://www.max4k-iptv.com/checkout/order-pay/1149/" "AdsBot-Google (+http://www.google.com/adsbot.html)"
72.14.199.201 - - [16/Jul/2026:13:20:34 +0000] "GET /wp-includes/js/dist/core-data.min.js?ver=89931f90e4df5eb5f8a3 HTTP/1.1" 200 65316 "https://www.max4k-iptv.com/checkout/order-pay/1149/" "AdsBot-Google (+http://www.google.com/adsbot.html)"
72.14.199.201 - - [16/Jul/2026:13:20:34 +0000] "GET /wp-includes/js/dist/media-utils.min.js?ver=85f1375ab5f23cd5d13c HTTP/1.1" 200 69397 "https://www.max4k-iptv.com/checkout/order-pay/1149/" "AdsBot-Google (+http://www.google.com/adsbot.html)"
72.14.199.201 - - [16/Jul/2026:13:20:34 +0000] "GET /wp-includes/js/dist/patterns.min.js?ver=714c49ed2942c98d088f HTTP/1.1" 200 7580 "https://www.max4k-iptv.com/checkout/order-pay/1149/" "AdsBot-Google (+http://www.google.com/adsbot.html)"
72.14.199.201 - - [16/Jul/2026:13:20:34 +0000] "GET /wp-includes/js/dist/plugins.min.js?ver=72e3cf01c2b3535a9432 HTTP/1.1" 200 2011 "https://www.max4k-iptv.com/checkout/order-pay/1149/" "AdsBot-Google (+http://www.google.com/adsbot.html)"
72.14.199.201 - - [16/Jul/2026:13:20:34 +0000] "GET /wp-includes/js/dist/server-side-render.min.js?ver=10a51bf05ced35b78092 HTTP/1.1" 200 1772 "https://www.max4k-iptv.com/checkout/order-pay/1149/" "AdsBot-Google (+http://www.google.com/adsbot.html)"
72.14.199.201 - - [16/Jul/2026:13:20:34 +0000] "GET /wp-includes/js/dist/viewport.min.js?ver=8614025b8075d220d78f HTTP/1.1" 200 1134 "https://www.max4k-iptv.com/checkout/order-pay/1149/" "AdsBot-Google (+http://www.google.com/adsbot.html)"
72.14.199.201 - - [16/Jul/2026:13:20:35 +0000] "GET /wp-includes/js/dist/wordcount.min.js?ver=3b928d5db8724a8614dd HTTP/1.1" 200 960 "https://www.max4k-iptv.com/checkout/order-pay/1149/" "AdsBot-Google (+http://www.google.com/adsbot.html)"
65.181.116.207 - - [16/Jul/2026:13:21:28 +0000] "POST /wp-cron.php?doing_wp_cron=1784208088.1558139324188232421875 HTTP/1.1" 200 0 "-" "WordPress/7.0.1; https://www.max4k-iptv.com"
72.14.199.201 - - [16/Jul/2026:13:21:25 +0000] "GET /checkout/order-pay/1206/ HTTP/1.1" 200 70210 "-" "Mozilla/5.0 (Linux; Android 6.0.1; Nexus 5X Build/MMB29P) AppleWebKit/537.36 (KHTML, like Gecko) Chrome/150.0.7871.124 Mobile Safari/537.36 (compatible; AdsBot-Google-Mobile; +http://www.google.com/mobile/adsbot.html)"
72.14.199.202 - - [16/Jul/2026:13:21:52 +0000] "GET /wp-content/plugins/elementor/assets/css/conditionals/shapes.min.css?ver=4.0.5 HTTP/1.1" 200 221 "https://www.max4k-iptv.com/checkout/order-pay/1206/" "AdsBot-Google (+http://www.google.com/adsbot.html)"
72.14.199.201 - - [16/Jul/2026:13:21:53 +0000] "GET /wp-includes/js/jquery/jquery-migrate.min.js?ver=3.4.1 HTTP/1.1" 200 4678 "https://www.max4k-iptv.com/checkout/order-pay/1206/" "AdsBot-Google (+http://www.google.com/adsbot.html)"
72.14.199.201 - - [16/Jul/2026:13:21:53 +0000] "GET /wp-content/plugins/elementor/assets/css/frontend.min.css?ver=4.0.5 HTTP/1.1" 200 6613 "https://www.max4k-iptv.com/checkout/order-pay/1206/" "AdsBot-Google (+http://www.google.com/adsbot.html)"
72.14.199.201 - - [16/Jul/2026:13:21:53 +0000] "GET /wp-content/plugins/woocommerce/assets/css/select2.css?ver=10.9.1 HTTP/1.1" 200 1750 "https://www.max4k-iptv.com/checkout/order-pay/1206/" "AdsBot-Google (+http://www.google.com/adsbot.html)"
72.14.199.202 - - [16/Jul/2026:13:21:53 +0000] "GET /wp-content/plugins/elementor/assets/js/frontend.min.js?ver=4.0.5 HTTP/1.1" 200 10050 "https://www.max4k-iptv.com/checkout/order-pay/1206/" "AdsBot-Google (+http://www.google.com/adsbot.html)"
72.14.199.202 - - [16/Jul/2026:13:21:56 +0000] "GET /wp-content/plugins/woocommerce/assets/fonts/WooCommerce.woff2 HTTP/1.1" 200 6488 "https://www.max4k-iptv.com/wp-content/plugins/woocommerce/assets/css/woocommerce.css?ver=10.9.1" "AdsBot-Google (+http://www.google.com/adsbot.html)"
65.181.116.207 - - [16/Jul/2026:13:21:57 +0000] "POST /wp-cron.php?doing_wp_cron=1784208117.4681398868560791015625 HTTP/1.1" 200 0 "-" "WordPress/7.0.1; https://www.max4k-iptv.com"
72.14.199.202 - - [16/Jul/2026:13:21:54 +0000] "GET /wp-json/wp/v2/users/me?context=edit&_locale=user HTTP/1.1" 401 81 "https://www.max4k-iptv.com/checkout/order-pay/1206/" "AdsBot-Google (+http://www.google.com/adsbot.html)"
72.14.199.201 - - [16/Jul/2026:13:22:00 +0000] "GET /wp-content/plugins/elementor/assets/js/section-frontend-handlers.d85ab872da118940910d.bundle.min.js HTTP/1.1" 200 229 "https://www.max4k-iptv.com/checkout/order-pay/1206/" "AdsBot-Google (+http://www.google.com/adsbot.html)"
72.14.199.203 - - [16/Jul/2026:13:22:01 +0000] "GET /wp-content/plugins/elementor/assets/js/shared-frontend-handlers.03caa53373b56d3bab67.bundle.min.js HTTP/1.1" 200 2511 "https://www.max4k-iptv.com/checkout/order-pay/1206/" "AdsBot-Google (+http://www.google.com/adsbot.html)"
72.14.199.202 - - [16/Jul/2026:13:22:02 +0000] "GET /wp-content/plugins/elementor-pro/assets/js/nav-menu.7e665d03657d48aef483.bundle.min.js HTTP/1.1" 200 1766 "https://www.max4k-iptv.com/checkout/order-pay/1206/" "AdsBot-Google (+http://www.google.com/adsbot.html)"
72.14.199.203 - - [16/Jul/2026:13:22:02 +0000] "GET /wp-includes/js/zxcvbn.min.js HTTP/1.1" 200 389493 "https://www.max4k-iptv.com/checkout/order-pay/1206/" "AdsBot-Google (+http://www.google.com/adsbot.html)"
65.181.116.207 - - [16/Jul/2026:13:27:44 +0000] "POST /wp-cron.php?doing_wp_cron=1784208464.0113511085510253906250 HTTP/1.1" 200 0 "-" "WordPress/7.0.1; https://www.max4k-iptv.com"
72.14.199.202 - - [16/Jul/2026:13:27:39 +0000] "GET /checkout/order-pay/1124/ HTTP/1.1" 200 70213 "-" "Mozilla/5.0 (Linux; Android 6.0.1; Nexus 5X Build/MMB29P) AppleWebKit/537.36 (KHTML, like Gecko) Chrome/150.0.7871.124 Mobile Safari/537.36 (compatible; AdsBot-Google-Mobile; +http://www.google.com/mobile/adsbot.html)"
72.14.199.202 - - [16/Jul/2026:13:27:52 +0000] "GET /wp-content/plugins/elementor-pro/assets/css/widget-nav-menu.min.css?ver=3.25.3 HTTP/1.1" 200 3142 "https://www.max4k-iptv.com/checkout/order-pay/1124/" "AdsBot-Google (+http://www.google.com/adsbot.html)"
72.14.199.201 - - [16/Jul/2026:13:27:52 +0000] "GET /wp-content/themes/hello-elementor/assets/css/header-footer.css?ver=3.4.5 HTTP/1.1" 200 1261 "https://www.max4k-iptv.com/checkout/order-pay/1124/" "AdsBot-Google (+http://www.google.com/adsbot.html)"
72.14.199.202 - - [16/Jul/2026:13:27:52 +0000] "GET /wp-content/plugins/elementor/assets/css/conditionals/shapes.min.css?ver=4.0.5 HTTP/1.1" 200 221 "https://www.max4k-iptv.com/checkout/order-pay/1124/" "AdsBot-Google (+http://www.google.com/adsbot.html)"
72.14.199.201 - - [16/Jul/2026:13:27:53 +0000] "GET /wp-includes/js/dist/i18n.min.js?ver=781d11515ad3d91786ec HTTP/1.1" 200 2354 "https://www.max4k-iptv.com/checkout/order-pay/1124/" "AdsBot-Google (+http://www.google.com/adsbot.html)"
72.14.199.202 - - [16/Jul/2026:13:27:54 +0000] "GET /wp-content/uploads/elementor/css/post-7.css?ver=1782916444 HTTP/1.1" 200 405 "https://www.max4k-iptv.com/checkout/order-pay/1124/" "AdsBot-Google (+http://www.google.com/adsbot.html)"
72.14.199.201 - - [16/Jul/2026:13:27:54 +0000] "GET /wp-content/plugins/woocommerce/assets/client/blocks/wc-blocks.css?ver=wc-10.9.1 HTTP/1.1" 200 2391 "https://www.max4k-iptv.com/checkout/order-pay/1124/" "AdsBot-Google (+http://www.google.com/adsbot.html)"
72.14.199.202 - - [16/Jul/2026:13:27:55 +0000] "GET /wp-includes/js/dist/server-side-render.min.js?ver=10a51bf05ced35b78092 HTTP/1.1" 200 1772 "https://www.max4k-iptv.com/checkout/order-pay/1124/" "AdsBot-Google (+http://www.google.com/adsbot.html)"
72.14.199.201 - - [16/Jul/2026:13:27:55 +0000] "GET /wp-content/plugins/elementor-pro/assets/lib/smartmenus/jquery.smartmenus.min.js?ver=1.2.1 HTTP/1.1" 200 6867 "https://www.max4k-iptv.com/checkout/order-pay/1124/" "AdsBot-Google (+http://www.google.com/adsbot.html)"
72.14.199.201 - - [16/Jul/2026:13:27:56 +0000] "GET /wp-content/plugins/woocommerce/assets/client/blocks/wc-cart-checkout-base-frontend.js?ver=153ca3cfcc597a1e974e HTTP/1.1" 200 59465 "https://www.max4k-iptv.com/checkout/order-pay/1124/" "AdsBot-Google (+http://www.google.com/adsbot.html)"
72.14.199.201 - - [16/Jul/2026:13:27:56 +0000] "GET /wp-content/plugins/instant-approval-payment-gateway/assets/js/paygatedottogateway-block-checkout-support.js?ver=1772892666 HTTP/1.1" 200 404 "https://www.max4k-iptv.com/checkout/order-pay/1124/" "AdsBot-Google (+http://www.google.com/adsbot.html)"
72.14.199.201 - - [16/Jul/2026:13:27:57 +0000] "GET /wp-includes/js/dist/editor.min.js?ver=425fffc30511d9d52e5f HTTP/1.1" 200 338548 "https://www.max4k-iptv.com/checkout/order-pay/1124/" "AdsBot-Google (+http://www.google.com/adsbot.html)"
72.14.199.201 - - [16/Jul/2026:13:27:58 +0000] "GET /wp-includes/js/dist/wordcount.min.js?ver=3b928d5db8724a8614dd HTTP/1.1" 200 960 "https://www.max4k-iptv.com/checkout/order-pay/1124/" "AdsBot-Google (+http://www.google.com/adsbot.html)"
72.14.199.201 - - [16/Jul/2026:13:27:58 +0000] "GET /wp-includes/js/jquery/ui/core.min.js?ver=1.13.3 HTTP/1.1" 200 6812 "https://www.max4k-iptv.com/checkout/order-pay/1124/" "AdsBot-Google (+http://www.google.com/adsbot.html)"
72.14.199.201 - - [16/Jul/2026:13:27:59 +0000] "GET /wp-content/plugins/woocommerce/assets/client/blocks/blocks-components.js?ver=2ac32594f5e16f5ec744 HTTP/1.1" 200 1206 "https://www.max4k-iptv.com/checkout/order-pay/1124/" "AdsBot-Google (+http://www.google.com/adsbot.html)"
72.14.199.201 - - [16/Jul/2026:13:27:59 +0000] "GET /wp-content/plugins/elementor-pro/assets/js/webpack-pro.runtime.min.js?ver=3.25.3 HTTP/1.1" 200 2628 "https://www.max4k-iptv.com/checkout/order-pay/1124/" "AdsBot-Google (+http://www.google.com/adsbot.html)"
72.14.199.201 - - [16/Jul/2026:13:28:00 +0000] "GET /wp-content/plugins/elementor/assets/js/frontend.min.js?ver=4.0.5 HTTP/1.1" 200 10050 "https://www.max4k-iptv.com/checkout/order-pay/1124/" "AdsBot-Google (+http://www.google.com/adsbot.html)"
72.14.199.202 - - [16/Jul/2026:13:28:01 +0000] "GET /wp-content/plugins/woocommerce/assets/client/blocks/wc-blocks-shared-context.js?ver=621353d8a3a7c8d44b41 HTTP/1.1" 200 993 "https://www.max4k-iptv.com/checkout/order-pay/1124/" "AdsBot-Google (+http://www.google.com/adsbot.html)"
72.14.199.203 - - [16/Jul/2026:13:28:01 +0000] "GET /wp-content/plugins/woocommerce/assets/client/blocks/wc-blocks-shared-hocs.js?ver=81d21446ddb1d5f22bf3 HTTP/1.1" 200 1336 "https://www.max4k-iptv.com/checkout/order-pay/1124/" "AdsBot-Google (+http://www.google.com/adsbot.html)"
72.14.199.201 - - [16/Jul/2026:13:28:02 +0000] "GET /wp-content/plugins/woocommerce/assets/js/js-cookie/js.cookie.min.js?ver=2.1.4-wc.10.9.1 HTTP/1.1" 200 760 "https://www.max4k-iptv.com/checkout/order-pay/1124/" "AdsBot-Google (+http://www.google.com/adsbot.html)"
72.14.199.203 - - [16/Jul/2026:13:28:03 +0000] "GET /wp-content/plugins/woocommerce/assets/js/frontend/woocommerce.min.js?ver=10.9.1 HTTP/1.1" 200 1384 "https://www.max4k-iptv.com/checkout/order-pay/1124/" "AdsBot-Google (+http://www.google.com/adsbot.html)"
72.14.199.201 - - [16/Jul/2026:13:28:04 +0000] "GET /wp-content/plugins/woocommerce/assets/js/frontend/country-select.min.js?ver=10.9.1 HTTP/1.1" 200 989 "https://www.max4k-iptv.com/checkout/order-pay/1124/" "AdsBot-Google (+http://www.google.com/adsbot.html)"
72.14.199.202 - - [16/Jul/2026:13:28:04 +0000] "GET /wp-content/plugins/elementor-pro/assets/js/elements-handlers.min.js?ver=3.25.3 HTTP/1.1" 200 9746 "https://www.max4k-iptv.com/checkout/order-pay/1124/" "AdsBot-Google (+http://www.google.com/adsbot.html)"
72.14.199.201 - - [16/Jul/2026:13:28:05 +0000] "GET /wp-content/plugins/woocommerce/assets/js/frontend/checkout.min.js?ver=10.9.1 HTTP/1.1" 200 5032 "https://www.max4k-iptv.com/checkout/order-pay/1124/" "AdsBot-Google (+http://www.google.com/adsbot.html)"
72.14.199.201 - - [16/Jul/2026:13:28:05 +0000] "GET /wp-content/plugins/woocommerce/assets/client/blocks/wc-cart-checkout-vendors-frontend.js?ver=b7449dc1c874ee46cb05 HTTP/1.1" 200 42898 "https://www.max4k-iptv.com/checkout/order-pay/1124/" "AdsBot-Google (+http://www.google.com/adsbot.html)"
72.14.199.201 - - [16/Jul/2026:13:28:06 +0000] "GET /wp-content/plugins/elementor/assets/js/frontend-modules.min.js?ver=4.0.5 HTTP/1.1" 200 15445 "https://www.max4k-iptv.com/checkout/order-pay/1124/" "AdsBot-Google (+http://www.google.com/adsbot.html)"
72.14.199.202 - - [16/Jul/2026:13:28:07 +0000] "GET /wp-content/plugins/woocommerce/assets/js/frontend/address-i18n.min.js?ver=10.9.1 HTTP/1.1" 200 871 "https://www.max4k-iptv.com/checkout/order-pay/1124/" "AdsBot-Google (+http://www.google.com/adsbot.html)"
72.14.199.202 - - [16/Jul/2026:13:28:07 +0000] "GET /wp-content/plugins/woocommerce/assets/js/selectWoo/selectWoo.full.min.js?ver=1.0.9-wc.10.9.1 HTTP/1.1" 200 20246 "https://www.max4k-iptv.com/checkout/order-pay/1124/" "AdsBot-Google (+http://www.google.com/adsbot.html)"
72.14.199.201 - - [16/Jul/2026:13:28:09 +0000] "GET /wp-content/plugins/creame-whatsapp-me/public/js/joinchat.min.js?ver=6.0.10 HTTP/1.1" 200 3159 "https://www.max4k-iptv.com/checkout/order-pay/1124/" "AdsBot-Google (+http://www.google.com/adsbot.html)"
72.14.199.201 - - [16/Jul/2026:13:28:09 +0000] "GET /wp-content/plugins/woocommerce/assets/js/sourcebuster/sourcebuster.min.js?ver=10.9.1 HTTP/1.1" 200 4609 "https://www.max4k-iptv.com/checkout/order-pay/1124/" "AdsBot-Google (+http://www.google.com/adsbot.html)"
72.14.199.201 - - [16/Jul/2026:13:28:10 +0000] "GET /wp-content/plugins/elementor/assets/js/webpack.runtime.min.js?ver=4.0.5 HTTP/1.1" 200 2280 "https://www.max4k-iptv.com/checkout/order-pay/1124/" "AdsBot-Google (+http://www.google.com/adsbot.html)"
72.14.199.201 - - [16/Jul/2026:13:28:11 +0000] "GET /wp-content/plugins/woocommerce/assets/client/blocks/blocks-checkout-events.js?ver=1cd9ffa6e3cff96ad1b2 HTTP/1.1" 200 706 "https://www.max4k-iptv.com/checkout/order-pay/1124/" "AdsBot-Google (+http://www.google.com/adsbot.html)"
72.14.199.201 - - [16/Jul/2026:13:28:11 +0000] "GET /wp-content/plugins/woocommerce/assets/client/blocks/wc-blocks-middleware.js?ver=2c049fe250c153b7cac8 HTTP/1.1" 200 702 "https://www.max4k-iptv.com/checkout/order-pay/1124/" "AdsBot-Google (+http://www.google.com/adsbot.html)"
72.14.199.201 - - [16/Jul/2026:13:28:12 +0000] "GET /wp-content/plugins/woocommerce/assets/js/frontend/order-attribution.min.js?ver=10.9.1 HTTP/1.1" 200 1020 "https://www.max4k-iptv.com/checkout/order-pay/1124/" "AdsBot-Google (+http://www.google.com/adsbot.html)"
72.14.199.201 - - [16/Jul/2026:13:28:12 +0000] "GET /wp-content/plugins/woocommerce/assets/js/frontend/utils/custom-place-order-button.min.js?ver=10.9.1 HTTP/1.1" 200 786 "https://www.max4k-iptv.com/checkout/order-pay/1124/" "AdsBot-Google (+http://www.google.com/adsbot.html)"
72.14.199.201 - - [16/Jul/2026:13:28:15 +0000] "GET /wp-content/plugins/woocommerce/assets/js/frontend/add-to-cart.min.js?ver=10.9.1 HTTP/1.1" 200 1296 "https://www.max4k-iptv.com/checkout/order-pay/1124/" "AdsBot-Google (+http://www.google.com/adsbot.html)"
72.14.199.201 - - [16/Jul/2026:13:28:15 +0000] "GET /wp-content/plugins/woocommerce/assets/client/admin/sanitize/index.js?ver=6cc3684099bd6a5547b8 HTTP/1.1" 200 8778 "https://www.max4k-iptv.com/checkout/order-pay/1124/" "AdsBot-Google (+http://www.google.com/adsbot.html)"
72.14.199.201 - - [16/Jul/2026:13:28:15 +0000] "GET /wp-includes/js/dist/data-controls.min.js?ver=730061ade69d7f341014 HTTP/1.1" 200 742 "https://www.max4k-iptv.com/checkout/order-pay/1124/" "AdsBot-Google (+http://www.google.com/adsbot.html)"
72.14.199.201 - - [16/Jul/2026:13:28:15 +0000] "GET /wp-content/plugins/woocommerce/assets/js/jquery-blockui/jquery.blockUI.min.js?ver=2.7.0-wc.10.9.1 HTTP/1.1" 200 3277 "https://www.max4k-iptv.com/checkout/order-pay/1124/" "AdsBot-Google (+http://www.google.com/adsbot.html)"
72.14.199.201 - - [16/Jul/2026:13:28:16 +0000] "GET /wp-content/plugins/woocommerce/assets/client/blocks/wc-blocks-data.js?ver=cd41ff7e87047939df16 HTTP/1.1" 200 22744 "https://www.max4k-iptv.com/checkout/order-pay/1124/" "AdsBot-Google (+http://www.google.com/adsbot.html)"
72.14.199.201 - - [16/Jul/2026:13:28:16 +0000] "GET /wp-content/plugins/woocommerce/assets/client/blocks/blocks-checkout.js?ver=8dcac098e959cbf8c646 HTTP/1.1" 200 1266 "https://www.max4k-iptv.com/checkout/order-pay/1124/" "AdsBot-Google (+http://www.google.com/adsbot.html)"
72.14.199.201 - - [16/Jul/2026:13:28:17 +0000] "GET /wp-content/plugins/jetpack/jetpack_vendor/automattic/woocommerce-analytics/build/woocommerce-analytics-client.js?minify=false&ver=80112f9db03e5698f4a6 HTTP/1.1" 200 4140 "https://www.max4k-iptv.com/checkout/order-pay/1124/" "AdsBot-Google (+http://www.google.com/adsbot.html)"
72.14.199.201 - - [16/Jul/2026:13:28:18 +0000] "GET /wp-content/plugins/elementor-pro/assets/js/frontend.min.js?ver=3.25.3 HTTP/1.1" 200 6446 "https://www.max4k-iptv.com/checkout/order-pay/1124/" "AdsBot-Google (+http://www.google.com/adsbot.html)"
72.14.199.201 - - [16/Jul/2026:13:28:19 +0000] "GET /wp-content/plugins/woocommerce/assets/client/blocks/price-format.js?ver=0df720e448f7ab3c5d0d HTTP/1.1" 200 770 "https://www.max4k-iptv.com/checkout/order-pay/1124/" "AdsBot-Google (+http://www.google.com/adsbot.html)"
72.14.199.201 - - [16/Jul/2026:13:28:19 +0000] "GET /wp-content/plugins/woocommerce/assets/js/frontend/password-strength-meter.min.js?ver=10.9.1 HTTP/1.1" 200 751 "https://www.max4k-iptv.com/checkout/order-pay/1124/" "AdsBot-Google (+http://www.google.com/adsbot.html)"
72.14.199.201 - - [16/Jul/2026:13:28:19 +0000] "GET /wp-content/themes/hello-elementor/assets/js/hello-frontend.js?ver=3.4.5 HTTP/1.1" 200 493 "https://www.max4k-iptv.com/checkout/order-pay/1124/" "AdsBot-Google (+http://www.google.com/adsbot.html)"
72.14.199.201 - - [16/Jul/2026:13:28:20 +0000] "GET /wp-content/plugins/woocommerce/assets/client/blocks/checkout-frontend.js?ver=b93dcd7a1f9df26fd5ad HTTP/1.1" 200 13257 "https://www.max4k-iptv.com/checkout/order-pay/1124/" "AdsBot-Google (+http://www.google.com/adsbot.html)"
72.14.199.201 - - [16/Jul/2026:13:28:20 +0000] "GET /wp-json/wp/v2/users/me?context=edit&_locale=user HTTP/1.1" 401 81 "https://www.max4k-iptv.com/checkout/order-pay/1124/" "AdsBot-Google (+http://www.google.com/adsbot.html)"
72.14.199.201 - - [16/Jul/2026:13:28:24 +0000] "GET /wp-content/plugins/woocommerce/assets/fonts/WooCommerce.woff2 HTTP/1.1" 200 6488 "https://www.max4k-iptv.com/wp-content/plugins/woocommerce/assets/css/woocommerce.css?ver=10.9.1" "AdsBot-Google (+http://www.google.com/adsbot.html)"
72.14.199.201 - - [16/Jul/2026:13:28:27 +0000] "GET /wp-content/plugins/jetpack/jetpack_vendor/automattic/woocommerce-analytics/build/193.js?minify=false&ver=5b5cf55edcce081b4ad1 HTTP/1.1" 200 2861 "https://www.max4k-iptv.com/checkout/order-pay/1124/" "AdsBot-Google (+http://www.google.com/adsbot.html)"
72.14.199.201 - - [16/Jul/2026:13:28:27 +0000] "GET /wp-content/plugins/elementor/assets/js/section-frontend-handlers.d85ab872da118940910d.bundle.min.js HTTP/1.1" 200 229 "https://www.max4k-iptv.com/checkout/order-pay/1124/" "AdsBot-Google (+http://www.google.com/adsbot.html)"
72.14.199.201 - - [16/Jul/2026:13:28:28 +0000] "GET /wp-content/plugins/elementor/assets/js/shared-frontend-handlers.03caa53373b56d3bab67.bundle.min.js HTTP/1.1" 200 2511 "https://www.max4k-iptv.com/checkout/order-pay/1124/" "AdsBot-Google (+http://www.google.com/adsbot.html)"
72.14.199.201 - - [16/Jul/2026:13:28:28 +0000] "GET /wp-content/plugins/elementor-pro/assets/js/nav-menu.7e665d03657d48aef483.bundle.min.js HTTP/1.1" 200 1766 "https://www.max4k-iptv.com/checkout/order-pay/1124/" "AdsBot-Google (+http://www.google.com/adsbot.html)"
72.14.199.201 - - [16/Jul/2026:13:28:29 +0000] "GET /wp-includes/js/zxcvbn.min.js HTTP/1.1" 200 389493 "https://www.max4k-iptv.com/checkout/order-pay/1124/" "AdsBot-Google (+http://www.google.com/adsbot.html)"
43.130.40.120 - - [16/Jul/2026:13:30:21 +0000] "GET /wp-content/uploads/2025/12/Hexa-Max-996-x-423-px-768x326.webp HTTP/1.1" 200 14680 "-" "Mozilla/5.0 (iPhone; CPU iPhone OS 13_2_3 like Mac OS X) AppleWebKit/605.1.15 (KHTML, like Gecko) Version/13.0.3 Mobile/15E148 Safari/604.1"
65.181.116.207 - - [16/Jul/2026:13:33:23 +0000] "POST /wp-cron.php?doing_wp_cron=1784208803.1745040416717529296875 HTTP/1.1" 200 0 "-" "WordPress/7.0.1; https://www.max4k-iptv.com"
216.73.163.156 - - [16/Jul/2026:13:33:20 +0000] "POST /wp-login.php HTTP/1.1" 401 1497 "-" "Mozilla/5.0 (X11; U; Linux i686; fr; rv:1.8.1.20) Gecko/20081217 Firefox/2.0.0.20"
65.181.116.207 - - [16/Jul/2026:13:34:48 +0000] "POST /wp-cron.php?doing_wp_cron=1784208888.1028249263763427734375 HTTP/1.1" 200 0 "-" "WordPress/7.0.1; https://www.max4k-iptv.com"
31.129.76.183 - - [16/Jul/2026:13:34:45 +0000] "GET / HTTP/2" 200 38782 "https://www.max4k-iptv.com" "Mozilla/5.0 (Macintosh; Intel Mac OS X 10_15_7) AppleWebKit/537.36 (KHTML, like Gecko) Chrome/145.0.0.0 Safari/537.36"
65.181.116.207 - - [16/Jul/2026:13:40:19 +0000] "POST /wp-cron.php?doing_wp_cron=1784209219.7273569107055664062500 HTTP/1.1" 200 0 "-" "WordPress/7.0.1; https://www.max4k-iptv.com"
43.135.142.37 - - [16/Jul/2026:13:40:17 +0000] "GET /, HTTP/1.1" 301 0 "-" "Mozilla/5.0 (iPhone; CPU iPhone OS 13_2_3 like Mac OS X) AppleWebKit/605.1.15 (KHTML, like Gecko) Version/13.0.3 Mobile/15E148 Safari/604.1"
43.135.142.37 - - [16/Jul/2026:13:40:22 +0000] "GET / HTTP/1.1" 200 50082 "https://www.max4k-iptv.com/," "Mozilla/5.0 (iPhone; CPU iPhone OS 13_2_3 like Mac OS X) AppleWebKit/605.1.15 (KHTML, like Gecko) Version/13.0.3 Mobile/15E148 Safari/604.1"
65.181.116.207 - - [16/Jul/2026:13:44:44 +0000] "POST /wp-cron.php?doing_wp_cron=1784209484.2513790130615234375000 HTTP/1.1" 200 0 "-" "WordPress/7.0.1; https://www.max4k-iptv.com"
66.249.82.102 - - [16/Jul/2026:13:44:42 +0000] "GET /.well-known/traffic-advice HTTP/1.1" 404 25301 "-" "Chrome Privacy Preserving Prefetch Proxy"
65.181.116.207 - - [16/Jul/2026:13:47:12 +0000] "POST /wp-cron.php?doing_wp_cron=1784209632.3940870761871337890625 HTTP/1.1" 200 0 "-" "WordPress/7.0.1; https://www.max4k-iptv.com"
17.22.237.186 - - [16/Jul/2026:13:47:07 +0000] "GET /terms-and-conditions/ HTTP/2" 200 30189 "-" "Mozilla/5.0 (Macintosh; Intel Mac OS X 10_15_7) AppleWebKit/605.1.15 (KHTML, like Gecko) Version/17.4 Safari/605.1.15 (Applebot/0.1; +http://www.apple.com/go/applebot)"
65.181.116.207 - - [16/Jul/2026:13:48:46 +0000] "POST /wp-cron.php?doing_wp_cron=1784209725.9883260726928710937500 HTTP/1.1" 200 0 "-" "WordPress/7.0.1; https://www.max4k-iptv.com"
216.73.216.25 - - [16/Jul/2026:13:48:44 +0000] "GET /robots.txt HTTP/2" 200 102 "-" "Mozilla/5.0 AppleWebKit/537.36 (KHTML, like Gecko; compatible; ClaudeBot/1.0; [email protected])"
216.73.216.25 - - [16/Jul/2026:13:48:49 +0000] "GET /sitemaps.xml HTTP/2" 200 237 "-" "Mozilla/5.0 AppleWebKit/537.36 (KHTML, like Gecko; compatible; ClaudeBot/1.0; [email protected])"
65.181.116.207 - - [16/Jul/2026:13:50:54 +0000] "POST /wp-cron.php?doing_wp_cron=1784209854.6725339889526367187500 HTTP/1.1" 200 0 "-" "WordPress/7.0.1; https://www.max4k-iptv.com"
49.51.243.156 - - [16/Jul/2026:13:50:51 +0000] "GET / HTTP/1.1" 200 50082 "-" "Mozilla/5.0 (iPhone; CPU iPhone OS 13_2_3 like Mac OS X) AppleWebKit/605.1.15 (KHTML, like Gecko) Version/13.0.3 Mobile/15E148 Safari/604.1"
17.22.245.239 - - [16/Jul/2026:13:51:51 +0000] "GET /wp-content/uploads/elementor/css/post-154.css?ver=1783111076 HTTP/2" 200 1016 "https://www.max4k-iptv.com/terms-and-conditions/" "Mozilla/5.0 (Macintosh; Intel Mac OS X 10_15_7) AppleWebKit/605.1.15 (KHTML, like Gecko) Version/17.4 Safari/605.1.15 (Applebot/0.1; +http://www.apple.com/go/applebot)"
17.22.245.239 - - [16/Jul/2026:13:51:56 +0000] "GET /wp-content/plugins/elementor/assets/js/text-editor.45609661e409413f1cef.bundle.min.js HTTP/2" 200 592 "https://www.max4k-iptv.com/terms-and-conditions/" "Mozilla/5.0 (Macintosh; Intel Mac OS X 10_15_7) AppleWebKit/605.1.15 (KHTML, like Gecko) Version/17.4 Safari/605.1.15 (Applebot/0.1; +http://www.apple.com/go/applebot)"
65.181.116.207 - - [16/Jul/2026:13:51:56 +0000] "POST /wp-cron.php?doing_wp_cron=1784209916.4908580780029296875000 HTTP/1.1" 200 0 "-" "WordPress/7.0.1; https://www.max4k-iptv.com"
17.22.245.239 - - [16/Jul/2026:13:51:54 +0000] "GET /wp-json/wp/v2/users/me?context=edit&_locale=user HTTP/2" 401 81 "https://www.max4k-iptv.com/terms-and-conditions/" "Mozilla/5.0 (Macintosh; Intel Mac OS X 10_15_7) AppleWebKit/605.1.15 (KHTML, like Gecko) Version/17.4 Safari/605.1.15 (Applebot/0.1; +http://www.apple.com/go/applebot)"
43.164.1.211 - - [16/Jul/2026:13:53:40 +0000] "GET / HTTP/1.1" 200 50086 "http://www.max4k-iptv.com" "Mozilla/5.0 (iPhone; CPU iPhone OS 13_2_3 like Mac OS X) AppleWebKit/605.1.15 (KHTML, like Gecko) Version/13.0.3 Mobile/15E148 Safari/604.1"
43.133.139.6 - - [16/Jul/2026:14:00:28 +0000] "GET /xmlrpc.php?rsd HTTP/1.1" 403 1242 "-" "Mozilla/5.0 (iPhone; CPU iPhone OS 13_2_3 like Mac OS X) AppleWebKit/605.1.15 (KHTML, like Gecko) Version/13.0.3 Mobile/15E148 Safari/604.1"
65.181.116.207 - - [16/Jul/2026:14:06:45 +0000] "POST /wp-cron.php?doing_wp_cron=1784210805.3897469043731689453125 HTTP/1.1" 200 0 "-" "WordPress/7.0.1; https://www.max4k-iptv.com"
124.156.157.91 - - [16/Jul/2026:14:06:40 +0000] "GET /?s= HTTP/1.1" 200 26011 "-" "Mozilla/5.0 (iPhone; CPU iPhone OS 13_2_3 like Mac OS X) AppleWebKit/605.1.15 (KHTML, like Gecko) Version/13.0.3 Mobile/15E148 Safari/604.1"
65.181.116.207 - - [16/Jul/2026:14:09:26 +0000] "POST /wp-cron.php?doing_wp_cron=1784210966.6503379344940185546875 HTTP/1.1" 200 0 "-" "WordPress/7.0.1; https://www.max4k-iptv.com"
216.73.163.150 - - [16/Jul/2026:14:09:23 +0000] "POST /wp-login.php HTTP/1.1" 401 1497 "-" "linux|Mozilla/5.0 (Linux; Linux x86_64; en-US) Gecko/20100101 Firefox/55.8"
65.181.116.207 - - [16/Jul/2026:14:20:26 +0000] "POST /wp-cron.php?doing_wp_cron=1784211626.6079111099243164062500 HTTP/1.1" 200 0 "-" "WordPress/7.0.1; https://www.max4k-iptv.com"
129.226.146.146 - - [16/Jul/2026:14:20:20 +0000] "GET / HTTP/1.1" 200 50081 "-" "Mozilla/5.0 (iPhone; CPU iPhone OS 13_2_3 like Mac OS X) AppleWebKit/605.1.15 (KHTML, like Gecko) Version/13.0.3 Mobile/15E148 Safari/604.1"
182.253.143.112 - - [16/Jul/2026:14:23:00 +0000] "POST /wp-comments-post.php HTTP/1.1" 302 0 "-" "Mozilla/5.0 (Windows NT 10.0; Win64; x64) AppleWebKit/537.36 (KHTML, like Gecko) Chrome/120.0.0.0 Safari/537.36"
65.181.116.207 - - [16/Jul/2026:14:29:15 +0000] "POST /wp-cron.php?doing_wp_cron=1784212155.8210489749908447265625 HTTP/1.1" 200 0 "-" "WordPress/7.0.1; https://www.max4k-iptv.com"
43.157.172.39 - - [16/Jul/2026:14:29:07 +0000] "GET /checkout/?wcf-add-to-cart=329 HTTP/1.1" 200 56292 "-" "Mozilla/5.0 (iPhone; CPU iPhone OS 13_2_3 like Mac OS X) AppleWebKit/605.1.15 (KHTML, like Gecko) Version/13.0.3 Mobile/15E148 Safari/604.1"
65.181.116.207 - - [16/Jul/2026:14:30:30 +0000] "POST /wp-cron.php?doing_wp_cron=1784212230.2352828979492187500000 HTTP/1.1" 200 0 "-" "WordPress/7.0.1; https://www.max4k-iptv.com"
185.9.89.115 - - [16/Jul/2026:14:30:26 +0000] "GET /livetvnow26k?gad_source=1&gad_campaignid=23988671467&gbraid=0AAAABEGix6_0C-tVkqzD4s6EXPbIci7lo&gclid=Cj0KCQjwguLSBhDLARIsAH-yPrEYvR_HbZqQi0G_aAVYBu_Crvyz-KlycmDTZ19K-cVV9zBONWMukrAaAsvGEALw_wcB HTTP/2" 301 0 "https://www.google.com/" "Mozilla/5.0 (Linux; Android 10; K) AppleWebKit/537.36 (KHTML, like Gecko) Chrome/150.0.0.0 Mobile Safari/537.36"
185.9.89.115 - - [16/Jul/2026:14:30:30 +0000] "GET /?gad_source=1&gad_campaignid=23988671467&gbraid=0AAAABEGix6_0C-tVkqzD4s6EXPbIci7lo&gclid=Cj0KCQjwguLSBhDLARIsAH-yPrEYvR_HbZqQi0G_aAVYBu_Crvyz-KlycmDTZ19K-cVV9zBONWMukrAaAsvGEALw_wcB HTTP/2" 200 38983 "https://www.google.com/" "Mozilla/5.0 (Linux; Android 10; K) AppleWebKit/537.36 (KHTML, like Gecko) Chrome/150.0.0.0 Mobile Safari/537.36"
185.9.89.115 - - [16/Jul/2026:14:30:35 +0000] "GET /wp-content/plugins/jetpack/jetpack_vendor/automattic/jetpack-forms/dist/contact-form/css/jetpack-forms-layout.css?ver=15.6 HTTP/3" 200 829 "https://www.max4k-iptv.com/?gad_source=1&gad_campaignid=23988671467&gbraid=0AAAABEGix6_0C-tVkqzD4s6EXPbIci7lo&gclid=Cj0KCQjwguLSBhDLARIsAH-yPrEYvR_HbZqQi0G_aAVYBu_Crvyz-KlycmDTZ19K-cVV9zBONWMukrAaAsvGEALw_wcB" "Mozilla/5.0 (Linux; Android 10; K) AppleWebKit/537.36 (KHTML, like Gecko) Chrome/150.0.0.0 Mobile Safari/537.36"
185.9.89.115 - - [16/Jul/2026:14:30:35 +0000] "GET /wp-includes/js/mediaelement/mediaelementplayer-legacy.min.css?ver=4.2.17 HTTP/3" 200 2394 "https://www.max4k-iptv.com/?gad_source=1&gad_campaignid=23988671467&gbraid=0AAAABEGix6_0C-tVkqzD4s6EXPbIci7lo&gclid=Cj0KCQjwguLSBhDLARIsAH-yPrEYvR_HbZqQi0G_aAVYBu_Crvyz-KlycmDTZ19K-cVV9zBONWMukrAaAsvGEALw_wcB" "Mozilla/5.0 (Linux; Android 10; K) AppleWebKit/537.36 (KHTML, like Gecko) Chrome/150.0.0.0 Mobile Safari/537.36"
185.9.89.115 - - [16/Jul/2026:14:30:35 +0000] "GET /wp-includes/js/mediaelement/wp-mediaelement.min.css?ver=7.0.1 HTTP/3" 200 982 "https://www.max4k-iptv.com/?gad_source=1&gad_campaignid=23988671467&gbraid=0AAAABEGix6_0C-tVkqzD4s6EXPbIci7lo&gclid=Cj0KCQjwguLSBhDLARIsAH-yPrEYvR_HbZqQi0G_aAVYBu_Crvyz-KlycmDTZ19K-cVV9zBONWMukrAaAsvGEALw_wcB" "Mozilla/5.0 (Linux; Android 10; K) AppleWebKit/537.36 (KHTML, like Gecko) Chrome/150.0.0.0 Mobile Safari/537.36"
185.9.89.115 - - [16/Jul/2026:14:30:35 +0000] "GET /wp-content/plugins/woocommerce/assets/css/woocommerce-layout.css?ver=10.9.1 HTTP/3" 200 3178 "https://www.max4k-iptv.com/?gad_source=1&gad_campaignid=23988671467&gbraid=0AAAABEGix6_0C-tVkqzD4s6EXPbIci7lo&gclid=Cj0KCQjwguLSBhDLARIsAH-yPrEYvR_HbZqQi0G_aAVYBu_Crvyz-KlycmDTZ19K-cVV9zBONWMukrAaAsvGEALw_wcB" "Mozilla/5.0 (Linux; Android 10; K) AppleWebKit/537.36 (KHTML, like Gecko) Chrome/150.0.0.0 Mobile Safari/537.36"
185.9.89.115 - - [16/Jul/2026:14:30:35 +0000] "GET /wp-content/plugins/woocommerce/assets/css/woocommerce-smallscreen.css?ver=10.9.1 HTTP/3" 200 1297 "https://www.max4k-iptv.com/?gad_source=1&gad_campaignid=23988671467&gbraid=0AAAABEGix6_0C-tVkqzD4s6EXPbIci7lo&gclid=Cj0KCQjwguLSBhDLARIsAH-yPrEYvR_HbZqQi0G_aAVYBu_Crvyz-KlycmDTZ19K-cVV9zBONWMukrAaAsvGEALw_wcB" "Mozilla/5.0 (Linux; Android 10; K) AppleWebKit/537.36 (KHTML, like Gecko) Chrome/150.0.0.0 Mobile Safari/537.36"
185.9.89.115 - - [16/Jul/2026:14:30:35 +0000] "GET /wp-content/themes/hello-elementor/assets/css/reset.css?ver=3.4.5 HTTP/3" 200 1581 "https://www.max4k-iptv.com/?gad_source=1&gad_campaignid=23988671467&gbraid=0AAAABEGix6_0C-tVkqzD4s6EXPbIci7lo&gclid=Cj0KCQjwguLSBhDLARIsAH-yPrEYvR_HbZqQi0G_aAVYBu_Crvyz-KlycmDTZ19K-cVV9zBONWMukrAaAsvGEALw_wcB" "Mozilla/5.0 (Linux; Android 10; K) AppleWebKit/537.36 (KHTML, like Gecko) Chrome/150.0.0.0 Mobile Safari/537.36"
185.9.89.115 - - [16/Jul/2026:14:30:35 +0000] "GET /wp-content/plugins/woocommerce/assets/css/woocommerce.css?ver=10.9.1 HTTP/3" 200 10470 "https://www.max4k-iptv.com/?gad_source=1&gad_campaignid=23988671467&gbraid=0AAAABEGix6_0C-tVkqzD4s6EXPbIci7lo&gclid=Cj0KCQjwguLSBhDLARIsAH-yPrEYvR_HbZqQi0G_aAVYBu_Crvyz-KlycmDTZ19K-cVV9zBONWMukrAaAsvGEALw_wcB" "Mozilla/5.0 (Linux; Android 10; K) AppleWebKit/537.36 (KHTML, like Gecko) Chrome/150.0.0.0 Mobile Safari/537.36"
185.9.89.115 - - [16/Jul/2026:14:30:35 +0000] "GET /wp-content/themes/hello-elementor/assets/css/theme.css?ver=3.4.5 HTTP/3" 200 1126 "https://www.max4k-iptv.com/?gad_source=1&gad_campaignid=23988671467&gbraid=0AAAABEGix6_0C-tVkqzD4s6EXPbIci7lo&gclid=Cj0KCQjwguLSBhDLARIsAH-yPrEYvR_HbZqQi0G_aAVYBu_Crvyz-KlycmDTZ19K-cVV9zBONWMukrAaAsvGEALw_wcB" "Mozilla/5.0 (Linux; Android 10; K) AppleWebKit/537.36 (KHTML, like Gecko) Chrome/150.0.0.0 Mobile Safari/537.36"
185.9.89.115 - - [16/Jul/2026:14:30:35 +0000] "GET /wp-content/themes/hello-elementor/assets/css/header-footer.css?ver=3.4.5 HTTP/3" 200 1261 "https://www.max4k-iptv.com/?gad_source=1&gad_campaignid=23988671467&gbraid=0AAAABEGix6_0C-tVkqzD4s6EXPbIci7lo&gclid=Cj0KCQjwguLSBhDLARIsAH-yPrEYvR_HbZqQi0G_aAVYBu_Crvyz-KlycmDTZ19K-cVV9zBONWMukrAaAsvGEALw_wcB" "Mozilla/5.0 (Linux; Android 10; K) AppleWebKit/537.36 (KHTML, like Gecko) Chrome/150.0.0.0 Mobile Safari/537.36"
185.9.89.115 - - [16/Jul/2026:14:30:35 +0000] "GET /wp-content/uploads/elementor/css/post-7.css?ver=1782916444 HTTP/3" 200 405 "https://www.max4k-iptv.com/?gad_source=1&gad_campaignid=23988671467&gbraid=0AAAABEGix6_0C-tVkqzD4s6EXPbIci7lo&gclid=Cj0KCQjwguLSBhDLARIsAH-yPrEYvR_HbZqQi0G_aAVYBu_Crvyz-KlycmDTZ19K-cVV9zBONWMukrAaAsvGEALw_wcB" "Mozilla/5.0 (Linux; Android 10; K) AppleWebKit/537.36 (KHTML, like Gecko) Chrome/150.0.0.0 Mobile Safari/537.36"
185.9.89.115 - - [16/Jul/2026:14:30:35 +0000] "GET /wp-content/plugins/jetpack/jetpack_vendor/automattic/jetpack-newsletter/build/reader-link.css?ver=6569e23e23e0349e92b7 HTTP/3" 200 751 "https://www.max4k-iptv.com/?gad_source=1&gad_campaignid=23988671467&gbraid=0AAAABEGix6_0C-tVkqzD4s6EXPbIci7lo&gclid=Cj0KCQjwguLSBhDLARIsAH-yPrEYvR_HbZqQi0G_aAVYBu_Crvyz-KlycmDTZ19K-cVV9zBONWMukrAaAsvGEALw_wcB" "Mozilla/5.0 (Linux; Android 10; K) AppleWebKit/537.36 (KHTML, like Gecko) Chrome/150.0.0.0 Mobile Safari/537.36"
185.9.89.115 - - [16/Jul/2026:14:30:35 +0000] "GET /wp-content/plugins/elementor/assets/css/widget-image.min.css?ver=4.0.5 HTTP/3" 200 96 "https://www.max4k-iptv.com/?gad_source=1&gad_campaignid=23988671467&gbraid=0AAAABEGix6_0C-tVkqzD4s6EXPbIci7lo&gclid=Cj0KCQjwguLSBhDLARIsAH-yPrEYvR_HbZqQi0G_aAVYBu_Crvyz-KlycmDTZ19K-cVV9zBONWMukrAaAsvGEALw_wcB" "Mozilla/5.0 (Linux; Android 10; K) AppleWebKit/537.36 (KHTML, like Gecko) Chrome/150.0.0.0 Mobile Safari/537.36"
185.9.89.115 - - [16/Jul/2026:14:30:35 +0000] "GET /wp-content/plugins/elementor-pro/assets/css/widget-nav-menu.min.css?ver=3.25.3 HTTP/3" 200 3142 "https://www.max4k-iptv.com/?gad_source=1&gad_campaignid=23988671467&gbraid=0AAAABEGix6_0C-tVkqzD4s6EXPbIci7lo&gclid=Cj0KCQjwguLSBhDLARIsAH-yPrEYvR_HbZqQi0G_aAVYBu_Crvyz-KlycmDTZ19K-cVV9zBONWMukrAaAsvGEALw_wcB" "Mozilla/5.0 (Linux; Android 10; K) AppleWebKit/537.36 (KHTML, like Gecko) Chrome/150.0.0.0 Mobile Safari/537.36"
185.9.89.115 - - [16/Jul/2026:14:30:35 +0000] "GET /wp-content/plugins/elementor/assets/css/widget-heading.min.css?ver=4.0.5 HTTP/3" 200 126 "https://www.max4k-iptv.com/?gad_source=1&gad_campaignid=23988671467&gbraid=0AAAABEGix6_0C-tVkqzD4s6EXPbIci7lo&gclid=Cj0KCQjwguLSBhDLARIsAH-yPrEYvR_HbZqQi0G_aAVYBu_Crvyz-KlycmDTZ19K-cVV9zBONWMukrAaAsvGEALw_wcB" "Mozilla/5.0 (Linux; Android 10; K) AppleWebKit/537.36 (KHTML, like Gecko) Chrome/150.0.0.0 Mobile Safari/537.36"
185.9.89.115 - - [16/Jul/2026:14:30:35 +0000] "GET /wp-content/plugins/elementor/assets/css/widget-icon-list.min.css?ver=4.0.5 HTTP/3" 200 928 "https://www.max4k-iptv.com/?gad_source=1&gad_campaignid=23988671467&gbraid=0AAAABEGix6_0C-tVkqzD4s6EXPbIci7lo&gclid=Cj0KCQjwguLSBhDLARIsAH-yPrEYvR_HbZqQi0G_aAVYBu_Crvyz-KlycmDTZ19K-cVV9zBONWMukrAaAsvGEALw_wcB" "Mozilla/5.0 (Linux; Android 10; K) AppleWebKit/537.36 (KHTML, like Gecko) Chrome/150.0.0.0 Mobile Safari/537.36"
185.9.89.115 - - [16/Jul/2026:14:30:35 +0000] "GET /wp-content/plugins/elementor/assets/css/conditionals/shapes.min.css?ver=4.0.5 HTTP/3" 200 221 "https://www.max4k-iptv.com/?gad_source=1&gad_campaignid=23988671467&gbraid=0AAAABEGix6_0C-tVkqzD4s6EXPbIci7lo&gclid=Cj0KCQjwguLSBhDLARIsAH-yPrEYvR_HbZqQi0G_aAVYBu_Crvyz-KlycmDTZ19K-cVV9zBONWMukrAaAsvGEALw_wcB" "Mozilla/5.0 (Linux; Android 10; K) AppleWebKit/537.36 (KHTML, like Gecko) Chrome/150.0.0.0 Mobile Safari/537.36"
185.9.89.115 - - [16/Jul/2026:14:30:35 +0000] "GET /wp-content/plugins/elementor-pro/assets/css/conditionals/popup.min.css?ver=3.25.3 HTTP/3" 200 322 "https://www.max4k-iptv.com/?gad_source=1&gad_campaignid=23988671467&gbraid=0AAAABEGix6_0C-tVkqzD4s6EXPbIci7lo&gclid=Cj0KCQjwguLSBhDLARIsAH-yPrEYvR_HbZqQi0G_aAVYBu_Crvyz-KlycmDTZ19K-cVV9zBONWMukrAaAsvGEALw_wcB" "Mozilla/5.0 (Linux; Android 10; K) AppleWebKit/537.36 (KHTML, like Gecko) Chrome/150.0.0.0 Mobile Safari/537.36"
185.9.89.115 - - [16/Jul/2026:14:30:35 +0000] "GET /wp-content/plugins/elementor/assets/lib/animations/styles/fadeInLeft.min.css?ver=4.0.5 HTTP/3" 200 137 "https://www.max4k-iptv.com/?gad_source=1&gad_campaignid=23988671467&gbraid=0AAAABEGix6_0C-tVkqzD4s6EXPbIci7lo&gclid=Cj0KCQjwguLSBhDLARIsAH-yPrEYvR_HbZqQi0G_aAVYBu_Crvyz-KlycmDTZ19K-cVV9zBONWMukrAaAsvGEALw_wcB" "Mozilla/5.0 (Linux; Android 10; K) AppleWebKit/537.36 (KHTML, like Gecko) Chrome/150.0.0.0 Mobile Safari/537.36"
185.9.89.115 - - [16/Jul/2026:14:30:35 +0000] "GET /wp-content/plugins/elementor/assets/lib/animations/styles/e-animation-shrink.min.css?ver=4.0.5 HTTP/3" 200 95 "https://www.max4k-iptv.com/?gad_source=1&gad_campaignid=23988671467&gbraid=0AAAABEGix6_0C-tVkqzD4s6EXPbIci7lo&gclid=Cj0KCQjwguLSBhDLARIsAH-yPrEYvR_HbZqQi0G_aAVYBu_Crvyz-KlycmDTZ19K-cVV9zBONWMukrAaAsvGEALw_wcB" "Mozilla/5.0 (Linux; Android 10; K) AppleWebKit/537.36 (KHTML, like Gecko) Chrome/150.0.0.0 Mobile Safari/537.36"
185.9.89.115 - - [16/Jul/2026:14:30:35 +0000] "GET /wp-content/plugins/elementor/assets/lib/animations/styles/fadeInDown.min.css?ver=4.0.5 HTTP/3" 200 137 "https://www.max4k-iptv.com/?gad_source=1&gad_campaignid=23988671467&gbraid=0AAAABEGix6_0C-tVkqzD4s6EXPbIci7lo&gclid=Cj0KCQjwguLSBhDLARIsAH-yPrEYvR_HbZqQi0G_aAVYBu_Crvyz-KlycmDTZ19K-cVV9zBONWMukrAaAsvGEALw_wcB" "Mozilla/5.0 (Linux; Android 10; K) AppleWebKit/537.36 (KHTML, like Gecko) Chrome/150.0.0.0 Mobile Safari/537.36"
185.9.89.115 - - [16/Jul/2026:14:30:35 +0000] "GET /wp-content/plugins/elementor/assets/css/conditionals/e-swiper.min.css?ver=4.0.5 HTTP/3" 200 699 "https://www.max4k-iptv.com/?gad_source=1&gad_campaignid=23988671467&gbraid=0AAAABEGix6_0C-tVkqzD4s6EXPbIci7lo&gclid=Cj0KCQjwguLSBhDLARIsAH-yPrEYvR_HbZqQi0G_aAVYBu_Crvyz-KlycmDTZ19K-cVV9zBONWMukrAaAsvGEALw_wcB" "Mozilla/5.0 (Linux; Android 10; K) AppleWebKit/537.36 (KHTML, like Gecko) Chrome/150.0.0.0 Mobile Safari/537.36"
185.9.89.115 - - [16/Jul/2026:14:30:35 +0000] "GET /wp-content/plugins/elementor/assets/css/frontend.min.css?ver=4.0.5 HTTP/3" 200 6613 "https://www.max4k-iptv.com/?gad_source=1&gad_campaignid=23988671467&gbraid=0AAAABEGix6_0C-tVkqzD4s6EXPbIci7lo&gclid=Cj0KCQjwguLSBhDLARIsAH-yPrEYvR_HbZqQi0G_aAVYBu_Crvyz-KlycmDTZ19K-cVV9zBONWMukrAaAsvGEALw_wcB" "Mozilla/5.0 (Linux; Android 10; K) AppleWebKit/537.36 (KHTML, like Gecko) Chrome/150.0.0.0 Mobile Safari/537.36"
185.9.89.115 - - [16/Jul/2026:14:30:35 +0000] "GET /wp-content/plugins/elementor/assets/lib/swiper/v8/css/swiper.min.css?ver=8.4.5 HTTP/3" 200 4248 "https://www.max4k-iptv.com/?gad_source=1&gad_campaignid=23988671467&gbraid=0AAAABEGix6_0C-tVkqzD4s6EXPbIci7lo&gclid=Cj0KCQjwguLSBhDLARIsAH-yPrEYvR_HbZqQi0G_aAVYBu_Crvyz-KlycmDTZ19K-cVV9zBONWMukrAaAsvGEALw_wcB" "Mozilla/5.0 (Linux; Android 10; K) AppleWebKit/537.36 (KHTML, like Gecko) Chrome/150.0.0.0 Mobile Safari/537.36"
185.9.89.115 - - [16/Jul/2026:14:30:35 +0000] "GET /wp-content/plugins/elementor/assets/css/widget-image-carousel.min.css?ver=4.0.5 HTTP/3" 200 140 "https://www.max4k-iptv.com/?gad_source=1&gad_campaignid=23988671467&gbraid=0AAAABEGix6_0C-tVkqzD4s6EXPbIci7lo&gclid=Cj0KCQjwguLSBhDLARIsAH-yPrEYvR_HbZqQi0G_aAVYBu_Crvyz-KlycmDTZ19K-cVV9zBONWMukrAaAsvGEALw_wcB" "Mozilla/5.0 (Linux; Android 10; K) AppleWebKit/537.36 (KHTML, like Gecko) Chrome/150.0.0.0 Mobile Safari/537.36"
