113.23.28.76 - - [17/Jul/2026:01:06:40 +0000] "GET /wp-json/wp/v2/users/me?context=edit&_locale=user HTTP/2" 200 0 "https://www.max4k-iptv.com/?gad_source=1&gad_campaignid=23988671467&gclid=Cj0KCQjwguLSBhDLARIsAH-yPrEkc5VWKBrPLbl9QqVcU43kwlEYHm2ZrYh1NZPsRPDAwfGFf5CgveAaAo0SEALw_wcB" "Mozilla/5.0 (iPhone; CPU iPhone OS 26_6_0 like Mac OS X) AppleWebKit/605.1.15 (KHTML, like Gecko) CriOS/150.0.7871.113 Mobile/15E148 Safari/604.1"
113.23.28.76 - - [17/Jul/2026:01:06:41 +0000] "GET /wp-content/uploads/2025/12/Hexa-Max-150x150.webp HTTP/2" 200 2634 "-" "Mozilla/5.0 (iPhone; CPU iPhone OS 26_6_0 like Mac OS X) AppleWebKit/605.1.15 (KHTML, like Gecko) CriOS/150.0.7871.113 Mobile/15E148 Safari/604.1"
17.22.245.133 - - [17/Jul/2026:01:06:41 +0000] "GET /wp-includes/js/dist/wordcount.min.js?ver=3b928d5db8724a8614dd HTTP/2" 200 960 "https://www.max4k-iptv.com/faqs/" "Mozilla/5.0 (Macintosh; Intel Mac OS X 10_15_7) AppleWebKit/605.1.15 (KHTML, like Gecko) Version/17.4 Safari/605.1.15 (Applebot/0.1; +http://www.apple.com/go/applebot)"
17.22.245.133 - - [17/Jul/2026:01:06:42 +0000] "GET /wp-includes/js/dist/editor.min.js?ver=425fffc30511d9d52e5f HTTP/2" 200 338548 "https://www.max4k-iptv.com/faqs/" "Mozilla/5.0 (Macintosh; Intel Mac OS X 10_15_7) AppleWebKit/605.1.15 (KHTML, like Gecko) Version/17.4 Safari/605.1.15 (Applebot/0.1; +http://www.apple.com/go/applebot)"
17.22.245.133 - - [17/Jul/2026:01:06:44 +0000] "GET /wp-content/plugins/instant-approval-payment-gateway/assets/js/paygatedottogateway-block-checkout-support.js?ver=1772892666 HTTP/2" 200 404 "https://www.max4k-iptv.com/faqs/" "Mozilla/5.0 (Macintosh; Intel Mac OS X 10_15_7) AppleWebKit/605.1.15 (KHTML, like Gecko) Version/17.4 Safari/605.1.15 (Applebot/0.1; +http://www.apple.com/go/applebot)"
17.22.245.133 - - [17/Jul/2026:01:06:48 +0000] "GET /wp-content/themes/hello-elementor/assets/js/hello-frontend.js?ver=3.4.5 HTTP/2" 200 493 "https://www.max4k-iptv.com/faqs/" "Mozilla/5.0 (Macintosh; Intel Mac OS X 10_15_7) AppleWebKit/605.1.15 (KHTML, like Gecko) Version/17.4 Safari/605.1.15 (Applebot/0.1; +http://www.apple.com/go/applebot)"
17.22.245.133 - - [17/Jul/2026:01:06:49 +0000] "GET /wp-content/plugins/jetpack/jetpack_vendor/automattic/woocommerce-analytics/build/woocommerce-analytics-client.js?minify=false&ver=80112f9db03e5698f4a6 HTTP/2" 200 4140 "https://www.max4k-iptv.com/faqs/" "Mozilla/5.0 (Macintosh; Intel Mac OS X 10_15_7) AppleWebKit/605.1.15 (KHTML, like Gecko) Version/17.4 Safari/605.1.15 (Applebot/0.1; +http://www.apple.com/go/applebot)"
17.22.245.133 - - [17/Jul/2026:01:06:51 +0000] "GET /wp-content/plugins/elementor/assets/js/webpack.runtime.min.js?ver=4.0.5 HTTP/2" 200 2280 "https://www.max4k-iptv.com/faqs/" "Mozilla/5.0 (Macintosh; Intel Mac OS X 10_15_7) AppleWebKit/605.1.15 (KHTML, like Gecko) Version/17.4 Safari/605.1.15 (Applebot/0.1; +http://www.apple.com/go/applebot)"
17.22.245.133 - - [17/Jul/2026:01:06:52 +0000] "GET /wp-content/plugins/elementor/assets/js/frontend-modules.min.js?ver=4.0.5 HTTP/2" 200 15445 "https://www.max4k-iptv.com/faqs/" "Mozilla/5.0 (Macintosh; Intel Mac OS X 10_15_7) AppleWebKit/605.1.15 (KHTML, like Gecko) Version/17.4 Safari/605.1.15 (Applebot/0.1; +http://www.apple.com/go/applebot)"
17.22.245.133 - - [17/Jul/2026:01:06:54 +0000] "GET /wp-includes/js/jquery/ui/core.min.js?ver=1.13.3 HTTP/2" 200 6812 "https://www.max4k-iptv.com/faqs/" "Mozilla/5.0 (Macintosh; Intel Mac OS X 10_15_7) AppleWebKit/605.1.15 (KHTML, like Gecko) Version/17.4 Safari/605.1.15 (Applebot/0.1; +http://www.apple.com/go/applebot)"
17.22.245.133 - - [17/Jul/2026:01:06:55 +0000] "GET /wp-content/plugins/elementor/assets/js/frontend.min.js?ver=4.0.5 HTTP/2" 200 10050 "https://www.max4k-iptv.com/faqs/" "Mozilla/5.0 (Macintosh; Intel Mac OS X 10_15_7) AppleWebKit/605.1.15 (KHTML, like Gecko) Version/17.4 Safari/605.1.15 (Applebot/0.1; +http://www.apple.com/go/applebot)"
17.22.245.133 - - [17/Jul/2026:01:06:57 +0000] "GET /wp-content/plugins/elementor-pro/assets/lib/smartmenus/jquery.smartmenus.min.js?ver=1.2.1 HTTP/2" 200 6867 "https://www.max4k-iptv.com/faqs/" "Mozilla/5.0 (Macintosh; Intel Mac OS X 10_15_7) AppleWebKit/605.1.15 (KHTML, like Gecko) Version/17.4 Safari/605.1.15 (Applebot/0.1; +http://www.apple.com/go/applebot)"
17.22.245.133 - - [17/Jul/2026:01:06:58 +0000] "GET /wp-content/plugins/woocommerce/assets/js/sourcebuster/sourcebuster.min.js?ver=10.9.1 HTTP/2" 200 4609 "https://www.max4k-iptv.com/faqs/" "Mozilla/5.0 (Macintosh; Intel Mac OS X 10_15_7) AppleWebKit/605.1.15 (KHTML, like Gecko) Version/17.4 Safari/605.1.15 (Applebot/0.1; +http://www.apple.com/go/applebot)"
17.22.245.133 - - [17/Jul/2026:01:06:59 +0000] "GET /wp-content/plugins/woocommerce/assets/js/frontend/order-attribution.min.js?ver=10.9.1 HTTP/2" 200 1020 "https://www.max4k-iptv.com/faqs/" "Mozilla/5.0 (Macintosh; Intel Mac OS X 10_15_7) AppleWebKit/605.1.15 (KHTML, like Gecko) Version/17.4 Safari/605.1.15 (Applebot/0.1; +http://www.apple.com/go/applebot)"
17.22.245.133 - - [17/Jul/2026:01:07:01 +0000] "GET /wp-content/plugins/elementor-pro/assets/js/webpack-pro.runtime.min.js?ver=3.25.3 HTTP/2" 200 2628 "https://www.max4k-iptv.com/faqs/" "Mozilla/5.0 (Macintosh; Intel Mac OS X 10_15_7) AppleWebKit/605.1.15 (KHTML, like Gecko) Version/17.4 Safari/605.1.15 (Applebot/0.1; +http://www.apple.com/go/applebot)"
17.22.245.133 - - [17/Jul/2026:01:07:02 +0000] "GET /wp-content/plugins/elementor-pro/assets/js/frontend.min.js?ver=3.25.3 HTTP/2" 200 6446 "https://www.max4k-iptv.com/faqs/" "Mozilla/5.0 (Macintosh; Intel Mac OS X 10_15_7) AppleWebKit/605.1.15 (KHTML, like Gecko) Version/17.4 Safari/605.1.15 (Applebot/0.1; +http://www.apple.com/go/applebot)"
17.22.245.133 - - [17/Jul/2026:01:07:04 +0000] "GET /wp-content/plugins/elementor-pro/assets/js/elements-handlers.min.js?ver=3.25.3 HTTP/2" 200 9746 "https://www.max4k-iptv.com/faqs/" "Mozilla/5.0 (Macintosh; Intel Mac OS X 10_15_7) AppleWebKit/605.1.15 (KHTML, like Gecko) Version/17.4 Safari/605.1.15 (Applebot/0.1; +http://www.apple.com/go/applebot)"
17.22.245.133 - - [17/Jul/2026:01:07:05 +0000] "GET /wp-content/plugins/creame-whatsapp-me/public/js/joinchat.min.js?ver=6.0.10 HTTP/2" 200 3159 "https://www.max4k-iptv.com/faqs/" "Mozilla/5.0 (Macintosh; Intel Mac OS X 10_15_7) AppleWebKit/605.1.15 (KHTML, like Gecko) Version/17.4 Safari/605.1.15 (Applebot/0.1; +http://www.apple.com/go/applebot)"
17.22.245.133 - - [17/Jul/2026:01:07:08 +0000] "GET /wp-content/plugins/woocommerce/assets/css/woocommerce-smallscreen.css?ver=10.9.1 HTTP/2" 200 1297 "https://www.max4k-iptv.com/faqs/" "Mozilla/5.0 (Macintosh; Intel Mac OS X 10_15_7) AppleWebKit/605.1.15 (KHTML, like Gecko) Version/17.4 Safari/605.1.15 (Applebot/0.1; +http://www.apple.com/go/applebot)"
17.22.245.133 - - [17/Jul/2026:01:07:09 +0000] "GET /wp-content/plugins/jetpack/jetpack_vendor/automattic/woocommerce-analytics/build/193.js?minify=false&ver=5b5cf55edcce081b4ad1 HTTP/2" 200 2861 "https://www.max4k-iptv.com/faqs/" "Mozilla/5.0 (Macintosh; Intel Mac OS X 10_15_7) AppleWebKit/605.1.15 (KHTML, like Gecko) Version/17.4 Safari/605.1.15 (Applebot/0.1; +http://www.apple.com/go/applebot)"
17.22.245.133 - - [17/Jul/2026:01:07:11 +0000] "GET /wp-includes/js/wp-emoji-release.min.js?ver=7.0.1 HTTP/2" 200 4974 "https://www.max4k-iptv.com/faqs/" "Mozilla/5.0 (Macintosh; Intel Mac OS X 10_15_7) AppleWebKit/605.1.15 (KHTML, like Gecko) Version/17.4 Safari/605.1.15 (Applebot/0.1; +http://www.apple.com/go/applebot)"
17.22.245.133 - - [17/Jul/2026:01:07:06 +0000] "GET /wp-json/wp/v2/users/me?context=edit&_locale=user HTTP/2" 401 81 "https://www.max4k-iptv.com/faqs/" "Mozilla/5.0 (Macintosh; Intel Mac OS X 10_15_7) AppleWebKit/605.1.15 (KHTML, like Gecko) Version/17.4 Safari/605.1.15 (Applebot/0.1; +http://www.apple.com/go/applebot)"
17.22.245.133 - - [17/Jul/2026:01:07:12 +0000] "GET /wp-content/plugins/elementor/assets/js/section-frontend-handlers.d85ab872da118940910d.bundle.min.js HTTP/2" 200 229 "https://www.max4k-iptv.com/faqs/" "Mozilla/5.0 (Macintosh; Intel Mac OS X 10_15_7) AppleWebKit/605.1.15 (KHTML, like Gecko) Version/17.4 Safari/605.1.15 (Applebot/0.1; +http://www.apple.com/go/applebot)"
17.22.245.133 - - [17/Jul/2026:01:07:13 +0000] "GET /wp-content/plugins/elementor/assets/js/shared-frontend-handlers.03caa53373b56d3bab67.bundle.min.js HTTP/2" 200 2511 "https://www.max4k-iptv.com/faqs/" "Mozilla/5.0 (Macintosh; Intel Mac OS X 10_15_7) AppleWebKit/605.1.15 (KHTML, like Gecko) Version/17.4 Safari/605.1.15 (Applebot/0.1; +http://www.apple.com/go/applebot)"
17.22.245.133 - - [17/Jul/2026:01:07:15 +0000] "GET /wp-content/plugins/elementor-pro/assets/js/nav-menu.7e665d03657d48aef483.bundle.min.js HTTP/2" 200 1766 "https://www.max4k-iptv.com/faqs/" "Mozilla/5.0 (Macintosh; Intel Mac OS X 10_15_7) AppleWebKit/605.1.15 (KHTML, like Gecko) Version/17.4 Safari/605.1.15 (Applebot/0.1; +http://www.apple.com/go/applebot)"
49.51.73.183 - - [17/Jul/2026:01:08:57 +0000] "GET /wp-content/uploads/2025/11/premier-lg-white-mode1-1-2.webp HTTP/1.1" 200 4312 "-" "Mozilla/5.0 (iPhone; CPU iPhone OS 13_2_3 like Mac OS X) AppleWebKit/605.1.15 (KHTML, like Gecko) Version/13.0.3 Mobile/15E148 Safari/604.1"
43.134.62.67 - - [17/Jul/2026:01:15:32 +0000] "GET /wp-content/uploads/2025/11/1-2-1.webp HTTP/1.1" 200 13680 "-" "Mozilla/5.0 (iPhone; CPU iPhone OS 13_2_3 like Mac OS X) AppleWebKit/605.1.15 (KHTML, like Gecko) Version/13.0.3 Mobile/15E148 Safari/604.1"
162.120.186.188 - - [17/Jul/2026:01:18:01 +0000] "GET /livetvnow26k?gad_source=1&gad_campaignid=23988671467&gbraid=0AAAABEGix69m1BqyGfl5Tlu0zUPjUOO8N&gclid=Cj0KCQjwguLSBhDLARIsAH-yPrHrvf-7SJaLURtXvK4NUYaDaO2owKiAaPkce4xTsfrOddqcjrt-544aAtoqEALw_wcB HTTP/2" 200 0 "https://www.google.com/" "Mozilla/5.0 (Macintosh; Intel Mac OS X 10_15_7) AppleWebKit/537.36 (KHTML, like Gecko) Chrome/149.0.0.0 Safari/537.36"
65.181.116.207 - - [17/Jul/2026:01:18:07 +0000] "POST /wp-cron.php?doing_wp_cron=1784251087.0727429389953613281250 HTTP/1.1" 200 0 "-" "WordPress/7.0.1; https://www.max4k-iptv.com"
74.125.212.200 - - [17/Jul/2026:01:18:00 +0000] "GET /.well-known/traffic-advice HTTP/1.1" 404 25288 "-" "Chrome Privacy Preserving Prefetch Proxy"
72.14.199.202 - - [17/Jul/2026:01:18:07 +0000] "GET /checkout/order-pay/1212/ HTTP/1.1" 200 70211 "-" "Mozilla/5.0 (Linux; Android 6.0.1; Nexus 5X Build/MMB29P) AppleWebKit/537.36 (KHTML, like Gecko) Chrome/150.0.7871.124 Mobile Safari/537.36 (compatible; AdsBot-Google-Mobile; +http://www.google.com/mobile/adsbot.html)"
72.14.199.201 - - [17/Jul/2026:01:18:47 +0000] "GET /wp-content/plugins/elementor/assets/css/widget-image.min.css?ver=4.0.5 HTTP/1.1" 200 96 "https://www.max4k-iptv.com/checkout/order-pay/1212/" "AdsBot-Google (+http://www.google.com/adsbot.html)"
65.181.116.207 - - [17/Jul/2026:01:18:58 +0000] "POST /wp-cron.php?doing_wp_cron=1784251138.4710879325866699218750 HTTP/1.1" 200 0 "-" "WordPress/7.0.1; https://www.max4k-iptv.com"
72.14.199.201 - - [17/Jul/2026:01:18:51 +0000] "GET /checkout/order-pay/1149/ HTTP/1.1" 200 70213 "-" "Mozilla/5.0 (Linux; Android 6.0.1; Nexus 5X Build/MMB29P) AppleWebKit/537.36 (KHTML, like Gecko) Chrome/150.0.7871.124 Mobile Safari/537.36 (compatible; AdsBot-Google-Mobile; +http://www.google.com/mobile/adsbot.html)"
72.14.199.203 - - [17/Jul/2026:01:19:03 +0000] "GET /checkout/order-pay/1144/ HTTP/1.1" 200 70214 "-" "Mozilla/5.0 (Linux; Android 6.0.1; Nexus 5X Build/MMB29P) AppleWebKit/537.36 (KHTML, like Gecko) Chrome/150.0.7871.124 Mobile Safari/537.36 (compatible; AdsBot-Google-Mobile; +http://www.google.com/mobile/adsbot.html)"
65.181.116.207 - - [17/Jul/2026:01:21:10 +0000] "POST /wp-cron.php?doing_wp_cron=1784251270.1930179595947265625000 HTTP/1.1" 200 0 "-" "WordPress/7.0.1; https://www.max4k-iptv.com"
72.14.199.203 - - [17/Jul/2026:01:21:01 +0000] "GET /checkout/order-pay/1206/ HTTP/1.1" 200 70215 "-" "Mozilla/5.0 (Linux; Android 6.0.1; Nexus 5X Build/MMB29P) AppleWebKit/537.36 (KHTML, like Gecko) Chrome/150.0.7871.124 Mobile Safari/537.36 (compatible; AdsBot-Google-Mobile; +http://www.google.com/mobile/adsbot.html)"
103.253.145.175 - - [17/Jul/2026:01:21:13 +0000] "GET //wp-includes/ID3/license.txt HTTP/1.1" 200 1396 "-" "Mozilla/5.0 (Windows NT 10.0; Win64; x64) AppleWebKit/537.36 (KHTML, like Gecko) Chrome/95.0.4638.69 Safari/537.36"
103.253.145.175 - - [17/Jul/2026:01:21:14 +0000] "GET //feed/ HTTP/1.1" 301 0 "-" "Mozilla/5.0 (Windows NT 10.0; Win64; x64) AppleWebKit/537.36 (KHTML, like Gecko) Chrome/95.0.4638.69 Safari/537.36"
103.253.145.175 - - [17/Jul/2026:01:21:18 +0000] "GET //xmlrpc.php?rsd HTTP/1.1" 403 1242 "-" "Mozilla/5.0 (Windows NT 10.0; Win64; x64) AppleWebKit/537.36 (KHTML, like Gecko) Chrome/95.0.4638.69 Safari/537.36"
103.253.145.175 - - [17/Jul/2026:01:21:19 +0000] "GET //blog/wp-includes/wlwmanifest.xml HTTP/1.1" 301 0 "-" "Mozilla/5.0 (Windows NT 10.0; Win64; x64) AppleWebKit/537.36 (KHTML, like Gecko) Chrome/95.0.4638.69 Safari/537.36"
65.181.116.207 - - [17/Jul/2026:01:21:28 +0000] "POST /wp-cron.php?doing_wp_cron=1784251288.0099990367889404296875 HTTP/1.1" 200 0 "-" "WordPress/7.0.1; https://www.max4k-iptv.com"
103.253.145.175 - - [17/Jul/2026:01:21:23 +0000] "GET //web/wp-includes/wlwmanifest.xml HTTP/1.1" 301 0 "-" "Mozilla/5.0 (Windows NT 10.0; Win64; x64) AppleWebKit/537.36 (KHTML, like Gecko) Chrome/95.0.4638.69 Safari/537.36"
103.253.145.175 - - [17/Jul/2026:01:21:28 +0000] "GET //wordpress/wp-includes/wlwmanifest.xml HTTP/1.1" 301 0 "-" "Mozilla/5.0 (Windows NT 10.0; Win64; x64) AppleWebKit/537.36 (KHTML, like Gecko) Chrome/95.0.4638.69 Safari/537.36"
103.253.145.175 - - [17/Jul/2026:01:21:31 +0000] "GET //wp/wp-includes/wlwmanifest.xml HTTP/1.1" 301 0 "-" "Mozilla/5.0 (Windows NT 10.0; Win64; x64) AppleWebKit/537.36 (KHTML, like Gecko) Chrome/95.0.4638.69 Safari/537.36"
65.181.116.207 - - [17/Jul/2026:01:21:39 +0000] "POST /wp-cron.php?doing_wp_cron=1784251299.2123570442199707031250 HTTP/1.1" 200 0 "-" "WordPress/7.0.1; https://www.max4k-iptv.com"
103.253.145.175 - - [17/Jul/2026:01:21:35 +0000] "GET //2020/wp-includes/wlwmanifest.xml HTTP/1.1" 301 0 "-" "Mozilla/5.0 (Windows NT 10.0; Win64; x64) AppleWebKit/537.36 (KHTML, like Gecko) Chrome/95.0.4638.69 Safari/537.36"
103.253.145.175 - - [17/Jul/2026:01:21:39 +0000] "GET //2019/wp-includes/wlwmanifest.xml HTTP/1.1" 301 0 "-" "Mozilla/5.0 (Windows NT 10.0; Win64; x64) AppleWebKit/537.36 (KHTML, like Gecko) Chrome/95.0.4638.69 Safari/537.36"
103.253.145.175 - - [17/Jul/2026:01:21:42 +0000] "GET //2021/wp-includes/wlwmanifest.xml HTTP/1.1" 301 0 "-" "Mozilla/5.0 (Windows NT 10.0; Win64; x64) AppleWebKit/537.36 (KHTML, like Gecko) Chrome/95.0.4638.69 Safari/537.36"
103.253.145.175 - - [17/Jul/2026:01:21:47 +0000] "GET //shop/wp-includes/wlwmanifest.xml HTTP/1.1" 301 0 "-" "Mozilla/5.0 (Windows NT 10.0; Win64; x64) AppleWebKit/537.36 (KHTML, like Gecko) Chrome/95.0.4638.69 Safari/537.36"
103.253.145.175 - - [17/Jul/2026:01:21:53 +0000] "GET //wp1/wp-includes/wlwmanifest.xml HTTP/1.1" 301 0 "-" "Mozilla/5.0 (Windows NT 10.0; Win64; x64) AppleWebKit/537.36 (KHTML, like Gecko) Chrome/95.0.4638.69 Safari/537.36"
103.253.145.175 - - [17/Jul/2026:01:21:58 +0000] "GET //test/wp-includes/wlwmanifest.xml HTTP/1.1" 301 0 "-" "Mozilla/5.0 (Windows NT 10.0; Win64; x64) AppleWebKit/537.36 (KHTML, like Gecko) Chrome/95.0.4638.69 Safari/537.36"
103.253.145.175 - - [17/Jul/2026:01:22:05 +0000] "GET //site/wp-includes/wlwmanifest.xml HTTP/1.1" 301 0 "-" "Mozilla/5.0 (Windows NT 10.0; Win64; x64) AppleWebKit/537.36 (KHTML, like Gecko) Chrome/95.0.4638.69 Safari/537.36"
103.253.145.175 - - [17/Jul/2026:01:22:11 +0000] "GET //cms/wp-includes/wlwmanifest.xml HTTP/1.1" 301 0 "-" "Mozilla/5.0 (Windows NT 10.0; Win64; x64) AppleWebKit/537.36 (KHTML, like Gecko) Chrome/95.0.4638.69 Safari/537.36"
65.181.116.207 - - [17/Jul/2026:01:26:23 +0000] "POST /wp-cron.php?doing_wp_cron=1784251582.9932711124420166015625 HTTP/1.1" 200 0 "-" "WordPress/7.0.1; https://www.max4k-iptv.com"
72.14.199.201 - - [17/Jul/2026:01:26:16 +0000] "GET /checkout/order-pay/1124/ HTTP/1.1" 200 70212 "-" "Mozilla/5.0 (Linux; Android 6.0.1; Nexus 5X Build/MMB29P) AppleWebKit/537.36 (KHTML, like Gecko) Chrome/150.0.7871.124 Mobile Safari/537.36 (compatible; AdsBot-Google-Mobile; +http://www.google.com/mobile/adsbot.html)"
72.14.199.201 - - [17/Jul/2026:01:27:26 +0000] "GET /wp-content/plugins/elementor-pro/assets/css/modules/motion-fx.min.css?ver=3.25.3 HTTP/1.1" 200 210 "https://www.max4k-iptv.com/checkout/order-pay/1124/" "AdsBot-Google (+http://www.google.com/adsbot.html)"
72.14.199.201 - - [17/Jul/2026:01:27:31 +0000] "GET /wp-includes/js/dist/vendor/react.min.js?ver=18.3.1.1 HTTP/1.1" 200 4117 "https://www.max4k-iptv.com/checkout/order-pay/1124/" "AdsBot-Google (+http://www.google.com/adsbot.html)"
72.14.199.201 - - [17/Jul/2026:01:27:35 +0000] "GET /wp-includes/js/dist/vendor/react-jsx-runtime.min.js?ver=18.3.1 HTTP/1.1" 200 613 "https://www.max4k-iptv.com/checkout/order-pay/1124/" "AdsBot-Google (+http://www.google.com/adsbot.html)"
43.134.62.67 - - [17/Jul/2026:01:27:39 +0000] "GET /wp-content/uploads/2025/11/conference-lg-white-mode-1-1.webp HTTP/1.1" 200 6906 "-" "Mozilla/5.0 (iPhone; CPU iPhone OS 13_2_3 like Mac OS X) AppleWebKit/605.1.15 (KHTML, like Gecko) Version/13.0.3 Mobile/15E148 Safari/604.1"
65.181.116.207 - - [17/Jul/2026:01:29:04 +0000] "POST /wp-cron.php?doing_wp_cron=1784251744.6819999217987060546875 HTTP/1.1" 200 0 "-" "WordPress/7.0.1; https://www.max4k-iptv.com"
216.73.163.144 - - [17/Jul/2026:01:28:58 +0000] "POST /wp-login.php HTTP/1.1" 401 1496 "-" "Mozilla/5.0 (X11; U; Linux i686; de; rv:1.8.1.5) Gecko/20070713 Firefox/2.0.0.5"
65.181.116.207 - - [17/Jul/2026:01:33:39 +0000] "POST /wp-cron.php?doing_wp_cron=1784252018.9881820678710937500000 HTTP/1.1" 200 0 "-" "WordPress/7.0.1; https://www.max4k-iptv.com"
216.73.217.92 - - [17/Jul/2026:01:33:34 +0000] "GET /robots.txt HTTP/2" 200 102 "-" "Mozilla/5.0 AppleWebKit/537.36 (KHTML, like Gecko; compatible; ClaudeBot/1.0; [email protected])"
216.73.217.92 - - [17/Jul/2026:01:33:39 +0000] "GET /sitemaps.xml HTTP/2" 200 237 "-" "Mozilla/5.0 AppleWebKit/537.36 (KHTML, like Gecko; compatible; ClaudeBot/1.0; [email protected])"
31.61.181.143 - - [17/Jul/2026:01:36:26 +0000] "GET /livetvnow26k?gad_source=1&gad_campaignid=23988671467&gbraid=0AAAABEGix6--4Xa0W7vGBUys_UlvUw7qw HTTP/2" 200 0 "https://www.google.com/" "Mozilla/5.0 (iPhone; CPU iPhone OS 18_7 like Mac OS X) AppleWebKit/605.1.15 (KHTML, like Gecko) Version/27.0 Mobile/15E148 Safari/604.1"
65.181.116.207 - - [17/Jul/2026:01:36:32 +0000] "POST /wp-cron.php?doing_wp_cron=1784252191.9669239521026611328125 HTTP/1.1" 200 0 "-" "WordPress/7.0.1; https://www.max4k-iptv.com"
193.186.4.222 - - [17/Jul/2026:01:37:13 +0000] "GET /livetvnow26k?gad_source=1&gad_campaignid=23988671467&gbraid=0AAAABEGix69m1BqyGfl5Tlu0zUPjUOO8N&gclid=Cj0KCQjwguLSBhDLARIsAH-yPrGx7QXlI302BuhaZU2rNPJt7GvPftL1cCiWwLt28ibpt26aQZbE720aAhqjEALw_wcB HTTP/2" 200 0 "https://www.google.com/" "Mozilla/5.0 (Linux; Android 10; K) AppleWebKit/537.36 (KHTML, like Gecko) Chrome/150.0.0.0 Mobile Safari/537.36"
65.181.116.207 - - [17/Jul/2026:01:37:51 +0000] "POST /wp-cron.php?doing_wp_cron=1784252271.3224949836730957031250 HTTP/1.1" 200 0 "-" "WordPress/7.0.1; https://www.max4k-iptv.com"
72.14.201.222 - - [17/Jul/2026:01:37:47 +0000] "GET /livetvnow26k?gad_source=1&gad_campaignid=23988671467&gbraid=0AAAABEGix69m1BqyGfl5Tlu0zUPjUOO8N&gclid=Cj0KCQjwguLSBhDLARIsAH-yPrGx7QXlI302BuhaZU2rNPJt7GvPftL1cCiWwLt28ibpt26aQZbE720aAhqjEALw_wcB HTTP/2" 301 0 "https://www.google.com/" "Mozilla/5.0 (Linux; Android 10; K) AppleWebKit/537.36 (KHTML, like Gecko) Chrome/150.0.0.0 Mobile Safari/537.36"
72.14.201.222 - - [17/Jul/2026:01:37:51 +0000] "GET /?gad_source=1&gad_campaignid=23988671467&gbraid=0AAAABEGix69m1BqyGfl5Tlu0zUPjUOO8N&gclid=Cj0KCQjwguLSBhDLARIsAH-yPrGx7QXlI302BuhaZU2rNPJt7GvPftL1cCiWwLt28ibpt26aQZbE720aAhqjEALw_wcB HTTP/2" 200 0 "https://www.google.com/" "Mozilla/5.0 (Linux; Android 10; K) AppleWebKit/537.36 (KHTML, like Gecko) Chrome/150.0.0.0 Mobile Safari/537.36"
72.14.201.222 - - [17/Jul/2026:01:37:53 +0000] "GET /?gad_source=1&gad_campaignid=23988671467&gbraid=0AAAABEGix69m1BqyGfl5Tlu0zUPjUOO8N&gclid=Cj0KCQjwguLSBhDLARIsAH-yPrGx7QXlI302BuhaZU2rNPJt7GvPftL1cCiWwLt28ibpt26aQZbE720aAhqjEALw_wcB HTTP/2" 200 0 "https://www.google.com/" "Mozilla/5.0 (Linux; Android 10; K) AppleWebKit/537.36 (KHTML, like Gecko) Chrome/150.0.0.0 Mobile Safari/537.36"
170.106.72.93 - - [17/Jul/2026:01:40:22 +0000] "GET /wp-content/uploads/2025/11/4-1-2.webp HTTP/1.1" 200 9722 "-" "Mozilla/5.0 (iPhone; CPU iPhone OS 13_2_3 like Mac OS X) AppleWebKit/605.1.15 (KHTML, like Gecko) Version/13.0.3 Mobile/15E148 Safari/604.1"
104.165.75.20 - - [17/Jul/2026:01:42:52 +0000] "GET / HTTP/1.1" 200 50057 "-" "Mozilla/5.0 (compatible; Baiduspider/2.0; +http://www.baidu.com/search/spider.html)"
43.134.91.35 - - [17/Jul/2026:01:45:44 +0000] "GET /wp-content/uploads/2025/11/5-_1_-1.webp HTTP/1.1" 200 3466 "-" "Mozilla/5.0 (iPhone; CPU iPhone OS 13_2_3 like Mac OS X) AppleWebKit/605.1.15 (KHTML, like Gecko) Version/13.0.3 Mobile/15E148 Safari/604.1"
43.167.232.38 - - [17/Jul/2026:01:57:48 +0000] "GET /wp-content/uploads/2025/11/4-5-1-1.webp HTTP/1.1" 200 6078 "-" "Mozilla/5.0 (iPhone; CPU iPhone OS 13_2_3 like Mac OS X) AppleWebKit/605.1.15 (KHTML, like Gecko) Version/13.0.3 Mobile/15E148 Safari/604.1"
65.181.116.207 - - [17/Jul/2026:02:04:12 +0000] "POST /wp-cron.php?doing_wp_cron=1784253852.1806499958038330078125 HTTP/1.1" 200 0 "-" "WordPress/7.0.1; https://www.max4k-iptv.com"
52.167.144.228 - - [17/Jul/2026:02:04:06 +0000] "GET /sitemap.xml.gz HTTP/2" 301 0 "-" "Mozilla/5.0 AppleWebKit/537.36 (KHTML, like Gecko; compatible; bingbot/2.0; +http://www.bing.com/bingbot.htm) Chrome/116.0.1938.76 Safari/537.36"
52.167.144.228 - - [17/Jul/2026:02:04:16 +0000] "GET /wp-sitemap.xml HTTP/2" 301 0 "-" "Mozilla/5.0 AppleWebKit/537.36 (KHTML, like Gecko; compatible; bingbot/2.0; +http://www.bing.com/bingbot.htm) Chrome/116.0.1938.76 Safari/537.36"
216.73.163.119 - - [17/Jul/2026:02:04:18 +0000] "POST /wp-login.php HTTP/1.1" 401 1499 "-" "Opera/9.80 (J2ME/MIDP; Opera Mini/4.0 (compatible; MSIE 5.0; UNIX) Opera 6.12 [en]/24.838; U; en) Presto/2.5.25 Version/10.54"
65.181.116.207 - - [17/Jul/2026:02:04:28 +0000] "POST /wp-cron.php?doing_wp_cron=1784253868.6367518901824951171875 HTTP/1.1" 200 0 "-" "WordPress/7.0.1; https://www.max4k-iptv.com"
52.167.144.228 - - [17/Jul/2026:02:04:22 +0000] "GET /sitemaps.xml HTTP/2" 200 237 "-" "Mozilla/5.0 AppleWebKit/537.36 (KHTML, like Gecko; compatible; bingbot/2.0; +http://www.bing.com/bingbot.htm) Chrome/116.0.1938.76 Safari/537.36"
65.181.116.207 - - [17/Jul/2026:02:10:32 +0000] "POST /wp-cron.php?doing_wp_cron=1784254232.2088110446929931640625 HTTP/1.1" 200 0 "-" "WordPress/7.0.1; https://www.max4k-iptv.com"
198.244.240.3 - - [17/Jul/2026:02:10:27 +0000] "GET /sitemaps.xml HTTP/2" 200 237 "-" "Mozilla/5.0 (compatible; AhrefsBot/7.0; +http://ahrefs.com/robot/)"
198.244.240.19 - - [17/Jul/2026:02:10:34 +0000] "GET /post-sitemap1.xml HTTP/2" 200 251 "-" "Mozilla/5.0 (compatible; AhrefsBot/7.0; +http://ahrefs.com/robot/)"
198.244.240.4 - - [17/Jul/2026:02:10:39 +0000] "GET /page-sitemap1.xml HTTP/2" 200 577 "-" "Mozilla/5.0 (compatible; AhrefsBot/7.0; +http://ahrefs.com/robot/)"
198.244.242.54 - - [17/Jul/2026:02:10:46 +0000] "GET /category-sitemap1.xml HTTP/2" 200 201 "-" "Mozilla/5.0 (compatible; AhrefsBot/7.0; +http://ahrefs.com/robot/)"
195.178.110.211 - - [17/Jul/2026:02:24:20 +0000] "GET /wp-json/gravitysmtp/v1/tests/mock-data HTTP/1.1" 401 53 "http://cpcalendars.max4k-iptv.com/wp-json/gravitysmtp/v1/tests/mock-data?page=gravitysmtp-settings" "Mozilla/5.0 (compatible; SecurityResearch/1.0; )"
65.181.116.207 - - [17/Jul/2026:02:25:24 +0000] "POST /wp-cron.php?doing_wp_cron=1784255124.8601410388946533203125 HTTP/1.1" 200 0 "-" "WordPress/7.0.1; https://www.max4k-iptv.com"
40.77.167.132 - - [17/Jul/2026:02:25:19 +0000] "GET /sitemaps.xml HTTP/2" 200 237 "-" "Mozilla/5.0 AppleWebKit/537.36 (KHTML, like Gecko; compatible; bingbot/2.0; +http://www.bing.com/bingbot.htm) Chrome/116.0.1938.76 Safari/537.36"
65.181.116.207 - - [17/Jul/2026:02:40:16 +0000] "POST /wp-cron.php?doing_wp_cron=1784256016.1074349880218505859375 HTTP/1.1" 200 0 "-" "WordPress/7.0.1; https://www.max4k-iptv.com"
216.73.163.139 - - [17/Jul/2026:02:40:11 +0000] "POST /wp-login.php HTTP/1.1" 401 1500 "-" "Mozilla/5.0 (Linux; Android 10; K) AppleWebKit/537.36 (KHTML, like Gecko) Chrome/123.0.0.0 Mobile Safari/537.36 [ip:176.201.176.170]"
54.210.155.69 - - [17/Jul/2026:02:40:41 +0000] "GET /wp-content/uploads/2025/12/Hexa-Max-996-x-423-px-300x127.webp HTTP/1.1" 200 5118 "-" "Mozilla/5.0 AppleWebKit/537.36 (KHTML, like Gecko; compatible; Amazonbot/0.1; +https://developer.amazon.com/support/amazonbot) Chrome/119.0.6045.214 Safari/537.36"
65.181.116.207 - - [17/Jul/2026:02:44:49 +0000] "POST /wp-cron.php?doing_wp_cron=1784256289.7418720722198486328125 HTTP/1.1" 200 0 "-" "WordPress/7.0.1; https://www.max4k-iptv.com"
51.195.215.204 - - [17/Jul/2026:02:44:40 +0000] "GET / HTTP/2" 200 38768 "-" "Mozilla/5.0 (compatible; AhrefsBot/7.0; +http://ahrefs.com/robot/)"
65.181.116.207 - - [17/Jul/2026:02:55:06 +0000] "POST /wp-cron.php?doing_wp_cron=1784256906.2407000064849853515625 HTTP/1.1" 200 0 "-" "WordPress/7.0.1; https://www.max4k-iptv.com"
23.249.174.133 - - [17/Jul/2026:02:54:58 +0000] "GET /feed HTTP/1.1" 301 0 "-" "Go-http-client/1.1"
45.84.229.41 - - [17/Jul/2026:02:55:07 +0000] "GET /feed/ HTTP/1.1" 200 928 "https://max4k-iptv.com/feed" "Go-http-client/1.1"
141.98.11.42 - - [17/Jul/2026:02:57:20 +0000] "GET /wp-admin/ HTTP/1.1" 404 3415 "https://www.binance.com" "Mozilla/5.0 (Windows NT 10.0; Win64; x64) AppleWebKit/537.36 (KHTML, like Gecko) Chrome/133.0.0.0 Safari/537.36"
141.98.11.42 - - [17/Jul/2026:02:57:20 +0000] "GET /wp-admin/css/ HTTP/1.1" 404 3415 "https://www.binance.com" "Mozilla/5.0 (Windows NT 10.0; Win64; x64) AppleWebKit/537.36 (KHTML, like Gecko) Chrome/133.0.0.0 Safari/537.36"
141.98.11.42 - - [17/Jul/2026:02:57:22 +0000] "GET /wp-admin/css/colors/ HTTP/1.1" 404 3415 "https://www.binance.com" "Mozilla/5.0 (Windows NT 10.0; Win64; x64) AppleWebKit/537.36 (KHTML, like Gecko) Chrome/133.0.0.0 Safari/537.36"
141.98.11.42 - - [17/Jul/2026:02:57:22 +0000] "GET /wp-admin/css/colors/blue/ HTTP/1.1" 404 3415 "https://www.binance.com" "Mozilla/5.0 (Windows NT 10.0; Win64; x64) AppleWebKit/537.36 (KHTML, like Gecko) Chrome/133.0.0.0 Safari/537.36"
141.98.11.42 - - [17/Jul/2026:02:57:22 +0000] "GET /wp-admin/css/colors/coffee/ HTTP/1.1" 404 3415 "https://www.binance.com" "Mozilla/5.0 (Windows NT 10.0; Win64; x64) AppleWebKit/537.36 (KHTML, like Gecko) Chrome/133.0.0.0 Safari/537.36"
141.98.11.42 - - [17/Jul/2026:02:57:23 +0000] "GET /wp-admin/css/colors/modern/ HTTP/1.1" 404 3415 "https://www.binance.com" "Mozilla/5.0 (Windows NT 10.0; Win64; x64) AppleWebKit/537.36 (KHTML, like Gecko) Chrome/133.0.0.0 Safari/537.36"
141.98.11.42 - - [17/Jul/2026:02:57:24 +0000] "GET /wp-admin/includes/ HTTP/1.1" 404 3415 "https://www.binance.com" "Mozilla/5.0 (Windows NT 10.0; Win64; x64) AppleWebKit/537.36 (KHTML, like Gecko) Chrome/133.0.0.0 Safari/537.36"
141.98.11.42 - - [17/Jul/2026:02:57:24 +0000] "GET /wp-admin/css/colors/light/ HTTP/1.1" 404 3415 "https://www.binance.com" "Mozilla/5.0 (Windows NT 10.0; Win64; x64) AppleWebKit/537.36 (KHTML, like Gecko) Chrome/133.0.0.0 Safari/537.36"
141.98.11.42 - - [17/Jul/2026:02:57:25 +0000] "GET /wp-admin/css/colors/ectoplasm/ HTTP/1.1" 404 3415 "https://www.binance.com" "Mozilla/5.0 (Windows NT 10.0; Win64; x64) AppleWebKit/537.36 (KHTML, like Gecko) Chrome/133.0.0.0 Safari/537.36"
141.98.11.42 - - [17/Jul/2026:02:57:25 +0000] "GET /wp-admin/css/colors/midnight/ HTTP/1.1" 404 3415 "https://www.binance.com" "Mozilla/5.0 (Windows NT 10.0; Win64; x64) AppleWebKit/537.36 (KHTML, like Gecko) Chrome/133.0.0.0 Safari/537.36"
141.98.11.42 - - [17/Jul/2026:02:57:26 +0000] "GET /wp-admin/css/colors/ocean/ HTTP/1.1" 404 3415 "https://www.binance.com" "Mozilla/5.0 (Windows NT 10.0; Win64; x64) AppleWebKit/537.36 (KHTML, like Gecko) Chrome/133.0.0.0 Safari/537.36"
141.98.11.42 - - [17/Jul/2026:02:57:26 +0000] "GET /wp-admin/maint/ HTTP/1.1" 404 3415 "https://www.binance.com" "Mozilla/5.0 (Windows NT 10.0; Win64; x64) AppleWebKit/537.36 (KHTML, like Gecko) Chrome/133.0.0.0 Safari/537.36"
141.98.11.42 - - [17/Jul/2026:02:57:26 +0000] "GET /wp-admin/js/ HTTP/1.1" 404 3415 "https://www.binance.com" "Mozilla/5.0 (Windows NT 10.0; Win64; x64) AppleWebKit/537.36 (KHTML, like Gecko) Chrome/133.0.0.0 Safari/537.36"
141.98.11.42 - - [17/Jul/2026:02:57:27 +0000] "GET /wp-admin/js/widgets/ HTTP/1.1" 404 3415 "https://www.binance.com" "Mozilla/5.0 (Windows NT 10.0; Win64; x64) AppleWebKit/537.36 (KHTML, like Gecko) Chrome/133.0.0.0 Safari/537.36"
141.98.11.42 - - [17/Jul/2026:02:57:27 +0000] "GET /wp-admin/images/ HTTP/1.1" 404 3415 "https://www.binance.com" "Mozilla/5.0 (Windows NT 10.0; Win64; x64) AppleWebKit/537.36 (KHTML, like Gecko) Chrome/133.0.0.0 Safari/537.36"
141.98.11.42 - - [17/Jul/2026:02:57:27 +0000] "GET /wp-admin/css/colors/sunrise/ HTTP/1.1" 404 3415 "https://www.binance.com" "Mozilla/5.0 (Windows NT 10.0; Win64; x64) AppleWebKit/537.36 (KHTML, like Gecko) Chrome/133.0.0.0 Safari/537.36"
141.98.11.42 - - [17/Jul/2026:02:57:28 +0000] "GET /wp-admin/network/ HTTP/1.1" 404 3415 "https://www.binance.com" "Mozilla/5.0 (Windows NT 10.0; Win64; x64) AppleWebKit/537.36 (KHTML, like Gecko) Chrome/133.0.0.0 Safari/537.36"
141.98.11.42 - - [17/Jul/2026:02:57:28 +0000] "GET /wp-admin/user/ HTTP/1.1" 404 3415 "https://www.binance.com" "Mozilla/5.0 (Windows NT 10.0; Win64; x64) AppleWebKit/537.36 (KHTML, like Gecko) Chrome/133.0.0.0 Safari/537.36"
141.98.11.42 - - [17/Jul/2026:02:57:28 +0000] "GET /wp-includes/ HTTP/1.1" 404 3415 "https://www.binance.com" "Mozilla/5.0 (Windows NT 10.0; Win64; x64) AppleWebKit/537.36 (KHTML, like Gecko) Chrome/133.0.0.0 Safari/537.36"
141.98.11.42 - - [17/Jul/2026:02:57:29 +0000] "GET /wp-includes/Text/ HTTP/1.1" 404 3415 "https://www.binance.com" "Mozilla/5.0 (Windows NT 10.0; Win64; x64) AppleWebKit/537.36 (KHTML, like Gecko) Chrome/133.0.0.0 Safari/537.36"
141.98.11.42 - - [17/Jul/2026:02:57:29 +0000] "GET /wp-includes/rest-api/endpoints/ HTTP/1.1" 404 3415 "https://www.binance.com" "Mozilla/5.0 (Windows NT 10.0; Win64; x64) AppleWebKit/537.36 (KHTML, like Gecko) Chrome/133.0.0.0 Safari/537.36"
141.98.11.42 - - [17/Jul/2026:02:57:29 +0000] "GET /wp-includes/Text/Diff/Renderer/ HTTP/1.1" 404 3415 "https://www.binance.com" "Mozilla/5.0 (Windows NT 10.0; Win64; x64) AppleWebKit/537.36 (KHTML, like Gecko) Chrome/133.0.0.0 Safari/537.36"
141.98.11.42 - - [17/Jul/2026:02:57:30 +0000] "GET /wp-includes/Text/Diff/ HTTP/1.1" 404 3415 "https://www.binance.com" "Mozilla/5.0 (Windows NT 10.0; Win64; x64) AppleWebKit/537.36 (KHTML, like Gecko) Chrome/133.0.0.0 Safari/537.36"
141.98.11.42 - - [17/Jul/2026:02:57:30 +0000] "GET /wp-includes/css/ HTTP/1.1" 404 3415 "https://www.binance.com" "Mozilla/5.0 (Windows NT 10.0; Win64; x64) AppleWebKit/537.36 (KHTML, like Gecko) Chrome/133.0.0.0 Safari/537.36"
141.98.11.42 - - [17/Jul/2026:02:57:31 +0000] "GET /wp-includes/css/dist/ HTTP/1.1" 404 3415 "https://www.binance.com" "Mozilla/5.0 (Windows NT 10.0; Win64; x64) AppleWebKit/537.36 (KHTML, like Gecko) Chrome/133.0.0.0 Safari/537.36"
141.98.11.42 - - [17/Jul/2026:02:57:31 +0000] "GET /wp-includes/style-engine/ HTTP/1.1" 404 3415 "https://www.binance.com" "Mozilla/5.0 (Windows NT 10.0; Win64; x64) AppleWebKit/537.36 (KHTML, like Gecko) Chrome/133.0.0.0 Safari/537.36"
141.98.11.42 - - [17/Jul/2026:02:57:32 +0000] "GET /wp-includes/customize/ HTTP/1.1" 404 3415 "https://www.binance.com" "Mozilla/5.0 (Windows NT 10.0; Win64; x64) AppleWebKit/537.36 (KHTML, like Gecko) Chrome/133.0.0.0 Safari/537.36"
141.98.11.42 - - [17/Jul/2026:02:57:32 +0000] "GET /wp-includes/Text/Diff/Engine/ HTTP/1.1" 404 3415 "https://www.binance.com" "Mozilla/5.0 (Windows NT 10.0; Win64; x64) AppleWebKit/537.36 (KHTML, like Gecko) Chrome/133.0.0.0 Safari/537.36"
141.98.11.42 - - [17/Jul/2026:02:57:32 +0000] "GET /wp-includes/fonts/ HTTP/1.1" 404 3415 "https://www.binance.com" "Mozilla/5.0 (Windows NT 10.0; Win64; x64) AppleWebKit/537.36 (KHTML, like Gecko) Chrome/133.0.0.0 Safari/537.36"
141.98.11.42 - - [17/Jul/2026:02:57:33 +0000] "GET /wp-includes/ID3/ HTTP/1.1" 404 3415 "https://www.binance.com" "Mozilla/5.0 (Windows NT 10.0; Win64; x64) AppleWebKit/537.36 (KHTML, like Gecko) Chrome/133.0.0.0 Safari/537.36"
141.98.11.42 - - [17/Jul/2026:02:57:33 +0000] "GET /wp-includes/sitemaps/ HTTP/1.1" 404 3415 "https://www.binance.com" "Mozilla/5.0 (Windows NT 10.0; Win64; x64) AppleWebKit/537.36 (KHTML, like Gecko) Chrome/133.0.0.0 Safari/537.36"
141.98.11.42 - - [17/Jul/2026:02:57:33 +0000] "GET /wp-includes/SimplePie/ HTTP/1.1" 404 3415 "https://www.binance.com" "Mozilla/5.0 (Windows NT 10.0; Win64; x64) AppleWebKit/537.36 (KHTML, like Gecko) Chrome/133.0.0.0 Safari/537.36"
141.98.11.42 - - [17/Jul/2026:02:57:34 +0000] "GET /wp-includes/js/jcrop/ HTTP/1.1" 404 3415 "https://www.binance.com" "Mozilla/5.0 (Windows NT 10.0; Win64; x64) AppleWebKit/537.36 (KHTML, like Gecko) Chrome/133.0.0.0 Safari/537.36"
141.98.11.42 - - [17/Jul/2026:02:57:34 +0000] "GET /wp-includes/Requests/Auth/ HTTP/1.1" 404 3415 "https://www.binance.com" "Mozilla/5.0 (Windows NT 10.0; Win64; x64) AppleWebKit/537.36 (KHTML, like Gecko) Chrome/133.0.0.0 Safari/537.36"
141.98.11.42 - - [17/Jul/2026:02:57:34 +0000] "GET /wp-includes/sitemaps/providers/ HTTP/1.1" 404 3415 "https://www.binance.com" "Mozilla/5.0 (Windows NT 10.0; Win64; x64) AppleWebKit/537.36 (KHTML, like Gecko) Chrome/133.0.0.0 Safari/537.36"
141.98.11.42 - - [17/Jul/2026:02:57:35 +0000] "GET /wp-includes/IXR/ HTTP/1.1" 404 3415 "https://www.binance.com" "Mozilla/5.0 (Windows NT 10.0; Win64; x64) AppleWebKit/537.36 (KHTML, like Gecko) Chrome/133.0.0.0 Safari/537.36"
141.98.11.42 - - [17/Jul/2026:02:57:37 +0000] "GET /wp-includes/images/ HTTP/1.1" 404 3415 "https://www.binance.com" "Mozilla/5.0 (Windows NT 10.0; Win64; x64) AppleWebKit/537.36 (KHTML, like Gecko) Chrome/133.0.0.0 Safari/537.36"
141.98.11.42 - - [17/Jul/2026:02:57:37 +0000] "GET /wp-includes/css/dist/widgets/ HTTP/1.1" 404 3415 "https://www.binance.com" "Mozilla/5.0 (Windows NT 10.0; Win64; x64) AppleWebKit/537.36 (KHTML, like Gecko) Chrome/133.0.0.0 Safari/537.36"
141.98.11.42 - - [17/Jul/2026:02:57:39 +0000] "GET /wp-includes/html-api/ HTTP/1.1" 404 3415 "https://www.binance.com" "Mozilla/5.0 (Windows NT 10.0; Win64; x64) AppleWebKit/537.36 (KHTML, like Gecko) Chrome/133.0.0.0 Safari/537.36"
141.98.11.42 - - [17/Jul/2026:02:57:39 +0000] "GET /wp-includes/PHPMailer/ HTTP/1.1" 404 3415 "https://www.binance.com" "Mozilla/5.0 (Windows NT 10.0; Win64; x64) AppleWebKit/537.36 (KHTML, like Gecko) Chrome/133.0.0.0 Safari/537.36"
141.98.11.42 - - [17/Jul/2026:02:57:40 +0000] "GET /wp-includes/pomo/ HTTP/1.1" 404 3415 "https://www.binance.com" "Mozilla/5.0 (Windows NT 10.0; Win64; x64) AppleWebKit/537.36 (KHTML, like Gecko) Chrome/133.0.0.0 Safari/537.36"
141.98.11.42 - - [17/Jul/2026:02:57:40 +0000] "GET /wp-includes/blocks/ HTTP/1.1" 404 3415 "https://www.binance.com" "Mozilla/5.0 (Windows NT 10.0; Win64; x64) AppleWebKit/537.36 (KHTML, like Gecko) Chrome/133.0.0.0 Safari/537.36"
141.98.11.42 - - [17/Jul/2026:02:57:40 +0000] "GET /wp-includes/assets/ HTTP/1.1" 404 3415 "https://www.binance.com" "Mozilla/5.0 (Windows NT 10.0; Win64; x64) AppleWebKit/537.36 (KHTML, like Gecko) Chrome/133.0.0.0 Safari/537.36"
141.98.11.42 - - [17/Jul/2026:02:57:41 +0000] "GET /wp-includes/blocks/shortcode/ HTTP/1.1" 404 3415 "https://www.binance.com" "Mozilla/5.0 (Windows NT 10.0; Win64; x64) AppleWebKit/537.36 (KHTML, like Gecko) Chrome/133.0.0.0 Safari/537.36"
141.98.11.42 - - [17/Jul/2026:02:57:41 +0000] "GET /wp-includes/rest-api/ HTTP/1.1" 404 3415 "https://www.binance.com" "Mozilla/5.0 (Windows NT 10.0; Win64; x64) AppleWebKit/537.36 (KHTML, like Gecko) Chrome/133.0.0.0 Safari/537.36"
141.98.11.42 - - [17/Jul/2026:02:57:42 +0000] "GET /wp-includes/js/ HTTP/1.1" 404 3415 "https://www.binance.com" "Mozilla/5.0 (Windows NT 10.0; Win64; x64) AppleWebKit/537.36 (KHTML, like Gecko) Chrome/133.0.0.0 Safari/537.36"
141.98.11.42 - - [17/Jul/2026:02:57:42 +0000] "GET /wp-includes/js/codemirror/ HTTP/1.1" 404 3415 "https://www.binance.com" "Mozilla/5.0 (Windows NT 10.0; Win64; x64) AppleWebKit/537.36 (KHTML, like Gecko) Chrome/133.0.0.0 Safari/537.36"
141.98.11.42 - - [17/Jul/2026:02:57:43 +0000] "GET /wp-includes/js/plupload/ HTTP/1.1" 404 3415 "https://www.binance.com" "Mozilla/5.0 (Windows NT 10.0; Win64; x64) AppleWebKit/537.36 (KHTML, like Gecko) Chrome/133.0.0.0 Safari/537.36"
141.98.11.42 - - [17/Jul/2026:02:57:43 +0000] "GET /wp-includes/blocks/calendar/ HTTP/1.1" 404 3415 "https://www.binance.com" "Mozilla/5.0 (Windows NT 10.0; Win64; x64) AppleWebKit/537.36 (KHTML, like Gecko) Chrome/133.0.0.0 Safari/537.36"
141.98.11.42 - - [17/Jul/2026:02:57:43 +0000] "GET /wp-includes/certificates/ HTTP/1.1" 404 3415 "https://www.binance.com" "Mozilla/5.0 (Windows NT 10.0; Win64; x64) AppleWebKit/537.36 (KHTML, like Gecko) Chrome/133.0.0.0 Safari/537.36"
141.98.11.42 - - [17/Jul/2026:02:57:44 +0000] "GET /wp-includes/widgets/ HTTP/1.1" 404 3415 "https://www.binance.com" "Mozilla/5.0 (Windows NT 10.0; Win64; x64) AppleWebKit/537.36 (KHTML, like Gecko) Chrome/133.0.0.0 Safari/537.36"
141.98.11.42 - - [17/Jul/2026:02:57:44 +0000] "GET /wp-content/ HTTP/1.1" 404 3415 "https://www.binance.com" "Mozilla/5.0 (Windows NT 10.0; Win64; x64) AppleWebKit/537.36 (KHTML, like Gecko) Chrome/133.0.0.0 Safari/537.36"
141.98.11.42 - - [17/Jul/2026:02:57:44 +0000] "GET /wp-content/languages/ HTTP/1.1" 404 3415 "https://www.binance.com" "Mozilla/5.0 (Windows NT 10.0; Win64; x64) AppleWebKit/537.36 (KHTML, like Gecko) Chrome/133.0.0.0 Safari/537.36"
141.98.11.42 - - [17/Jul/2026:02:57:45 +0000] "GET /wp-content/IXR/ HTTP/1.1" 404 3415 "https://www.binance.com" "Mozilla/5.0 (Windows NT 10.0; Win64; x64) AppleWebKit/537.36 (KHTML, like Gecko) Chrome/133.0.0.0 Safari/537.36"
141.98.11.42 - - [17/Jul/2026:02:57:45 +0000] "GET /wp-content/cache/ HTTP/1.1" 404 3415 "https://www.binance.com" "Mozilla/5.0 (Windows NT 10.0; Win64; x64) AppleWebKit/537.36 (KHTML, like Gecko) Chrome/133.0.0.0 Safari/537.36"
141.98.11.42 - - [17/Jul/2026:02:57:46 +0000] "GET /wp-content/languages/themes/ HTTP/1.1" 404 3415 "https://www.binance.com" "Mozilla/5.0 (Windows NT 10.0; Win64; x64) AppleWebKit/537.36 (KHTML, like Gecko) Chrome/133.0.0.0 Safari/537.36"
141.98.11.42 - - [17/Jul/2026:02:57:46 +0000] "GET /wp-content/uploads/ HTTP/1.1" 404 3415 "https://www.binance.com" "Mozilla/5.0 (Windows NT 10.0; Win64; x64) AppleWebKit/537.36 (KHTML, like Gecko) Chrome/133.0.0.0 Safari/537.36"
141.98.11.42 - - [17/Jul/2026:02:57:46 +0000] "GET /wp-content/upgrade/ HTTP/1.1" 404 3415 "https://www.binance.com" "Mozilla/5.0 (Windows NT 10.0; Win64; x64) AppleWebKit/537.36 (KHTML, like Gecko) Chrome/133.0.0.0 Safari/537.36"
141.98.11.42 - - [17/Jul/2026:02:57:47 +0000] "GET /wp-content/plugins/ HTTP/1.1" 404 3415 "https://www.binance.com" "Mozilla/5.0 (Windows NT 10.0; Win64; x64) AppleWebKit/537.36 (KHTML, like Gecko) Chrome/133.0.0.0 Safari/537.36"
141.98.11.42 - - [17/Jul/2026:02:57:47 +0000] "GET /wp-content/plugins/shell/ HTTP/1.1" 404 3415 "https://www.binance.com" "Mozilla/5.0 (Windows NT 10.0; Win64; x64) AppleWebKit/537.36 (KHTML, like Gecko) Chrome/133.0.0.0 Safari/537.36"
141.98.11.42 - - [17/Jul/2026:02:57:47 +0000] "GET /wp-content/themes/ HTTP/1.1" 404 3415 "https://www.binance.com" "Mozilla/5.0 (Windows NT 10.0; Win64; x64) AppleWebKit/537.36 (KHTML, like Gecko) Chrome/133.0.0.0 Safari/537.36"
141.98.11.42 - - [17/Jul/2026:02:57:48 +0000] "GET /.well-known/ HTTP/1.1" 404 3415 "https://www.binance.com" "Mozilla/5.0 (Windows NT 10.0; Win64; x64) AppleWebKit/537.36 (KHTML, like Gecko) Chrome/133.0.0.0 Safari/537.36"
141.98.11.42 - - [17/Jul/2026:02:57:48 +0000] "GET /uploads/ HTTP/1.1" 404 3415 "https://www.binance.com" "Mozilla/5.0 (Windows NT 10.0; Win64; x64) AppleWebKit/537.36 (KHTML, like Gecko) Chrome/133.0.0.0 Safari/537.36"
141.98.11.42 - - [17/Jul/2026:02:57:49 +0000] "GET /update/files/ HTTP/1.1" 404 3415 "https://www.binance.com" "Mozilla/5.0 (Windows NT 10.0; Win64; x64) AppleWebKit/537.36 (KHTML, like Gecko) Chrome/133.0.0.0 Safari/537.36"
141.98.11.42 - - [17/Jul/2026:02:57:49 +0000] "GET /file/ HTTP/1.1" 404 3415 "https://www.binance.com" "Mozilla/5.0 (Windows NT 10.0; Win64; x64) AppleWebKit/537.36 (KHTML, like Gecko) Chrome/133.0.0.0 Safari/537.36"
141.98.11.42 - - [17/Jul/2026:02:57:52 +0000] "GET /images/ HTTP/1.1" 200 12493 "https://www.binance.com" "Mozilla/5.0 (Windows NT 10.0; Win64; x64) AppleWebKit/537.36 (KHTML, like Gecko) Chrome/133.0.0.0 Safari/537.36"
141.98.11.42 - - [17/Jul/2026:02:57:53 +0000] "GET /img/ HTTP/1.1" 200 12496 "https://www.binance.com" "Mozilla/5.0 (Windows NT 10.0; Win64; x64) AppleWebKit/537.36 (KHTML, like Gecko) Chrome/133.0.0.0 Safari/537.36"
141.98.11.42 - - [17/Jul/2026:02:57:53 +0000] "GET /admin/ HTTP/1.1" 404 3415 "https://www.binance.com" "Mozilla/5.0 (Windows NT 10.0; Win64; x64) AppleWebKit/537.36 (KHTML, like Gecko) Chrome/133.0.0.0 Safari/537.36"
141.98.11.42 - - [17/Jul/2026:02:57:53 +0000] "GET /cgi-bin/ HTTP/1.1" 401 12519 "https://www.binance.com" "Mozilla/5.0 (Windows NT 10.0; Win64; x64) AppleWebKit/537.36 (KHTML, like Gecko) Chrome/133.0.0.0 Safari/537.36"
141.98.11.42 - - [17/Jul/2026:02:57:54 +0000] "GET /.tmb/ HTTP/1.1" 404 3415 "https://www.binance.com" "Mozilla/5.0 (Windows NT 10.0; Win64; x64) AppleWebKit/537.36 (KHTML, like Gecko) Chrome/133.0.0.0 Safari/537.36"
141.98.11.42 - - [17/Jul/2026:02:57:54 +0000] "GET /mt/ HTTP/1.1" 401 12504 "https://www.binance.com" "Mozilla/5.0 (Windows NT 10.0; Win64; x64) AppleWebKit/537.36 (KHTML, like Gecko) Chrome/133.0.0.0 Safari/537.36"
141.98.11.42 - - [17/Jul/2026:02:57:55 +0000] "GET /old/ HTTP/1.1" 404 3415 "https://www.binance.com" "Mozilla/5.0 (Windows NT 10.0; Win64; x64) AppleWebKit/537.36 (KHTML, like Gecko) Chrome/133.0.0.0 Safari/537.36"
141.98.11.42 - - [17/Jul/2026:02:57:55 +0000] "GET /css/ HTTP/1.1" 401 12515 "https://www.binance.com" "Mozilla/5.0 (Windows NT 10.0; Win64; x64) AppleWebKit/537.36 (KHTML, like Gecko) Chrome/133.0.0.0 Safari/537.36"
141.98.11.42 - - [17/Jul/2026:02:57:56 +0000] "GET /pdf/ HTTP/1.1" 404 3415 "https://www.binance.com" "Mozilla/5.0 (Windows NT 10.0; Win64; x64) AppleWebKit/537.36 (KHTML, like Gecko) Chrome/133.0.0.0 Safari/537.36"
141.98.11.42 - - [17/Jul/2026:02:57:56 +0000] "GET /docs/ HTTP/1.1" 401 12516 "https://www.binance.com" "Mozilla/5.0 (Windows NT 10.0; Win64; x64) AppleWebKit/537.36 (KHTML, like Gecko) Chrome/133.0.0.0 Safari/537.36"
141.98.11.42 - - [17/Jul/2026:02:57:57 +0000] "GET /new/ HTTP/1.1" 404 3415 "https://www.binance.com" "Mozilla/5.0 (Windows NT 10.0; Win64; x64) AppleWebKit/537.36 (KHTML, like Gecko) Chrome/133.0.0.0 Safari/537.36"
141.98.11.42 - - [17/Jul/2026:02:57:57 +0000] "GET /tmps/ HTTP/1.1" 401 12510 "https://www.binance.com" "Mozilla/5.0 (Windows NT 10.0; Win64; x64) AppleWebKit/537.36 (KHTML, like Gecko) Chrome/133.0.0.0 Safari/537.36"
141.98.11.42 - - [17/Jul/2026:02:57:57 +0000] "GET /tmp/ HTTP/1.1" 404 3415 "https://www.binance.com" "Mozilla/5.0 (Windows NT 10.0; Win64; x64) AppleWebKit/537.36 (KHTML, like Gecko) Chrome/133.0.0.0 Safari/537.36"
141.98.11.42 - - [17/Jul/2026:02:57:59 +0000] "GET /about/ HTTP/1.1" 401 12504 "https://www.binance.com" "Mozilla/5.0 (Windows NT 10.0; Win64; x64) AppleWebKit/537.36 (KHTML, like Gecko) Chrome/133.0.0.0 Safari/537.36"
141.98.11.42 - - [17/Jul/2026:02:57:59 +0000] "GET /blog/wp-admin/ HTTP/1.1" 404 3415 "https://www.binance.com" "Mozilla/5.0 (Windows NT 10.0; Win64; x64) AppleWebKit/537.36 (KHTML, like Gecko) Chrome/133.0.0.0 Safari/537.36"
141.98.11.42 - - [17/Jul/2026:02:57:59 +0000] "GET /blog/wp-content/ HTTP/1.1" 401 12516 "https://www.binance.com" "Mozilla/5.0 (Windows NT 10.0; Win64; x64) AppleWebKit/537.36 (KHTML, like Gecko) Chrome/133.0.0.0 Safari/537.36"
141.98.11.42 - - [17/Jul/2026:02:58:00 +0000] "GET /blog/wp-includes/ HTTP/1.1" 404 3415 "https://www.binance.com" "Mozilla/5.0 (Windows NT 10.0; Win64; x64) AppleWebKit/537.36 (KHTML, like Gecko) Chrome/133.0.0.0 Safari/537.36"
141.98.11.42 - - [17/Jul/2026:02:58:00 +0000] "GET /wp-content/uploads/ HTTP/1.1" 401 12510 "https://www.binance.com" "Mozilla/5.0 (Windows NT 10.0; Win64; x64) AppleWebKit/537.36 (KHTML, like Gecko) Chrome/133.0.0.0 Safari/537.36"
141.98.11.42 - - [17/Jul/2026:02:58:01 +0000] "GET /wp-content/plugins/ HTTP/1.1" 404 3415 "https://www.binance.com" "Mozilla/5.0 (Windows NT 10.0; Win64; x64) AppleWebKit/537.36 (KHTML, like Gecko) Chrome/133.0.0.0 Safari/537.36"
141.98.11.42 - - [17/Jul/2026:02:58:01 +0000] "GET /wp-content/themes/ HTTP/1.1" 401 12505 "https://www.binance.com" "Mozilla/5.0 (Windows NT 10.0; Win64; x64) AppleWebKit/537.36 (KHTML, like Gecko) Chrome/133.0.0.0 Safari/537.36"
65.181.116.207 - - [17/Jul/2026:02:59:09 +0000] "POST /wp-cron.php?doing_wp_cron=1784257149.6264350414276123046875 HTTP/1.1" 200 0 "-" "WordPress/7.0.1; https://www.max4k-iptv.com"
54.211.108.114 - - [17/Jul/2026:02:59:03 +0000] "GET /robots.txt HTTP/1.1" 301 0 "-" "Mozilla/5.0 (Macintosh; Intel Mac OS X 10_10_1) AppleWebKit/600.2.5 (KHTML, like Gecko) Version/8.0.2 Safari/600.2.5 (Gort)"
65.181.116.207 - - [17/Jul/2026:02:59:42 +0000] "POST /wp-cron.php?doing_wp_cron=1784257182.3822269439697265625000 HTTP/1.1" 200 0 "-" "WordPress/7.0.1; https://www.max4k-iptv.com"
173.208.148.34 - - [17/Jul/2026:02:59:38 +0000] "GET / HTTP/1.1" 301 0 "-" "Mozilla/5.0 (Windows NT 10.0; Win64; x64) AppleWebKit/537.36 (KHTML, like Gecko) Chrome/131.0.0.0 Safari/537.36"
173.208.148.34 - - [17/Jul/2026:02:59:42 +0000] "GET / HTTP/1.1" 200 350976 "-" "Mozilla/5.0 (Windows NT 10.0; Win64; x64) AppleWebKit/537.36 (KHTML, like Gecko) Chrome/131.0.0.0 Safari/537.36"
173.208.148.34 - - [17/Jul/2026:02:59:49 +0000] "GET / HTTP/1.1" 301 0 "-" "Mozilla/5.0 (compatible; Googlebot/2.1; +http://www.google.com/bot.html)"
173.208.148.34 - - [17/Jul/2026:02:59:52 +0000] "GET / HTTP/1.1" 200 350937 "-" "Mozilla/5.0 (compatible; Googlebot/2.1; +http://www.google.com/bot.html)"
173.208.148.34 - - [17/Jul/2026:03:00:08 +0000] "GET /?params=1 HTTP/1.1" 200 350985 "-" "Mozilla/5.0 (Windows NT 10.0; Win64; x64) AppleWebKit/537.36 (KHTML, like Gecko) Chrome/131.0.0.0 Safari/537.36"
118.69.182.184 - - [17/Jul/2026:03:17:10 +0000] "POST /wp-comments-post.php HTTP/1.1" 302 0 "-" "Mozilla/5.0 (Windows NT 10.0; Win64; x64) AppleWebKit/537.36 (KHTML, like Gecko) Chrome/120.0.0.0 Safari/537.36"
20.63.63.128 - - [17/Jul/2026:03:24:31 +0000] "GET /wp-content/plugins/hellopress/wp_filemanager.php HTTP/1.1" 401 36 "-" "-"
20.63.63.128 - - [17/Jul/2026:03:24:31 +0000] "GET /this_is_a_new_hello_world.php HTTP/1.1" 401 36 "-" "-"
20.63.63.128 - - [17/Jul/2026:03:24:31 +0000] "GET /wp-der.php HTTP/1.1" 401 36 "-" "-"
20.63.63.128 - - [17/Jul/2026:03:24:31 +0000] "GET /wp-slss.php HTTP/1.1" 401 36 "-" "-"
20.63.63.128 - - [17/Jul/2026:03:24:31 +0000] "GET /min.php HTTP/1.1" 401 36 "-" "-"
20.63.63.128 - - [17/Jul/2026:03:24:31 +0000] "GET /wp-thi.php HTTP/1.1" 401 36 "-" "-"
20.63.63.128 - - [17/Jul/2026:03:24:31 +0000] "GET /noe.php HTTP/1.1" 401 36 "-" "-"
20.63.63.128 - - [17/Jul/2026:03:24:31 +0000] "GET /wp-file.php HTTP/1.1" 401 36 "-" "-"
20.63.63.128 - - [17/Jul/2026:03:24:31 +0000] "GET /edit-tags.php HTTP/1.1" 401 36 "-" "-"
20.63.63.128 - - [17/Jul/2026:03:24:32 +0000] "GET /wp-b0rk5oy.php HTTP/1.1" 401 36 "-" "-"
20.63.63.128 - - [17/Jul/2026:03:24:32 +0000] "GET /bless24.php HTTP/1.1" 401 36 "-" "-"
20.63.63.128 - - [17/Jul/2026:03:24:32 +0000] "GET /punah.php HTTP/1.1" 401 36 "-" "-"
20.63.63.128 - - [17/Jul/2026:03:24:32 +0000] "GET /min.php HTTP/1.1" 401 36 "-" "-"
20.63.63.128 - - [17/Jul/2026:03:24:32 +0000] "GET /dass.php HTTP/1.1" 401 36 "-" "-"
20.63.63.128 - - [17/Jul/2026:03:24:32 +0000] "GET /wander.php HTTP/1.1" 401 36 "-" "-"
20.63.63.128 - - [17/Jul/2026:03:24:32 +0000] "GET /cc13.php HTTP/1.1" 401 36 "-" "-"
20.63.63.128 - - [17/Jul/2026:03:24:32 +0000] "GET /des.php HTTP/1.1" 401 36 "-" "-"
20.63.63.128 - - [17/Jul/2026:03:24:32 +0000] "GET /avcqlevnbk.php HTTP/1.1" 401 36 "-" "-"
20.63.63.128 - - [17/Jul/2026:03:24:33 +0000] "GET /wp-ppoxua4.php HTTP/1.1" 401 36 "-" "-"
20.63.63.128 - - [17/Jul/2026:03:24:33 +0000] "GET /drykl.php HTTP/1.1" 401 36 "-" "-"
20.63.63.128 - - [17/Jul/2026:03:24:33 +0000] "GET /f35.php HTTP/1.1" 401 36 "-" "-"
20.63.63.128 - - [17/Jul/2026:03:24:33 +0000] "GET /wp-link-szoppm.php HTTP/1.1" 401 36 "-" "-"
20.63.63.128 - - [17/Jul/2026:03:24:33 +0000] "GET /x.php HTTP/1.1" 401 36 "-" "-"
20.63.63.128 - - [17/Jul/2026:03:24:33 +0000] "GET /xa.php HTTP/1.1" 401 36 "-" "-"
20.63.63.128 - - [17/Jul/2026:03:24:33 +0000] "GET /ms-edit.php HTTP/1.1" 401 36 "-" "-"
20.63.63.128 - - [17/Jul/2026:03:24:33 +0000] "GET /as.php HTTP/1.1" 401 36 "-" "-"
20.63.63.128 - - [17/Jul/2026:03:24:33 +0000] "GET /wen.php HTTP/1.1" 401 36 "-" "-"
20.63.63.128 - - [17/Jul/2026:03:24:34 +0000] "GET /dex.php HTTP/1.1" 401 36 "-" "-"
20.63.63.128 - - [17/Jul/2026:03:24:34 +0000] "GET /f.php HTTP/1.1" 401 36 "-" "-"
20.63.63.128 - - [17/Jul/2026:03:24:34 +0000] "GET /333.php HTTP/1.1" 401 36 "-" "-"
20.63.63.128 - - [17/Jul/2026:03:24:34 +0000] "GET /a4.php HTTP/1.1" 401 36 "-" "-"
20.63.63.128 - - [17/Jul/2026:03:24:34 +0000] "GET /wp-the.php HTTP/1.1" 401 36 "-" "-"
20.63.63.128 - - [17/Jul/2026:03:24:34 +0000] "GET /classwithtostring.php HTTP/1.1" 401 36 "-" "-"
20.63.63.128 - - [17/Jul/2026:03:24:34 +0000] "GET /fun.php HTTP/1.1" 401 36 "-" "-"
20.63.63.128 - - [17/Jul/2026:03:24:34 +0000] "GET /wp-content/languages/index.php HTTP/1.1" 401 36 "-" "-"
