2a03:2880:f800:: - - [16/Jul/2026:19:03:13 +0000] "GET /2025/08/22/igra-bg-casino-no-deposit-bonus-codes-for-free-spins-2025/ HTTP/2" 200 17287 "-" "Mozilla/5.0 (Macintosh; Intel Mac OS X 10_15_7) AppleWebKit/537.36 (KHTML, like Gecko) Chrome/145.0.0.0 Safari/537.36 (compatible; meta-externalagent/1.1 (+https://developers.facebook.com/docs/sharing/webmasters/crawler))"
2a03:2880:f800:29:: - - [16/Jul/2026:19:03:24 +0000] "GET /2025/08/22/roulette-wheel-download/ HTTP/2" 200 17307 "-" "Mozilla/5.0 (Windows NT 10.0; Win64; x64) AppleWebKit/537.36 (KHTML, like Gecko) Chrome/145.0.0.0 Safari/537.36 (compatible; meta-externalagent/1.1 (+https://developers.facebook.com/docs/sharing/webmasters/crawler))"
65.181.116.207 - - [16/Jul/2026:19:03:47 +0000] "POST /wp-cron.php?doing_wp_cron=1784228627.7281670570373535156250 HTTP/2" 200 0 "-" "WordPress/7.0.1; https://www.max-iptv4k.com"
2a03:2880:f800:2c:: - - [16/Jul/2026:19:03:47 +0000] "GET /2025/08/22/duelbits-casino-review-and-free-chips-bonus/ HTTP/2" 200 17466 "-" "Mozilla/5.0 (Windows NT 10.0; Win64; x64) AppleWebKit/537.36 (KHTML, like Gecko) Chrome/145.0.0.0 Safari/537.36 (compatible; meta-externalagent/1.1 (+https://developers.facebook.com/docs/sharing/webmasters/crawler))"
2a03:2880:f800:14:: - - [16/Jul/2026:19:04:12 +0000] "GET /2025/08/22/bingo-game-play-online-new-zealand/ HTTP/2" 200 17486 "-" "Mozilla/5.0 (X11; Linux x86_64) AppleWebKit/537.36 (KHTML, like Gecko) Chrome/145.0.0.0 Safari/537.36 (compatible; meta-externalagent/1.1 (+https://developers.facebook.com/docs/sharing/webmasters/crawler))"
49.51.243.95 - - [16/Jul/2026:19:04:22 +0000] "GET /wp-content/uploads/2025/03/9-2-1.webp HTTP/2" 200 8366 "-" "Mozilla/5.0 (iPhone; CPU iPhone OS 13_2_3 like Mac OS X) AppleWebKit/605.1.15 (KHTML, like Gecko) Version/13.0.3 Mobile/15E148 Safari/604.1"
65.181.116.207 - - [16/Jul/2026:19:05:37 +0000] "POST /wp-cron.php?doing_wp_cron=1784228737.6871368885040283203125 HTTP/2" 200 0 "-" "WordPress/7.0.1; https://www.max-iptv4k.com"
2a03:2880:f800:b:: - - [16/Jul/2026:19:05:37 +0000] "GET /2025/08/22/jackpotcity-casino-ireland/ HTTP/2" 200 16878 "-" "Mozilla/5.0 (Windows NT 10.0; Win64; x64) AppleWebKit/537.36 (KHTML, like Gecko) Chrome/145.0.0.0 Safari/537.36 Edg/145.0.0.0 (compatible; meta-externalagent/1.1 (+https://developers.facebook.com/docs/sharing/webmasters/crawler))"
65.181.116.207 - - [16/Jul/2026:19:06:08 +0000] "POST /wp-cron.php?doing_wp_cron=1784228768.0840020179748535156250 HTTP/2" 200 0 "-" "WordPress/7.0.1; https://www.max-iptv4k.com"
2a03:2880:f800:30:: - - [16/Jul/2026:19:06:07 +0000] "GET /2025/08/22/side-bet-blackjack/ HTTP/2" 200 16974 "-" "Mozilla/5.0 (Macintosh; Intel Mac OS X 10_15_7) AppleWebKit/537.36 (KHTML, like Gecko) Chrome/145.0.0.0 Safari/537.36 (compatible; meta-externalagent/1.1 (+https://developers.facebook.com/docs/sharing/webmasters/crawler))"
213.180.203.89 - - [16/Jul/2026:19:06:42 +0000] "GET /robots.txt HTTP/2" 200 127 "-" "Mozilla/5.0 (compatible; YandexBot/3.0; +http://yandex.com/bots)"
65.181.116.207 - - [16/Jul/2026:19:06:44 +0000] "POST /wp-cron.php?doing_wp_cron=1784228804.4941959381103515625000 HTTP/2" 200 0 "-" "WordPress/7.0.1; https://www.max-iptv4k.com"
95.108.213.142 - - [16/Jul/2026:19:06:43 +0000] "GET /2025/08/22/brand-new-slot-casino-uk/ HTTP/2" 200 17436 "-" "Mozilla/5.0 (compatible; YandexBot/3.0; +http://yandex.com/bots)"
2a03:2880:f800:3c:: - - [16/Jul/2026:19:06:54 +0000] "GET /2025/08/22/mobile-casino-pay-and-deposit-by-phone-bill/ HTTP/2" 200 17160 "-" "Mozilla/5.0 (Windows NT 10.0; Win64; x64) AppleWebKit/537.36 (KHTML, like Gecko) Chrome/145.0.0.0 Safari/537.36 (compatible; meta-externalagent/1.1 (+https://developers.facebook.com/docs/sharing/webmasters/crawler))"
2a03:2880:f800:14:: - - [16/Jul/2026:19:07:35 +0000] "GET /2025/08/22/are-there-any-online-slots-that-pay-real-money/ HTTP/2" 200 17468 "-" "Mozilla/5.0 (Windows NT 10.0; Win64; x64) AppleWebKit/537.36 (KHTML, like Gecko) Chrome/145.0.0.0 Safari/537.36 (compatible; meta-externalagent/1.1 (+https://developers.facebook.com/docs/sharing/webmasters/crawler))"
65.181.116.207 - - [16/Jul/2026:19:07:57 +0000] "POST /wp-cron.php?doing_wp_cron=1784228877.3165650367736816406250 HTTP/2" 200 0 "-" "WordPress/7.0.1; https://www.max-iptv4k.com"
2a03:2880:f800:5:: - - [16/Jul/2026:19:07:55 +0000] "GET /2025/08/22/marina-bay-casino-login-app-sign-up/ HTTP/2" 200 17290 "-" "Mozilla/5.0 (Windows NT 10.0; Win64; x64) AppleWebKit/537.36 (KHTML, like Gecko) Chrome/145.0.0.0 Safari/537.36 (compatible; meta-externalagent/1.1 (+https://developers.facebook.com/docs/sharing/webmasters/crawler))"
2a03:2880:f800:a:: - - [16/Jul/2026:19:08:25 +0000] "GET /2025/08/22/free-fun-online-slots/ HTTP/2" 200 17184 "-" "Mozilla/5.0 (Macintosh; Intel Mac OS X 10_15_7) AppleWebKit/537.36 (KHTML, like Gecko) Chrome/145.0.0.0 Safari/537.36 (compatible; meta-externalagent/1.1 (+https://developers.facebook.com/docs/sharing/webmasters/crawler))"
65.181.116.207 - - [16/Jul/2026:19:08:54 +0000] "POST /wp-cron.php?doing_wp_cron=1784228934.2223939895629882812500 HTTP/2" 200 0 "-" "WordPress/7.0.1; https://www.max-iptv4k.com"
2a03:2880:f800:16:: - - [16/Jul/2026:19:08:53 +0000] "GET /2025/08/22/how-to-win-every-time-on-roulette/ HTTP/2" 200 17393 "-" "Mozilla/5.0 (Windows NT 10.0; Win64; x64) AppleWebKit/537.36 (KHTML, like Gecko) Chrome/145.0.0.0 Safari/537.36 (compatible; meta-externalagent/1.1 (+https://developers.facebook.com/docs/sharing/webmasters/crawler))"
185.93.89.147 - - [16/Jul/2026:19:12:42 +0000] "GET /.git/config HTTP/2" 401 53 "-" "Mozilla/5.0 (compatible; GitFinder/1.0)"
65.181.116.207 - - [16/Jul/2026:19:16:04 +0000] "POST /wp-cron.php?doing_wp_cron=1784229363.9906699657440185546875 HTTP/2" 200 0 "-" "WordPress/7.0.1; https://www.max-iptv4k.com"
43.157.82.252 - - [16/Jul/2026:19:16:03 +0000] "GET /wp-json/oembed/1.0/embed?url=https%3A%2F%2Fwww.max-iptv4k.com%2Finstallation%2F&format=xml HTTP/2" 200 1056 "-" "Mozilla/5.0 (iPhone; CPU iPhone OS 13_2_3 like Mac OS X) AppleWebKit/605.1.15 (KHTML, like Gecko) Version/13.0.3 Mobile/15E148 Safari/604.1"
65.181.116.207 - - [16/Jul/2026:19:16:57 +0000] "POST /wp-cron.php?doing_wp_cron=1784229416.9864900112152099609375 HTTP/2" 200 0 "-" "WordPress/7.0.1; https://www.max-iptv4k.com"
106.49.49.107 - - [16/Jul/2026:19:16:56 +0000] "GET /starter HTTP/2" 301 0 "-" "Mozilla/5.0 (Linux; Android 8.0; Pixel 2 Build/OPD3.170816.012) AppleWebKit/537.36 (KHTML, like Gecko) Chrome/44.0.2231.1897 Mobile Safari/537.36"
106.49.49.107 - - [16/Jul/2026:19:16:57 +0000] "GET /starter/ HTTP/2" 200 17608 "-" "Mozilla/5.0 (Linux; Android 8.0; Pixel 2 Build/OPD3.170816.012) AppleWebKit/537.36 (KHTML, like Gecko) Chrome/44.0.2231.1897 Mobile Safari/537.36"
2a03:2880:f800:5:: - - [16/Jul/2026:19:17:35 +0000] "GET /2025/08/22/can-you-play-online-casinos-in-united-kingdom/ HTTP/2" 200 17569 "-" "Mozilla/5.0 (Macintosh; Intel Mac OS X 10_15_7) AppleWebKit/537.36 (KHTML, like Gecko) Chrome/145.0.0.0 Safari/537.36 (compatible; meta-externalagent/1.1 (+https://developers.facebook.com/docs/sharing/webmasters/crawler))"
65.181.116.207 - - [16/Jul/2026:19:18:24 +0000] "POST /wp-cron.php?doing_wp_cron=1784229504.1418058872222900390625 HTTP/2" 200 0 "-" "WordPress/7.0.1; https://www.max-iptv4k.com"
2a03:2880:f800:33:: - - [16/Jul/2026:19:18:23 +0000] "GET /2025/08/22/slot-super-marble-hold-and-win-by-booongo-demo-free-play/ HTTP/2" 200 17514 "-" "Mozilla/5.0 (Windows NT 10.0; Win64; x64) AppleWebKit/537.36 (KHTML, like Gecko) Chrome/145.0.0.0 Safari/537.36 (compatible; meta-externalagent/1.1 (+https://developers.facebook.com/docs/sharing/webmasters/crawler))"
65.181.116.207 - - [16/Jul/2026:19:20:07 +0000] "POST /wp-cron.php?doing_wp_cron=1784229606.9823560714721679687500 HTTP/2" 200 0 "-" "WordPress/7.0.1; https://www.max-iptv4k.com"
2a03:2880:f800:28:: - - [16/Jul/2026:19:20:05 +0000] "GET /2025/08/22/slots-online-with-bonus-free-spins/ HTTP/2" 200 17404 "-" "Mozilla/5.0 (Macintosh; Intel Mac OS X 10_15_7) AppleWebKit/537.36 (KHTML, like Gecko) Chrome/145.0.0.0 Safari/537.36 (compatible; meta-externalagent/1.1 (+https://developers.facebook.com/docs/sharing/webmasters/crawler))"
65.181.116.207 - - [16/Jul/2026:19:21:59 +0000] "POST /wp-cron.php?doing_wp_cron=1784229719.5254859924316406250000 HTTP/2" 200 0 "-" "WordPress/7.0.1; https://www.max-iptv4k.com"
2a03:2880:f800:47:: - - [16/Jul/2026:19:21:57 +0000] "GET /2025/08/22/no1-casino-no-deposit-bonus-100-free-spins/ HTTP/2" 200 17198 "-" "Mozilla/5.0 (Windows NT 10.0; Win64; x64) AppleWebKit/537.36 (KHTML, like Gecko) Chrome/145.0.0.0 Safari/537.36 (compatible; meta-externalagent/1.1 (+https://developers.facebook.com/docs/sharing/webmasters/crawler))"
65.181.116.207 - - [16/Jul/2026:19:23:03 +0000] "POST /wp-cron.php?doing_wp_cron=1784229783.3721470832824707031250 HTTP/2" 200 0 "-" "WordPress/7.0.1; https://www.max-iptv4k.com"
2a03:2880:f800:19:: - - [16/Jul/2026:19:23:00 +0000] "GET /2025/08/22/mobile-casino-sign-up-bonus-no-deposit/ HTTP/2" 200 17405 "-" "Mozilla/5.0 (Macintosh; Intel Mac OS X 10_15_7) AppleWebKit/537.36 (KHTML, like Gecko) Chrome/145.0.0.0 Safari/537.36 (compatible; meta-externalagent/1.1 (+https://developers.facebook.com/docs/sharing/webmasters/crawler))"
2a03:2880:f800:16:: - - [16/Jul/2026:19:23:06 +0000] "GET /2025/08/22/best-slots-game-to-play-canada/ HTTP/2" 200 17519 "-" "Mozilla/5.0 (Windows NT 10.0; Win64; x64) AppleWebKit/537.36 (KHTML, like Gecko) Chrome/145.0.0.0 Safari/537.36 Edg/145.0.0.0 (compatible; meta-externalagent/1.1 (+https://developers.facebook.com/docs/sharing/webmasters/crawler))"
2a03:2880:f800:42:: - - [16/Jul/2026:19:23:29 +0000] "GET /2025/08/22/new-canada-bingo/ HTTP/2" 200 17240 "-" "Mozilla/5.0 (Windows NT 10.0; Win64; x64) AppleWebKit/537.36 (KHTML, like Gecko) Chrome/145.0.0.0 Safari/537.36 Edg/145.0.0.0 (compatible; meta-externalagent/1.1 (+https://developers.facebook.com/docs/sharing/webmasters/crawler))"
65.181.116.207 - - [16/Jul/2026:19:23:43 +0000] "POST /wp-cron.php?doing_wp_cron=1784229823.3886139392852783203125 HTTP/2" 200 0 "-" "WordPress/7.0.1; https://www.max-iptv4k.com"
49.51.50.147 - - [16/Jul/2026:19:23:42 +0000] "GET /installation/embed/ HTTP/2" 200 6323 "-" "Mozilla/5.0 (iPhone; CPU iPhone OS 13_2_3 like Mac OS X) AppleWebKit/605.1.15 (KHTML, like Gecko) Version/13.0.3 Mobile/15E148 Safari/604.1"
65.181.116.207 - - [16/Jul/2026:19:24:57 +0000] "POST /wp-cron.php?doing_wp_cron=1784229897.7807600498199462890625 HTTP/2" 200 0 "-" "WordPress/7.0.1; https://www.max-iptv4k.com"
2a03:2880:f800:33:: - - [16/Jul/2026:19:24:55 +0000] "GET /2025/08/22/newest-no-deposit-casino-bonuses/ HTTP/2" 200 17274 "-" "Mozilla/5.0 (X11; Linux x86_64) AppleWebKit/537.36 (KHTML, like Gecko) Chrome/145.0.0.0 Safari/537.36 (compatible; meta-externalagent/1.1 (+https://developers.facebook.com/docs/sharing/webmasters/crawler))"
2a03:2880:f800:3d:: - - [16/Jul/2026:19:25:10 +0000] "GET /2025/08/22/mobile-uk-casino/ HTTP/2" 200 17487 "-" "Mozilla/5.0 (Windows NT 10.0; Win64; x64) AppleWebKit/537.36 (KHTML, like Gecko) Chrome/145.0.0.0 Safari/537.36 (compatible; meta-externalagent/1.1 (+https://developers.facebook.com/docs/sharing/webmasters/crawler))"
65.181.116.207 - - [16/Jul/2026:19:25:52 +0000] "POST /wp-cron.php?doing_wp_cron=1784229952.3951740264892578125000 HTTP/2" 200 0 "-" "WordPress/7.0.1; https://www.max-iptv4k.com"
2a03:2880:f800:45:: - - [16/Jul/2026:19:25:51 +0000] "GET /2025/08/22/best-merkur-casinos/ HTTP/2" 200 17527 "-" "Mozilla/5.0 (Windows NT 10.0; Win64; x64) AppleWebKit/537.36 (KHTML, like Gecko) Chrome/145.0.0.0 Safari/537.36 (compatible; meta-externalagent/1.1 (+https://developers.facebook.com/docs/sharing/webmasters/crawler))"
2a03:2880:f800:2e:: - - [16/Jul/2026:19:26:27 +0000] "GET /2025/08/22/blazing-wilds-megaways-slot-with-best-rtp/ HTTP/2" 200 17385 "-" "Mozilla/5.0 (Windows NT 10.0; Win64; x64) AppleWebKit/537.36 (KHTML, like Gecko) Chrome/145.0.0.0 Safari/537.36 Edg/145.0.0.0 (compatible; meta-externalagent/1.1 (+https://developers.facebook.com/docs/sharing/webmasters/crawler))"
65.181.116.207 - - [16/Jul/2026:19:30:11 +0000] "POST /wp-cron.php?doing_wp_cron=1784230210.7919249534606933593750 HTTP/2" 200 0 "-" "WordPress/7.0.1; https://www.max-iptv4k.com"
100.29.160.53 - - [16/Jul/2026:19:30:06 +0000] "GET / HTTP/2" 301 0 "-" "Mozilla/5.0 AppleWebKit/537.36 (KHTML, like Gecko; compatible; Amazonbot/0.1; +https://developer.amazon.com/support/amazonbot) Chrome/119.0.6045.214 Safari/537.36"
34.234.197.175 - - [16/Jul/2026:19:30:11 +0000] "GET / HTTP/2" 200 27209 "-" "Mozilla/5.0 AppleWebKit/537.36 (KHTML, like Gecko; compatible; Amazonbot/0.1; +https://developer.amazon.com/support/amazonbot) Chrome/119.0.6045.214 Safari/537.36"
65.181.116.207 - - [16/Jul/2026:19:32:00 +0000] "POST /wp-cron.php?doing_wp_cron=1784230320.3614120483398437500000 HTTP/2" 200 0 "-" "WordPress/7.0.1; https://www.max-iptv4k.com"
2a03:2880:f800:1f:: - - [16/Jul/2026:19:31:57 +0000] "GET /2025/08/22/slots-machines-free-play/ HTTP/2" 200 17581 "-" "Mozilla/5.0 (Windows NT 10.0; Win64; x64) AppleWebKit/537.36 (KHTML, like Gecko) Chrome/145.0.0.0 Safari/537.36 (compatible; meta-externalagent/1.1 (+https://developers.facebook.com/docs/sharing/webmasters/crawler))"
65.181.116.207 - - [16/Jul/2026:19:39:06 +0000] "POST /wp-cron.php?doing_wp_cron=1784230746.6953821182250976562500 HTTP/2" 200 0 "-" "WordPress/7.0.1; https://www.max-iptv4k.com"
2a03:2880:f800:27:: - - [16/Jul/2026:19:39:01 +0000] "GET /2025/08/22/news-of-gambling/ HTTP/2" 200 17172 "-" "Mozilla/5.0 (Windows NT 10.0; Win64; x64) AppleWebKit/537.36 (KHTML, like Gecko) Chrome/145.0.0.0 Safari/537.36 (compatible; meta-externalagent/1.1 (+https://developers.facebook.com/docs/sharing/webmasters/crawler))"
65.181.116.207 - - [16/Jul/2026:19:40:11 +0000] "POST /wp-cron.php?doing_wp_cron=1784230810.8094089031219482421875 HTTP/2" 200 0 "-" "WordPress/7.0.1; https://www.max-iptv4k.com"
2a03:2880:f800:3c:: - - [16/Jul/2026:19:40:04 +0000] "GET /2025/08/22/casino-bonus-free-spin-australia/ HTTP/2" 200 17381 "-" "Mozilla/5.0 (Macintosh; Intel Mac OS X 10_15_7) AppleWebKit/537.36 (KHTML, like Gecko) Chrome/145.0.0.0 Safari/537.36 (compatible; meta-externalagent/1.1 (+https://developers.facebook.com/docs/sharing/webmasters/crawler))"
2a03:2880:f800:30:: - - [16/Jul/2026:19:40:28 +0000] "GET /2025/08/22/free-casino-games-no-registration-or-download/ HTTP/2" 200 17613 "-" "Mozilla/5.0 (Macintosh; Intel Mac OS X 10_15_7) AppleWebKit/537.36 (KHTML, like Gecko) Chrome/145.0.0.0 Safari/537.36 (compatible; meta-externalagent/1.1 (+https://developers.facebook.com/docs/sharing/webmasters/crawler))"
65.181.116.207 - - [16/Jul/2026:19:35:59 +0000] "POST /wp-cron.php?doing_wp_cron=1784230559.3431499004364013671875 HTTP/2" 200 0 "-" "WordPress/7.0.1; https://www.max-iptv4k.com"
2a03:2880:f800:e:: - - [16/Jul/2026:19:35:56 +0000] "GET /2025/08/22/blackjack-london-canada/ HTTP/2" 200 17383 "-" "Mozilla/5.0 (Macintosh; Intel Mac OS X 10_15_7) AppleWebKit/537.36 (KHTML, like Gecko) Chrome/145.0.0.0 Safari/537.36 (compatible; meta-externalagent/1.1 (+https://developers.facebook.com/docs/sharing/webmasters/crawler))"
2a03:2880:f800:22:: - - [16/Jul/2026:19:36:32 +0000] "GET /2025/08/22/free-spin-daily-ireland/ HTTP/2" 200 17356 "-" "Mozilla/5.0 (Macintosh; Intel Mac OS X 10_15_7) AppleWebKit/537.36 (KHTML, like Gecko) Chrome/145.0.0.0 Safari/537.36 (compatible; meta-externalagent/1.1 (+https://developers.facebook.com/docs/sharing/webmasters/crawler))"
65.181.116.207 - - [16/Jul/2026:19:42:43 +0000] "POST /wp-cron.php?doing_wp_cron=1784230963.3208971023559570312500 HTTP/2" 200 0 "-" "WordPress/7.0.1; https://www.max-iptv4k.com"
2a03:2880:f800:47:: - - [16/Jul/2026:19:42:41 +0000] "GET /2025/08/22/casino-slot-500-canada/ HTTP/2" 200 17260 "-" "Mozilla/5.0 (Windows NT 10.0; Win64; x64) AppleWebKit/537.36 (KHTML, like Gecko) Chrome/145.0.0.0 Safari/537.36 (compatible; meta-externalagent/1.1 (+https://developers.facebook.com/docs/sharing/webmasters/crawler))"
65.181.116.207 - - [16/Jul/2026:19:42:43 +0000] "POST /wp-cron.php?doing_wp_cron=1784230963.3217570781707763671875 HTTP/2" 200 0 "-" "WordPress/7.0.1; https://www.max-iptv4k.com"
2a03:2880:f800:26:: - - [16/Jul/2026:19:42:41 +0000] "GET /2025/08/22/video-roulette-uk/ HTTP/2" 200 17159 "-" "Mozilla/5.0 (Macintosh; Intel Mac OS X 10_15_7) AppleWebKit/537.36 (KHTML, like Gecko) Chrome/145.0.0.0 Safari/537.36 (compatible; meta-externalagent/1.1 (+https://developers.facebook.com/docs/sharing/webmasters/crawler))"
2a03:2880:f800:27:: - - [16/Jul/2026:19:42:46 +0000] "GET /2025/08/22/best-rated-casinos/ HTTP/2" 200 17251 "-" "Mozilla/5.0 (Windows NT 10.0; Win64; x64) AppleWebKit/537.36 (KHTML, like Gecko) Chrome/145.0.0.0 Safari/537.36 (compatible; meta-externalagent/1.1 (+https://developers.facebook.com/docs/sharing/webmasters/crawler))"
2a03:2880:f800:b:: - - [16/Jul/2026:19:42:48 +0000] "GET /2025/08/22/casino-gambling-slot-machine/ HTTP/2" 200 16844 "-" "Mozilla/5.0 (Macintosh; Intel Mac OS X 10_15_7) AppleWebKit/537.36 (KHTML, like Gecko) Chrome/145.0.0.0 Safari/537.36 (compatible; meta-externalagent/1.1 (+https://developers.facebook.com/docs/sharing/webmasters/crawler))"
2a03:2880:f800:34:: - - [16/Jul/2026:19:42:49 +0000] "GET /2025/08/22/bellagio-casino-no-deposit-bonus-100-free-spins/ HTTP/2" 200 17372 "-" "Mozilla/5.0 (Windows NT 10.0; Win64; x64) AppleWebKit/537.36 (KHTML, like Gecko) Chrome/145.0.0.0 Safari/537.36 (compatible; meta-externalagent/1.1 (+https://developers.facebook.com/docs/sharing/webmasters/crawler))"
2a03:2880:f800:31:: - - [16/Jul/2026:19:42:51 +0000] "GET /2025/08/22/nr1-casino-bonus-codes-2025/ HTTP/2" 200 17430 "-" "Mozilla/5.0 (X11; Linux x86_64) AppleWebKit/537.36 (KHTML, like Gecko) Chrome/145.0.0.0 Safari/537.36 (compatible; meta-externalagent/1.1 (+https://developers.facebook.com/docs/sharing/webmasters/crawler))"
2a03:2880:f800:b:: - - [16/Jul/2026:19:42:57 +0000] "GET /2025/08/22/best-london-casino/ HTTP/2" 200 17374 "-" "Mozilla/5.0 (Macintosh; Intel Mac OS X 10_15_7) AppleWebKit/537.36 (KHTML, like Gecko) Chrome/145.0.0.0 Safari/537.36 (compatible; meta-externalagent/1.1 (+https://developers.facebook.com/docs/sharing/webmasters/crawler))"
2a03:2880:f800:11:: - - [16/Jul/2026:19:43:32 +0000] "GET /2025/08/22/free-online-slot-tournaments-no-deposit-uk/ HTTP/2" 200 17363 "-" "Mozilla/5.0 (Windows NT 10.0; Win64; x64) AppleWebKit/537.36 (KHTML, like Gecko) Chrome/145.0.0.0 Safari/537.36 Edg/145.0.0.0 (compatible; meta-externalagent/1.1 (+https://developers.facebook.com/docs/sharing/webmasters/crawler))"
65.181.116.207 - - [16/Jul/2026:19:43:54 +0000] "POST /wp-cron.php?doing_wp_cron=1784231033.8671350479125976562500 HTTP/2" 200 0 "-" "WordPress/7.0.1; https://www.max-iptv4k.com"
2a03:2880:f800:5:: - - [16/Jul/2026:19:43:50 +0000] "GET /2025/08/22/casino-cryptocurrency/ HTTP/2" 200 16865 "-" "Mozilla/5.0 (Windows NT 10.0; Win64; x64) AppleWebKit/537.36 (KHTML, like Gecko) Chrome/145.0.0.0 Safari/537.36 (compatible; meta-externalagent/1.1 (+https://developers.facebook.com/docs/sharing/webmasters/crawler))"
2a03:2880:f800:47:: - - [16/Jul/2026:19:44:31 +0000] "GET /2025/08/22/1spin4win-rtp/ HTTP/2" 200 17128 "-" "Mozilla/5.0 (Macintosh; Intel Mac OS X 10_15_7) AppleWebKit/537.36 (KHTML, like Gecko) Chrome/145.0.0.0 Safari/537.36 (compatible; meta-externalagent/1.1 (+https://developers.facebook.com/docs/sharing/webmasters/crawler))"
65.181.116.207 - - [16/Jul/2026:19:44:47 +0000] "POST /wp-cron.php?doing_wp_cron=1784231087.2142739295959472656250 HTTP/2" 200 0 "-" "WordPress/7.0.1; https://www.max-iptv4k.com"
2a03:2880:f800:33:: - - [16/Jul/2026:19:44:42 +0000] "GET /2025/08/22/casino-slots-free-play/ HTTP/2" 200 17318 "-" "Mozilla/5.0 (Windows NT 10.0; Win64; x64) AppleWebKit/537.36 (KHTML, like Gecko) Chrome/145.0.0.0 Safari/537.36 (compatible; meta-externalagent/1.1 (+https://developers.facebook.com/docs/sharing/webmasters/crawler))"
2a03:2880:f800:f:: - - [16/Jul/2026:19:45:29 +0000] "GET /2025/08/22/online-casino-algorithms/ HTTP/2" 200 16993 "-" "Mozilla/5.0 (Windows NT 10.0; Win64; x64) AppleWebKit/537.36 (KHTML, like Gecko) Chrome/145.0.0.0 Safari/537.36 (compatible; meta-externalagent/1.1 (+https://developers.facebook.com/docs/sharing/webmasters/crawler))"
65.181.116.207 - - [16/Jul/2026:19:46:14 +0000] "POST /wp-cron.php?doing_wp_cron=1784231174.4770519733428955078125 HTTP/2" 200 0 "-" "WordPress/7.0.1; https://www.max-iptv4k.com"
192.178.6.34 - - [16/Jul/2026:19:46:13 +0000] "GET /robots.txt HTTP/2" 200 127 "-" "Mozilla/5.0 (compatible; Googlebot/2.1; +http://www.google.com/bot.html)"
192.178.6.35 - - [16/Jul/2026:19:46:14 +0000] "GET /wp-content/uploads/2025/03/Hexa-Max-996-x-423-px-e1743353973481-150x150.webp HTTP/2" 200 2608 "-" "Googlebot-Image/1.0"
192.178.6.35 - - [16/Jul/2026:19:46:15 +0000] "GET /favicon.ico HTTP/2" 404 1251 "-" "Googlebot-Image/1.0"
192.178.6.35 - - [16/Jul/2026:19:46:15 +0000] "GET /wp-content/uploads/2025/03/Hexa-Max-996-x-423-px-e1743353973481.webp HTTP/2" 200 6502 "-" "Googlebot-Image/1.0"
2a03:2880:f800:47:: - - [16/Jul/2026:19:46:25 +0000] "GET /2025/08/22/spread-gambling-uk/ HTTP/2" 200 17490 "-" "Mozilla/5.0 (Macintosh; Intel Mac OS X 10_15_7) AppleWebKit/537.36 (KHTML, like Gecko) Chrome/145.0.0.0 Safari/537.36 (compatible; meta-externalagent/1.1 (+https://developers.facebook.com/docs/sharing/webmasters/crawler))"
65.181.116.207 - - [16/Jul/2026:19:47:28 +0000] "POST /wp-cron.php?doing_wp_cron=1784231248.5697081089019775390625 HTTP/2" 200 0 "-" "WordPress/7.0.1; https://www.max-iptv4k.com"
2a03:2880:f800:18:: - - [16/Jul/2026:19:47:23 +0000] "GET /2025/08/22/top-online-casinos-uk-real-money/ HTTP/2" 200 17323 "-" "Mozilla/5.0 (Macintosh; Intel Mac OS X 10_15_7) AppleWebKit/537.36 (KHTML, like Gecko) Chrome/145.0.0.0 Safari/537.36 (compatible; meta-externalagent/1.1 (+https://developers.facebook.com/docs/sharing/webmasters/crawler))"
2a03:2880:f800:b:: - - [16/Jul/2026:19:47:58 +0000] "GET /2025/08/22/casinos-in-bath-australia/ HTTP/2" 200 17296 "-" "Mozilla/5.0 (Windows NT 10.0; Win64; x64) AppleWebKit/537.36 (KHTML, like Gecko) Chrome/145.0.0.0 Safari/537.36 (compatible; meta-externalagent/1.1 (+https://developers.facebook.com/docs/sharing/webmasters/crawler))"
2a03:2880:f800:18:: - - [16/Jul/2026:19:47:58 +0000] "GET /2025/08/22/easybet-casino-no-deposit-bonus-100-free-spins/ HTTP/2" 200 17403 "-" "Mozilla/5.0 (X11; Linux x86_64) AppleWebKit/537.36 (KHTML, like Gecko) Chrome/145.0.0.0 Safari/537.36 (compatible; meta-externalagent/1.1 (+https://developers.facebook.com/docs/sharing/webmasters/crawler))"
65.181.116.207 - - [16/Jul/2026:19:48:03 +0000] "POST /wp-cron.php?doing_wp_cron=1784231283.2363419532775878906250 HTTP/2" 200 0 "-" "WordPress/7.0.1; https://www.max-iptv4k.com"
142.44.225.251 - - [16/Jul/2026:19:48:27 +0000] "GET /sitemap.xml HTTP/2" 200 395 "-" "Mozilla/5.0 (compatible; AhrefsBot/7.0; +http://ahrefs.com/robot/)"
2a03:2880:f800:34:: - - [16/Jul/2026:19:48:28 +0000] "GET /2025/08/22/tokyo-casino-review-and-free-chips-bonus/ HTTP/2" 200 17067 "-" "Mozilla/5.0 (Macintosh; Intel Mac OS X 10_15_7) AppleWebKit/537.36 (KHTML, like Gecko) Chrome/145.0.0.0 Safari/537.36 (compatible; meta-externalagent/1.1 (+https://developers.facebook.com/docs/sharing/webmasters/crawler))"
2a03:2880:f800:35:: - - [16/Jul/2026:19:48:37 +0000] "GET /2025/08/22/free-casino-slot-games-to-play-online/ HTTP/2" 200 17371 "-" "Mozilla/5.0 (X11; Linux x86_64) AppleWebKit/537.36 (KHTML, like Gecko) Chrome/145.0.0.0 Safari/537.36 (compatible; meta-externalagent/1.1 (+https://developers.facebook.com/docs/sharing/webmasters/crawler))"
65.181.116.207 - - [16/Jul/2026:19:48:49 +0000] "POST /wp-cron.php?doing_wp_cron=1784231329.0531940460205078125000 HTTP/2" 200 0 "-" "WordPress/7.0.1; https://www.max-iptv4k.com"
51.161.65.120 - - [16/Jul/2026:19:48:31 +0000] "GET /post-sitemap.xml HTTP/2" 200 13034 "-" "Mozilla/5.0 (compatible; AhrefsBot/7.0; +http://ahrefs.com/robot/)"
142.44.228.241 - - [16/Jul/2026:19:48:50 +0000] "GET /post-sitemap2.xml HTTP/2" 200 12753 "-" "Mozilla/5.0 (compatible; AhrefsBot/7.0; +http://ahrefs.com/robot/)"
148.113.128.157 - - [16/Jul/2026:19:49:16 +0000] "GET /post-sitemap3.xml HTTP/2" 200 13431 "-" "Mozilla/5.0 (compatible; AhrefsBot/7.0; +http://ahrefs.com/robot/)"
65.181.116.207 - - [16/Jul/2026:19:49:57 +0000] "POST /wp-cron.php?doing_wp_cron=1784231397.3916969299316406250000 HTTP/2" 200 0 "-" "WordPress/7.0.1; https://www.max-iptv4k.com"
54.39.210.91 - - [16/Jul/2026:19:49:39 +0000] "GET /post-sitemap4.xml HTTP/2" 200 13018 "-" "Mozilla/5.0 (compatible; AhrefsBot/7.0; +http://ahrefs.com/robot/)"
54.39.136.24 - - [16/Jul/2026:19:49:58 +0000] "GET /post-sitemap5.xml HTTP/2" 200 12734 "-" "Mozilla/5.0 (compatible; AhrefsBot/7.0; +http://ahrefs.com/robot/)"
2a03:2880:f812:5a:: - - [16/Jul/2026:19:50:20 +0000] "GET /2025/08/22/monacobet-casino-login-app-sign-up/ HTTP/2" 200 17434 "-" "Mozilla/5.0 (Windows NT 10.0; Win64; x64) AppleWebKit/537.36 (KHTML, like Gecko) Chrome/145.0.0.0 Safari/537.36 (compatible; meta-externalagent/1.1 (+https://developers.facebook.com/docs/sharing/webmasters/crawler))"
2a03:2880:f800:31:: - - [16/Jul/2026:19:50:34 +0000] "GET /2025/08/22/clic-casino-100-free-spins-bonus-2025/ HTTP/2" 200 17521 "-" "Mozilla/5.0 (Windows NT 10.0; Win64; x64) AppleWebKit/537.36 (KHTML, like Gecko) Chrome/145.0.0.0 Safari/537.36 Edg/145.0.0.0 (compatible; meta-externalagent/1.1 (+https://developers.facebook.com/docs/sharing/webmasters/crawler))"
65.181.116.207 - - [16/Jul/2026:19:50:43 +0000] "POST /wp-cron.php?doing_wp_cron=1784231443.0514280796051025390625 HTTP/2" 200 0 "-" "WordPress/7.0.1; https://www.max-iptv4k.com"
2a03:2880:f800:12:: - - [16/Jul/2026:19:50:39 +0000] "GET /2025/08/22/boss-casino-no-deposit-bonus-codes-for-free-spins-2025/ HTTP/2" 200 17338 "-" "Mozilla/5.0 (Windows NT 10.0; Win64; x64) AppleWebKit/537.36 (KHTML, like Gecko) Chrome/145.0.0.0 Safari/537.36 (compatible; meta-externalagent/1.1 (+https://developers.facebook.com/docs/sharing/webmasters/crawler))"
51.161.65.125 - - [16/Jul/2026:19:50:45 +0000] "GET /post-sitemap7.xml HTTP/2" 200 13211 "-" "Mozilla/5.0 (compatible; AhrefsBot/7.0; +http://ahrefs.com/robot/)"
142.44.228.50 - - [16/Jul/2026:19:51:02 +0000] "GET /post-sitemap8.xml HTTP/2" 200 13257 "-" "Mozilla/5.0 (compatible; AhrefsBot/7.0; +http://ahrefs.com/robot/)"
2a03:2880:f800:16:: - - [16/Jul/2026:19:51:25 +0000] "GET /2025/08/22/latest-no-deposit-casino-bonuses-canada/ HTTP/2" 200 17310 "-" "Mozilla/5.0 (Macintosh; Intel Mac OS X 10_15_7) AppleWebKit/537.36 (KHTML, like Gecko) Chrome/145.0.0.0 Safari/537.36 (compatible; meta-externalagent/1.1 (+https://developers.facebook.com/docs/sharing/webmasters/crawler))"
65.181.116.207 - - [16/Jul/2026:19:51:47 +0000] "POST /wp-cron.php?doing_wp_cron=1784231506.8589630126953125000000 HTTP/2" 200 0 "-" "WordPress/7.0.1; https://www.max-iptv4k.com"
148.113.128.126 - - [16/Jul/2026:19:51:26 +0000] "GET /post-sitemap9.xml HTTP/2" 200 13356 "-" "Mozilla/5.0 (compatible; AhrefsBot/7.0; +http://ahrefs.com/robot/)"
2a03:2880:f800:1b:: - - [16/Jul/2026:19:51:47 +0000] "GET /2025/08/22/jackpot-casino-login-australia/ HTTP/2" 200 17717 "-" "Mozilla/5.0 (Windows NT 10.0; Win64; x64) AppleWebKit/537.36 (KHTML, like Gecko) Chrome/145.0.0.0 Safari/537.36 (compatible; meta-externalagent/1.1 (+https://developers.facebook.com/docs/sharing/webmasters/crawler))"
54.39.0.154 - - [16/Jul/2026:19:51:48 +0000] "GET /post-sitemap10.xml HTTP/2" 200 4076 "-" "Mozilla/5.0 (compatible; AhrefsBot/7.0; +http://ahrefs.com/robot/)"
148.113.128.39 - - [16/Jul/2026:19:51:55 +0000] "GET /page-sitemap.xml HTTP/2" 200 1468 "-" "Mozilla/5.0 (compatible; AhrefsBot/7.0; +http://ahrefs.com/robot/)"
142.44.220.113 - - [16/Jul/2026:19:51:58 +0000] "GET /category-sitemap.xml HTTP/2" 200 392 "-" "Mozilla/5.0 (compatible; AhrefsBot/7.0; +http://ahrefs.com/robot/)"
2a03:2880:f800:2f:: - - [16/Jul/2026:19:52:03 +0000] "GET /2025/08/22/free-casino-slots-with-bonus-rounds-downloads/ HTTP/2" 200 16977 "-" "Mozilla/5.0 (Windows NT 10.0; Win64; x64) AppleWebKit/537.36 (KHTML, like Gecko) Chrome/145.0.0.0 Safari/537.36 Edg/145.0.0.0 (compatible; meta-externalagent/1.1 (+https://developers.facebook.com/docs/sharing/webmasters/crawler))"
65.181.116.207 - - [16/Jul/2026:19:52:13 +0000] "POST /wp-cron.php?doing_wp_cron=1784231533.0893809795379638671875 HTTP/2" 200 0 "-" "WordPress/7.0.1; https://www.max-iptv4k.com"
17.246.23.195 - - [16/Jul/2026:19:52:09 +0000] "GET /2025/08/22/spin-palace-withdrawal-australia/ HTTP/2" 200 17122 "-" "Mozilla/5.0 (Macintosh; Intel Mac OS X 10_15_7) AppleWebKit/605.1.15 (KHTML, like Gecko) Version/17.4 Safari/605.1.15 (Applebot/0.1; +http://www.apple.com/go/applebot)"
65.181.116.207 - - [16/Jul/2026:19:53:12 +0000] "POST /wp-cron.php?doing_wp_cron=1784231592.1621220111846923828125 HTTP/2" 200 0 "-" "WordPress/7.0.1; https://www.max-iptv4k.com"
167.114.139.150 - - [16/Jul/2026:19:53:09 +0000] "GET /sitemap.rss HTTP/2" 200 2305 "-" "Mozilla/5.0 (compatible; AhrefsBot/7.0; +http://ahrefs.com/robot/)"
65.181.116.207 - - [16/Jul/2026:19:53:52 +0000] "POST /wp-cron.php?doing_wp_cron=1784231632.2311339378356933593750 HTTP/2" 200 0 "-" "WordPress/7.0.1; https://www.max-iptv4k.com"
54.39.89.197 - - [16/Jul/2026:19:50:24 +0000] "GET /post-sitemap6.xml HTTP/2" 200 13173 "-" "Mozilla/5.0 (compatible; AhrefsBot/7.0; +http://ahrefs.com/robot/)"
65.181.116.207 - - [16/Jul/2026:20:01:24 +0000] "POST /wp-cron.php?doing_wp_cron=1784232084.4108970165252685546875 HTTP/2" 200 0 "-" "WordPress/7.0.1; https://www.max-iptv4k.com"
2a03:2880:f800:c:: - - [16/Jul/2026:20:01:20 +0000] "GET /2025/08/22/free-no-deposit-registration-bonus-australia-online-casino/ HTTP/2" 200 17544 "-" "Mozilla/5.0 (Windows NT 10.0; Win64; x64) AppleWebKit/537.36 (KHTML, like Gecko) Chrome/145.0.0.0 Safari/537.36 (compatible; meta-externalagent/1.1 (+https://developers.facebook.com/docs/sharing/webmasters/crawler))"
65.181.116.207 - - [16/Jul/2026:20:01:56 +0000] "POST /wp-cron.php?doing_wp_cron=1784232116.6433320045471191406250 HTTP/2" 200 0 "-" "WordPress/7.0.1; https://www.max-iptv4k.com"
2a03:2880:f800:1a:: - - [16/Jul/2026:20:01:52 +0000] "GET /2025/08/22/free-slot-casino-machine-ireland/ HTTP/2" 200 17389 "-" "Mozilla/5.0 (Macintosh; Intel Mac OS X 10_15_7) AppleWebKit/537.36 (KHTML, like Gecko) Chrome/145.0.0.0 Safari/537.36 (compatible; meta-externalagent/1.1 (+https://developers.facebook.com/docs/sharing/webmasters/crawler))"
2a03:2880:f800:28:: - - [16/Jul/2026:20:02:26 +0000] "GET /2025/08/22/online-500-rummy-uk/ HTTP/2" 200 17438 "-" "Mozilla/5.0 (Windows NT 10.0; Win64; x64) AppleWebKit/537.36 (KHTML, like Gecko) Chrome/145.0.0.0 Safari/537.36 (compatible; meta-externalagent/1.1 (+https://developers.facebook.com/docs/sharing/webmasters/crawler))"
65.181.116.207 - - [16/Jul/2026:20:03:21 +0000] "POST /wp-cron.php?doing_wp_cron=1784232200.8678860664367675781250 HTTP/2" 200 0 "-" "WordPress/7.0.1; https://www.max-iptv4k.com"
2a03:2880:f800:8:: - - [16/Jul/2026:20:03:15 +0000] "GET /2025/08/22/online-gambling-explained/ HTTP/2" 200 17297 "-" "Mozilla/5.0 (Windows NT 10.0; Win64; x64) AppleWebKit/537.36 (KHTML, like Gecko) Chrome/145.0.0.0 Safari/537.36 (compatible; meta-externalagent/1.1 (+https://developers.facebook.com/docs/sharing/webmasters/crawler))"
2a03:2880:f800:b:: - - [16/Jul/2026:20:03:21 +0000] "GET /2025/08/22/play-american-roulette-online-for-real-money/ HTTP/2" 200 17089 "-" "Mozilla/5.0 (Windows NT 10.0; Win64; x64) AppleWebKit/537.36 (KHTML, like Gecko) Chrome/145.0.0.0 Safari/537.36 (compatible; meta-externalagent/1.1 (+https://developers.facebook.com/docs/sharing/webmasters/crawler))"
65.181.116.207 - - [16/Jul/2026:20:04:35 +0000] "POST /wp-cron.php?doing_wp_cron=1784232274.9331259727478027343750 HTTP/2" 200 0 "-" "WordPress/7.0.1; https://www.max-iptv4k.com"
2a03:2880:f800:f:: - - [16/Jul/2026:20:04:30 +0000] "GET /2025/08/22/mr-vegas-casino-login-app-sign-up/ HTTP/2" 200 17149 "-" "Mozilla/5.0 (Windows NT 10.0; Win64; x64) AppleWebKit/537.36 (KHTML, like Gecko) Chrome/145.0.0.0 Safari/537.36 (compatible; meta-externalagent/1.1 (+https://developers.facebook.com/docs/sharing/webmasters/crawler))"
65.181.116.207 - - [16/Jul/2026:20:04:48 +0000] "POST /wp-cron.php?doing_wp_cron=1784232287.8368680477142333984375 HTTP/2" 200 0 "-" "WordPress/7.0.1; https://www.max-iptv4k.com"
2a03:2880:f800:: - - [16/Jul/2026:20:04:43 +0000] "GET /2025/08/22/apache-casino-in-united-kingdom/ HTTP/2" 200 17109 "-" "Mozilla/5.0 (Macintosh; Intel Mac OS X 10_15_7) AppleWebKit/537.36 (KHTML, like Gecko) Chrome/145.0.0.0 Safari/537.36 (compatible; meta-externalagent/1.1 (+https://developers.facebook.com/docs/sharing/webmasters/crawler))"
2a03:2880:f800:2a:: - - [16/Jul/2026:20:04:55 +0000] "GET /2025/08/22/reels-of-joy-casino-login-app/ HTTP/2" 200 17262 "-" "Mozilla/5.0 (Windows NT 10.0; Win64; x64) AppleWebKit/537.36 (KHTML, like Gecko) Chrome/145.0.0.0 Safari/537.36 (compatible; meta-externalagent/1.1 (+https://developers.facebook.com/docs/sharing/webmasters/crawler))"
2a03:2880:f800:33:: - - [16/Jul/2026:20:05:21 +0000] "GET /2025/08/22/play-online-rummy-for-money/ HTTP/2" 200 16953 "-" "Mozilla/5.0 (Windows NT 10.0; Win64; x64) AppleWebKit/537.36 (KHTML, like Gecko) Chrome/145.0.0.0 Safari/537.36 Edg/145.0.0.0 (compatible; meta-externalagent/1.1 (+https://developers.facebook.com/docs/sharing/webmasters/crawler))"
2a03:2880:f800:27:: - - [16/Jul/2026:19:53:48 +0000] "GET /2025/08/22/best-skrill-online-casinos-australia/ HTTP/2" 200 17368 "-" "Mozilla/5.0 (Windows NT 10.0; Win64; x64) AppleWebKit/537.36 (KHTML, like Gecko) Chrome/145.0.0.0 Safari/537.36 (compatible; meta-externalagent/1.1 (+https://developers.facebook.com/docs/sharing/webmasters/crawler))"
65.181.116.207 - - [16/Jul/2026:19:54:50 +0000] "POST /wp-cron.php?doing_wp_cron=1784231690.5631399154663085937500 HTTP/2" 200 0 "-" "WordPress/7.0.1; https://www.max-iptv4k.com"
2a03:2880:f800:5:: - - [16/Jul/2026:19:54:47 +0000] "GET /2025/08/22/shaftesbury-casino-west-bromwich-opening-hours/ HTTP/2" 200 17408 "-" "Mozilla/5.0 (Windows NT 10.0; Win64; x64) AppleWebKit/537.36 (KHTML, like Gecko) Chrome/145.0.0.0 Safari/537.36 (compatible; meta-externalagent/1.1 (+https://developers.facebook.com/docs/sharing/webmasters/crawler))"
65.181.116.207 - - [16/Jul/2026:19:55:52 +0000] "POST /wp-cron.php?doing_wp_cron=1784231752.3700850009918212890625 HTTP/2" 200 0 "-" "WordPress/7.0.1; https://www.max-iptv4k.com"
2a03:2880:f800:2d:: - - [16/Jul/2026:19:55:49 +0000] "GET /2025/08/22/emu-casino-no-deposit-free-spins-bonus-codes/ HTTP/2" 200 17802 "-" "Mozilla/5.0 (Windows NT 10.0; Win64; x64) AppleWebKit/537.36 (KHTML, like Gecko) Chrome/145.0.0.0 Safari/537.36 (compatible; meta-externalagent/1.1 (+https://developers.facebook.com/docs/sharing/webmasters/crawler))"
65.181.116.207 - - [16/Jul/2026:19:57:00 +0000] "POST /wp-cron.php?doing_wp_cron=1784231820.1082670688629150390625 HTTP/2" 200 0 "-" "WordPress/7.0.1; https://www.max-iptv4k.com"
2a03:2880:f800:10:: - - [16/Jul/2026:19:56:55 +0000] "GET /2025/08/22/no-deposit-welcome-bonus-mobile-slots/ HTTP/2" 200 17394 "-" "Mozilla/5.0 (Windows NT 10.0; Win64; x64) AppleWebKit/537.36 (KHTML, like Gecko) Chrome/145.0.0.0 Safari/537.36 (compatible; meta-externalagent/1.1 (+https://developers.facebook.com/docs/sharing/webmasters/crawler))"
65.181.116.207 - - [16/Jul/2026:19:58:32 +0000] "POST /wp-cron.php?doing_wp_cron=1784231912.1295189857482910156250 HTTP/2" 200 0 "-" "WordPress/7.0.1; https://www.max-iptv4k.com"
2a03:2880:f800:2:: - - [16/Jul/2026:19:58:28 +0000] "GET /2025/08/22/free-chip-no-deposit-bonus-codes-2025-united-kingdom/ HTTP/2" 200 17464 "-" "Mozilla/5.0 (Windows NT 10.0; Win64; x64) AppleWebKit/537.36 (KHTML, like Gecko) Chrome/145.0.0.0 Safari/537.36 (compatible; meta-externalagent/1.1 (+https://developers.facebook.com/docs/sharing/webmasters/crawler))"
65.181.116.207 - - [16/Jul/2026:19:58:34 +0000] "POST /wp-cron.php?doing_wp_cron=1784231914.7522161006927490234375 HTTP/2" 200 0 "-" "WordPress/7.0.1; https://www.max-iptv4k.com"
2a03:2880:f800:45:: - - [16/Jul/2026:19:58:31 +0000] "GET /2025/08/22/can-you-win-real-money-online-slots/ HTTP/2" 200 17100 "-" "Mozilla/5.0 (Windows NT 10.0; Win64; x64) AppleWebKit/537.36 (KHTML, like Gecko) Chrome/145.0.0.0 Safari/537.36 (compatible; meta-externalagent/1.1 (+https://developers.facebook.com/docs/sharing/webmasters/crawler))"
2a03:2880:f800:25:: - - [16/Jul/2026:19:58:51 +0000] "GET /2025/08/22/go-fish-casino-no-deposit-bonus-100-free-spins/ HTTP/2" 200 17341 "-" "Mozilla/5.0 (Windows NT 10.0; Win64; x64) AppleWebKit/537.36 (KHTML, like Gecko) Chrome/145.0.0.0 Safari/537.36 (compatible; meta-externalagent/1.1 (+https://developers.facebook.com/docs/sharing/webmasters/crawler))"
2a03:2880:f800:3d:: - - [16/Jul/2026:19:58:58 +0000] "GET /2025/08/22/sharkbet-casino-no-deposit-bonus-100-free-spins/ HTTP/2" 200 17485 "-" "Mozilla/5.0 (Macintosh; Intel Mac OS X 10_15_7) AppleWebKit/537.36 (KHTML, like Gecko) Chrome/145.0.0.0 Safari/537.36 (compatible; meta-externalagent/1.1 (+https://developers.facebook.com/docs/sharing/webmasters/crawler))"
2a03:2880:f800:47:: - - [16/Jul/2026:20:05:30 +0000] "GET /2025/08/22/land-based-casinos-uk/ HTTP/2" 200 17015 "-" "Mozilla/5.0 (Windows NT 10.0; Win64; x64) AppleWebKit/537.36 (KHTML, like Gecko) Chrome/145.0.0.0 Safari/537.36 (compatible; meta-externalagent/1.1 (+https://developers.facebook.com/docs/sharing/webmasters/crawler))"
65.181.116.207 - - [16/Jul/2026:20:06:46 +0000] "POST /wp-cron.php?doing_wp_cron=1784232406.6124300956726074218750 HTTP/2" 200 0 "-" "WordPress/7.0.1; https://www.max-iptv4k.com"
2a03:2880:f800:34:: - - [16/Jul/2026:20:06:41 +0000] "GET /2025/08/22/video-blackjack-in-canada/ HTTP/2" 200 17664 "-" "Mozilla/5.0 (Windows NT 10.0; Win64; x64) AppleWebKit/537.36 (KHTML, like Gecko) Chrome/145.0.0.0 Safari/537.36 (compatible; meta-externalagent/1.1 (+https://developers.facebook.com/docs/sharing/webmasters/crawler))"
2a03:2880:f800:1f:: - - [16/Jul/2026:20:06:59 +0000] "GET /2025/08/22/free-online-casino-for-fun/ HTTP/2" 200 17560 "-" "Mozilla/5.0 (Macintosh; Intel Mac OS X 10_15_7) AppleWebKit/537.36 (KHTML, like Gecko) Chrome/145.0.0.0 Safari/537.36 (compatible; meta-externalagent/1.1 (+https://developers.facebook.com/docs/sharing/webmasters/crawler))"
65.181.116.207 - - [16/Jul/2026:20:09:47 +0000] "POST /wp-cron.php?doing_wp_cron=1784232587.6299309730529785156250 HTTP/2" 200 0 "-" "WordPress/7.0.1; https://www.max-iptv4k.com"
2a03:2880:f800:c:: - - [16/Jul/2026:20:09:42 +0000] "GET /2025/08/22/casino-pour-mobile/ HTTP/2" 200 16895 "-" "Mozilla/5.0 (Windows NT 10.0; Win64; x64) AppleWebKit/537.36 (KHTML, like Gecko) Chrome/145.0.0.0 Safari/537.36 (compatible; meta-externalagent/1.1 (+https://developers.facebook.com/docs/sharing/webmasters/crawler))"
2a03:2880:f800:6:: - - [16/Jul/2026:20:10:05 +0000] "GET /sitemap.xml HTTP/2" 200 393 "-" "Mozilla/5.0 (Windows NT 10.0; Win64; x64) AppleWebKit/537.36 (KHTML, like Gecko) Chrome/145.0.0.0 Safari/537.36 (compatible; meta-externalagent/1.1 (+https://developers.facebook.com/docs/sharing/webmasters/crawler))"
65.181.116.207 - - [16/Jul/2026:20:10:53 +0000] "POST /wp-cron.php?doing_wp_cron=1784232653.7107028961181640625000 HTTP/2" 200 0 "-" "WordPress/7.0.1; https://www.max-iptv4k.com"
2a03:2880:f800:5:: - - [16/Jul/2026:20:10:49 +0000] "GET /2025/08/22/roulette-tricks-australia/ HTTP/2" 200 17610 "-" "Mozilla/5.0 (Windows NT 10.0; Win64; x64) AppleWebKit/537.36 (KHTML, like Gecko) Chrome/145.0.0.0 Safari/537.36 (compatible; meta-externalagent/1.1 (+https://developers.facebook.com/docs/sharing/webmasters/crawler))"
2a03:2880:f800:5:: - - [16/Jul/2026:20:11:04 +0000] "GET /2025/08/22/casino-accept-paypal/ HTTP/2" 200 17249 "-" "Mozilla/5.0 (Macintosh; Intel Mac OS X 10_15_7) AppleWebKit/537.36 (KHTML, like Gecko) Chrome/145.0.0.0 Safari/537.36 (compatible; meta-externalagent/1.1 (+https://developers.facebook.com/docs/sharing/webmasters/crawler))"
65.181.116.207 - - [16/Jul/2026:20:12:09 +0000] "POST /wp-cron.php?doing_wp_cron=1784232729.6116380691528320312500 HTTP/2" 200 0 "-" "WordPress/7.0.1; https://www.max-iptv4k.com"
2a03:2880:f800:a:: - - [16/Jul/2026:20:12:04 +0000] "GET /2025/08/22/video-slot-game-uk/ HTTP/2" 200 17286 "-" "Mozilla/5.0 (Windows NT 10.0; Win64; x64) AppleWebKit/537.36 (KHTML, like Gecko) Chrome/145.0.0.0 Safari/537.36 (compatible; meta-externalagent/1.1 (+https://developers.facebook.com/docs/sharing/webmasters/crawler))"
195.178.110.48 - - [16/Jul/2026:20:12:10 +0000] "GET / HTTP/2" 401 53 "-" "Mozilla/5.0 (Windows NT 10.0; Win64; x64) AppleWebKit/537.36 Chrome/122.0.0.0 Safari/537.36"
2a03:2880:f800:45:: - - [16/Jul/2026:20:12:18 +0000] "GET /2025/08/22/new-mobile-casino-no-deposit-2025/ HTTP/2" 200 17481 "-" "Mozilla/5.0 (Windows NT 10.0; Win64; x64) AppleWebKit/537.36 (KHTML, like Gecko) Chrome/145.0.0.0 Safari/537.36 (compatible; meta-externalagent/1.1 (+https://developers.facebook.com/docs/sharing/webmasters/crawler))"
20.206.89.130 - - [16/Jul/2026:20:16:57 +0000] "GET /wp-content/plugins/hellopress/wp_filemanager.php HTTP/2" 401 53 "-" "-"
20.206.89.130 - - [16/Jul/2026:20:16:57 +0000] "GET /this_is_a_new_hello_world.php HTTP/2" 401 53 "-" "-"
20.206.89.130 - - [16/Jul/2026:20:16:58 +0000] "GET /x.php HTTP/2" 401 53 "-" "-"
20.206.89.130 - - [16/Jul/2026:20:16:58 +0000] "GET /mgrr.php HTTP/2" 401 53 "-" "-"
65.181.116.207 - - [16/Jul/2026:20:16:59 +0000] "POST /wp-cron.php?doing_wp_cron=1784233018.9195930957794189453125 HTTP/2" 200 0 "-" "WordPress/7.0.1; https://www.max-iptv4k.com"
2a03:2880:f800:44:: - - [16/Jul/2026:20:16:54 +0000] "GET /2025/08/22/eurostar-casino-no-deposit-bonus-codes-for-free-spins-2025/ HTTP/2" 200 17432 "-" "Mozilla/5.0 (Macintosh; Intel Mac OS X 10_15_7) AppleWebKit/537.36 (KHTML, like Gecko) Chrome/145.0.0.0 Safari/537.36 (compatible; meta-externalagent/1.1 (+https://developers.facebook.com/docs/sharing/webmasters/crawler))"
20.206.89.130 - - [16/Jul/2026:20:16:59 +0000] "GET /stdin.php HTTP/2" 401 53 "-" "-"
20.206.89.130 - - [16/Jul/2026:20:16:59 +0000] "GET /BDKR28.php HTTP/2" 401 53 "-" "-"
20.206.89.130 - - [16/Jul/2026:20:17:00 +0000] "GET /001.php HTTP/2" 401 53 "-" "-"
20.206.89.130 - - [16/Jul/2026:20:17:00 +0000] "GET /dZ3wP5.php HTTP/2" 401 53 "-" "-"
20.206.89.130 - - [16/Jul/2026:20:17:00 +0000] "GET /yup.php HTTP/2" 401 53 "-" "-"
20.206.89.130 - - [16/Jul/2026:20:17:01 +0000] "GET /ts.php HTTP/2" 401 53 "-" "-"
20.206.89.130 - - [16/Jul/2026:20:17:01 +0000] "GET /X.php HTTP/2" 401 53 "-" "-"
20.206.89.130 - - [16/Jul/2026:20:17:01 +0000] "GET /1polka.php HTTP/2" 401 53 "-" "-"
20.206.89.130 - - [16/Jul/2026:20:17:02 +0000] "GET /gec.php HTTP/2" 401 53 "-" "-"
20.206.89.130 - - [16/Jul/2026:20:17:02 +0000] "GET /sky.php HTTP/2" 401 53 "-" "-"
20.206.89.130 - - [16/Jul/2026:20:17:03 +0000] "GET /fffm.php HTTP/2" 401 53 "-" "-"
20.206.89.130 - - [16/Jul/2026:20:17:03 +0000] "GET /sixxis.php HTTP/2" 401 53 "-" "-"
20.206.89.130 - - [16/Jul/2026:20:17:03 +0000] "GET /yj09.php HTTP/2" 401 53 "-" "-"
20.206.89.130 - - [16/Jul/2026:20:17:04 +0000] "GET /f900.php HTTP/2" 401 53 "-" "-"
20.206.89.130 - - [16/Jul/2026:20:17:04 +0000] "GET /ups.php HTTP/2" 401 53 "-" "-"
20.206.89.130 - - [16/Jul/2026:20:17:04 +0000] "GET /k.php HTTP/2" 401 53 "-" "-"
20.206.89.130 - - [16/Jul/2026:20:17:05 +0000] "GET /k2.php HTTP/2" 401 53 "-" "-"
20.206.89.130 - - [16/Jul/2026:20:17:05 +0000] "GET /w.php HTTP/2" 401 53 "-" "-"
20.206.89.130 - - [16/Jul/2026:20:17:06 +0000] "GET /fpwch.php HTTP/2" 401 53 "-" "-"
20.206.89.130 - - [16/Jul/2026:20:17:06 +0000] "GET /w2025.php HTTP/2" 401 53 "-" "-"
20.206.89.130 - - [16/Jul/2026:20:17:06 +0000] "GET /scxy.php HTTP/2" 401 53 "-" "-"
20.206.89.130 - - [16/Jul/2026:20:17:07 +0000] "GET /FWAZ.php HTTP/2" 401 53 "-" "-"
20.206.89.130 - - [16/Jul/2026:20:17:07 +0000] "GET /qterm.php HTTP/2" 401 53 "-" "-"
20.206.89.130 - - [16/Jul/2026:20:17:07 +0000] "GET /blurbs.php HTTP/2" 401 53 "-" "-"
20.206.89.130 - - [16/Jul/2026:20:17:08 +0000] "GET /v543.php HTTP/2" 401 53 "-" "-"
20.206.89.130 - - [16/Jul/2026:20:17:08 +0000] "GET /w3lls.php HTTP/2" 401 53 "-" "-"
20.206.89.130 - - [16/Jul/2026:20:17:08 +0000] "GET /wp-ws68.php HTTP/2" 401 53 "-" "-"
20.206.89.130 - - [16/Jul/2026:20:17:09 +0000] "GET /xyn.php HTTP/2" 401 53 "-" "-"
20.206.89.130 - - [16/Jul/2026:20:17:09 +0000] "GET /green3.php HTTP/2" 401 53 "-" "-"
20.206.89.130 - - [16/Jul/2026:20:17:09 +0000] "GET /ccc.php HTTP/2" 401 53 "-" "-"
20.206.89.130 - - [16/Jul/2026:20:17:10 +0000] "GET /get.php HTTP/2" 401 53 "-" "-"
20.206.89.130 - - [16/Jul/2026:20:17:10 +0000] "GET /images.php HTTP/2" 401 53 "-" "-"
20.206.89.130 - - [16/Jul/2026:20:17:11 +0000] "GET /alls.php HTTP/2" 401 53 "-" "-"
20.206.89.130 - - [16/Jul/2026:20:17:11 +0000] "GET /coffexium.php HTTP/2" 401 53 "-" "-"
20.206.89.130 - - [16/Jul/2026:20:17:11 +0000] "GET /red.php HTTP/2" 401 53 "-" "-"
20.206.89.130 - - [16/Jul/2026:20:17:12 +0000] "GET /wp-includes/sodium_compat/ HTTP/2" 401 53 "-" "-"
20.206.89.130 - - [16/Jul/2026:20:17:12 +0000] "GET /wp-admin/css/colors/coffee/wp-adochan.php HTTP/2" 401 53 "-" "-"
20.206.89.130 - - [16/Jul/2026:20:17:12 +0000] "GET /wp-includes/Text/ HTTP/2" 401 53 "-" "-"
20.206.89.130 - - [16/Jul/2026:20:17:13 +0000] "GET /footer.php HTTP/2" 401 53 "-" "-"
20.206.89.130 - - [16/Jul/2026:20:17:13 +0000] "GET /wp-content/uploads/ HTTP/2" 401 53 "-" "-"
20.206.89.130 - - [16/Jul/2026:20:17:13 +0000] "GET /wp-content/index.php HTTP/2" 401 53 "-" "-"
20.206.89.130 - - [16/Jul/2026:20:17:14 +0000] "GET /zoro.php HTTP/2" 401 53 "-" "-"
20.206.89.130 - - [16/Jul/2026:20:17:14 +0000] "GET /admin.php HTTP/2" 401 53 "-" "-"
20.206.89.130 - - [16/Jul/2026:20:17:15 +0000] "GET /177.php HTTP/2" 401 53 "-" "-"
20.206.89.130 - - [16/Jul/2026:20:17:15 +0000] "GET /199.php HTTP/2" 401 53 "-" "-"
20.206.89.130 - - [16/Jul/2026:20:17:15 +0000] "GET /file52.php HTTP/2" 401 53 "-" "-"
20.206.89.130 - - [16/Jul/2026:20:17:16 +0000] "GET /geck.php HTTP/2" 401 53 "-" "-"
20.206.89.130 - - [16/Jul/2026:20:17:16 +0000] "GET /biufile.php HTTP/2" 401 53 "-" "-"
20.206.89.130 - - [16/Jul/2026:20:17:16 +0000] "GET /mosty.php HTTP/2" 401 53 "-" "-"
20.206.89.130 - - [16/Jul/2026:20:17:17 +0000] "GET /dejavu.php HTTP/2" 401 53 "-" "-"
20.206.89.130 - - [16/Jul/2026:20:17:17 +0000] "GET /aaf.php HTTP/2" 401 53 "-" "-"
20.206.89.130 - - [16/Jul/2026:20:17:17 +0000] "GET /term.php HTTP/2" 401 53 "-" "-"
20.206.89.130 - - [16/Jul/2026:20:17:18 +0000] "GET /ha.php HTTP/2" 401 53 "-" "-"
20.206.89.130 - - [16/Jul/2026:20:17:18 +0000] "GET /hur.php HTTP/2" 401 53 "-" "-"
20.206.89.130 - - [16/Jul/2026:20:17:19 +0000] "GET /h02ugyh.php HTTP/2" 401 53 "-" "-"
20.206.89.130 - - [16/Jul/2026:20:17:19 +0000] "GET /155.php HTTP/2" 401 53 "-" "-"
20.206.89.130 - - [16/Jul/2026:20:17:19 +0000] "GET /pp.php HTTP/2" 401 53 "-" "-"
20.206.89.130 - - [16/Jul/2026:20:17:20 +0000] "GET /201.php HTTP/2" 401 53 "-" "-"
20.206.89.130 - - [16/Jul/2026:20:17:20 +0000] "GET /ops.php HTTP/2" 401 53 "-" "-"
20.206.89.130 - - [16/Jul/2026:20:17:20 +0000] "GET /ingfo.php HTTP/2" 401 53 "-" "-"
20.206.89.130 - - [16/Jul/2026:20:17:21 +0000] "GET /error_log.php HTTP/2" 401 53 "-" "-"
20.206.89.130 - - [16/Jul/2026:20:17:21 +0000] "GET /test10.php HTTP/2" 401 53 "-" "-"
20.206.89.130 - - [16/Jul/2026:20:17:21 +0000] "GET /koala.php HTTP/2" 401 53 "-" "-"
20.206.89.130 - - [16/Jul/2026:20:17:22 +0000] "GET /mac.php HTTP/2" 401 53 "-" "-"
20.206.89.130 - - [16/Jul/2026:20:17:22 +0000] "GET /wefile.php HTTP/2" 401 53 "-" "-"
20.206.89.130 - - [16/Jul/2026:20:17:22 +0000] "GET /wp-includes/blocks/post-comments-form/ HTTP/2" 401 53 "-" "-"
20.206.89.130 - - [16/Jul/2026:20:17:23 +0000] "GET /wp-admin/js/ HTTP/2" 401 53 "-" "-"
20.206.89.130 - - [16/Jul/2026:20:17:23 +0000] "GET /makeasmtp.php HTTP/2" 401 53 "-" "-"
20.206.89.130 - - [16/Jul/2026:20:17:24 +0000] "GET /2P.php HTTP/2" 401 53 "-" "-"
20.206.89.130 - - [16/Jul/2026:20:17:24 +0000] "GET /.well-known/about.php HTTP/2" 401 53 "-" "-"
20.206.89.130 - - [16/Jul/2026:20:17:24 +0000] "GET /wp-includes/ID3/about.php HTTP/2" 401 53 "-" "-"
20.206.89.130 - - [16/Jul/2026:20:17:25 +0000] "GET /system_log.php HTTP/2" 401 53 "-" "-"
20.206.89.130 - - [16/Jul/2026:20:17:25 +0000] "GET /wp-admin/css/ HTTP/2" 401 53 "-" "-"
20.206.89.130 - - [16/Jul/2026:20:17:26 +0000] "GET /wp-admin/css/colors/modern/ HTTP/2" 401 53 "-" "-"
20.206.89.130 - - [16/Jul/2026:20:17:26 +0000] "GET /crgio.php HTTP/2" 401 53 "-" "-"
20.206.89.130 - - [16/Jul/2026:20:17:26 +0000] "GET /pucci.php HTTP/2" 401 53 "-" "-"
20.206.89.130 - - [16/Jul/2026:20:17:27 +0000] "GET /wp-includes/blocks/details/ HTTP/2" 401 53 "-" "-"
20.206.89.130 - - [16/Jul/2026:20:17:27 +0000] "GET /wp-includes/blocks/audio/ HTTP/2" 401 53 "-" "-"
20.206.89.130 - - [16/Jul/2026:20:17:27 +0000] "GET /wp-temp.php HTTP/2" 401 53 "-" "-"
20.206.89.130 - - [16/Jul/2026:20:17:28 +0000] "GET /wp-includes/blocks/buttons/ HTTP/2" 401 53 "-" "-"
20.206.89.130 - - [16/Jul/2026:20:17:28 +0000] "GET /wp-admin/js/index.php HTTP/2" 401 53 "-" "-"
20.206.89.130 - - [16/Jul/2026:20:17:28 +0000] "GET /puc.php HTTP/2" 401 53 "-" "-"
20.206.89.130 - - [16/Jul/2026:20:17:29 +0000] "GET /dx.php HTTP/2" 401 53 "-" "-"
20.206.89.130 - - [16/Jul/2026:20:17:29 +0000] "GET /wp-includes/Requests/ HTTP/2" 401 53 "-" "-"
20.206.89.130 - - [16/Jul/2026:20:17:30 +0000] "GET /bthil.php HTTP/2" 401 53 "-" "-"
20.206.89.130 - - [16/Jul/2026:20:17:30 +0000] "GET /7.php HTTP/2" 401 53 "-" "-"
20.206.89.130 - - [16/Jul/2026:20:17:30 +0000] "GET /8.php HTTP/2" 401 53 "-" "-"
20.206.89.130 - - [16/Jul/2026:20:17:31 +0000] "GET /1.php HTTP/2" 401 53 "-" "-"
20.206.89.130 - - [16/Jul/2026:20:17:31 +0000] "GET /100.php HTTP/2" 401 53 "-" "-"
20.206.89.130 - - [16/Jul/2026:20:17:31 +0000] "GET /about.php HTTP/2" 401 53 "-" "-"
