403Webshell
Server IP : 172.67.157.124  /  Your IP : 216.73.216.213
Web Server : LiteSpeed
System : Linux s12482.usc1.stableserver.net 5.14.0-570.32.1.el9_6.x86_64 #1 SMP PREEMPT_DYNAMIC Wed Aug 6 11:30:41 EDT 2025 x86_64
User : snownico ( 1231)
PHP Version : 8.2.31
Disable Function : NONE
MySQL : OFF  |  cURL : ON  |  WGET : ON  |  Perl : ON  |  Python : OFF  |  Sudo : OFF  |  Pkexec : OFF
Directory :  /home/snownico/access-logs/

Upload File :
current_dir [ Writeable ] document_root [ Writeable ]

 

Command :


[ Back ]     

Current File : /home/snownico/access-logs/max-iptv4k.com.snowni.com-ssl_log
65.181.116.207 - - [16/Jul/2026:12:11:05 +0000] "POST /wp-cron.php?doing_wp_cron=1784203865.7756619453430175781250 HTTP/2" 200 0 "-" "WordPress/7.0.1; https://www.max-iptv4k.com"
2a03:2880:f800:22:: - - [16/Jul/2026:12:11:03 +0000] "GET /2025/08/22/roulette-sites-ireland/ HTTP/2" 200 17330 "-" "Mozilla/5.0 (X11; Linux x86_64) AppleWebKit/537.36 (KHTML, like Gecko) Chrome/145.0.0.0 Safari/537.36 (compatible; meta-externalagent/1.1 (+https://developers.facebook.com/docs/sharing/webmasters/crawler))"
65.181.116.207 - - [16/Jul/2026:12:11:05 +0000] "POST /wp-cron.php?doing_wp_cron=1784203865.7862999439239501953125 HTTP/2" 200 0 "-" "WordPress/7.0.1; https://www.max-iptv4k.com"
2a03:2880:f800:5:: - - [16/Jul/2026:12:11:04 +0000] "GET /2025/08/22/intertops-casino-no-deposit-bonus-100-free-spins/ HTTP/2" 200 17232 "-" "Mozilla/5.0 (Windows NT 10.0; Win64; x64) AppleWebKit/537.36 (KHTML, like Gecko) Chrome/145.0.0.0 Safari/537.36 (compatible; meta-externalagent/1.1 (+https://developers.facebook.com/docs/sharing/webmasters/crawler))"
2a03:2880:f800:6:: - - [16/Jul/2026:12:11:08 +0000] "GET /2025/08/22/agilabet-casino-review-and-free-chips-bonus/ HTTP/2" 200 17365 "-" "Mozilla/5.0 (Macintosh; Intel Mac OS X 10_15_7) AppleWebKit/537.36 (KHTML, like Gecko) Chrome/145.0.0.0 Safari/537.36 (compatible; meta-externalagent/1.1 (+https://developers.facebook.com/docs/sharing/webmasters/crawler))"
137.184.112.130 - - [16/Jul/2026:12:11:34 +0000] "GET / HTTP/2" 301 0 "-" "Mozilla/5.0 (X11; Linux x86_64) AppleWebKit/537.36 (KHTML, like Gecko) Chrome/142.0.0.0 Safari/537.36"
137.184.112.130 - - [16/Jul/2026:12:11:35 +0000] "GET /favicon.ico HTTP/2" 404 1251 "https://max-iptv4k.com/" "Mozilla/5.0 (X11; Linux x86_64) AppleWebKit/537.36 (KHTML, like Gecko) Chrome/142.0.0.0 Safari/537.36"
65.181.116.207 - - [16/Jul/2026:12:11:45 +0000] "POST /wp-cron.php?doing_wp_cron=1784203905.4648950099945068359375 HTTP/2" 200 0 "-" "WordPress/7.0.1; https://www.max-iptv4k.com"
2a03:2880:f800:5:: - - [16/Jul/2026:12:11:44 +0000] "GET /2025/08/22/demo-bonus-buy-slots/ HTTP/2" 200 17540 "-" "Mozilla/5.0 (Windows NT 10.0; Win64; x64) AppleWebKit/537.36 (KHTML, like Gecko) Chrome/145.0.0.0 Safari/537.36 (compatible; meta-externalagent/1.1 (+https://developers.facebook.com/docs/sharing/webmasters/crawler))"
74.7.227.1 - - [16/Jul/2026:12:12:13 +0000] "GET /sitemap.rss HTTP/2" 200 2308 "-" "Mozilla/5.0 AppleWebKit/537.36 (KHTML, like Gecko; compatible; GPTBot/1.4; +https://openai.com/gptbot)"
2a03:2880:f800:e:: - - [16/Jul/2026:12:12:13 +0000] "GET /2025/08/22/online-real-money-gambling/ HTTP/2" 200 17136 "-" "Mozilla/5.0 (Windows NT 10.0; Win64; x64) AppleWebKit/537.36 (KHTML, like Gecko) Chrome/145.0.0.0 Safari/537.36 Edg/145.0.0.0 (compatible; meta-externalagent/1.1 (+https://developers.facebook.com/docs/sharing/webmasters/crawler))"
65.181.116.207 - - [16/Jul/2026:12:12:49 +0000] "POST /wp-cron.php?doing_wp_cron=1784203969.3302400112152099609375 HTTP/2" 200 0 "-" "WordPress/7.0.1; https://www.max-iptv4k.com"
2a03:2880:f800:36:: - - [16/Jul/2026:12:12:48 +0000] "GET /2025/08/22/crown-casino-no-deposit-bonus-codes-for-free-spins-2025/ HTTP/2" 200 17229 "-" "Mozilla/5.0 (Windows NT 10.0; Win64; x64) AppleWebKit/537.36 (KHTML, like Gecko) Chrome/145.0.0.0 Safari/537.36 (compatible; meta-externalagent/1.1 (+https://developers.facebook.com/docs/sharing/webmasters/crawler))"
2a03:2880:f800:6:: - - [16/Jul/2026:12:13:21 +0000] "GET /2025/08/22/uno-spin-united-kingdom/ HTTP/2" 200 17365 "-" "Mozilla/5.0 (Windows NT 10.0; Win64; x64) AppleWebKit/537.36 (KHTML, like Gecko) Chrome/145.0.0.0 Safari/537.36 (compatible; meta-externalagent/1.1 (+https://developers.facebook.com/docs/sharing/webmasters/crawler))"
160.187.68.214 - - [16/Jul/2026:12:13:25 +0000] "GET /wp-login.php HTTP/2" 200 1938 "-" "Mozilla/5.0 (Windows NT 10.0; Win64; x64) AppleWebKit/537.36 (KHTML, like Gecko) Chrome/149.0.0.0 Safari/537.36"
160.187.68.214 - - [16/Jul/2026:12:13:26 +0000] "POST /wp-login.php HTTP/2" 200 2060 "https://www.max-iptv4k.com/wp-login.php" "Mozilla/5.0 (Windows NT 10.0; Win64; x64) AppleWebKit/537.36 (KHTML, like Gecko) Chrome/149.0.0.0 Safari/537.36"
2a03:2880:f800:a:: - - [16/Jul/2026:12:13:41 +0000] "GET /2025/08/22/how-to-win-on-slots-at-the-casino/ HTTP/2" 200 17395 "-" "Mozilla/5.0 (Windows NT 10.0; Win64; x64) AppleWebKit/537.36 (KHTML, like Gecko) Chrome/145.0.0.0 Safari/537.36 (compatible; meta-externalagent/1.1 (+https://developers.facebook.com/docs/sharing/webmasters/crawler))"
65.181.116.207 - - [16/Jul/2026:12:13:54 +0000] "POST /wp-cron.php?doing_wp_cron=1784204034.4543359279632568359375 HTTP/2" 200 0 "-" "WordPress/7.0.1; https://www.max-iptv4k.com"
2a03:2880:f800:20:: - - [16/Jul/2026:12:13:53 +0000] "GET /2025/08/22/best-online-casinos-paypal/ HTTP/2" 200 17310 "-" "Mozilla/5.0 (X11; Linux x86_64) AppleWebKit/537.36 (KHTML, like Gecko) Chrome/145.0.0.0 Safari/537.36 (compatible; meta-externalagent/1.1 (+https://developers.facebook.com/docs/sharing/webmasters/crawler))"
2a03:2880:f800:23:: - - [16/Jul/2026:12:14:14 +0000] "GET /2025/08/22/how-to-play-jhandi-munda-online/ HTTP/2" 200 17300 "-" "Mozilla/5.0 (Macintosh; Intel Mac OS X 10_15_7) AppleWebKit/537.36 (KHTML, like Gecko) Chrome/145.0.0.0 Safari/537.36 (compatible; meta-externalagent/1.1 (+https://developers.facebook.com/docs/sharing/webmasters/crawler))"
2a03:2880:f800:22:: - - [16/Jul/2026:12:14:30 +0000] "GET /2025/08/22/roxy-casino-no-deposit-bonus-100-free-spins/ HTTP/2" 200 17380 "-" "Mozilla/5.0 (Windows NT 10.0; Win64; x64) AppleWebKit/537.36 (KHTML, like Gecko) Chrome/145.0.0.0 Safari/537.36 (compatible; meta-externalagent/1.1 (+https://developers.facebook.com/docs/sharing/webmasters/crawler))"
2a03:2880:f800:30:: - - [16/Jul/2026:12:14:41 +0000] "GET /2025/08/22/the-score-gambling-australia/ HTTP/2" 200 17755 "-" "Mozilla/5.0 (Windows NT 10.0; Win64; x64) AppleWebKit/537.36 (KHTML, like Gecko) Chrome/145.0.0.0 Safari/537.36 Edg/145.0.0.0 (compatible; meta-externalagent/1.1 (+https://developers.facebook.com/docs/sharing/webmasters/crawler))"
43.130.26.3 - - [16/Jul/2026:12:14:42 +0000] "GET /wp-content/uploads/2025/03/eshghghjh-1.webp HTTP/2" 200 23414 "-" "Mozilla/5.0 (iPhone; CPU iPhone OS 13_2_3 like Mac OS X) AppleWebKit/605.1.15 (KHTML, like Gecko) Version/13.0.3 Mobile/15E148 Safari/604.1"
192.71.2.119 - - [16/Jul/2026:12:15:10 +0000] "GET / HTTP/2" 200 27246 "http://max-iptv4k.com/" "Mozilla/5.0 (Linux; Android 14; SM-S901B) AppleWebKit/537.36 (KHTML, like Gecko) Chrome/120.0.6099.280 Mobile Safari/537.36 OPR/80.4.4244.7786"
192.71.126.245 - - [16/Jul/2026:12:15:12 +0000] "GET /terms-and-conditions/ HTTP/2" 200 18335 "-" "Mozilla/5.0 (Linux; Android 14; SM-S901B) AppleWebKit/537.36 (KHTML, like Gecko) Chrome/120.0.6099.280 Mobile Safari/537.36 OPR/80.4.4244.7786"
192.71.142.150 - - [16/Jul/2026:12:15:13 +0000] "GET /privacy-policy/ HTTP/2" 200 18249 "-" "Mozilla/5.0 (Linux; Android 14; SM-S901B) AppleWebKit/537.36 (KHTML, like Gecko) Chrome/120.0.6099.280 Mobile Safari/537.36 OPR/80.4.4244.7786"
192.71.142.134 - - [16/Jul/2026:12:15:14 +0000] "GET /refund-policy/ HTTP/2" 200 16804 "-" "Mozilla/5.0 (Linux; Android 14; SM-S901B) AppleWebKit/537.36 (KHTML, like Gecko) Chrome/120.0.6099.280 Mobile Safari/537.36 OPR/80.4.4244.7786"
65.181.116.207 - - [16/Jul/2026:12:15:46 +0000] "POST /wp-cron.php?doing_wp_cron=1784204146.2820580005645751953125 HTTP/2" 200 0 "-" "WordPress/7.0.1; https://www.max-iptv4k.com"
2a03:2880:f800:10:: - - [16/Jul/2026:12:15:45 +0000] "GET /2025/08/22/slot-mermaids-millions-by-microgaming-demo-free-play/ HTTP/2" 200 17421 "-" "Mozilla/5.0 (Windows NT 10.0; Win64; x64) AppleWebKit/537.36 (KHTML, like Gecko) Chrome/145.0.0.0 Safari/537.36 (compatible; meta-externalagent/1.1 (+https://developers.facebook.com/docs/sharing/webmasters/crawler))"
2a03:2880:f800:26:: - - [16/Jul/2026:12:16:16 +0000] "GET /2025/08/22/no-deposit-slots-free-spins/ HTTP/2" 200 17288 "-" "Mozilla/5.0 (Windows NT 10.0; Win64; x64) AppleWebKit/537.36 (KHTML, like Gecko) Chrome/145.0.0.0 Safari/537.36 (compatible; meta-externalagent/1.1 (+https://developers.facebook.com/docs/sharing/webmasters/crawler))"
2a03:2880:f800:4:: - - [16/Jul/2026:12:16:18 +0000] "GET /2025/08/22/tax-on-gambling-in-canada/ HTTP/2" 200 17481 "-" "Mozilla/5.0 (Windows NT 10.0; Win64; x64) AppleWebKit/537.36 (KHTML, like Gecko) Chrome/145.0.0.0 Safari/537.36 (compatible; meta-externalagent/1.1 (+https://developers.facebook.com/docs/sharing/webmasters/crawler))"
34.239.197.197 - - [16/Jul/2026:12:16:34 +0000] "GET /installation/ HTTP/2" 200 19995 "-" "Mozilla/5.0 AppleWebKit/537.36 (KHTML, like Gecko; compatible; Amazonbot/0.1; +https://developer.amazon.com/support/amazonbot) Chrome/119.0.6045.214 Safari/537.36"
34.195.60.66 - - [16/Jul/2026:12:16:39 +0000] "GET /wp-content/uploads/2025/03/Screenshot-2022-11-24-at-16.17.06-2048x471-1-1024x236-1.webp HTTP/2" 200 15550 "-" "Mozilla/5.0 AppleWebKit/537.36 (KHTML, like Gecko; compatible; Amazonbot/0.1; +https://developer.amazon.com/support/amazonbot) Chrome/119.0.6045.214 Safari/537.36"
2a03:2880:f800:f:: - - [16/Jul/2026:12:16:40 +0000] "GET /2025/08/22/el-royale-casino-login-app/ HTTP/2" 200 17322 "-" "Mozilla/5.0 (Windows NT 10.0; Win64; x64) AppleWebKit/537.36 (KHTML, like Gecko) Chrome/145.0.0.0 Safari/537.36 (compatible; meta-externalagent/1.1 (+https://developers.facebook.com/docs/sharing/webmasters/crawler))"
65.181.116.207 - - [16/Jul/2026:12:17:43 +0000] "POST /wp-cron.php?doing_wp_cron=1784204263.1635210514068603515625 HTTP/2" 200 0 "-" "WordPress/7.0.1; https://www.max-iptv4k.com"
2a03:2880:f800:4:: - - [16/Jul/2026:12:17:42 +0000] "GET /2025/08/22/slot-3-pots-of-gold-by-light-and-wonder-demo-free-play/ HTTP/2" 200 17526 "-" "Mozilla/5.0 (Windows NT 10.0; Win64; x64) AppleWebKit/537.36 (KHTML, like Gecko) Chrome/145.0.0.0 Safari/537.36 (compatible; meta-externalagent/1.1 (+https://developers.facebook.com/docs/sharing/webmasters/crawler))"
2a03:2880:f800:32:: - - [16/Jul/2026:12:17:50 +0000] "GET /2025/08/22/how-to-come-off-gamstop/ HTTP/2" 200 17113 "-" "Mozilla/5.0 (Windows NT 10.0; Win64; x64) AppleWebKit/537.36 (KHTML, like Gecko) Chrome/145.0.0.0 Safari/537.36 (compatible; meta-externalagent/1.1 (+https://developers.facebook.com/docs/sharing/webmasters/crawler))"
2a03:2880:f800:47:: - - [16/Jul/2026:12:18:29 +0000] "GET /2025/08/22/online-multiplayer-blackjack-australia/ HTTP/2" 200 17335 "-" "Mozilla/5.0 (Macintosh; Intel Mac OS X 10_15_7) AppleWebKit/537.36 (KHTML, like Gecko) Chrome/145.0.0.0 Safari/537.36 (compatible; meta-externalagent/1.1 (+https://developers.facebook.com/docs/sharing/webmasters/crawler))"
65.181.116.207 - - [16/Jul/2026:12:19:12 +0000] "POST /wp-cron.php?doing_wp_cron=1784204352.2744359970092773437500 HTTP/2" 200 0 "-" "WordPress/7.0.1; https://www.max-iptv4k.com"
160.187.68.132 - - [16/Jul/2026:12:19:11 +0000] "GET /wp-login.php HTTP/2" 200 1938 "-" "Mozilla/5.0 (Macintosh; Intel Mac OS X 10_15_7) AppleWebKit/537.36 (KHTML, like Gecko) Chrome/146.0.0.0 Safari/537.36"
160.187.68.132 - - [16/Jul/2026:12:19:15 +0000] "POST /wp-login.php HTTP/2" 200 2060 "https://www.max-iptv4k.com/wp-login.php" "Mozilla/5.0 (Macintosh; Intel Mac OS X 10_15_7) AppleWebKit/537.36 (KHTML, like Gecko) Chrome/146.0.0.0 Safari/537.36"
65.181.116.207 - - [16/Jul/2026:12:19:48 +0000] "POST /wp-cron.php?doing_wp_cron=1784204388.7373631000518798828125 HTTP/2" 200 0 "-" "WordPress/7.0.1; https://www.max-iptv4k.com"
2a03:2880:f800:f:: - - [16/Jul/2026:12:19:47 +0000] "GET /2025/08/22/line-casino-canada/ HTTP/2" 200 17636 "-" "Mozilla/5.0 (Windows NT 10.0; Win64; x64) AppleWebKit/537.36 (KHTML, like Gecko) Chrome/145.0.0.0 Safari/537.36 (compatible; meta-externalagent/1.1 (+https://developers.facebook.com/docs/sharing/webmasters/crawler))"
15.223.230.48 - - [16/Jul/2026:12:20:09 +0000] "GET / HTTP/2" 301 0 "-" "Mozilla/5.0 (X11; Linux x86_64) AppleWebKit/537.36 (KHTML, like Gecko) Chrome/131.0.0.0 Safari/537.36"
15.223.230.48 - - [16/Jul/2026:12:20:10 +0000] "GET /.git/config HTTP/2" 403 1242 "-" "Mozilla/5.0 (X11; Linux x86_64) AppleWebKit/537.36 (KHTML, like Gecko) Chrome/131.0.0.0 Safari/537.36"
15.223.230.48 - - [16/Jul/2026:12:20:10 +0000] "POST / HTTP/2" 200 27330 "-" "Mozilla/5.0 (X11; Linux x86_64) AppleWebKit/537.36 (KHTML, like Gecko) Chrome/131.0.0.0 Safari/537.36"
15.223.230.48 - - [16/Jul/2026:12:20:11 +0000] "GET /.env HTTP/2" 301 0 "-" "Mozilla/5.0 (X11; Linux x86_64) AppleWebKit/537.36 (KHTML, like Gecko) Chrome/131.0.0.0 Safari/537.36"
15.223.230.48 - - [16/Jul/2026:12:20:11 +0000] "GET /.env HTTP/2" 404 15070 "-" "Mozilla/5.0 (X11; Linux x86_64) AppleWebKit/537.36 (KHTML, like Gecko) Chrome/131.0.0.0 Safari/537.36"
15.223.230.48 - - [16/Jul/2026:12:20:12 +0000] "GET /.env.local HTTP/2" 301 0 "-" "Mozilla/5.0 (X11; Linux x86_64) AppleWebKit/537.36 (KHTML, like Gecko) Chrome/131.0.0.0 Safari/537.36"
15.223.230.48 - - [16/Jul/2026:12:20:12 +0000] "GET /.env.local HTTP/2" 404 15070 "-" "Mozilla/5.0 (X11; Linux x86_64) AppleWebKit/537.36 (KHTML, like Gecko) Chrome/131.0.0.0 Safari/537.36"
15.223.230.48 - - [16/Jul/2026:12:20:13 +0000] "GET /.env.production HTTP/2" 301 0 "-" "Mozilla/5.0 (X11; Linux x86_64) AppleWebKit/537.36 (KHTML, like Gecko) Chrome/131.0.0.0 Safari/537.36"
15.223.230.48 - - [16/Jul/2026:12:20:14 +0000] "GET /.env.production HTTP/2" 404 15024 "-" "Mozilla/5.0 (X11; Linux x86_64) AppleWebKit/537.36 (KHTML, like Gecko) Chrome/131.0.0.0 Safari/537.36"
15.223.230.48 - - [16/Jul/2026:12:20:16 +0000] "GET /.env.staging HTTP/2" 301 0 "-" "Mozilla/5.0 (X11; Linux x86_64) AppleWebKit/537.36 (KHTML, like Gecko) Chrome/131.0.0.0 Safari/537.36"
15.223.230.48 - - [16/Jul/2026:12:20:16 +0000] "GET /.env.staging HTTP/2" 404 15029 "-" "Mozilla/5.0 (X11; Linux x86_64) AppleWebKit/537.36 (KHTML, like Gecko) Chrome/131.0.0.0 Safari/537.36"
15.223.230.48 - - [16/Jul/2026:12:20:17 +0000] "GET /.env.development HTTP/2" 301 0 "-" "Mozilla/5.0 (X11; Linux x86_64) AppleWebKit/537.36 (KHTML, like Gecko) Chrome/131.0.0.0 Safari/537.36"
15.223.230.48 - - [16/Jul/2026:12:20:18 +0000] "GET /.env.development HTTP/2" 404 15029 "-" "Mozilla/5.0 (X11; Linux x86_64) AppleWebKit/537.36 (KHTML, like Gecko) Chrome/131.0.0.0 Safari/537.36"
15.223.230.48 - - [16/Jul/2026:12:20:19 +0000] "GET /.env.test HTTP/2" 301 0 "-" "Mozilla/5.0 (X11; Linux x86_64) AppleWebKit/537.36 (KHTML, like Gecko) Chrome/131.0.0.0 Safari/537.36"
15.223.230.48 - - [16/Jul/2026:12:20:19 +0000] "GET /.env.test HTTP/2" 404 15047 "-" "Mozilla/5.0 (X11; Linux x86_64) AppleWebKit/537.36 (KHTML, like Gecko) Chrome/131.0.0.0 Safari/537.36"
15.223.230.48 - - [16/Jul/2026:12:20:20 +0000] "GET /.env.remote HTTP/2" 301 0 "-" "Mozilla/5.0 (X11; Linux x86_64) AppleWebKit/537.36 (KHTML, like Gecko) Chrome/131.0.0.0 Safari/537.36"
15.223.230.48 - - [16/Jul/2026:12:20:20 +0000] "GET /.env.remote HTTP/2" 404 15027 "-" "Mozilla/5.0 (X11; Linux x86_64) AppleWebKit/537.36 (KHTML, like Gecko) Chrome/131.0.0.0 Safari/537.36"
15.223.230.48 - - [16/Jul/2026:12:20:21 +0000] "GET /.env.bak HTTP/2" 301 0 "-" "Mozilla/5.0 (X11; Linux x86_64) AppleWebKit/537.36 (KHTML, like Gecko) Chrome/131.0.0.0 Safari/537.36"
15.223.230.48 - - [16/Jul/2026:12:20:21 +0000] "GET /.env.bak HTTP/2" 404 15036 "-" "Mozilla/5.0 (X11; Linux x86_64) AppleWebKit/537.36 (KHTML, like Gecko) Chrome/131.0.0.0 Safari/537.36"
15.223.230.48 - - [16/Jul/2026:12:20:22 +0000] "GET /.env.backup HTTP/2" 301 0 "-" "Mozilla/5.0 (X11; Linux x86_64) AppleWebKit/537.36 (KHTML, like Gecko) Chrome/131.0.0.0 Safari/537.36"
15.223.230.48 - - [16/Jul/2026:12:20:22 +0000] "GET /.env.backup HTTP/2" 404 15027 "-" "Mozilla/5.0 (X11; Linux x86_64) AppleWebKit/537.36 (KHTML, like Gecko) Chrome/131.0.0.0 Safari/537.36"
15.223.230.48 - - [16/Jul/2026:12:20:23 +0000] "GET /.env.save HTTP/2" 301 0 "-" "Mozilla/5.0 (X11; Linux x86_64) AppleWebKit/537.36 (KHTML, like Gecko) Chrome/131.0.0.0 Safari/537.36"
15.223.230.48 - - [16/Jul/2026:12:20:23 +0000] "GET /.env.save HTTP/2" 404 15048 "-" "Mozilla/5.0 (X11; Linux x86_64) AppleWebKit/537.36 (KHTML, like Gecko) Chrome/131.0.0.0 Safari/537.36"
15.223.230.48 - - [16/Jul/2026:12:20:24 +0000] "GET /.env.old HTTP/2" 301 0 "-" "Mozilla/5.0 (X11; Linux x86_64) AppleWebKit/537.36 (KHTML, like Gecko) Chrome/131.0.0.0 Safari/537.36"
15.223.230.48 - - [16/Jul/2026:12:20:25 +0000] "GET /.env.old HTTP/2" 404 15094 "-" "Mozilla/5.0 (X11; Linux x86_64) AppleWebKit/537.36 (KHTML, like Gecko) Chrome/131.0.0.0 Safari/537.36"
15.223.230.48 - - [16/Jul/2026:12:20:26 +0000] "GET /.env.sample HTTP/2" 301 0 "-" "Mozilla/5.0 (X11; Linux x86_64) AppleWebKit/537.36 (KHTML, like Gecko) Chrome/131.0.0.0 Safari/537.36"
15.235.27.34 - - [16/Jul/2026:12:20:25 +0000] "GET /sitemap.xml HTTP/2" 200 397 "-" "Mozilla/5.0 (compatible; AhrefsBot/7.0; +http://ahrefs.com/robot/)"
15.223.230.48 - - [16/Jul/2026:12:20:26 +0000] "GET /.env.sample HTTP/2" 404 15026 "-" "Mozilla/5.0 (X11; Linux x86_64) AppleWebKit/537.36 (KHTML, like Gecko) Chrome/131.0.0.0 Safari/537.36"
15.223.230.48 - - [16/Jul/2026:12:20:27 +0000] "GET /.env.example HTTP/2" 301 0 "-" "Mozilla/5.0 (X11; Linux x86_64) AppleWebKit/537.36 (KHTML, like Gecko) Chrome/131.0.0.0 Safari/537.36"
15.223.230.48 - - [16/Jul/2026:12:20:28 +0000] "GET /.env.example HTTP/2" 404 15032 "-" "Mozilla/5.0 (X11; Linux x86_64) AppleWebKit/537.36 (KHTML, like Gecko) Chrome/131.0.0.0 Safari/537.36"
15.223.230.48 - - [16/Jul/2026:12:20:28 +0000] "GET /.env.dev HTTP/2" 301 0 "-" "Mozilla/5.0 (X11; Linux x86_64) AppleWebKit/537.36 (KHTML, like Gecko) Chrome/131.0.0.0 Safari/537.36"
15.223.230.48 - - [16/Jul/2026:12:20:29 +0000] "GET /.env.dev HTTP/2" 404 15036 "-" "Mozilla/5.0 (X11; Linux x86_64) AppleWebKit/537.36 (KHTML, like Gecko) Chrome/131.0.0.0 Safari/537.36"
15.223.230.48 - - [16/Jul/2026:12:20:29 +0000] "GET /.env.prod HTTP/2" 301 0 "-" "Mozilla/5.0 (X11; Linux x86_64) AppleWebKit/537.36 (KHTML, like Gecko) Chrome/131.0.0.0 Safari/537.36"
15.223.230.48 - - [16/Jul/2026:12:20:30 +0000] "GET /.env.prod HTTP/2" 404 15049 "-" "Mozilla/5.0 (X11; Linux x86_64) AppleWebKit/537.36 (KHTML, like Gecko) Chrome/131.0.0.0 Safari/537.36"
51.222.168.24 - - [16/Jul/2026:12:20:28 +0000] "GET /post-sitemap.xml HTTP/2" 200 13226 "-" "Mozilla/5.0 (compatible; AhrefsBot/7.0; +http://ahrefs.com/robot/)"
15.223.230.48 - - [16/Jul/2026:12:20:30 +0000] "GET /.env.stage HTTP/2" 301 0 "-" "Mozilla/5.0 (X11; Linux x86_64) AppleWebKit/537.36 (KHTML, like Gecko) Chrome/131.0.0.0 Safari/537.36"
15.223.230.48 - - [16/Jul/2026:12:20:31 +0000] "GET /.env.stage HTTP/2" 404 15073 "-" "Mozilla/5.0 (X11; Linux x86_64) AppleWebKit/537.36 (KHTML, like Gecko) Chrome/131.0.0.0 Safari/537.36"
15.223.230.48 - - [16/Jul/2026:12:20:31 +0000] "GET /.env.ci HTTP/2" 301 0 "-" "Mozilla/5.0 (X11; Linux x86_64) AppleWebKit/537.36 (KHTML, like Gecko) Chrome/131.0.0.0 Safari/537.36"
15.223.230.48 - - [16/Jul/2026:12:20:32 +0000] "GET /.env.ci HTTP/2" 404 15035 "-" "Mozilla/5.0 (X11; Linux x86_64) AppleWebKit/537.36 (KHTML, like Gecko) Chrome/131.0.0.0 Safari/537.36"
15.223.230.48 - - [16/Jul/2026:12:20:32 +0000] "GET /.env.docker HTTP/2" 301 0 "-" "Mozilla/5.0 (X11; Linux x86_64) AppleWebKit/537.36 (KHTML, like Gecko) Chrome/131.0.0.0 Safari/537.36"
15.223.230.48 - - [16/Jul/2026:12:20:33 +0000] "GET /.env.docker HTTP/2" 404 15027 "-" "Mozilla/5.0 (X11; Linux x86_64) AppleWebKit/537.36 (KHTML, like Gecko) Chrome/131.0.0.0 Safari/537.36"
15.223.230.48 - - [16/Jul/2026:12:20:33 +0000] "GET /.env.live HTTP/2" 301 0 "-" "Mozilla/5.0 (X11; Linux x86_64) AppleWebKit/537.36 (KHTML, like Gecko) Chrome/131.0.0.0 Safari/537.36"
15.223.230.48 - - [16/Jul/2026:12:20:34 +0000] "GET /.env.live HTTP/2" 404 15049 "-" "Mozilla/5.0 (X11; Linux x86_64) AppleWebKit/537.36 (KHTML, like Gecko) Chrome/131.0.0.0 Safari/537.36"
51.161.65.234 - - [16/Jul/2026:12:20:32 +0000] "GET /post-sitemap2.xml HTTP/2" 200 13004 "-" "Mozilla/5.0 (compatible; AhrefsBot/7.0; +http://ahrefs.com/robot/)"
15.223.230.48 - - [16/Jul/2026:12:20:34 +0000] "GET /.env.preprod HTTP/2" 301 0 "-" "Mozilla/5.0 (X11; Linux x86_64) AppleWebKit/537.36 (KHTML, like Gecko) Chrome/131.0.0.0 Safari/537.36"
15.223.230.48 - - [16/Jul/2026:12:20:35 +0000] "GET /.env.preprod HTTP/2" 404 15029 "-" "Mozilla/5.0 (X11; Linux x86_64) AppleWebKit/537.36 (KHTML, like Gecko) Chrome/131.0.0.0 Safari/537.36"
15.223.230.48 - - [16/Jul/2026:12:20:35 +0000] "GET /.env.uat HTTP/2" 301 0 "-" "Mozilla/5.0 (X11; Linux x86_64) AppleWebKit/537.36 (KHTML, like Gecko) Chrome/131.0.0.0 Safari/537.36"
15.223.230.48 - - [16/Jul/2026:12:20:36 +0000] "GET /.env.uat HTTP/2" 404 15035 "-" "Mozilla/5.0 (X11; Linux x86_64) AppleWebKit/537.36 (KHTML, like Gecko) Chrome/131.0.0.0 Safari/537.36"
15.223.230.48 - - [16/Jul/2026:12:20:36 +0000] "GET /.env.dist HTTP/2" 301 0 "-" "Mozilla/5.0 (X11; Linux x86_64) AppleWebKit/537.36 (KHTML, like Gecko) Chrome/131.0.0.0 Safari/537.36"
15.223.230.48 - - [16/Jul/2026:12:20:37 +0000] "GET /.env.dist HTTP/2" 404 15049 "-" "Mozilla/5.0 (X11; Linux x86_64) AppleWebKit/537.36 (KHTML, like Gecko) Chrome/131.0.0.0 Safari/537.36"
15.223.230.48 - - [16/Jul/2026:12:20:37 +0000] "GET /.env.swp HTTP/2" 301 0 "-" "Mozilla/5.0 (X11; Linux x86_64) AppleWebKit/537.36 (KHTML, like Gecko) Chrome/131.0.0.0 Safari/537.36"
148.113.128.99 - - [16/Jul/2026:12:20:36 +0000] "GET /post-sitemap3.xml HTTP/2" 200 13433 "-" "Mozilla/5.0 (compatible; AhrefsBot/7.0; +http://ahrefs.com/robot/)"
15.223.230.48 - - [16/Jul/2026:12:20:38 +0000] "GET /.env.swp HTTP/2" 404 15035 "-" "Mozilla/5.0 (X11; Linux x86_64) AppleWebKit/537.36 (KHTML, like Gecko) Chrome/131.0.0.0 Safari/537.36"
15.223.230.48 - - [16/Jul/2026:12:20:38 +0000] "GET /.env~ HTTP/2" 301 0 "-" "Mozilla/5.0 (X11; Linux x86_64) AppleWebKit/537.36 (KHTML, like Gecko) Chrome/131.0.0.0 Safari/537.36"
15.223.230.48 - - [16/Jul/2026:12:20:39 +0000] "GET /.env~ HTTP/2" 404 15036 "-" "Mozilla/5.0 (X11; Linux x86_64) AppleWebKit/537.36 (KHTML, like Gecko) Chrome/131.0.0.0 Safari/537.36"
15.223.230.48 - - [16/Jul/2026:12:20:39 +0000] "GET /.env1 HTTP/2" 301 0 "-" "Mozilla/5.0 (X11; Linux x86_64) AppleWebKit/537.36 (KHTML, like Gecko) Chrome/131.0.0.0 Safari/537.36"
15.223.230.48 - - [16/Jul/2026:12:20:40 +0000] "GET /.env1 HTTP/2" 404 15036 "-" "Mozilla/5.0 (X11; Linux x86_64) AppleWebKit/537.36 (KHTML, like Gecko) Chrome/131.0.0.0 Safari/537.36"
15.223.230.48 - - [16/Jul/2026:12:20:40 +0000] "GET /.env2 HTTP/2" 301 0 "-" "Mozilla/5.0 (X11; Linux x86_64) AppleWebKit/537.36 (KHTML, like Gecko) Chrome/131.0.0.0 Safari/537.36"
15.223.230.48 - - [16/Jul/2026:12:20:41 +0000] "GET /.env2 HTTP/2" 404 15036 "-" "Mozilla/5.0 (X11; Linux x86_64) AppleWebKit/537.36 (KHTML, like Gecko) Chrome/131.0.0.0 Safari/537.36"
15.223.230.48 - - [16/Jul/2026:12:20:41 +0000] "GET /.env_copy HTTP/2" 301 0 "-" "Mozilla/5.0 (X11; Linux x86_64) AppleWebKit/537.36 (KHTML, like Gecko) Chrome/131.0.0.0 Safari/537.36"
142.44.225.51 - - [16/Jul/2026:12:20:39 +0000] "GET /post-sitemap4.xml HTTP/2" 200 13118 "-" "Mozilla/5.0 (compatible; AhrefsBot/7.0; +http://ahrefs.com/robot/)"
15.223.230.48 - - [16/Jul/2026:12:20:42 +0000] "GET /.env_copy HTTP/2" 404 15049 "-" "Mozilla/5.0 (X11; Linux x86_64) AppleWebKit/537.36 (KHTML, like Gecko) Chrome/131.0.0.0 Safari/537.36"
65.181.116.207 - - [16/Jul/2026:12:20:43 +0000] "POST /wp-cron.php?doing_wp_cron=1784204443.3162019252777099609375 HTTP/2" 200 0 "-" "WordPress/7.0.1; https://www.max-iptv4k.com"
15.223.230.48 - - [16/Jul/2026:12:20:42 +0000] "GET /.env.txt HTTP/2" 301 0 "-" "Mozilla/5.0 (X11; Linux x86_64) AppleWebKit/537.36 (KHTML, like Gecko) Chrome/131.0.0.0 Safari/537.36"
15.223.230.48 - - [16/Jul/2026:12:20:43 +0000] "GET /.env.txt HTTP/2" 404 15026 "-" "Mozilla/5.0 (X11; Linux x86_64) AppleWebKit/537.36 (KHTML, like Gecko) Chrome/131.0.0.0 Safari/537.36"
15.223.230.48 - - [16/Jul/2026:12:20:44 +0000] "GET /.env.json HTTP/2" 301 0 "-" "Mozilla/5.0 (X11; Linux x86_64) AppleWebKit/537.36 (KHTML, like Gecko) Chrome/131.0.0.0 Safari/537.36"
15.223.230.48 - - [16/Jul/2026:12:20:44 +0000] "GET /.env.json HTTP/2" 404 15046 "-" "Mozilla/5.0 (X11; Linux x86_64) AppleWebKit/537.36 (KHTML, like Gecko) Chrome/131.0.0.0 Safari/537.36"
15.223.230.48 - - [16/Jul/2026:12:20:44 +0000] "GET /.env.yaml HTTP/2" 301 0 "-" "Mozilla/5.0 (X11; Linux x86_64) AppleWebKit/537.36 (KHTML, like Gecko) Chrome/131.0.0.0 Safari/537.36"
54.39.136.47 - - [16/Jul/2026:12:20:43 +0000] "GET /post-sitemap5.xml HTTP/2" 200 12054 "-" "Mozilla/5.0 (compatible; AhrefsBot/7.0; +http://ahrefs.com/robot/)"
15.223.230.48 - - [16/Jul/2026:12:20:45 +0000] "GET /.env.yaml HTTP/2" 404 15048 "-" "Mozilla/5.0 (X11; Linux x86_64) AppleWebKit/537.36 (KHTML, like Gecko) Chrome/131.0.0.0 Safari/537.36"
15.223.230.48 - - [16/Jul/2026:12:20:45 +0000] "GET /.env.yml HTTP/2" 301 0 "-" "Mozilla/5.0 (X11; Linux x86_64) AppleWebKit/537.36 (KHTML, like Gecko) Chrome/131.0.0.0 Safari/537.36"
15.223.230.48 - - [16/Jul/2026:12:20:46 +0000] "GET /.env.yml HTTP/2" 404 15036 "-" "Mozilla/5.0 (X11; Linux x86_64) AppleWebKit/537.36 (KHTML, like Gecko) Chrome/131.0.0.0 Safari/537.36"
15.223.230.48 - - [16/Jul/2026:12:20:46 +0000] "GET /app/.env HTTP/2" 301 0 "-" "Mozilla/5.0 (X11; Linux x86_64) AppleWebKit/537.36 (KHTML, like Gecko) Chrome/131.0.0.0 Safari/537.36"
15.223.230.48 - - [16/Jul/2026:12:20:47 +0000] "GET /app/.env HTTP/2" 404 15044 "-" "Mozilla/5.0 (X11; Linux x86_64) AppleWebKit/537.36 (KHTML, like Gecko) Chrome/131.0.0.0 Safari/537.36"
15.223.230.48 - - [16/Jul/2026:12:20:47 +0000] "GET /apps/.env HTTP/2" 301 0 "-" "Mozilla/5.0 (X11; Linux x86_64) AppleWebKit/537.36 (KHTML, like Gecko) Chrome/131.0.0.0 Safari/537.36"
15.223.230.48 - - [16/Jul/2026:12:20:48 +0000] "GET /apps/.env HTTP/2" 404 15133 "-" "Mozilla/5.0 (X11; Linux x86_64) AppleWebKit/537.36 (KHTML, like Gecko) Chrome/131.0.0.0 Safari/537.36"
15.223.230.48 - - [16/Jul/2026:12:20:48 +0000] "GET /api/.env HTTP/2" 301 0 "-" "Mozilla/5.0 (X11; Linux x86_64) AppleWebKit/537.36 (KHTML, like Gecko) Chrome/131.0.0.0 Safari/537.36"
15.223.230.48 - - [16/Jul/2026:12:20:49 +0000] "GET /api/.env HTTP/2" 404 15095 "-" "Mozilla/5.0 (X11; Linux x86_64) AppleWebKit/537.36 (KHTML, like Gecko) Chrome/131.0.0.0 Safari/537.36"
167.114.139.33 - - [16/Jul/2026:12:20:47 +0000] "GET /post-sitemap6.xml HTTP/2" 200 13233 "-" "Mozilla/5.0 (compatible; AhrefsBot/7.0; +http://ahrefs.com/robot/)"
15.223.230.48 - - [16/Jul/2026:12:20:49 +0000] "GET /web/.env HTTP/2" 301 0 "-" "Mozilla/5.0 (X11; Linux x86_64) AppleWebKit/537.36 (KHTML, like Gecko) Chrome/131.0.0.0 Safari/537.36"
15.223.230.48 - - [16/Jul/2026:12:20:50 +0000] "GET /web/.env HTTP/2" 404 15044 "-" "Mozilla/5.0 (X11; Linux x86_64) AppleWebKit/537.36 (KHTML, like Gecko) Chrome/131.0.0.0 Safari/537.36"
15.223.230.48 - - [16/Jul/2026:12:20:50 +0000] "GET /site/.env HTTP/2" 301 0 "-" "Mozilla/5.0 (X11; Linux x86_64) AppleWebKit/537.36 (KHTML, like Gecko) Chrome/131.0.0.0 Safari/537.36"
15.223.230.48 - - [16/Jul/2026:12:20:51 +0000] "GET /site/.env HTTP/2" 404 15134 "-" "Mozilla/5.0 (X11; Linux x86_64) AppleWebKit/537.36 (KHTML, like Gecko) Chrome/131.0.0.0 Safari/537.36"
15.223.230.48 - - [16/Jul/2026:12:20:51 +0000] "GET /public/.env HTTP/2" 301 0 "-" "Mozilla/5.0 (X11; Linux x86_64) AppleWebKit/537.36 (KHTML, like Gecko) Chrome/131.0.0.0 Safari/537.36"
15.223.230.48 - - [16/Jul/2026:12:20:51 +0000] "GET /public/.env HTTP/2" 404 15023 "-" "Mozilla/5.0 (X11; Linux x86_64) AppleWebKit/537.36 (KHTML, like Gecko) Chrome/131.0.0.0 Safari/537.36"
15.223.230.48 - - [16/Jul/2026:12:20:52 +0000] "GET /admin/.env HTTP/2" 301 0 "-" "Mozilla/5.0 (X11; Linux x86_64) AppleWebKit/537.36 (KHTML, like Gecko) Chrome/131.0.0.0 Safari/537.36"
54.39.203.67 - - [16/Jul/2026:12:20:51 +0000] "GET /post-sitemap7.xml HTTP/2" 200 12195 "-" "Mozilla/5.0 (compatible; AhrefsBot/7.0; +http://ahrefs.com/robot/)"
15.223.230.48 - - [16/Jul/2026:12:20:52 +0000] "GET /admin/.env HTTP/2" 404 15029 "-" "Mozilla/5.0 (X11; Linux x86_64) AppleWebKit/537.36 (KHTML, like Gecko) Chrome/131.0.0.0 Safari/537.36"
15.223.230.48 - - [16/Jul/2026:12:20:53 +0000] "GET /backend/.env HTTP/2" 301 0 "-" "Mozilla/5.0 (X11; Linux x86_64) AppleWebKit/537.36 (KHTML, like Gecko) Chrome/131.0.0.0 Safari/537.36"
15.223.230.48 - - [16/Jul/2026:12:20:53 +0000] "GET /backend/.env HTTP/2" 404 15062 "-" "Mozilla/5.0 (X11; Linux x86_64) AppleWebKit/537.36 (KHTML, like Gecko) Chrome/131.0.0.0 Safari/537.36"
15.223.230.48 - - [16/Jul/2026:12:20:54 +0000] "GET /server/.env HTTP/2" 301 0 "-" "Mozilla/5.0 (X11; Linux x86_64) AppleWebKit/537.36 (KHTML, like Gecko) Chrome/131.0.0.0 Safari/537.36"
15.223.230.48 - - [16/Jul/2026:12:20:54 +0000] "GET /server/.env HTTP/2" 404 15018 "-" "Mozilla/5.0 (X11; Linux x86_64) AppleWebKit/537.36 (KHTML, like Gecko) Chrome/131.0.0.0 Safari/537.36"
15.223.230.48 - - [16/Jul/2026:12:20:55 +0000] "GET /frontend/.env HTTP/2" 301 0 "-" "Mozilla/5.0 (X11; Linux x86_64) AppleWebKit/537.36 (KHTML, like Gecko) Chrome/131.0.0.0 Safari/537.36"
15.223.230.48 - - [16/Jul/2026:12:20:55 +0000] "GET /frontend/.env HTTP/2" 404 15061 "-" "Mozilla/5.0 (X11; Linux x86_64) AppleWebKit/537.36 (KHTML, like Gecko) Chrome/131.0.0.0 Safari/537.36"
15.235.27.5 - - [16/Jul/2026:12:20:54 +0000] "GET /post-sitemap8.xml HTTP/2" 200 13235 "-" "Mozilla/5.0 (compatible; AhrefsBot/7.0; +http://ahrefs.com/robot/)"
15.223.230.48 - - [16/Jul/2026:12:20:56 +0000] "GET /src/.env HTTP/2" 301 0 "-" "Mozilla/5.0 (X11; Linux x86_64) AppleWebKit/537.36 (KHTML, like Gecko) Chrome/131.0.0.0 Safari/537.36"
15.223.230.48 - - [16/Jul/2026:12:20:56 +0000] "GET /src/.env HTTP/2" 404 15044 "-" "Mozilla/5.0 (X11; Linux x86_64) AppleWebKit/537.36 (KHTML, like Gecko) Chrome/131.0.0.0 Safari/537.36"
15.223.230.48 - - [16/Jul/2026:12:20:57 +0000] "GET /core/.env HTTP/2" 301 0 "-" "Mozilla/5.0 (X11; Linux x86_64) AppleWebKit/537.36 (KHTML, like Gecko) Chrome/131.0.0.0 Safari/537.36"
15.223.230.48 - - [16/Jul/2026:12:20:57 +0000] "GET /core/.env HTTP/2" 404 15078 "-" "Mozilla/5.0 (X11; Linux x86_64) AppleWebKit/537.36 (KHTML, like Gecko) Chrome/131.0.0.0 Safari/537.36"
15.223.230.48 - - [16/Jul/2026:12:20:57 +0000] "GET /core/app/.env HTTP/2" 301 0 "-" "Mozilla/5.0 (X11; Linux x86_64) AppleWebKit/537.36 (KHTML, like Gecko) Chrome/131.0.0.0 Safari/537.36"
15.223.230.48 - - [16/Jul/2026:12:20:58 +0000] "GET /core/app/.env HTTP/2" 404 15032 "-" "Mozilla/5.0 (X11; Linux x86_64) AppleWebKit/537.36 (KHTML, like Gecko) Chrome/131.0.0.0 Safari/537.36"
54.39.89.113 - - [16/Jul/2026:12:20:57 +0000] "GET /post-sitemap9.xml HTTP/2" 200 13508 "-" "Mozilla/5.0 (compatible; AhrefsBot/7.0; +http://ahrefs.com/robot/)"
15.223.230.48 - - [16/Jul/2026:12:20:58 +0000] "GET /config/.env HTTP/2" 301 0 "-" "Mozilla/5.0 (X11; Linux x86_64) AppleWebKit/537.36 (KHTML, like Gecko) Chrome/131.0.0.0 Safari/537.36"
2a03:2880:f800:a:: - - [16/Jul/2026:12:20:58 +0000] "GET /2025/08/22/pandabet-net-casino-no-deposit-bonus-100-free-spins/ HTTP/2" 200 17194 "-" "Mozilla/5.0 (Windows NT 10.0; Win64; x64) AppleWebKit/537.36 (KHTML, like Gecko) Chrome/145.0.0.0 Safari/537.36 (compatible; meta-externalagent/1.1 (+https://developers.facebook.com/docs/sharing/webmasters/crawler))"
15.223.230.48 - - [16/Jul/2026:12:20:59 +0000] "GET /config/.env HTTP/2" 404 15023 "-" "Mozilla/5.0 (X11; Linux x86_64) AppleWebKit/537.36 (KHTML, like Gecko) Chrome/131.0.0.0 Safari/537.36"
15.223.230.48 - - [16/Jul/2026:12:20:59 +0000] "GET /private/.env HTTP/2" 301 0 "-" "Mozilla/5.0 (X11; Linux x86_64) AppleWebKit/537.36 (KHTML, like Gecko) Chrome/131.0.0.0 Safari/537.36"
15.223.230.48 - - [16/Jul/2026:12:20:59 +0000] "GET /private/.env HTTP/2" 404 15061 "-" "Mozilla/5.0 (X11; Linux x86_64) AppleWebKit/537.36 (KHTML, like Gecko) Chrome/131.0.0.0 Safari/537.36"
15.223.230.48 - - [16/Jul/2026:12:21:00 +0000] "GET /application/.env HTTP/2" 301 0 "-" "Mozilla/5.0 (X11; Linux x86_64) AppleWebKit/537.36 (KHTML, like Gecko) Chrome/131.0.0.0 Safari/537.36"
51.222.168.226 - - [16/Jul/2026:12:21:00 +0000] "GET /post-sitemap10.xml HTTP/2" 200 4070 "-" "Mozilla/5.0 (compatible; AhrefsBot/7.0; +http://ahrefs.com/robot/)"
15.223.230.48 - - [16/Jul/2026:12:21:00 +0000] "GET /application/.env HTTP/2" 404 15058 "-" "Mozilla/5.0 (X11; Linux x86_64) AppleWebKit/537.36 (KHTML, like Gecko) Chrome/131.0.0.0 Safari/537.36"
15.223.230.48 - - [16/Jul/2026:12:21:01 +0000] "GET /bootstrap/.env HTTP/2" 301 0 "-" "Mozilla/5.0 (X11; Linux x86_64) AppleWebKit/537.36 (KHTML, like Gecko) Chrome/131.0.0.0 Safari/537.36"
15.223.230.48 - - [16/Jul/2026:12:21:01 +0000] "GET /bootstrap/.env HTTP/2" 404 15031 "-" "Mozilla/5.0 (X11; Linux x86_64) AppleWebKit/537.36 (KHTML, like Gecko) Chrome/131.0.0.0 Safari/537.36"
54.39.89.207 - - [16/Jul/2026:12:21:02 +0000] "GET /page-sitemap.xml HTTP/2" 200 1367 "-" "Mozilla/5.0 (compatible; AhrefsBot/7.0; +http://ahrefs.com/robot/)"
15.223.230.48 - - [16/Jul/2026:12:21:03 +0000] "GET /database/.env HTTP/2" 301 0 "-" "Mozilla/5.0 (X11; Linux x86_64) AppleWebKit/537.36 (KHTML, like Gecko) Chrome/131.0.0.0 Safari/537.36"
15.223.230.48 - - [16/Jul/2026:12:21:03 +0000] "GET /database/.env HTTP/2" 404 15062 "-" "Mozilla/5.0 (X11; Linux x86_64) AppleWebKit/537.36 (KHTML, like Gecko) Chrome/131.0.0.0 Safari/537.36"
54.39.136.43 - - [16/Jul/2026:12:21:04 +0000] "GET /category-sitemap.xml HTTP/2" 200 392 "-" "Mozilla/5.0 (compatible; AhrefsBot/7.0; +http://ahrefs.com/robot/)"
15.223.230.48 - - [16/Jul/2026:12:21:04 +0000] "GET /storage/.env HTTP/2" 301 0 "-" "Mozilla/5.0 (X11; Linux x86_64) AppleWebKit/537.36 (KHTML, like Gecko) Chrome/131.0.0.0 Safari/537.36"
2a03:2880:f800:3d:: - - [16/Jul/2026:12:21:04 +0000] "GET /2025/08/22/free-spin-for-real-money-uk/ HTTP/2" 200 17293 "-" "Mozilla/5.0 (Windows NT 10.0; Win64; x64) AppleWebKit/537.36 (KHTML, like Gecko) Chrome/145.0.0.0 Safari/537.36 (compatible; meta-externalagent/1.1 (+https://developers.facebook.com/docs/sharing/webmasters/crawler))"
15.223.230.48 - - [16/Jul/2026:12:21:05 +0000] "GET /storage/.env HTTP/2" 404 15059 "-" "Mozilla/5.0 (X11; Linux x86_64) AppleWebKit/537.36 (KHTML, like Gecko) Chrome/131.0.0.0 Safari/537.36"
15.223.230.48 - - [16/Jul/2026:12:21:05 +0000] "GET /var/www/.env HTTP/2" 301 0 "-" "Mozilla/5.0 (X11; Linux x86_64) AppleWebKit/537.36 (KHTML, like Gecko) Chrome/131.0.0.0 Safari/537.36"
15.223.230.48 - - [16/Jul/2026:12:21:06 +0000] "GET /var/www/.env HTTP/2" 404 15097 "-" "Mozilla/5.0 (X11; Linux x86_64) AppleWebKit/537.36 (KHTML, like Gecko) Chrome/131.0.0.0 Safari/537.36"
15.223.230.48 - - [16/Jul/2026:12:21:06 +0000] "GET /var/www/html/.env HTTP/2" 301 0 "-" "Mozilla/5.0 (X11; Linux x86_64) AppleWebKit/537.36 (KHTML, like Gecko) Chrome/131.0.0.0 Safari/537.36"
15.223.230.48 - - [16/Jul/2026:12:21:06 +0000] "GET /var/www/html/.env HTTP/2" 404 15047 "-" "Mozilla/5.0 (X11; Linux x86_64) AppleWebKit/537.36 (KHTML, like Gecko) Chrome/131.0.0.0 Safari/537.36"
15.223.230.48 - - [16/Jul/2026:12:21:07 +0000] "GET /current/.env HTTP/2" 301 0 "-" "Mozilla/5.0 (X11; Linux x86_64) AppleWebKit/537.36 (KHTML, like Gecko) Chrome/131.0.0.0 Safari/537.36"
15.223.230.48 - - [16/Jul/2026:12:21:07 +0000] "GET /current/.env HTTP/2" 404 15056 "-" "Mozilla/5.0 (X11; Linux x86_64) AppleWebKit/537.36 (KHTML, like Gecko) Chrome/131.0.0.0 Safari/537.36"
15.223.230.48 - - [16/Jul/2026:12:21:08 +0000] "GET /release/.env HTTP/2" 301 0 "-" "Mozilla/5.0 (X11; Linux x86_64) AppleWebKit/537.36 (KHTML, like Gecko) Chrome/131.0.0.0 Safari/537.36"
15.223.230.48 - - [16/Jul/2026:12:21:08 +0000] "GET /release/.env HTTP/2" 404 15059 "-" "Mozilla/5.0 (X11; Linux x86_64) AppleWebKit/537.36 (KHTML, like Gecko) Chrome/131.0.0.0 Safari/537.36"
15.223.230.48 - - [16/Jul/2026:12:21:09 +0000] "GET /releases/.env HTTP/2" 301 0 "-" "Mozilla/5.0 (X11; Linux x86_64) AppleWebKit/537.36 (KHTML, like Gecko) Chrome/131.0.0.0 Safari/537.36"
15.223.230.48 - - [16/Jul/2026:12:21:09 +0000] "GET /releases/.env HTTP/2" 404 15088 "-" "Mozilla/5.0 (X11; Linux x86_64) AppleWebKit/537.36 (KHTML, like Gecko) Chrome/131.0.0.0 Safari/537.36"
15.223.230.48 - - [16/Jul/2026:12:21:09 +0000] "GET /shared/.env HTTP/2" 301 0 "-" "Mozilla/5.0 (X11; Linux x86_64) AppleWebKit/537.36 (KHTML, like Gecko) Chrome/131.0.0.0 Safari/537.36"
15.223.230.48 - - [16/Jul/2026:12:21:10 +0000] "GET /shared/.env HTTP/2" 404 15025 "-" "Mozilla/5.0 (X11; Linux x86_64) AppleWebKit/537.36 (KHTML, like Gecko) Chrome/131.0.0.0 Safari/537.36"
15.223.230.48 - - [16/Jul/2026:12:21:10 +0000] "GET /deploy/.env HTTP/2" 301 0 "-" "Mozilla/5.0 (X11; Linux x86_64) AppleWebKit/537.36 (KHTML, like Gecko) Chrome/131.0.0.0 Safari/537.36"
15.223.230.48 - - [16/Jul/2026:12:21:11 +0000] "GET /deploy/.env HTTP/2" 404 15020 "-" "Mozilla/5.0 (X11; Linux x86_64) AppleWebKit/537.36 (KHTML, like Gecko) Chrome/131.0.0.0 Safari/537.36"
15.223.230.48 - - [16/Jul/2026:12:21:11 +0000] "GET /build/.env HTTP/2" 301 0 "-" "Mozilla/5.0 (X11; Linux x86_64) AppleWebKit/537.36 (KHTML, like Gecko) Chrome/131.0.0.0 Safari/537.36"
15.223.230.48 - - [16/Jul/2026:12:21:12 +0000] "GET /build/.env HTTP/2" 404 15030 "-" "Mozilla/5.0 (X11; Linux x86_64) AppleWebKit/537.36 (KHTML, like Gecko) Chrome/131.0.0.0 Safari/537.36"
15.223.230.48 - - [16/Jul/2026:12:21:12 +0000] "GET /dist/.env HTTP/2" 301 0 "-" "Mozilla/5.0 (X11; Linux x86_64) AppleWebKit/537.36 (KHTML, like Gecko) Chrome/131.0.0.0 Safari/537.36"
15.223.230.48 - - [16/Jul/2026:12:21:12 +0000] "GET /dist/.env HTTP/2" 404 15072 "-" "Mozilla/5.0 (X11; Linux x86_64) AppleWebKit/537.36 (KHTML, like Gecko) Chrome/131.0.0.0 Safari/537.36"
15.223.230.48 - - [16/Jul/2026:12:21:13 +0000] "GET /public_html/.env HTTP/2" 301 0 "-" "Mozilla/5.0 (X11; Linux x86_64) AppleWebKit/537.36 (KHTML, like Gecko) Chrome/131.0.0.0 Safari/537.36"
15.223.230.48 - - [16/Jul/2026:12:21:14 +0000] "GET /public_html/.env HTTP/2" 404 15066 "-" "Mozilla/5.0 (X11; Linux x86_64) AppleWebKit/537.36 (KHTML, like Gecko) Chrome/131.0.0.0 Safari/537.36"
15.223.230.48 - - [16/Jul/2026:12:21:14 +0000] "GET /htdocs/.env HTTP/2" 301 0 "-" "Mozilla/5.0 (X11; Linux x86_64) AppleWebKit/537.36 (KHTML, like Gecko) Chrome/131.0.0.0 Safari/537.36"
15.223.230.48 - - [16/Jul/2026:12:21:15 +0000] "GET /htdocs/.env HTTP/2" 404 15020 "-" "Mozilla/5.0 (X11; Linux x86_64) AppleWebKit/537.36 (KHTML, like Gecko) Chrome/131.0.0.0 Safari/537.36"
15.223.230.48 - - [16/Jul/2026:12:21:15 +0000] "GET /www/.env HTTP/2" 301 0 "-" "Mozilla/5.0 (X11; Linux x86_64) AppleWebKit/537.36 (KHTML, like Gecko) Chrome/131.0.0.0 Safari/537.36"
15.223.230.48 - - [16/Jul/2026:12:21:16 +0000] "GET /www/.env HTTP/2" 404 15044 "-" "Mozilla/5.0 (X11; Linux x86_64) AppleWebKit/537.36 (KHTML, like Gecko) Chrome/131.0.0.0 Safari/537.36"
15.223.230.48 - - [16/Jul/2026:12:21:16 +0000] "GET /html/.env HTTP/2" 301 0 "-" "Mozilla/5.0 (X11; Linux x86_64) AppleWebKit/537.36 (KHTML, like Gecko) Chrome/131.0.0.0 Safari/537.36"
15.223.230.48 - - [16/Jul/2026:12:21:16 +0000] "GET /html/.env HTTP/2" 404 15073 "-" "Mozilla/5.0 (X11; Linux x86_64) AppleWebKit/537.36 (KHTML, like Gecko) Chrome/131.0.0.0 Safari/537.36"
15.223.230.48 - - [16/Jul/2026:12:21:17 +0000] "GET /live/.env HTTP/2" 301 0 "-" "Mozilla/5.0 (X11; Linux x86_64) AppleWebKit/537.36 (KHTML, like Gecko) Chrome/131.0.0.0 Safari/537.36"
15.223.230.48 - - [16/Jul/2026:12:21:17 +0000] "GET /live/.env HTTP/2" 404 15074 "-" "Mozilla/5.0 (X11; Linux x86_64) AppleWebKit/537.36 (KHTML, like Gecko) Chrome/131.0.0.0 Safari/537.36"
15.223.230.48 - - [16/Jul/2026:12:21:18 +0000] "GET /prod/.env HTTP/2" 301 0 "-" "Mozilla/5.0 (X11; Linux x86_64) AppleWebKit/537.36 (KHTML, like Gecko) Chrome/131.0.0.0 Safari/537.36"
15.223.230.48 - - [16/Jul/2026:12:21:18 +0000] "GET /prod/.env HTTP/2" 404 15071 "-" "Mozilla/5.0 (X11; Linux x86_64) AppleWebKit/537.36 (KHTML, like Gecko) Chrome/131.0.0.0 Safari/537.36"
15.223.230.48 - - [16/Jul/2026:12:21:19 +0000] "GET /dev/.env HTTP/2" 301 0 "-" "Mozilla/5.0 (X11; Linux x86_64) AppleWebKit/537.36 (KHTML, like Gecko) Chrome/131.0.0.0 Safari/537.36"
15.223.230.48 - - [16/Jul/2026:12:21:19 +0000] "GET /dev/.env HTTP/2" 404 15044 "-" "Mozilla/5.0 (X11; Linux x86_64) AppleWebKit/537.36 (KHTML, like Gecko) Chrome/131.0.0.0 Safari/537.36"
15.223.230.48 - - [16/Jul/2026:12:21:19 +0000] "GET /staging/.env HTTP/2" 301 0 "-" "Mozilla/5.0 (X11; Linux x86_64) AppleWebKit/537.36 (KHTML, like Gecko) Chrome/131.0.0.0 Safari/537.36"
15.223.230.48 - - [16/Jul/2026:12:21:20 +0000] "GET /staging/.env HTTP/2" 404 15061 "-" "Mozilla/5.0 (X11; Linux x86_64) AppleWebKit/537.36 (KHTML, like Gecko) Chrome/131.0.0.0 Safari/537.36"
15.223.230.48 - - [16/Jul/2026:12:21:20 +0000] "GET /opt/.env HTTP/2" 301 0 "-" "Mozilla/5.0 (X11; Linux x86_64) AppleWebKit/537.36 (KHTML, like Gecko) Chrome/131.0.0.0 Safari/537.36"
15.223.230.48 - - [16/Jul/2026:12:21:21 +0000] "GET /opt/.env HTTP/2" 404 15044 "-" "Mozilla/5.0 (X11; Linux x86_64) AppleWebKit/537.36 (KHTML, like Gecko) Chrome/131.0.0.0 Safari/537.36"
15.223.230.48 - - [16/Jul/2026:12:21:22 +0000] "GET /laravel/.env HTTP/2" 301 0 "-" "Mozilla/5.0 (X11; Linux x86_64) AppleWebKit/537.36 (KHTML, like Gecko) Chrome/131.0.0.0 Safari/537.36"
15.223.230.48 - - [16/Jul/2026:12:21:22 +0000] "GET /laravel/.env HTTP/2" 404 15061 "-" "Mozilla/5.0 (X11; Linux x86_64) AppleWebKit/537.36 (KHTML, like Gecko) Chrome/131.0.0.0 Safari/537.36"
15.223.230.48 - - [16/Jul/2026:12:21:22 +0000] "GET /symfony/.env HTTP/2" 301 0 "-" "Mozilla/5.0 (X11; Linux x86_64) AppleWebKit/537.36 (KHTML, like Gecko) Chrome/131.0.0.0 Safari/537.36"
15.223.230.48 - - [16/Jul/2026:12:21:23 +0000] "GET /symfony/.env HTTP/2" 404 15062 "-" "Mozilla/5.0 (X11; Linux x86_64) AppleWebKit/537.36 (KHTML, like Gecko) Chrome/131.0.0.0 Safari/537.36"
15.223.230.48 - - [16/Jul/2026:12:21:23 +0000] "GET /wordpress/.env HTTP/2" 301 0 "-" "Mozilla/5.0 (X11; Linux x86_64) AppleWebKit/537.36 (KHTML, like Gecko) Chrome/131.0.0.0 Safari/537.36"
15.223.230.48 - - [16/Jul/2026:12:21:23 +0000] "GET /wordpress/.env HTTP/2" 404 15033 "-" "Mozilla/5.0 (X11; Linux x86_64) AppleWebKit/537.36 (KHTML, like Gecko) Chrome/131.0.0.0 Safari/537.36"
15.223.230.48 - - [16/Jul/2026:12:21:24 +0000] "GET /wp/.env HTTP/2" 301 0 "-" "Mozilla/5.0 (X11; Linux x86_64) AppleWebKit/537.36 (KHTML, like Gecko) Chrome/131.0.0.0 Safari/537.36"
15.223.230.48 - - [16/Jul/2026:12:21:24 +0000] "GET /wp/.env HTTP/2" 404 15076 "-" "Mozilla/5.0 (X11; Linux x86_64) AppleWebKit/537.36 (KHTML, like Gecko) Chrome/131.0.0.0 Safari/537.36"
15.223.230.48 - - [16/Jul/2026:12:21:25 +0000] "GET /cms/.env HTTP/2" 301 0 "-" "Mozilla/5.0 (X11; Linux x86_64) AppleWebKit/537.36 (KHTML, like Gecko) Chrome/131.0.0.0 Safari/537.36"
15.223.230.48 - - [16/Jul/2026:12:21:25 +0000] "GET /cms/.env HTTP/2" 404 15048 "-" "Mozilla/5.0 (X11; Linux x86_64) AppleWebKit/537.36 (KHTML, like Gecko) Chrome/131.0.0.0 Safari/537.36"
15.223.230.48 - - [16/Jul/2026:12:21:26 +0000] "GET /drupal/.env HTTP/2" 301 0 "-" "Mozilla/5.0 (X11; Linux x86_64) AppleWebKit/537.36 (KHTML, like Gecko) Chrome/131.0.0.0 Safari/537.36"
15.223.230.48 - - [16/Jul/2026:12:21:26 +0000] "GET /drupal/.env HTTP/2" 404 15020 "-" "Mozilla/5.0 (X11; Linux x86_64) AppleWebKit/537.36 (KHTML, like Gecko) Chrome/131.0.0.0 Safari/537.36"
15.223.230.48 - - [16/Jul/2026:12:21:27 +0000] "GET /joomla/.env HTTP/2" 301 0 "-" "Mozilla/5.0 (X11; Linux x86_64) AppleWebKit/537.36 (KHTML, like Gecko) Chrome/131.0.0.0 Safari/537.36"
15.223.230.48 - - [16/Jul/2026:12:21:28 +0000] "GET /joomla/.env HTTP/2" 404 15019 "-" "Mozilla/5.0 (X11; Linux x86_64) AppleWebKit/537.36 (KHTML, like Gecko) Chrome/131.0.0.0 Safari/537.36"
15.223.230.48 - - [16/Jul/2026:12:21:28 +0000] "GET /magento/.env HTTP/2" 301 0 "-" "Mozilla/5.0 (X11; Linux x86_64) AppleWebKit/537.36 (KHTML, like Gecko) Chrome/131.0.0.0 Safari/537.36"
15.223.230.48 - - [16/Jul/2026:12:21:29 +0000] "GET /magento/.env HTTP/2" 404 15061 "-" "Mozilla/5.0 (X11; Linux x86_64) AppleWebKit/537.36 (KHTML, like Gecko) Chrome/131.0.0.0 Safari/537.36"
15.223.230.48 - - [16/Jul/2026:12:21:29 +0000] "GET /shopify/.env HTTP/2" 301 0 "-" "Mozilla/5.0 (X11; Linux x86_64) AppleWebKit/537.36 (KHTML, like Gecko) Chrome/131.0.0.0 Safari/537.36"
15.223.230.48 - - [16/Jul/2026:12:21:29 +0000] "GET /shopify/.env HTTP/2" 404 15061 "-" "Mozilla/5.0 (X11; Linux x86_64) AppleWebKit/537.36 (KHTML, like Gecko) Chrome/131.0.0.0 Safari/537.36"
15.223.230.48 - - [16/Jul/2026:12:21:30 +0000] "GET /prestashop/.env HTTP/2" 301 0 "-" "Mozilla/5.0 (X11; Linux x86_64) AppleWebKit/537.36 (KHTML, like Gecko) Chrome/131.0.0.0 Safari/537.36"
15.223.230.48 - - [16/Jul/2026:12:21:30 +0000] "GET /prestashop/.env HTTP/2" 404 15032 "-" "Mozilla/5.0 (X11; Linux x86_64) AppleWebKit/537.36 (KHTML, like Gecko) Chrome/131.0.0.0 Safari/537.36"
15.223.230.48 - - [16/Jul/2026:12:21:31 +0000] "GET /codeigniter/.env HTTP/2" 301 0 "-" "Mozilla/5.0 (X11; Linux x86_64) AppleWebKit/537.36 (KHTML, like Gecko) Chrome/131.0.0.0 Safari/537.36"
15.223.230.48 - - [16/Jul/2026:12:21:31 +0000] "GET /codeigniter/.env HTTP/2" 404 15067 "-" "Mozilla/5.0 (X11; Linux x86_64) AppleWebKit/537.36 (KHTML, like Gecko) Chrome/131.0.0.0 Safari/537.36"
15.223.230.48 - - [16/Jul/2026:12:21:32 +0000] "GET /cakephp/.env HTTP/2" 301 0 "-" "Mozilla/5.0 (X11; Linux x86_64) AppleWebKit/537.36 (KHTML, like Gecko) Chrome/131.0.0.0 Safari/537.36"
15.223.230.48 - - [16/Jul/2026:12:21:32 +0000] "GET /cakephp/.env HTTP/2" 404 15061 "-" "Mozilla/5.0 (X11; Linux x86_64) AppleWebKit/537.36 (KHTML, like Gecko) Chrome/131.0.0.0 Safari/537.36"
15.223.230.48 - - [16/Jul/2026:12:21:33 +0000] "GET /zend/.env HTTP/2" 301 0 "-" "Mozilla/5.0 (X11; Linux x86_64) AppleWebKit/537.36 (KHTML, like Gecko) Chrome/131.0.0.0 Safari/537.36"
15.223.230.48 - - [16/Jul/2026:12:21:33 +0000] "GET /zend/.env HTTP/2" 404 15074 "-" "Mozilla/5.0 (X11; Linux x86_64) AppleWebKit/537.36 (KHTML, like Gecko) Chrome/131.0.0.0 Safari/537.36"
15.223.230.48 - - [16/Jul/2026:12:21:34 +0000] "GET /yii/.env HTTP/2" 301 0 "-" "Mozilla/5.0 (X11; Linux x86_64) AppleWebKit/537.36 (KHTML, like Gecko) Chrome/131.0.0.0 Safari/537.36"
15.223.230.48 - - [16/Jul/2026:12:21:34 +0000] "GET /yii/.env HTTP/2" 404 15044 "-" "Mozilla/5.0 (X11; Linux x86_64) AppleWebKit/537.36 (KHTML, like Gecko) Chrome/131.0.0.0 Safari/537.36"
15.223.230.48 - - [16/Jul/2026:12:21:35 +0000] "GET /laravel5/.env HTTP/2" 301 0 "-" "Mozilla/5.0 (X11; Linux x86_64) AppleWebKit/537.36 (KHTML, like Gecko) Chrome/131.0.0.0 Safari/537.36"
15.223.230.48 - - [16/Jul/2026:12:21:35 +0000] "GET /laravel5/.env HTTP/2" 404 15090 "-" "Mozilla/5.0 (X11; Linux x86_64) AppleWebKit/537.36 (KHTML, like Gecko) Chrome/131.0.0.0 Safari/537.36"
15.223.230.48 - - [16/Jul/2026:12:21:36 +0000] "GET /v1/.env HTTP/2" 301 0 "-" "Mozilla/5.0 (X11; Linux x86_64) AppleWebKit/537.36 (KHTML, like Gecko) Chrome/131.0.0.0 Safari/537.36"
15.223.230.48 - - [16/Jul/2026:12:21:36 +0000] "GET /v1/.env HTTP/2" 404 15029 "-" "Mozilla/5.0 (X11; Linux x86_64) AppleWebKit/537.36 (KHTML, like Gecko) Chrome/131.0.0.0 Safari/537.36"
15.223.230.48 - - [16/Jul/2026:12:21:37 +0000] "GET /v2/.env HTTP/2" 301 0 "-" "Mozilla/5.0 (X11; Linux x86_64) AppleWebKit/537.36 (KHTML, like Gecko) Chrome/131.0.0.0 Safari/537.36"
15.223.230.48 - - [16/Jul/2026:12:21:37 +0000] "GET /v2/.env HTTP/2" 404 15029 "-" "Mozilla/5.0 (X11; Linux x86_64) AppleWebKit/537.36 (KHTML, like Gecko) Chrome/131.0.0.0 Safari/537.36"
15.223.230.48 - - [16/Jul/2026:12:21:38 +0000] "GET /v3/.env HTTP/2" 301 0 "-" "Mozilla/5.0 (X11; Linux x86_64) AppleWebKit/537.36 (KHTML, like Gecko) Chrome/131.0.0.0 Safari/537.36"
15.223.230.48 - - [16/Jul/2026:12:21:38 +0000] "GET /v3/.env HTTP/2" 404 15029 "-" "Mozilla/5.0 (X11; Linux x86_64) AppleWebKit/537.36 (KHTML, like Gecko) Chrome/131.0.0.0 Safari/537.36"
15.223.230.48 - - [16/Jul/2026:12:21:39 +0000] "GET /api/v1/.env HTTP/2" 301 0 "-" "Mozilla/5.0 (X11; Linux x86_64) AppleWebKit/537.36 (KHTML, like Gecko) Chrome/131.0.0.0 Safari/537.36"
15.223.230.48 - - [16/Jul/2026:12:21:39 +0000] "GET /api/v1/.env HTTP/2" 404 15071 "-" "Mozilla/5.0 (X11; Linux x86_64) AppleWebKit/537.36 (KHTML, like Gecko) Chrome/131.0.0.0 Safari/537.36"
15.223.230.48 - - [16/Jul/2026:12:21:40 +0000] "GET /api/v2/.env HTTP/2" 301 0 "-" "Mozilla/5.0 (X11; Linux x86_64) AppleWebKit/537.36 (KHTML, like Gecko) Chrome/131.0.0.0 Safari/537.36"
15.223.230.48 - - [16/Jul/2026:12:21:40 +0000] "GET /api/v2/.env HTTP/2" 404 15071 "-" "Mozilla/5.0 (X11; Linux x86_64) AppleWebKit/537.36 (KHTML, like Gecko) Chrome/131.0.0.0 Safari/537.36"
15.223.230.48 - - [16/Jul/2026:12:21:41 +0000] "GET /rest/.env HTTP/2" 301 0 "-" "Mozilla/5.0 (X11; Linux x86_64) AppleWebKit/537.36 (KHTML, like Gecko) Chrome/131.0.0.0 Safari/537.36"
15.223.230.48 - - [16/Jul/2026:12:21:41 +0000] "GET /rest/.env HTTP/2" 404 15074 "-" "Mozilla/5.0 (X11; Linux x86_64) AppleWebKit/537.36 (KHTML, like Gecko) Chrome/131.0.0.0 Safari/537.36"
15.223.230.48 - - [16/Jul/2026:12:21:42 +0000] "GET /graphql/.env HTTP/2" 301 0 "-" "Mozilla/5.0 (X11; Linux x86_64) AppleWebKit/537.36 (KHTML, like Gecko) Chrome/131.0.0.0 Safari/537.36"
65.181.116.207 - - [16/Jul/2026:12:21:43 +0000] "POST /wp-cron.php?doing_wp_cron=1784204503.2086980342864990234375 HTTP/2" 200 0 "-" "WordPress/7.0.1; https://www.max-iptv4k.com"
