164.92.244.132 - - [17/Jul/2026:05:35:25 +0000] "GET /.vscode/sftp.json HTTP/2" 404 3418 "-" "Mozilla/5.0 (l9scan/2.0.33e27393e2431313e2838313; +https://leakix.net)"
207.154.197.113 - - [17/Jul/2026:05:35:26 +0000] "GET /trace.axd HTTP/2" 200 284 "-" "Mozilla/5.0 (l9scan/2.0.33e27393e2431313e2838313; +https://leakix.net)"
142.93.143.8 - - [17/Jul/2026:05:35:26 +0000] "GET /debug/default/view?panel=config HTTP/2" 400 52 "-" "Mozilla/5.0 (l9scan/2.0.33e27393e2431313e2838313; +https://leakix.net)"
164.92.244.132 - - [17/Jul/2026:05:35:27 +0000] "OPTIONS / HTTP/2" 200 12496 "-" "Mozilla/5.0 (l9scan/2.0.33e27393e2431313e2838313; +https://leakix.net)"
164.92.244.132 - - [17/Jul/2026:05:35:27 +0000] "GET /?rest_route=/wp/v2/users/ HTTP/2" 200 12491 "-" "Mozilla/5.0 (l9scan/2.0.33e27393e2431313e2838313; +https://leakix.net)"
207.154.197.113 - - [17/Jul/2026:05:35:27 +0000] "GET /@vite/env HTTP/2" 200 284 "-" "Mozilla/5.0 (l9scan/2.0.33e27393e2431313e2838313; +https://leakix.net)"
207.154.197.113 - - [17/Jul/2026:05:35:28 +0000] "GET /.vscode/sftp.json HTTP/2" 200 284 "-" "Mozilla/5.0 (l9scan/2.0.33e27393e2431313e2838313; +https://leakix.net)"
164.92.244.132 - - [17/Jul/2026:05:35:29 +0000] "GET /debug/default/view?panel=config HTTP/2" 404 3418 "-" "Mozilla/5.0 (l9scan/2.0.33e27393e2431313e2838313; +https://leakix.net)"
207.154.197.113 - - [17/Jul/2026:05:35:29 +0000] "OPTIONS / HTTP/2" 200 284 "-" "Mozilla/5.0 (l9scan/2.0.33e27393e2431313e2838313; +https://leakix.net)"
207.154.197.113 - - [17/Jul/2026:05:35:30 +0000] "GET /?rest_route=/wp/v2/users/ HTTP/2" 200 284 "-" "Mozilla/5.0 (l9scan/2.0.33e27393e2431313e2838313; +https://leakix.net)"
207.154.197.113 - - [17/Jul/2026:05:35:31 +0000] "GET /debug/default/view?panel=config HTTP/2" 200 284 "-" "Mozilla/5.0 (l9scan/2.0.33e27393e2431313e2838313; +https://leakix.net)"
65.181.116.207 - - [17/Jul/2026:05:35:13 +0000] "POST /wp-cron.php?doing_wp_cron=1784266513.7121019363403320312500 HTTP/2" 200 0 "-" "WordPress/7.0.1; https://www.max-iptv4k.com"
157.245.113.227 - - [17/Jul/2026:05:35:14 +0000] "GET /console/ HTTP/2" 404 15043 "-" "Mozilla/5.0 (l9scan/2.0.33e27393e2431313e2838313; +https://leakix.net)"
167.71.175.236 - - [17/Jul/2026:05:35:15 +0000] "GET /console/ HTTP/2" 301 0 "-" "Mozilla/5.0 (l9scan/2.0.33e27393e2431313e2838313; +https://leakix.net)"
157.245.113.227 - - [17/Jul/2026:05:35:16 +0000] "GET /console/ HTTP/2" 404 15033 "-" "Mozilla/5.0 (l9scan/2.0.33e27393e2431313e2838313; +https://leakix.net)"
157.245.113.227 - - [17/Jul/2026:05:35:17 +0000] "GET /server HTTP/2" 404 15065 "-" "Mozilla/5.0 (l9scan/2.0.33e27393e2431313e2838313; +https://leakix.net)"
167.71.175.236 - - [17/Jul/2026:05:35:18 +0000] "GET /server HTTP/2" 301 0 "-" "Mozilla/5.0 (l9scan/2.0.33e27393e2431313e2838313; +https://leakix.net)"
157.245.113.227 - - [17/Jul/2026:05:35:52 +0000] "GET /.git/config HTTP/2" 403 1242 "-" "Mozilla/5.0 (l9scan/2.0.33e27393e2431313e2838313; +https://leakix.net)"
167.71.175.236 - - [17/Jul/2026:05:35:53 +0000] "GET /.git/config HTTP/2" 403 1242 "-" "Mozilla/5.0 (l9scan/2.0.33e27393e2431313e2838313; +https://leakix.net)"
157.245.113.227 - - [17/Jul/2026:05:35:54 +0000] "GET /.git/config HTTP/2" 403 1242 "-" "Mozilla/5.0 (l9scan/2.0.33e27393e2431313e2838313; +https://leakix.net)"
157.245.113.227 - - [17/Jul/2026:05:35:19 +0000] "GET /server HTTP/2" 404 15056 "-" "Mozilla/5.0 (l9scan/2.0.33e27393e2431313e2838313; +https://leakix.net)"
167.71.175.236 - - [17/Jul/2026:05:35:21 +0000] "GET /server-status HTTP/2" 301 0 "-" "Mozilla/5.0 (l9scan/2.0.33e27393e2431313e2838313; +https://leakix.net)"
157.245.113.227 - - [17/Jul/2026:05:35:20 +0000] "GET /server-status HTTP/2" 404 15068 "-" "Mozilla/5.0 (l9scan/2.0.33e27393e2431313e2838313; +https://leakix.net)"
167.71.175.236 - - [17/Jul/2026:05:35:24 +0000] "GET /about HTTP/2" 301 0 "-" "Mozilla/5.0 (l9scan/2.0.33e27393e2431313e2838313; +https://leakix.net)"
157.245.113.227 - - [17/Jul/2026:05:35:23 +0000] "GET /about HTTP/2" 404 15066 "-" "Mozilla/5.0 (l9scan/2.0.33e27393e2431313e2838313; +https://leakix.net)"
157.245.113.227 - - [17/Jul/2026:05:35:22 +0000] "GET /server-status HTTP/2" 404 15104 "-" "Mozilla/5.0 (l9scan/2.0.33e27393e2431313e2838313; +https://leakix.net)"
157.245.113.227 - - [17/Jul/2026:05:35:25 +0000] "GET /about HTTP/2" 404 15034 "-" "Mozilla/5.0 (l9scan/2.0.33e27393e2431313e2838313; +https://leakix.net)"
157.245.113.227 - - [17/Jul/2026:05:35:26 +0000] "GET /login.action HTTP/2" 404 15036 "-" "Mozilla/5.0 (l9scan/2.0.33e27393e2431313e2838313; +https://leakix.net)"
17.241.75.137 - - [17/Jul/2026:05:36:05 +0000] "GET /wp-includes/js/jquery/jquery.min.js?ver=3.7.1 HTTP/2" 200 29744 "https://www.max-iptv4k.com/2025/08/22/best-irish-online-slots/" "Mozilla/5.0 (Macintosh; Intel Mac OS X 10_15_7) AppleWebKit/605.1.15 (KHTML, like Gecko) Version/17.4 Safari/605.1.15 (Applebot/0.1; +http://www.apple.com/go/applebot)"
167.71.175.236 - - [17/Jul/2026:05:35:27 +0000] "GET /login.action HTTP/2" 301 0 "-" "Mozilla/5.0 (l9scan/2.0.33e27393e2431313e2838313; +https://leakix.net)"
157.245.113.227 - - [17/Jul/2026:05:35:28 +0000] "GET /login.action HTTP/2" 404 15028 "-" "Mozilla/5.0 (l9scan/2.0.33e27393e2431313e2838313; +https://leakix.net)"
167.71.175.236 - - [17/Jul/2026:05:35:30 +0000] "GET / HTTP/2" 301 0 "-" "Mozilla/5.0 (l9scan/2.0.33e27393e2431313e2838313; +https://leakix.net)"
157.245.113.227 - - [17/Jul/2026:05:35:29 +0000] "GET / HTTP/2" 301 0 "-" "Mozilla/5.0 (l9scan/2.0.33e27393e2431313e2838313; +https://leakix.net)"
157.245.113.227 - - [17/Jul/2026:05:35:31 +0000] "GET / HTTP/2" 200 27275 "-" "Mozilla/5.0 (l9scan/2.0.33e27393e2431313e2838313; +https://leakix.net)"
167.71.175.236 - - [17/Jul/2026:05:35:33 +0000] "GET /___proxy_subdomain_whm/login HTTP/2" 301 0 "-" "Mozilla/5.0 (l9scan/2.0.33e27393e2431313e2838313; +https://leakix.net)"
157.245.113.227 - - [17/Jul/2026:05:35:32 +0000] "GET /___proxy_subdomain_whm/login HTTP/2" 404 15081 "-" "Mozilla/5.0 (l9scan/2.0.33e27393e2431313e2838313; +https://leakix.net)"
157.245.113.227 - - [17/Jul/2026:05:35:34 +0000] "GET /___proxy_subdomain_whm/login HTTP/2" 301 0 "-" "Mozilla/5.0 (l9scan/2.0.33e27393e2431313e2838313; +https://leakix.net)"
167.71.175.236 - - [17/Jul/2026:05:35:36 +0000] "GET /___proxy_subdomain_cpanel HTTP/2" 301 0 "-" "Mozilla/5.0 (l9scan/2.0.33e27393e2431313e2838313; +https://leakix.net)"
157.245.113.227 - - [17/Jul/2026:05:35:35 +0000] "GET /___proxy_subdomain_cpanel HTTP/2" 404 15075 "-" "Mozilla/5.0 (l9scan/2.0.33e27393e2431313e2838313; +https://leakix.net)"
157.245.113.227 - - [17/Jul/2026:05:35:37 +0000] "GET /___proxy_subdomain_cpanel HTTP/2" 404 15076 "-" "Mozilla/5.0 (l9scan/2.0.33e27393e2431313e2838313; +https://leakix.net)"
157.245.113.227 - - [17/Jul/2026:05:35:38 +0000] "GET /v2/_catalog HTTP/2" 404 15028 "-" "Mozilla/5.0 (l9scan/2.0.33e27393e2431313e2838313; +https://leakix.net)"
167.71.175.236 - - [17/Jul/2026:05:35:39 +0000] "GET /v2/_catalog HTTP/2" 301 0 "-" "Mozilla/5.0 (l9scan/2.0.33e27393e2431313e2838313; +https://leakix.net)"
157.245.113.227 - - [17/Jul/2026:05:35:40 +0000] "GET /v2/_catalog HTTP/2" 404 15014 "-" "Mozilla/5.0 (l9scan/2.0.33e27393e2431313e2838313; +https://leakix.net)"
157.245.113.227 - - [17/Jul/2026:05:35:41 +0000] "GET /.DS_Store HTTP/2" 404 15069 "-" "Mozilla/5.0 (l9scan/2.0.33e27393e2431313e2838313; +https://leakix.net)"
167.71.175.236 - - [17/Jul/2026:05:35:42 +0000] "GET /.DS_Store HTTP/2" 301 0 "-" "Mozilla/5.0 (l9scan/2.0.33e27393e2431313e2838313; +https://leakix.net)"
157.245.113.227 - - [17/Jul/2026:05:35:44 +0000] "GET /.env HTTP/2" 404 15041 "-" "Mozilla/5.0 (l9scan/2.0.33e27393e2431313e2838313; +https://leakix.net)"
157.245.113.227 - - [17/Jul/2026:05:35:43 +0000] "GET /.DS_Store HTTP/2" 404 15049 "-" "Mozilla/5.0 (l9scan/2.0.33e27393e2431313e2838313; +https://leakix.net)"
167.71.175.236 - - [17/Jul/2026:05:35:45 +0000] "GET /.env HTTP/2" 301 0 "-" "Mozilla/5.0 (l9scan/2.0.33e27393e2431313e2838313; +https://leakix.net)"
157.245.113.227 - - [17/Jul/2026:05:35:46 +0000] "GET /.env HTTP/2" 404 15002 "-" "Mozilla/5.0 (l9scan/2.0.33e27393e2431313e2838313; +https://leakix.net)"
157.245.113.227 - - [17/Jul/2026:05:35:48 +0000] "GET /ecp/Current/exporttool/microsoft.exchange.ediscovery.exporttool.application HTTP/2" 404 15154 "-" "Mozilla/5.0 (l9scan/2.0.33e27393e2431313e2838313; +https://leakix.net)"
167.71.175.236 - - [17/Jul/2026:05:35:49 +0000] "GET /ecp/Current/exporttool/microsoft.exchange.ediscovery.exporttool.application HTTP/2" 301 0 "-" "Mozilla/5.0 (l9scan/2.0.33e27393e2431313e2838313; +https://leakix.net)"
157.245.113.227 - - [17/Jul/2026:05:35:50 +0000] "GET /ecp/Current/exporttool/microsoft.exchange.ediscovery.exporttool.application HTTP/2" 404 15128 "-" "Mozilla/5.0 (l9scan/2.0.33e27393e2431313e2838313; +https://leakix.net)"
157.245.113.227 - - [17/Jul/2026:05:35:53 +0000] "POST /graphql HTTP/2" 404 15039 "-" "Mozilla/5.0 (l9scan/2.0.33e27393e2431313e2838313; +https://leakix.net)"
167.71.175.236 - - [17/Jul/2026:05:35:54 +0000] "POST /graphql HTTP/2" 404 15039 "-" "Mozilla/5.0 (l9scan/2.0.33e27393e2431313e2838313; +https://leakix.net)"
157.245.113.227 - - [17/Jul/2026:05:35:56 +0000] "POST /api HTTP/2" 404 15032 "-" "Mozilla/5.0 (l9scan/2.0.33e27393e2431313e2838313; +https://leakix.net)"
157.245.113.227 - - [17/Jul/2026:05:35:55 +0000] "POST /graphql HTTP/2" 404 15031 "-" "Mozilla/5.0 (l9scan/2.0.33e27393e2431313e2838313; +https://leakix.net)"
167.71.175.236 - - [17/Jul/2026:05:35:57 +0000] "POST /api HTTP/2" 404 15033 "-" "Mozilla/5.0 (l9scan/2.0.33e27393e2431313e2838313; +https://leakix.net)"
157.245.113.227 - - [17/Jul/2026:05:35:58 +0000] "POST /api HTTP/2" 404 15018 "-" "Mozilla/5.0 (l9scan/2.0.33e27393e2431313e2838313; +https://leakix.net)"
157.245.113.227 - - [17/Jul/2026:05:35:59 +0000] "POST /api/graphql HTTP/2" 404 15036 "-" "Mozilla/5.0 (l9scan/2.0.33e27393e2431313e2838313; +https://leakix.net)"
167.71.175.236 - - [17/Jul/2026:05:36:00 +0000] "POST /api/graphql HTTP/2" 404 15036 "-" "Mozilla/5.0 (l9scan/2.0.33e27393e2431313e2838313; +https://leakix.net)"
157.245.113.227 - - [17/Jul/2026:05:36:02 +0000] "POST /graphql/api HTTP/2" 404 15035 "-" "Mozilla/5.0 (l9scan/2.0.33e27393e2431313e2838313; +https://leakix.net)"
157.245.113.227 - - [17/Jul/2026:05:36:01 +0000] "POST /api/graphql HTTP/2" 404 15018 "-" "Mozilla/5.0 (l9scan/2.0.33e27393e2431313e2838313; +https://leakix.net)"
167.71.175.236 - - [17/Jul/2026:05:36:03 +0000] "POST /graphql/api HTTP/2" 404 15035 "-" "Mozilla/5.0 (l9scan/2.0.33e27393e2431313e2838313; +https://leakix.net)"
157.245.113.227 - - [17/Jul/2026:05:36:05 +0000] "POST /api/gql HTTP/2" 404 15035 "-" "Mozilla/5.0 (l9scan/2.0.33e27393e2431313e2838313; +https://leakix.net)"
157.245.113.227 - - [17/Jul/2026:05:36:04 +0000] "POST /graphql/api HTTP/2" 404 15019 "-" "Mozilla/5.0 (l9scan/2.0.33e27393e2431313e2838313; +https://leakix.net)"
167.71.175.236 - - [17/Jul/2026:05:36:06 +0000] "POST /api/gql HTTP/2" 404 15037 "-" "Mozilla/5.0 (l9scan/2.0.33e27393e2431313e2838313; +https://leakix.net)"
157.245.113.227 - - [17/Jul/2026:05:36:07 +0000] "POST /api/gql HTTP/2" 404 15031 "-" "Mozilla/5.0 (l9scan/2.0.33e27393e2431313e2838313; +https://leakix.net)"
157.245.113.227 - - [17/Jul/2026:05:36:08 +0000] "GET /s/33e27393e2431313e2838313/_/;/META-INF/maven/com.atlassian.jira/jira-webapp-dist/pom.properties HTTP/2" 404 15118 "-" "Mozilla/5.0 (l9scan/2.0.33e27393e2431313e2838313; +https://leakix.net)"
167.71.175.236 - - [17/Jul/2026:05:36:09 +0000] "GET /s/33e27393e2431313e2838313/_/;/META-INF/maven/com.atlassian.jira/jira-webapp-dist/pom.properties HTTP/2" 301 0 "-" "Mozilla/5.0 (l9scan/2.0.33e27393e2431313e2838313; +https://leakix.net)"
167.71.175.236 - - [17/Jul/2026:05:36:12 +0000] "GET /config.json HTTP/2" 301 0 "-" "Mozilla/5.0 (l9scan/2.0.33e27393e2431313e2838313; +https://leakix.net)"
157.245.113.227 - - [17/Jul/2026:05:36:11 +0000] "GET /config.json HTTP/2" 404 15034 "-" "Mozilla/5.0 (l9scan/2.0.33e27393e2431313e2838313; +https://leakix.net)"
157.245.113.227 - - [17/Jul/2026:05:36:10 +0000] "GET /s/33e27393e2431313e2838313/_/;/META-INF/maven/com.atlassian.jira/jira-webapp-dist/pom.properties HTTP/2" 404 15134 "-" "Mozilla/5.0 (l9scan/2.0.33e27393e2431313e2838313; +https://leakix.net)"
157.245.113.227 - - [17/Jul/2026:05:36:13 +0000] "GET /config.json HTTP/2" 404 15025 "-" "Mozilla/5.0 (l9scan/2.0.33e27393e2431313e2838313; +https://leakix.net)"
65.181.116.207 - - [17/Jul/2026:05:36:15 +0000] "POST /wp-cron.php?doing_wp_cron=1784266575.1607189178466796875000 HTTP/2" 200 0 "-" "WordPress/7.0.1; https://www.max-iptv4k.com"
167.71.175.236 - - [17/Jul/2026:05:36:15 +0000] "GET /telescope/requests HTTP/2" 301 0 "-" "Mozilla/5.0 (l9scan/2.0.33e27393e2431313e2838313; +https://leakix.net)"
157.245.113.227 - - [17/Jul/2026:05:36:14 +0000] "GET /telescope/requests HTTP/2" 404 15033 "-" "Mozilla/5.0 (l9scan/2.0.33e27393e2431313e2838313; +https://leakix.net)"
157.245.113.227 - - [17/Jul/2026:05:36:16 +0000] "GET /telescope/requests HTTP/2" 404 15028 "-" "Mozilla/5.0 (l9scan/2.0.33e27393e2431313e2838313; +https://leakix.net)"
167.71.175.236 - - [17/Jul/2026:05:36:18 +0000] "GET /info.php HTTP/2" 301 0 "-" "Mozilla/5.0 (l9scan/2.0.33e27393e2431313e2838313; +https://leakix.net)"
157.245.113.227 - - [17/Jul/2026:05:36:17 +0000] "GET /info.php HTTP/2" 404 15033 "-" "Mozilla/5.0 (l9scan/2.0.33e27393e2431313e2838313; +https://leakix.net)"
157.245.113.227 - - [17/Jul/2026:05:36:19 +0000] "GET /info.php HTTP/2" 404 15035 "-" "Mozilla/5.0 (l9scan/2.0.33e27393e2431313e2838313; +https://leakix.net)"
157.245.113.227 - - [17/Jul/2026:05:36:20 +0000] "GET /.well-known/security.txt HTTP/2" 404 15077 "-" "Mozilla/5.0 (l9scan/2.0.33e27393e2431313e2838313; +https://leakix.net)"
167.71.175.236 - - [17/Jul/2026:05:36:21 +0000] "GET /.well-known/security.txt HTTP/2" 301 0 "-" "Mozilla/5.0 (l9scan/2.0.33e27393e2431313e2838313; +https://leakix.net)"
157.245.113.227 - - [17/Jul/2026:05:36:22 +0000] "GET /.well-known/security.txt HTTP/2" 404 15074 "-" "Mozilla/5.0 (l9scan/2.0.33e27393e2431313e2838313; +https://leakix.net)"
157.245.113.227 - - [17/Jul/2026:05:36:23 +0000] "GET /actuator/env HTTP/2" 404 15078 "-" "Mozilla/5.0 (l9scan/2.0.33e27393e2431313e2838313; +https://leakix.net)"
167.71.175.236 - - [17/Jul/2026:05:36:24 +0000] "GET /actuator/env HTTP/2" 301 0 "-" "Mozilla/5.0 (l9scan/2.0.33e27393e2431313e2838313; +https://leakix.net)"
2a03:2880:f800:22:: - - [17/Jul/2026:05:36:23 +0000] "GET /2025/08/22/casino-guru-no-deposit-bonus-codes-for-free-spins-2025/ HTTP/2" 200 17622 "-" "Mozilla/5.0 (Windows NT 10.0; Win64; x64) AppleWebKit/537.36 (KHTML, like Gecko) Chrome/145.0.0.0 Safari/537.36 (compatible; meta-externalagent/1.1 (+https://developers.facebook.com/docs/sharing/webmasters/crawler))"
167.71.175.236 - - [17/Jul/2026:05:36:27 +0000] "GET /trace.axd HTTP/2" 301 0 "-" "Mozilla/5.0 (l9scan/2.0.33e27393e2431313e2838313; +https://leakix.net)"
157.245.113.227 - - [17/Jul/2026:05:36:26 +0000] "GET /trace.axd HTTP/2" 404 15070 "-" "Mozilla/5.0 (l9scan/2.0.33e27393e2431313e2838313; +https://leakix.net)"
157.245.113.227 - - [17/Jul/2026:05:36:25 +0000] "GET /actuator/env HTTP/2" 404 15061 "-" "Mozilla/5.0 (l9scan/2.0.33e27393e2431313e2838313; +https://leakix.net)"
157.245.113.227 - - [17/Jul/2026:05:36:29 +0000] "GET /@vite/env HTTP/2" 404 15081 "-" "Mozilla/5.0 (l9scan/2.0.33e27393e2431313e2838313; +https://leakix.net)"
157.245.113.227 - - [17/Jul/2026:05:36:28 +0000] "GET /trace.axd HTTP/2" 404 15095 "-" "Mozilla/5.0 (l9scan/2.0.33e27393e2431313e2838313; +https://leakix.net)"
167.71.175.236 - - [17/Jul/2026:05:36:30 +0000] "GET /@vite/env HTTP/2" 301 0 "-" "Mozilla/5.0 (l9scan/2.0.33e27393e2431313e2838313; +https://leakix.net)"
157.245.113.227 - - [17/Jul/2026:05:36:32 +0000] "GET /.vscode/sftp.json HTTP/2" 404 15102 "-" "Mozilla/5.0 (l9scan/2.0.33e27393e2431313e2838313; +https://leakix.net)"
157.245.113.227 - - [17/Jul/2026:05:36:31 +0000] "GET /@vite/env HTTP/2" 404 15074 "-" "Mozilla/5.0 (l9scan/2.0.33e27393e2431313e2838313; +https://leakix.net)"
167.71.175.236 - - [17/Jul/2026:05:36:33 +0000] "GET /.vscode/sftp.json HTTP/2" 301 0 "-" "Mozilla/5.0 (l9scan/2.0.33e27393e2431313e2838313; +https://leakix.net)"
157.245.113.227 - - [17/Jul/2026:05:36:34 +0000] "GET /.vscode/sftp.json HTTP/2" 404 15098 "-" "Mozilla/5.0 (l9scan/2.0.33e27393e2431313e2838313; +https://leakix.net)"
157.245.113.227 - - [17/Jul/2026:05:36:35 +0000] "OPTIONS / HTTP/2" 200 27329 "-" "Mozilla/5.0 (l9scan/2.0.33e27393e2431313e2838313; +https://leakix.net)"
157.245.113.227 - - [17/Jul/2026:05:36:38 +0000] "GET /?rest_route=/wp/v2/users/ HTTP/2" 200 357 "-" "Mozilla/5.0 (l9scan/2.0.33e27393e2431313e2838313; +https://leakix.net)"
167.71.175.236 - - [17/Jul/2026:05:36:36 +0000] "OPTIONS / HTTP/2" 200 27329 "-" "Mozilla/5.0 (l9scan/2.0.33e27393e2431313e2838313; +https://leakix.net)"
167.71.175.236 - - [17/Jul/2026:05:36:39 +0000] "GET /?rest_route=/wp/v2/users/ HTTP/2" 200 357 "-" "Mozilla/5.0 (l9scan/2.0.33e27393e2431313e2838313; +https://leakix.net)"
157.245.113.227 - - [17/Jul/2026:05:36:37 +0000] "OPTIONS / HTTP/2" 200 27275 "-" "Mozilla/5.0 (l9scan/2.0.33e27393e2431313e2838313; +https://leakix.net)"
157.245.113.227 - - [17/Jul/2026:05:36:40 +0000] "GET /?rest_route=/wp/v2/users/ HTTP/2" 200 357 "-" "Mozilla/5.0 (l9scan/2.0.33e27393e2431313e2838313; +https://leakix.net)"
157.245.113.227 - - [17/Jul/2026:05:36:41 +0000] "GET /debug/default/view?panel=config HTTP/2" 404 15041 "-" "Mozilla/5.0 (l9scan/2.0.33e27393e2431313e2838313; +https://leakix.net)"
167.71.175.236 - - [17/Jul/2026:05:36:42 +0000] "GET /debug/default/view?panel=config HTTP/2" 301 0 "-" "Mozilla/5.0 (l9scan/2.0.33e27393e2431313e2838313; +https://leakix.net)"
157.245.113.227 - - [17/Jul/2026:05:36:43 +0000] "GET /debug/default/view?panel=config HTTP/2" 404 15034 "-" "Mozilla/5.0 (l9scan/2.0.33e27393e2431313e2838313; +https://leakix.net)"
2a03:2880:f800:1f:: - - [17/Jul/2026:05:36:53 +0000] "GET /2025/08/22/sms-deposit-casinos/ HTTP/2" 200 17255 "-" "Mozilla/5.0 (Windows NT 10.0; Win64; x64) AppleWebKit/537.36 (KHTML, like Gecko) Chrome/145.0.0.0 Safari/537.36 (compatible; meta-externalagent/1.1 (+https://developers.facebook.com/docs/sharing/webmasters/crawler))"
65.181.116.207 - - [17/Jul/2026:05:37:17 +0000] "POST /wp-cron.php?doing_wp_cron=1784266637.0476460456848144531250 HTTP/2" 200 0 "-" "WordPress/7.0.1; https://www.max-iptv4k.com"
65.181.116.207 - - [17/Jul/2026:05:37:17 +0000] "POST /wp-cron.php?doing_wp_cron=1784266637.1894950866699218750000 HTTP/2" 200 0 "-" "WordPress/7.0.1; https://www.max-iptv4k.com"
65.181.116.207 - - [17/Jul/2026:05:37:23 +0000] "POST /wp-cron.php?doing_wp_cron=1784266643.6884539127349853515625 HTTP/2" 200 0 "-" "WordPress/7.0.1; https://www.max-iptv4k.com"
2a03:2880:f800:20:: - - [17/Jul/2026:05:37:32 +0000] "GET /2025/08/22/123-online-casino-bonuses/ HTTP/2" 200 17317 "-" "Mozilla/5.0 (Windows NT 10.0; Win64; x64) AppleWebKit/537.36 (KHTML, like Gecko) Chrome/145.0.0.0 Safari/537.36 (compatible; meta-externalagent/1.1 (+https://developers.facebook.com/docs/sharing/webmasters/crawler))"
65.181.116.207 - - [17/Jul/2026:05:38:22 +0000] "POST /wp-cron.php?doing_wp_cron=1784266702.3276789188385009765625 HTTP/2" 200 0 "-" "WordPress/7.0.1; https://www.max-iptv4k.com"
65.181.116.207 - - [17/Jul/2026:05:38:23 +0000] "POST /wp-cron.php?doing_wp_cron=1784266703.7605750560760498046875 HTTP/2" 200 0 "-" "WordPress/7.0.1; https://www.max-iptv4k.com"
65.181.116.207 - - [17/Jul/2026:05:39:32 +0000] "POST /wp-cron.php?doing_wp_cron=1784266772.0977399349212646484375 HTTP/2" 200 0 "-" "WordPress/7.0.1; https://www.max-iptv4k.com"
98.95.148.89 - - [17/Jul/2026:05:39:10 +0000] "GET /robots.txt HTTP/2" 200 127 "-" "Mozilla/5.0 (Macintosh; Intel Mac OS X 10_10_1) AppleWebKit/600.2.5 (KHTML, like Gecko) Version/8.0.2 Safari/600.2.5 (Gort)"
2a03:2880:f800:42:: - - [17/Jul/2026:05:39:02 +0000] "GET /2025/08/22/legit-online-casino-in-australia/ HTTP/2" 200 17016 "-" "Mozilla/5.0 (Windows NT 10.0; Win64; x64) AppleWebKit/537.36 (KHTML, like Gecko) Chrome/145.0.0.0 Safari/537.36 (compatible; meta-externalagent/1.1 (+https://developers.facebook.com/docs/sharing/webmasters/crawler))"
2a03:2880:f800:34:: - - [17/Jul/2026:05:39:59 +0000] "GET /2025/08/22/grosvenor-casino-aberdeen/ HTTP/2" 200 17220 "-" "Mozilla/5.0 (X11; Linux x86_64) AppleWebKit/537.36 (KHTML, like Gecko) Chrome/145.0.0.0 Safari/537.36 (compatible; meta-externalagent/1.1 (+https://developers.facebook.com/docs/sharing/webmasters/crawler))"
65.181.116.207 - - [17/Jul/2026:05:41:01 +0000] "POST /wp-cron.php?doing_wp_cron=1784266861.2654359340667724609375 HTTP/2" 200 0 "-" "WordPress/7.0.1; https://www.max-iptv4k.com"
2a03:2880:f800:45:: - - [17/Jul/2026:05:40:53 +0000] "GET /2025/08/22/no-deposit-required-online-casino-canada/ HTTP/2" 200 17119 "-" "Mozilla/5.0 (Windows NT 10.0; Win64; x64) AppleWebKit/537.36 (KHTML, like Gecko) Chrome/145.0.0.0 Safari/537.36 (compatible; meta-externalagent/1.1 (+https://developers.facebook.com/docs/sharing/webmasters/crawler))"
65.181.116.207 - - [17/Jul/2026:05:42:47 +0000] "POST /wp-cron.php?doing_wp_cron=1784266967.1204690933227539062500 HTTP/2" 200 0 "-" "WordPress/7.0.1; https://www.max-iptv4k.com"
2a03:2880:f800:19:: - - [17/Jul/2026:05:42:38 +0000] "GET /2025/08/22/online-slots-guide-uk/ HTTP/2" 200 17249 "-" "Mozilla/5.0 (Windows NT 10.0; Win64; x64) AppleWebKit/537.36 (KHTML, like Gecko) Chrome/145.0.0.0 Safari/537.36 (compatible; meta-externalagent/1.1 (+https://developers.facebook.com/docs/sharing/webmasters/crawler))"
2a03:2880:f800:21:: - - [17/Jul/2026:05:42:42 +0000] "GET /2025/08/22/slots-sites-online/ HTTP/2" 200 17431 "-" "Mozilla/5.0 (X11; Linux x86_64) AppleWebKit/537.36 (KHTML, like Gecko) Chrome/145.0.0.0 Safari/537.36 (compatible; meta-externalagent/1.1 (+https://developers.facebook.com/docs/sharing/webmasters/crawler))"
65.181.116.207 - - [17/Jul/2026:05:43:20 +0000] "POST /wp-cron.php?doing_wp_cron=1784267000.5859510898590087890625 HTTP/2" 200 0 "-" "WordPress/7.0.1; https://www.max-iptv4k.com"
2a03:2880:f800:b:: - - [17/Jul/2026:05:43:14 +0000] "GET /2025/08/22/how-much-does-a-casino-dealer-make-in-australia/ HTTP/2" 200 17486 "-" "Mozilla/5.0 (Macintosh; Intel Mac OS X 10_15_7) AppleWebKit/537.36 (KHTML, like Gecko) Chrome/145.0.0.0 Safari/537.36 (compatible; meta-externalagent/1.1 (+https://developers.facebook.com/docs/sharing/webmasters/crawler))"
2a03:2880:f800:1b:: - - [17/Jul/2026:05:43:50 +0000] "GET /2025/08/22/how-fixed-are-online-blackjack-games/ HTTP/2" 200 17347 "-" "Mozilla/5.0 (Windows NT 10.0; Win64; x64) AppleWebKit/537.36 (KHTML, like Gecko) Chrome/145.0.0.0 Safari/537.36 (compatible; meta-externalagent/1.1 (+https://developers.facebook.com/docs/sharing/webmasters/crawler))"
65.181.116.207 - - [17/Jul/2026:05:44:58 +0000] "POST /wp-cron.php?doing_wp_cron=1784267097.9883120059967041015625 HTTP/2" 200 0 "-" "WordPress/7.0.1; https://www.max-iptv4k.com"
2a03:2880:f800:8:: - - [17/Jul/2026:05:44:52 +0000] "GET /2025/08/22/blazzio-casino-login-app/ HTTP/2" 200 17361 "-" "Mozilla/5.0 (Windows NT 10.0; Win64; x64) AppleWebKit/537.36 (KHTML, like Gecko) Chrome/145.0.0.0 Safari/537.36 (compatible; meta-externalagent/1.1 (+https://developers.facebook.com/docs/sharing/webmasters/crawler))"
2a03:2880:f800:13:: - - [17/Jul/2026:05:44:58 +0000] "GET /2025/08/22/vegas-now-casino-no-deposit-bonus-100-free-spins/ HTTP/2" 200 17043 "-" "Mozilla/5.0 (Windows NT 10.0; Win64; x64) AppleWebKit/537.36 (KHTML, like Gecko) Chrome/145.0.0.0 Safari/537.36 (compatible; meta-externalagent/1.1 (+https://developers.facebook.com/docs/sharing/webmasters/crawler))"
65.181.116.207 - - [17/Jul/2026:05:45:38 +0000] "POST /wp-cron.php?doing_wp_cron=1784267138.2655370235443115234375 HTTP/2" 200 0 "-" "WordPress/7.0.1; https://www.max-iptv4k.com"
2a03:2880:f800:11:: - - [17/Jul/2026:05:45:29 +0000] "GET /2025/08/22/uk-new-casinos/ HTTP/2" 200 16970 "-" "Mozilla/5.0 (Windows NT 10.0; Win64; x64) AppleWebKit/537.36 (KHTML, like Gecko) Chrome/145.0.0.0 Safari/537.36 Edg/145.0.0.0 (compatible; meta-externalagent/1.1 (+https://developers.facebook.com/docs/sharing/webmasters/crawler))"
65.181.116.207 - - [17/Jul/2026:05:46:20 +0000] "POST /wp-cron.php?doing_wp_cron=1784267179.9619250297546386718750 HTTP/2" 200 0 "-" "WordPress/7.0.1; https://www.max-iptv4k.com"
2a03:2880:f800:8:: - - [17/Jul/2026:05:46:13 +0000] "GET /2025/08/22/free-demo-slots-games-uk/ HTTP/2" 200 17433 "-" "Mozilla/5.0 (Windows NT 10.0; Win64; x64) AppleWebKit/537.36 (KHTML, like Gecko) Chrome/145.0.0.0 Safari/537.36 (compatible; meta-externalagent/1.1 (+https://developers.facebook.com/docs/sharing/webmasters/crawler))"
2a03:2880:f800:28:: - - [17/Jul/2026:05:46:18 +0000] "GET /2025/08/22/british-casinos-no-deposit-ireland/ HTTP/2" 200 17199 "-" "Mozilla/5.0 (Windows NT 10.0; Win64; x64) AppleWebKit/537.36 (KHTML, like Gecko) Chrome/145.0.0.0 Safari/537.36 (compatible; meta-externalagent/1.1 (+https://developers.facebook.com/docs/sharing/webmasters/crawler))"
2a03:2880:f800:1b:: - - [17/Jul/2026:05:46:37 +0000] "GET /2025/08/22/online-andar-bahar-real-cash-game/ HTTP/2" 200 17029 "-" "Mozilla/5.0 (Macintosh; Intel Mac OS X 10_15_7) AppleWebKit/537.36 (KHTML, like Gecko) Chrome/145.0.0.0 Safari/537.36 (compatible; meta-externalagent/1.1 (+https://developers.facebook.com/docs/sharing/webmasters/crawler))"
2a03:2880:f800:2d:: - - [17/Jul/2026:05:46:44 +0000] "GET /2025/08/22/free-chips-with-no-deposit-for-existing-players/ HTTP/2" 200 17272 "-" "Mozilla/5.0 (Macintosh; Intel Mac OS X 10_15_7) AppleWebKit/537.36 (KHTML, like Gecko) Chrome/144.0.0.0 Safari/537.36 Edg/144.0.0.0 (compatible; meta-externalagent/1.1 (+https://developers.facebook.com/docs/sharing/webmasters/crawler))"
2a03:2880:f800:1f:: - - [17/Jul/2026:05:46:54 +0000] "GET /2025/08/22/casino-free-slots-games/ HTTP/2" 200 17564 "-" "Mozilla/5.0 (Windows NT 10.0; Win64; x64) AppleWebKit/537.36 (KHTML, like Gecko) Chrome/145.0.0.0 Safari/537.36 (compatible; meta-externalagent/1.1 (+https://developers.facebook.com/docs/sharing/webmasters/crawler))"
34.31.88.250 - - [17/Jul/2026:05:47:04 +0000] "GET / HTTP/2" 400 52 "-" "Mozilla/5.0 (Windows NT 10.0; Win64; x64) AppleWebKit/537.36 (KHTML, like Gecko) Chrome/145.0.0.0 Safari/537.36"
2a03:2880:f800:18:: - - [17/Jul/2026:05:46:58 +0000] "GET /2025/08/22/free-online-slots-no-downloads-or-registrations/ HTTP/2" 200 17395 "-" "Mozilla/5.0 (Macintosh; Intel Mac OS X 10_15_7) AppleWebKit/537.36 (KHTML, like Gecko) Chrome/145.0.0.0 Safari/537.36 (compatible; meta-externalagent/1.1 (+https://developers.facebook.com/docs/sharing/webmasters/crawler))"
34.31.88.250 - - [17/Jul/2026:05:47:08 +0000] "POST / HTTP/2" 400 52 "https://autodiscover.max-iptv4k.com/" "Mozilla/5.0 (Windows NT 10.0; Win64; x64) AppleWebKit/537.36 (KHTML, like Gecko) Chrome/145.0.0.0 Safari/537.36"
65.181.116.207 - - [17/Jul/2026:05:47:19 +0000] "POST /wp-cron.php?doing_wp_cron=1784267239.6721711158752441406250 HTTP/2" 200 0 "-" "WordPress/7.0.1; https://www.max-iptv4k.com"
2a03:2880:f800:2c:: - - [17/Jul/2026:05:47:10 +0000] "GET /2025/08/22/no-deposit-bonus-codes-canada-online-casino/ HTTP/2" 200 17394 "-" "Mozilla/5.0 (X11; Linux x86_64) AppleWebKit/537.36 (KHTML, like Gecko) Chrome/145.0.0.0 Safari/537.36 (compatible; meta-externalagent/1.1 (+https://developers.facebook.com/docs/sharing/webmasters/crawler))"
2a03:2880:f800:11:: - - [17/Jul/2026:05:47:15 +0000] "GET /2025/08/22/slondaika-casino-bonus-codes-2025/ HTTP/2" 200 17103 "-" "Mozilla/5.0 (Windows NT 10.0; Win64; x64) AppleWebKit/537.36 (KHTML, like Gecko) Chrome/145.0.0.0 Safari/537.36 (compatible; meta-externalagent/1.1 (+https://developers.facebook.com/docs/sharing/webmasters/crawler))"
2a03:2880:f800:16:: - - [17/Jul/2026:05:47:56 +0000] "GET /2025/08/22/ma-australia-casino/ HTTP/2" 200 17248 "-" "Mozilla/5.0 (Macintosh; Intel Mac OS X 10_15_7) AppleWebKit/537.36 (KHTML, like Gecko) Chrome/145.0.0.0 Safari/537.36 (compatible; meta-externalagent/1.1 (+https://developers.facebook.com/docs/sharing/webmasters/crawler))"
65.181.116.207 - - [17/Jul/2026:05:48:24 +0000] "POST /wp-cron.php?doing_wp_cron=1784267304.3715019226074218750000 HTTP/2" 200 0 "-" "WordPress/7.0.1; https://www.max-iptv4k.com"
2a03:2880:f800:20:: - - [17/Jul/2026:05:48:16 +0000] "GET /2025/08/22/non-profit-pull-tab-gambling-in-australia/ HTTP/2" 200 17080 "-" "Mozilla/5.0 (Windows NT 10.0; Win64; x64) AppleWebKit/537.36 (KHTML, like Gecko) Chrome/145.0.0.0 Safari/537.36 (compatible; meta-externalagent/1.1 (+https://developers.facebook.com/docs/sharing/webmasters/crawler))"
2a03:2880:f800:10:: - - [17/Jul/2026:05:48:46 +0000] "GET /2025/08/22/online-mobile-casinos-uk/ HTTP/2" 200 17102 "-" "Mozilla/5.0 (Macintosh; Intel Mac OS X 10_15_7) AppleWebKit/537.36 (KHTML, like Gecko) Chrome/145.0.0.0 Safari/537.36 (compatible; meta-externalagent/1.1 (+https://developers.facebook.com/docs/sharing/webmasters/crawler))"
2a03:2880:f800:2:: - - [17/Jul/2026:05:48:57 +0000] "GET /2025/08/22/how-to-play-roulette-for-beginners/ HTTP/2" 200 17324 "-" "Mozilla/5.0 (Windows NT 10.0; Win64; x64) AppleWebKit/537.36 (KHTML, like Gecko) Chrome/145.0.0.0 Safari/537.36 (compatible; meta-externalagent/1.1 (+https://developers.facebook.com/docs/sharing/webmasters/crawler))"
65.181.116.207 - - [17/Jul/2026:05:49:33 +0000] "POST /wp-cron.php?doing_wp_cron=1784267372.7220389842987060546875 HTTP/2" 200 0 "-" "WordPress/7.0.1; https://www.max-iptv4k.com"
49.151.175.223 - - [17/Jul/2026:05:49:22 +0000] "GET / HTTP/2" 200 27275 "-" "Python/3.12 aiohttp/3.14.1"
2a03:2880:f800:1b:: - - [17/Jul/2026:05:49:40 +0000] "GET /2025/08/22/online-slots-50-no-deposit-hellocasino/ HTTP/2" 200 17740 "-" "Mozilla/5.0 (Windows NT 10.0; Win64; x64) AppleWebKit/537.36 (KHTML, like Gecko) Chrome/145.0.0.0 Safari/537.36 (compatible; meta-externalagent/1.1 (+https://developers.facebook.com/docs/sharing/webmasters/crawler))"
187.245.100.1 - - [17/Jul/2026:05:49:46 +0000] "GET / HTTP/2" 200 27275 "-" "Python/3.12 aiohttp/3.14.1"
2a03:2880:f800:3c:: - - [17/Jul/2026:05:49:49 +0000] "GET /2025/08/22/bet-at-home-casino-bonus-codes-2025/ HTTP/2" 200 17248 "-" "Mozilla/5.0 (Macintosh; Intel Mac OS X 10_15_7) AppleWebKit/537.36 (KHTML, like Gecko) Chrome/145.0.0.0 Safari/537.36 (compatible; meta-externalagent/1.1 (+https://developers.facebook.com/docs/sharing/webmasters/crawler))"
2a03:2880:f800:2d:: - - [17/Jul/2026:05:50:19 +0000] "GET /2025/08/22/card-counting-baccarat/ HTTP/2" 200 17454 "-" "Mozilla/5.0 (Windows NT 10.0; Win64; x64) AppleWebKit/537.36 (KHTML, like Gecko) Chrome/145.0.0.0 Safari/537.36 (compatible; meta-externalagent/1.1 (+https://developers.facebook.com/docs/sharing/webmasters/crawler))"
65.181.116.207 - - [17/Jul/2026:05:50:30 +0000] "POST /wp-cron.php?doing_wp_cron=1784267430.7831859588623046875000 HTTP/2" 200 0 "-" "WordPress/7.0.1; https://www.max-iptv4k.com"
2a03:2880:f800:28:: - - [17/Jul/2026:05:51:19 +0000] "GET /2025/08/22/neteller-betting-sites/ HTTP/2" 200 16779 "-" "Mozilla/5.0 (Windows NT 10.0; Win64; x64) AppleWebKit/537.36 (KHTML, like Gecko) Chrome/145.0.0.0 Safari/537.36 (compatible; meta-externalagent/1.1 (+https://developers.facebook.com/docs/sharing/webmasters/crawler))"
65.181.116.207 - - [17/Jul/2026:05:51:29 +0000] "POST /wp-cron.php?doing_wp_cron=1784267488.8902080059051513671875 HTTP/2" 200 0 "-" "WordPress/7.0.1; https://www.max-iptv4k.com"
2a03:2880:f800:44:: - - [17/Jul/2026:05:51:58 +0000] "GET /2025/08/22/is-there-a-casino-in-lincoln-canada/ HTTP/2" 200 17315 "-" "Mozilla/5.0 (Macintosh; Intel Mac OS X 10_15_7) AppleWebKit/537.36 (KHTML, like Gecko) Chrome/145.0.0.0 Safari/537.36 (compatible; meta-externalagent/1.1 (+https://developers.facebook.com/docs/sharing/webmasters/crawler))"
65.181.116.207 - - [17/Jul/2026:05:52:30 +0000] "POST /wp-cron.php?doing_wp_cron=1784267550.2179510593414306640625 HTTP/2" 200 0 "-" "WordPress/7.0.1; https://www.max-iptv4k.com"
2a03:2880:f800:3c:: - - [17/Jul/2026:05:52:23 +0000] "GET /2025/08/22/solaire-casino-bonus-codes-2025/ HTTP/2" 200 17319 "-" "Mozilla/5.0 (Windows NT 10.0; Win64; x64) AppleWebKit/537.36 (KHTML, like Gecko) Chrome/145.0.0.0 Safari/537.36 (compatible; meta-externalagent/1.1 (+https://developers.facebook.com/docs/sharing/webmasters/crawler))"
2a03:2880:f800:6:: - - [17/Jul/2026:05:52:58 +0000] "GET /2025/08/22/casino-slots-levels/ HTTP/2" 200 16826 "-" "Mozilla/5.0 (Windows NT 10.0; Win64; x64) AppleWebKit/537.36 (KHTML, like Gecko) Chrome/145.0.0.0 Safari/537.36 (compatible; meta-externalagent/1.1 (+https://developers.facebook.com/docs/sharing/webmasters/crawler))"
65.181.116.207 - - [17/Jul/2026:05:54:29 +0000] "POST /wp-cron.php?doing_wp_cron=1784267669.5887069702148437500000 HTTP/2" 200 0 "-" "WordPress/7.0.1; https://www.max-iptv4k.com"
2a03:2880:f800:8:: - - [17/Jul/2026:05:54:20 +0000] "GET /2025/08/22/ovo-casino-100-free-spins-bonus-2025/ HTTP/2" 200 17256 "-" "Mozilla/5.0 (Windows NT 10.0; Win64; x64) AppleWebKit/537.36 (KHTML, like Gecko) Chrome/145.0.0.0 Safari/537.36 (compatible; meta-externalagent/1.1 (+https://developers.facebook.com/docs/sharing/webmasters/crawler))"
2a03:2880:f800:27:: - - [17/Jul/2026:05:54:46 +0000] "GET /2025/08/22/online-bingo-player-australia/ HTTP/2" 200 17527 "-" "Mozilla/5.0 (Macintosh; Intel Mac OS X 10_15_7) AppleWebKit/537.36 (KHTML, like Gecko) Chrome/145.0.0.0 Safari/537.36 (compatible; meta-externalagent/1.1 (+https://developers.facebook.com/docs/sharing/webmasters/crawler))"
2a03:2880:f800:20:: - - [17/Jul/2026:05:54:52 +0000] "GET /2025/08/22/online-bingo-player-australia/ HTTP/2" 200 17526 "-" "Mozilla/5.0 (X11; Linux x86_64) AppleWebKit/537.36 (KHTML, like Gecko) Chrome/145.0.0.0 Safari/537.36 (compatible; meta-externalagent/1.1 (+https://developers.facebook.com/docs/sharing/webmasters/crawler))"
2a03:2880:f800:23:: - - [17/Jul/2026:05:55:00 +0000] "GET /2025/08/22/free-casino-no-deposit-2025-australia/ HTTP/2" 200 17152 "-" "Mozilla/5.0 (Macintosh; Intel Mac OS X 10_15_7) AppleWebKit/537.36 (KHTML, like Gecko) Chrome/145.0.0.0 Safari/537.36 (compatible; meta-externalagent/1.1 (+https://developers.facebook.com/docs/sharing/webmasters/crawler))"
65.181.116.207 - - [17/Jul/2026:05:55:17 +0000] "POST /wp-cron.php?doing_wp_cron=1784267717.4223229885101318359375 HTTP/2" 200 0 "-" "WordPress/7.0.1; https://www.max-iptv4k.com"
65.181.116.207 - - [17/Jul/2026:05:55:27 +0000] "POST /wp-cron.php?doing_wp_cron=1784267727.4706239700317382812500 HTTP/2" 200 0 "-" "WordPress/7.0.1; https://www.max-iptv4k.com"
2a03:2880:f800:42:: - - [17/Jul/2026:05:55:13 +0000] "GET /2025/08/22/slots-online-games-free/ HTTP/2" 200 17412 "-" "Mozilla/5.0 (Windows NT 10.0; Win64; x64) AppleWebKit/537.36 (KHTML, like Gecko) Chrome/145.0.0.0 Safari/537.36 (compatible; meta-externalagent/1.1 (+https://developers.facebook.com/docs/sharing/webmasters/crawler))"
2a03:2880:f800:b:: - - [17/Jul/2026:05:55:45 +0000] "GET /2025/08/22/casino-no-deposit-cash/ HTTP/2" 200 17215 "-" "Mozilla/5.0 (Macintosh; Intel Mac OS X 10_15_7) AppleWebKit/537.36 (KHTML, like Gecko) Chrome/145.0.0.0 Safari/537.36 (compatible; meta-externalagent/1.1 (+https://developers.facebook.com/docs/sharing/webmasters/crawler))"
2a03:2880:f800:45:: - - [17/Jul/2026:05:55:49 +0000] "GET /2025/08/22/free-cash-bonus-no-deposit-slots-canada/ HTTP/2" 200 17183 "-" "Mozilla/5.0 (Windows NT 10.0; Win64; x64) AppleWebKit/537.36 (KHTML, like Gecko) Chrome/145.0.0.0 Safari/537.36 (compatible; meta-externalagent/1.1 (+https://developers.facebook.com/docs/sharing/webmasters/crawler))"
2a03:2880:f800:19:: - - [17/Jul/2026:05:56:13 +0000] "GET /2025/08/22/iq-pari-casino-no-deposit-bonus-codes-for-free-spins-2025/ HTTP/2" 200 16997 "-" "Mozilla/5.0 (Windows NT 10.0; Win64; x64) AppleWebKit/537.36 (KHTML, like Gecko) Chrome/145.0.0.0 Safari/537.36 (compatible; meta-externalagent/1.1 (+https://developers.facebook.com/docs/sharing/webmasters/crawler))"
2a03:2880:f800:2e:: - - [17/Jul/2026:05:56:14 +0000] "GET /2025/08/22/57-bingo-sites/ HTTP/2" 200 17559 "-" "Mozilla/5.0 (Macintosh; Intel Mac OS X 10_15_7) AppleWebKit/537.36 (KHTML, like Gecko) Chrome/145.0.0.0 Safari/537.36 (compatible; meta-externalagent/1.1 (+https://developers.facebook.com/docs/sharing/webmasters/crawler))"
2a03:2880:f800:e:: - - [17/Jul/2026:05:56:17 +0000] "GET /2025/08/22/free-signup-bonus-no-deposit-mobile-casino-ireland/ HTTP/2" 200 17454 "-" "Mozilla/5.0 (Windows NT 10.0; Win64; x64) AppleWebKit/537.36 (KHTML, like Gecko) Chrome/145.0.0.0 Safari/537.36 (compatible; meta-externalagent/1.1 (+https://developers.facebook.com/docs/sharing/webmasters/crawler))"
2a03:2880:f800:7:: - - [17/Jul/2026:05:56:15 +0000] "GET /2025/08/22/mr-play-casino-100-free-spins-bonus-2025/ HTTP/2" 200 17677 "-" "Mozilla/5.0 (Windows NT 10.0; Win64; x64) AppleWebKit/537.36 (KHTML, like Gecko) Chrome/145.0.0.0 Safari/537.36 (compatible; meta-externalagent/1.1 (+https://developers.facebook.com/docs/sharing/webmasters/crawler))"
65.181.116.207 - - [17/Jul/2026:05:56:38 +0000] "POST /wp-cron.php?doing_wp_cron=1784267798.4771330356597900390625 HTTP/2" 200 0 "-" "WordPress/7.0.1; https://www.max-iptv4k.com"
2a03:2880:f800:16:: - - [17/Jul/2026:05:56:28 +0000] "GET /2025/08/22/lord-ping-casino-bonus-codes-2025/ HTTP/2" 200 17125 "-" "Mozilla/5.0 (Windows NT 10.0; Win64; x64) AppleWebKit/537.36 (KHTML, like Gecko) Chrome/145.0.0.0 Safari/537.36 (compatible; meta-externalagent/1.1 (+https://developers.facebook.com/docs/sharing/webmasters/crawler))"
2a03:2880:f800:16:: - - [17/Jul/2026:05:56:47 +0000] "GET /2025/08/22/top-uk-casino-sites/ HTTP/2" 200 17360 "-" "Mozilla/5.0 (Windows NT 10.0; Win64; x64) AppleWebKit/537.36 (KHTML, like Gecko) Chrome/145.0.0.0 Safari/537.36 Edg/145.0.0.0 (compatible; meta-externalagent/1.1 (+https://developers.facebook.com/docs/sharing/webmasters/crawler))"
2a03:2880:f800:f:: - - [17/Jul/2026:05:56:46 +0000] "GET /2025/08/22/no-deposit-free-spins-casino-sites-2025/ HTTP/2" 200 17486 "-" "Mozilla/5.0 (Macintosh; Intel Mac OS X 10_15_7) AppleWebKit/537.36 (KHTML, like Gecko) Chrome/145.0.0.0 Safari/537.36 (compatible; meta-externalagent/1.1 (+https://developers.facebook.com/docs/sharing/webmasters/crawler))"
65.181.116.207 - - [17/Jul/2026:05:57:15 +0000] "POST /wp-cron.php?doing_wp_cron=1784267835.6117188930511474609375 HTTP/2" 200 0 "-" "WordPress/7.0.1; https://www.max-iptv4k.com"
2a03:2880:f800:2:: - - [17/Jul/2026:05:57:09 +0000] "GET /2025/08/22/taxes-in-uk-for-gambling/ HTTP/2" 200 17437 "-" "Mozilla/5.0 (Macintosh; Intel Mac OS X 10_15_7) AppleWebKit/537.36 (KHTML, like Gecko) Chrome/145.0.0.0 Safari/537.36 (compatible; meta-externalagent/1.1 (+https://developers.facebook.com/docs/sharing/webmasters/crawler))"
2a03:2880:f800:e:: - - [17/Jul/2026:05:57:40 +0000] "GET /2025/08/22/slot-elements-the-awakening-by-netent-demo-free-play/ HTTP/2" 200 17313 "-" "Mozilla/5.0 (Windows NT 10.0; Win64; x64) AppleWebKit/537.36 (KHTML, like Gecko) Chrome/145.0.0.0 Safari/537.36 Edg/145.0.0.0 (compatible; meta-externalagent/1.1 (+https://developers.facebook.com/docs/sharing/webmasters/crawler))"
94.154.43.185 - - [17/Jul/2026:05:57:51 +0000] "GET /.env HTTP/2" 200 284 "-" "Mozilla/5.0 (Windows NT 10.0; Win64; x64) AppleWebKit/537.36 (KHTML, like Gecko) Chrome/147.0.0.0 Safari/537.36"
2a03:2880:f800:6:: - - [17/Jul/2026:05:58:02 +0000] "GET /2025/08/22/winner-casino-bonus-codes-2025/ HTTP/2" 200 16954 "-" "Mozilla/5.0 (Windows NT 10.0; Win64; x64) AppleWebKit/537.36 (KHTML, like Gecko) Chrome/145.0.0.0 Safari/537.36 Edg/145.0.0.0 (compatible; meta-externalagent/1.1 (+https://developers.facebook.com/docs/sharing/webmasters/crawler))"
65.181.116.207 - - [17/Jul/2026:05:58:34 +0000] "POST /wp-cron.php?doing_wp_cron=1784267914.3618710041046142578125 HTTP/2" 200 0 "-" "WordPress/7.0.1; https://www.max-iptv4k.com"
2a03:2880:f800:35:: - - [17/Jul/2026:05:58:29 +0000] "GET /2025/08/22/online-gambling-real-money-slots/ HTTP/2" 200 17479 "-" "Mozilla/5.0 (X11; Linux x86_64) AppleWebKit/537.36 (KHTML, like Gecko) Chrome/145.0.0.0 Safari/537.36 (compatible; meta-externalagent/1.1 (+https://developers.facebook.com/docs/sharing/webmasters/crawler))"
65.181.116.207 - - [17/Jul/2026:05:58:34 +0000] "POST /wp-cron.php?doing_wp_cron=1784267914.3414111137390136718750 HTTP/2" 200 0 "-" "WordPress/7.0.1; https://www.max-iptv4k.com"
2a03:2880:f800:a:: - - [17/Jul/2026:05:58:28 +0000] "GET /2025/08/22/latest-no-deposit-casino-bonuses-ireland-real-money/ HTTP/2" 200 16876 "-" "Mozilla/5.0 (Windows NT 10.0; Win64; x64) AppleWebKit/537.36 (KHTML, like Gecko) Chrome/145.0.0.0 Safari/537.36 (compatible; meta-externalagent/1.1 (+https://developers.facebook.com/docs/sharing/webmasters/crawler))"
65.181.116.207 - - [17/Jul/2026:05:58:38 +0000] "POST /wp-cron.php?doing_wp_cron=1784267918.1308829784393310546875 HTTP/2" 200 0 "-" "WordPress/7.0.1; https://www.max-iptv4k.com"
2a03:2880:f800:18:: - - [17/Jul/2026:05:58:33 +0000] "GET /2025/08/22/casino-spin-palace-online/ HTTP/2" 200 17285 "-" "Mozilla/5.0 (Windows NT 10.0; Win64; x64) AppleWebKit/537.36 (KHTML, like Gecko) Chrome/145.0.0.0 Safari/537.36 (compatible; meta-externalagent/1.1 (+https://developers.facebook.com/docs/sharing/webmasters/crawler))"
2a03:2880:f800:2e:: - - [17/Jul/2026:05:59:04 +0000] "GET /2025/08/22/free-bet-blackjack-review/ HTTP/2" 200 17619 "-" "Mozilla/5.0 (Macintosh; Intel Mac OS X 10_15_7) AppleWebKit/537.36 (KHTML, like Gecko) Chrome/145.0.0.0 Safari/537.36 (compatible; meta-externalagent/1.1 (+https://developers.facebook.com/docs/sharing/webmasters/crawler))"
2a03:2880:f800:: - - [17/Jul/2026:05:59:08 +0000] "GET /2025/08/22/is-the-casino-open-in-united-kingdom/ HTTP/2" 200 17464 "-" "Mozilla/5.0 (Windows NT 10.0; Win64; x64) AppleWebKit/537.36 (KHTML, like Gecko) Chrome/145.0.0.0 Safari/537.36 (compatible; meta-externalagent/1.1 (+https://developers.facebook.com/docs/sharing/webmasters/crawler))"
65.181.116.207 - - [17/Jul/2026:05:59:40 +0000] "POST /wp-cron.php?doing_wp_cron=1784267980.2429900169372558593750 HTTP/2" 200 0 "-" "WordPress/7.0.1; https://www.max-iptv4k.com"
2a03:2880:f800:f:: - - [17/Jul/2026:05:59:33 +0000] "GET /2025/08/22/free-blackjack-bet-canada/ HTTP/2" 200 17514 "-" "Mozilla/5.0 (Macintosh; Intel Mac OS X 10_15_7) AppleWebKit/537.36 (KHTML, like Gecko) Chrome/145.0.0.0 Safari/537.36 (compatible; meta-externalagent/1.1 (+https://developers.facebook.com/docs/sharing/webmasters/crawler))"
65.181.116.207 - - [17/Jul/2026:06:00:31 +0000] "POST /wp-cron.php?doing_wp_cron=1784268031.2964251041412353515625 HTTP/2" 200 0 "-" "WordPress/7.0.1; https://www.max-iptv4k.com"
191.37.180.66 - - [17/Jul/2026:06:00:23 +0000] "GET /2025/08/22/-5-deposit-casino-canada/ HTTP/2" 200 15168 "-" "Mozilla/5.0 (X11; Linux x86_64) AppleWebKit/537.36 (KHTML, like Gecko) Chrome/150.0.0.0 Safari/537.36"
65.181.116.207 - - [17/Jul/2026:06:01:53 +0000] "POST /wp-cron.php?doing_wp_cron=1784268113.7900359630584716796875 HTTP/2" 200 0 "-" "WordPress/7.0.1; https://www.max-iptv4k.com"
2a03:2880:f800:36:: - - [17/Jul/2026:06:01:44 +0000] "GET /2025/08/22/online-slots-videos/ HTTP/2" 200 16766 "-" "Mozilla/5.0 (Windows NT 10.0; Win64; x64) AppleWebKit/537.36 (KHTML, like Gecko) Chrome/145.0.0.0 Safari/537.36 (compatible; meta-externalagent/1.1 (+https://developers.facebook.com/docs/sharing/webmasters/crawler))"
2a03:2880:f800:45:: - - [17/Jul/2026:06:01:59 +0000] "GET /2025/08/22/what-is-american-roulette-online/ HTTP/2" 200 17108 "-" "Mozilla/5.0 (Windows NT 10.0; Win64; x64) AppleWebKit/537.36 (KHTML, like Gecko) Chrome/145.0.0.0 Safari/537.36 (compatible; meta-externalagent/1.1 (+https://developers.facebook.com/docs/sharing/webmasters/crawler))"
65.181.116.207 - - [17/Jul/2026:06:02:35 +0000] "POST /wp-cron.php?doing_wp_cron=1784268154.8724799156188964843750 HTTP/2" 200 0 "-" "WordPress/7.0.1; https://www.max-iptv4k.com"
2a03:2880:f800:1f:: - - [17/Jul/2026:06:02:28 +0000] "GET /2025/08/22/safe-australia-online-casino/ HTTP/2" 200 16903 "-" "Mozilla/5.0 (X11; Linux x86_64) AppleWebKit/537.36 (KHTML, like Gecko) Chrome/145.0.0.0 Safari/537.36 (compatible; meta-externalagent/1.1 (+https://developers.facebook.com/docs/sharing/webmasters/crawler))"
2a03:2880:f800:47:: - - [17/Jul/2026:06:02:48 +0000] "GET /2025/08/22/play-roulette-ireland/ HTTP/2" 200 17126 "-" "Mozilla/5.0 (Windows NT 10.0; Win64; x64) AppleWebKit/537.36 (KHTML, like Gecko) Chrome/145.0.0.0 Safari/537.36 (compatible; meta-externalagent/1.1 (+https://developers.facebook.com/docs/sharing/webmasters/crawler))"
65.181.116.207 - - [17/Jul/2026:06:03:17 +0000] "POST /wp-cron.php?doing_wp_cron=1784268197.7837638854980468750000 HTTP/2" 200 0 "-" "WordPress/7.0.1; https://www.max-iptv4k.com"
2a03:2880:f800:f:: - - [17/Jul/2026:06:03:10 +0000] "GET /2025/08/22/free-slot-games-no-sign-up-new-zealand/ HTTP/2" 200 17488 "-" "Mozilla/5.0 (Windows NT 10.0; Win64; x64) AppleWebKit/537.36 (KHTML, like Gecko) Chrome/145.0.0.0 Safari/537.36 (compatible; meta-externalagent/1.1 (+https://developers.facebook.com/docs/sharing/webmasters/crawler))"
2a03:2880:f800:14:: - - [17/Jul/2026:06:03:15 +0000] "GET /2025/08/22/computer-casino-online/ HTTP/2" 200 17389 "-" "Mozilla/5.0 (Windows NT 10.0; Win64; x64) AppleWebKit/537.36 (KHTML, like Gecko) Chrome/145.0.0.0 Safari/537.36 (compatible; meta-externalagent/1.1 (+https://developers.facebook.com/docs/sharing/webmasters/crawler))"
65.181.116.207 - - [17/Jul/2026:06:04:19 +0000] "POST /wp-cron.php?doing_wp_cron=1784268259.6052949428558349609375 HTTP/2" 200 0 "-" "WordPress/7.0.1; https://www.max-iptv4k.com"
2a03:2880:f800:22:: - - [17/Jul/2026:06:04:12 +0000] "GET /2025/08/22/is-it-legal-to-play-with-online-casinos-canada/ HTTP/2" 200 17500 "-" "Mozilla/5.0 (Windows NT 10.0; Win64; x64) AppleWebKit/537.36 (KHTML, like Gecko) Chrome/145.0.0.0 Safari/537.36 (compatible; meta-externalagent/1.1 (+https://developers.facebook.com/docs/sharing/webmasters/crawler))"
2a03:2880:f800:8:: - - [17/Jul/2026:06:04:15 +0000] "GET /2025/08/22/free-casino-games-online-australia/ HTTP/2" 200 17169 "-" "Mozilla/5.0 (Macintosh; Intel Mac OS X 10_15_7) AppleWebKit/537.36 (KHTML, like Gecko) Chrome/145.0.0.0 Safari/537.36 (compatible; meta-externalagent/1.1 (+https://developers.facebook.com/docs/sharing/webmasters/crawler))"
2a03:2880:f800:1a:: - - [17/Jul/2026:06:04:32 +0000] "GET /2025/08/22/is-online-gambling-banned-in-united-kingdom/ HTTP/2" 200 17220 "-" "Mozilla/5.0 (Windows NT 10.0; Win64; x64) AppleWebKit/537.36 (KHTML, like Gecko) Chrome/145.0.0.0 Safari/537.36 (compatible; meta-externalagent/1.1 (+https://developers.facebook.com/docs/sharing/webmasters/crawler))"
2a03:2880:f800:47:: - - [17/Jul/2026:06:05:01 +0000] "GET /2025/08/22/freeslots-online-slot-machines/ HTTP/2" 200 16905 "-" "Mozilla/5.0 (Windows NT 10.0; Win64; x64) AppleWebKit/537.36 (KHTML, like Gecko) Chrome/145.0.0.0 Safari/537.36 (compatible; meta-externalagent/1.1 (+https://developers.facebook.com/docs/sharing/webmasters/crawler))"
2a03:2880:f800:35:: - - [17/Jul/2026:06:05:02 +0000] "GET /2025/08/22/playtech-slots-canada/ HTTP/2" 200 16894 "-" "Mozilla/5.0 (Windows NT 10.0; Win64; x64) AppleWebKit/537.36 (KHTML, like Gecko) Chrome/145.0.0.0 Safari/537.36 (compatible; meta-externalagent/1.1 (+https://developers.facebook.com/docs/sharing/webmasters/crawler))"
65.181.116.207 - - [17/Jul/2026:06:06:47 +0000] "POST /wp-cron.php?doing_wp_cron=1784268406.9865698814392089843750 HTTP/2" 200 0 "-" "WordPress/7.0.1; https://www.max-iptv4k.com"
2a03:2880:f800:29:: - - [17/Jul/2026:06:06:39 +0000] "GET /2025/08/22/hiperwin-casino-login-app-sign-up/ HTTP/2" 200 17527 "-" "Mozilla/5.0 (Windows NT 10.0; Win64; x64) AppleWebKit/537.36 (KHTML, like Gecko) Chrome/145.0.0.0 Safari/537.36 (compatible; meta-externalagent/1.1 (+https://developers.facebook.com/docs/sharing/webmasters/crawler))"
65.181.116.207 - - [17/Jul/2026:06:07:13 +0000] "POST /wp-cron.php?doing_wp_cron=1784268433.1040840148925781250000 HTTP/2" 200 0 "-" "WordPress/7.0.1; https://www.max-iptv4k.com"
2a03:2880:f800:a:: - - [17/Jul/2026:06:07:05 +0000] "GET /2025/08/22/casino-slot-machines-in-united-kingdom/ HTTP/2" 200 17338 "-" "Mozilla/5.0 (Windows NT 10.0; Win64; x64) AppleWebKit/537.36 (KHTML, like Gecko) Chrome/145.0.0.0 Safari/537.36 (compatible; meta-externalagent/1.1 (+https://developers.facebook.com/docs/sharing/webmasters/crawler))"
2a03:2880:f800:28:: - - [17/Jul/2026:06:07:09 +0000] "GET /2025/08/22/welcome-slots-no-deposit/ HTTP/2" 200 17339 "-" "Mozilla/5.0 (Windows NT 10.0; Win64; x64) AppleWebKit/537.36 (KHTML, like Gecko) Chrome/145.0.0.0 Safari/537.36 (compatible; meta-externalagent/1.1 (+https://developers.facebook.com/docs/sharing/webmasters/crawler))"
2a03:2880:f800:34:: - - [17/Jul/2026:06:07:51 +0000] "GET /2025/08/22/casinos-with-bonus-new-zealand/ HTTP/2" 200 17178 "-" "Mozilla/5.0 (X11; Linux x86_64) AppleWebKit/537.36 (KHTML, like Gecko) Chrome/145.0.0.0 Safari/537.36 (compatible; meta-externalagent/1.1 (+https://developers.facebook.com/docs/sharing/webmasters/crawler))"
65.181.116.207 - - [17/Jul/2026:06:08:35 +0000] "POST /wp-cron.php?doing_wp_cron=1784268515.2736489772796630859375 HTTP/2" 200 0 "-" "WordPress/7.0.1; https://www.max-iptv4k.com"
2a03:2880:f800:30:: - - [17/Jul/2026:06:08:29 +0000] "GET /2025/08/22/free-spins-ireland-casinos/ HTTP/2" 200 17000 "-" "Mozilla/5.0 (Macintosh; Intel Mac OS X 10_15_7) AppleWebKit/537.36 (KHTML, like Gecko) Chrome/145.0.0.0 Safari/537.36 (compatible; meta-externalagent/1.1 (+https://developers.facebook.com/docs/sharing/webmasters/crawler))"
2a03:2880:f800:12:: - - [17/Jul/2026:06:08:57 +0000] "GET /2025/08/22/casino-slot-machines-with-the-best-odds-of-winning/ HTTP/2" 200 17402 "-" "Mozilla/5.0 (Windows NT 10.0; Win64; x64) AppleWebKit/537.36 (KHTML, like Gecko) Chrome/145.0.0.0 Safari/537.36 (compatible; meta-externalagent/1.1 (+https://developers.facebook.com/docs/sharing/webmasters/crawler))"
