65.181.116.207 - - [17/Jul/2026:05:19:22 +0000] "POST /wp-cron.php?doing_wp_cron=1784265562.5281169414520263671875 HTTP/2" 200 0 "-" "WordPress/7.0.1; https://www.max-iptv4k.com"
2a03:2880:f800:1b:: - - [17/Jul/2026:05:19:14 +0000] "GET /2025/08/22/blockjack-casino-no-deposit-bonus-100-free-spins/ HTTP/2" 200 17459 "-" "Mozilla/5.0 (Macintosh; Intel Mac OS X 10_15_7) AppleWebKit/537.36 (KHTML, like Gecko) Chrome/145.0.0.0 Safari/537.36 (compatible; meta-externalagent/1.1 (+https://developers.facebook.com/docs/sharing/webmasters/crawler))"
2a03:2880:f800:5:: - - [17/Jul/2026:05:19:49 +0000] "GET /2025/08/22/hellowin-casino-bonus-codes-2025/ HTTP/2" 200 16955 "-" "Mozilla/5.0 (Macintosh; Intel Mac OS X 10_15_7) AppleWebKit/537.36 (KHTML, like Gecko) Chrome/145.0.0.0 Safari/537.36 (compatible; meta-externalagent/1.1 (+https://developers.facebook.com/docs/sharing/webmasters/crawler))"
65.181.116.207 - - [17/Jul/2026:05:20:43 +0000] "POST /wp-cron.php?doing_wp_cron=1784265642.9799709320068359375000 HTTP/2" 200 0 "-" "WordPress/7.0.1; https://www.max-iptv4k.com"
2a03:2880:f800:2c:: - - [17/Jul/2026:05:20:35 +0000] "GET /2025/08/22/natural8-casino-bonus-codes-2025/ HTTP/2" 200 17248 "-" "Mozilla/5.0 (Windows NT 10.0; Win64; x64) AppleWebKit/537.36 (KHTML, like Gecko) Chrome/145.0.0.0 Safari/537.36 (compatible; meta-externalagent/1.1 (+https://developers.facebook.com/docs/sharing/webmasters/crawler))"
65.181.116.207 - - [17/Jul/2026:05:21:41 +0000] "POST /wp-cron.php?doing_wp_cron=1784265701.4992640018463134765625 HTTP/2" 200 0 "-" "WordPress/7.0.1; https://www.max-iptv4k.com"
2a03:2880:f800:42:: - - [17/Jul/2026:05:21:34 +0000] "GET /2025/08/22/opatija-casino-login-app-sign-up/ HTTP/2" 200 17354 "-" "Mozilla/5.0 (Macintosh; Intel Mac OS X 10_15_7) AppleWebKit/537.36 (KHTML, like Gecko) Chrome/145.0.0.0 Safari/537.36 (compatible; meta-externalagent/1.1 (+https://developers.facebook.com/docs/sharing/webmasters/crawler))"
2a03:2880:f800:1f:: - - [17/Jul/2026:05:22:04 +0000] "GET /2025/08/22/betdna-casino-no-deposit-bonus-100-free-spins/ HTTP/2" 200 17381 "-" "Mozilla/5.0 (Windows NT 10.0; Win64; x64) AppleWebKit/537.36 (KHTML, like Gecko) Chrome/145.0.0.0 Safari/537.36 (compatible; meta-externalagent/1.1 (+https://developers.facebook.com/docs/sharing/webmasters/crawler))"
65.181.116.207 - - [17/Jul/2026:05:23:21 +0000] "POST /wp-cron.php?doing_wp_cron=1784265801.5944709777832031250000 HTTP/2" 200 0 "-" "WordPress/7.0.1; https://www.max-iptv4k.com"
2a03:2880:f800:19:: - - [17/Jul/2026:05:23:14 +0000] "GET /2025/08/22/real-money-slots-game-ireland/ HTTP/2" 200 17325 "-" "Mozilla/5.0 (Windows NT 10.0; Win64; x64) AppleWebKit/537.36 (KHTML, like Gecko) Chrome/145.0.0.0 Safari/537.36 (compatible; meta-externalagent/1.1 (+https://developers.facebook.com/docs/sharing/webmasters/crawler))"
2a03:2880:f800:f:: - - [17/Jul/2026:05:23:31 +0000] "GET /2025/08/22/slot-dropz-by-elk-studios-demo-free-play/ HTTP/2" 200 17642 "-" "Mozilla/5.0 (Windows NT 10.0; Win64; x64) AppleWebKit/537.36 (KHTML, like Gecko) Chrome/145.0.0.0 Safari/537.36 (compatible; meta-externalagent/1.1 (+https://developers.facebook.com/docs/sharing/webmasters/crawler))"
2a03:2880:f800:11:: - - [17/Jul/2026:05:24:02 +0000] "GET /2025/08/22/good-australia-casino/ HTTP/2" 200 17214 "-" "Mozilla/5.0 (Macintosh; Intel Mac OS X 10_15_7) AppleWebKit/537.36 (KHTML, like Gecko) Chrome/145.0.0.0 Safari/537.36 (compatible; meta-externalagent/1.1 (+https://developers.facebook.com/docs/sharing/webmasters/crawler))"
2a03:2880:f800:19:: - - [17/Jul/2026:05:24:50 +0000] "GET /2025/08/22/casino-online-roulette-free/ HTTP/2" 200 17284 "-" "Mozilla/5.0 (Macintosh; Intel Mac OS X 10_15_7) AppleWebKit/537.36 (KHTML, like Gecko) Chrome/145.0.0.0 Safari/537.36 (compatible; meta-externalagent/1.1 (+https://developers.facebook.com/docs/sharing/webmasters/crawler))"
65.181.116.207 - - [17/Jul/2026:05:24:58 +0000] "POST /wp-cron.php?doing_wp_cron=1784265898.0867209434509277343750 HTTP/2" 200 0 "-" "WordPress/7.0.1; https://www.max-iptv4k.com"
2a03:2880:f800:4:: - - [17/Jul/2026:05:24:52 +0000] "GET /2025/08/22/segaslot-casino-no-deposit-bonus-100-free-spins/ HTTP/2" 200 17495 "-" "Mozilla/5.0 (Windows NT 10.0; Win64; x64) AppleWebKit/537.36 (KHTML, like Gecko) Chrome/145.0.0.0 Safari/537.36 (compatible; meta-externalagent/1.1 (+https://developers.facebook.com/docs/sharing/webmasters/crawler))"
2a03:2880:f800:3:: - - [17/Jul/2026:05:24:53 +0000] "GET /2025/08/22/online-casinos-no-deposit-bonus-codes-uk-2025/ HTTP/2" 200 17516 "-" "Mozilla/5.0 (Macintosh; Intel Mac OS X 10_15_7) AppleWebKit/537.36 (KHTML, like Gecko) Chrome/145.0.0.0 Safari/537.36 (compatible; meta-externalagent/1.1 (+https://developers.facebook.com/docs/sharing/webmasters/crawler))"
65.181.116.207 - - [17/Jul/2026:05:26:36 +0000] "POST /wp-cron.php?doing_wp_cron=1784265996.1303091049194335937500 HTTP/2" 200 0 "-" "WordPress/7.0.1; https://www.max-iptv4k.com"
2a03:2880:f800:3c:: - - [17/Jul/2026:05:26:30 +0000] "GET /2025/08/22/canada-online-casinos-gambling/ HTTP/2" 200 17496 "-" "Mozilla/5.0 (Windows NT 10.0; Win64; x64) AppleWebKit/537.36 (KHTML, like Gecko) Chrome/145.0.0.0 Safari/537.36 Edg/145.0.0.0 (compatible; meta-externalagent/1.1 (+https://developers.facebook.com/docs/sharing/webmasters/crawler))"
65.181.116.207 - - [17/Jul/2026:05:27:20 +0000] "POST /wp-cron.php?doing_wp_cron=1784266040.1768898963928222656250 HTTP/2" 200 0 "-" "WordPress/7.0.1; https://www.max-iptv4k.com"
2a03:2880:f800:10:: - - [17/Jul/2026:05:27:11 +0000] "GET /2025/08/22/dollar-50-free-chip-casino-australia/ HTTP/2" 200 17456 "-" "Mozilla/5.0 (Windows NT 10.0; Win64; x64) AppleWebKit/537.36 (KHTML, like Gecko) Chrome/145.0.0.0 Safari/537.36 (compatible; meta-externalagent/1.1 (+https://developers.facebook.com/docs/sharing/webmasters/crawler))"
65.181.116.207 - - [17/Jul/2026:05:28:39 +0000] "POST /wp-cron.php?doing_wp_cron=1784266119.2688460350036621093750 HTTP/2" 200 0 "-" "WordPress/7.0.1; https://www.max-iptv4k.com"
2a03:2880:f800:26:: - - [17/Jul/2026:05:28:32 +0000] "GET /2025/08/22/canada-no-deposit-casinos-online/ HTTP/2" 200 17247 "-" "Mozilla/5.0 (X11; Linux x86_64) AppleWebKit/537.36 (KHTML, like Gecko) Chrome/145.0.0.0 Safari/537.36 (compatible; meta-externalagent/1.1 (+https://developers.facebook.com/docs/sharing/webmasters/crawler))"
2a03:2880:f800:28:: - - [17/Jul/2026:05:28:36 +0000] "GET /2025/08/22/palace-of-chance-casino-no-deposit-bonus-100-free-spins/ HTTP/2" 200 17641 "-" "Mozilla/5.0 (X11; Linux x86_64) AppleWebKit/537.36 (KHTML, like Gecko) Chrome/145.0.0.0 Safari/537.36 (compatible; meta-externalagent/1.1 (+https://developers.facebook.com/docs/sharing/webmasters/crawler))"
47.128.110.192 - - [17/Jul/2026:05:28:53 +0000] "GET /robots.txt HTTP/2" 200 127 "-" "Mozilla/5.0 (Linux; Android 5.0) AppleWebKit/537.36 (KHTML, like Gecko) Mobile Safari/537.36 (compatible; Bytespider; [email protected])"
65.181.116.207 - - [17/Jul/2026:05:29:12 +0000] "POST /wp-cron.php?doing_wp_cron=1784266152.3041770458221435546875 HTTP/2" 200 0 "-" "WordPress/7.0.1; https://www.max-iptv4k.com"
2a03:2880:f800:10:: - - [17/Jul/2026:05:29:03 +0000] "GET /2025/08/22/best-online-slots-canada-no-deposit/ HTTP/2" 200 17319 "-" "Mozilla/5.0 (Windows NT 10.0; Win64; x64) AppleWebKit/537.36 (KHTML, like Gecko) Chrome/145.0.0.0 Safari/537.36 (compatible; meta-externalagent/1.1 (+https://developers.facebook.com/docs/sharing/webmasters/crawler))"
2a03:2880:f800:b:: - - [17/Jul/2026:05:29:23 +0000] "GET /2025/08/22/new-casino-bonus-australia/ HTTP/2" 200 16969 "-" "Mozilla/5.0 (Windows NT 10.0; Win64; x64) AppleWebKit/537.36 (KHTML, like Gecko) Chrome/145.0.0.0 Safari/537.36 (compatible; meta-externalagent/1.1 (+https://developers.facebook.com/docs/sharing/webmasters/crawler))"
2a03:2880:f800:16:: - - [17/Jul/2026:05:29:42 +0000] "GET /2025/08/22/la-reina-casino-no-deposit-bonus-100-free-spins/ HTTP/2" 200 17394 "-" "Mozilla/5.0 (Macintosh; Intel Mac OS X 10_15_7) AppleWebKit/537.36 (KHTML, like Gecko) Chrome/145.0.0.0 Safari/537.36 (compatible; meta-externalagent/1.1 (+https://developers.facebook.com/docs/sharing/webmasters/crawler))"
2a03:2880:f800:5:: - - [17/Jul/2026:05:29:48 +0000] "GET /2025/08/22/perfect-pair-blackjack-canada/ HTTP/2" 200 17197 "-" "Mozilla/5.0 (Macintosh; Intel Mac OS X 10_15_7) AppleWebKit/537.36 (KHTML, like Gecko) Chrome/145.0.0.0 Safari/537.36 (compatible; meta-externalagent/1.1 (+https://developers.facebook.com/docs/sharing/webmasters/crawler))"
65.181.116.207 - - [17/Jul/2026:05:30:23 +0000] "POST /wp-cron.php?doing_wp_cron=1784266222.6622788906097412109375 HTTP/2" 200 0 "-" "WordPress/7.0.1; https://www.max-iptv4k.com"
2a03:2880:f800:10:: - - [17/Jul/2026:05:30:09 +0000] "GET /2025/08/22/free-aristocrat-slots-united-kingdom/ HTTP/2" 200 16945 "-" "Mozilla/5.0 (Windows NT 10.0; Win64; x64) AppleWebKit/537.36 (KHTML, like Gecko) Chrome/145.0.0.0 Safari/537.36 (compatible; meta-externalagent/1.1 (+https://developers.facebook.com/docs/sharing/webmasters/crawler))"
65.181.116.207 - - [17/Jul/2026:05:31:17 +0000] "POST /wp-cron.php?doing_wp_cron=1784266277.1076269149780273437500 HTTP/2" 200 0 "-" "WordPress/7.0.1; https://www.max-iptv4k.com"
2a03:2880:f800:19:: - - [17/Jul/2026:05:31:05 +0000] "GET /2025/08/22/8888-bg-casino-review-and-free-chips-bonus/ HTTP/2" 200 17251 "-" "Mozilla/5.0 (X11; Linux x86_64) AppleWebKit/537.36 (KHTML, like Gecko) Chrome/145.0.0.0 Safari/537.36 (compatible; meta-externalagent/1.1 (+https://developers.facebook.com/docs/sharing/webmasters/crawler))"
65.181.116.207 - - [17/Jul/2026:05:32:49 +0000] "POST /wp-cron.php?doing_wp_cron=1784266369.4928209781646728515625 HTTP/2" 200 0 "-" "WordPress/7.0.1; https://www.max-iptv4k.com"
17.241.75.24 - - [17/Jul/2026:05:32:41 +0000] "GET /2025/08/22/best-irish-online-slots/ HTTP/2" 200 17428 "-" "Mozilla/5.0 (Macintosh; Intel Mac OS X 10_15_7) AppleWebKit/605.1.15 (KHTML, like Gecko) Version/17.4 Safari/605.1.15 (Applebot/0.1; +http://www.apple.com/go/applebot)"
2a03:2880:f800:1f:: - - [17/Jul/2026:05:32:49 +0000] "GET /news_sitemap.xml HTTP/2" 301 0 "-" "Mozilla/5.0 (Windows NT 10.0; Win64; x64) AppleWebKit/537.36 (KHTML, like Gecko) Chrome/145.0.0.0 Safari/537.36 (compatible; meta-externalagent/1.1 (+https://developers.facebook.com/docs/sharing/webmasters/crawler))"
65.181.116.207 - - [17/Jul/2026:05:33:48 +0000] "POST /wp-cron.php?doing_wp_cron=1784266428.0833489894866943359375 HTTP/2" 200 0 "-" "WordPress/7.0.1; https://www.max-iptv4k.com"
2a03:2880:f800:1b:: - - [17/Jul/2026:05:33:43 +0000] "GET /2025/08/22/20-pounds-free-no-deposit/ HTTP/2" 200 17493 "-" "Mozilla/5.0 (Macintosh; Intel Mac OS X 10_15_7) AppleWebKit/537.36 (KHTML, like Gecko) Chrome/145.0.0.0 Safari/537.36 (compatible; meta-externalagent/1.1 (+https://developers.facebook.com/docs/sharing/webmasters/crawler))"
112.86.225.35 - - [17/Jul/2026:05:33:49 +0000] "GET / HTTP/2" 200 27207 "-" "Sogou web spider/4.0(+http://www.sogou.com/docs/help/webmasters.htm#07)"
65.181.116.207 - - [17/Jul/2026:05:34:33 +0000] "POST /wp-cron.php?doing_wp_cron=1784266473.5811009407043457031250 HTTP/2" 200 0 "-" "WordPress/7.0.1; https://www.max-iptv4k.com"
2a03:2880:f800:10:: - - [17/Jul/2026:05:34:27 +0000] "GET /2025/08/22/jocuri-casino-bonus-codes-2025/ HTTP/2" 200 17465 "-" "Mozilla/5.0 (Windows NT 10.0; Win64; x64) AppleWebKit/537.36 (KHTML, like Gecko) Chrome/145.0.0.0 Safari/537.36 (compatible; meta-externalagent/1.1 (+https://developers.facebook.com/docs/sharing/webmasters/crawler))"
165.227.84.14 - - [17/Jul/2026:05:34:57 +0000] "GET / HTTP/2" 404 3415 "-" "Mozilla/5.0 (l9scan/2.0.33e27393e2431313e2838313; +https://leakix.net)"
2604:a880:cad:d0::db5:a001 - - [17/Jul/2026:05:34:57 +0000] "GET / HTTP/2" 200 12493 "-" "Mozilla/5.0 (l9scan/2.0.33a3a313231333a313368393a363031623; +https://leakix.net)"
2604:a880:400:d0::24e2:b001 - - [17/Jul/2026:05:34:57 +0000] "GET / HTTP/2" 400 52 "-" "Mozilla/5.0 (l9scan/2.0.33a3a303231333a313368393a363031623; +https://leakix.net)"
2604:a880:cad:d0::286:4001 - - [17/Jul/2026:05:34:57 +0000] "GET / HTTP/2" 401 53 "-" "Mozilla/5.0 (l9scan/2.0.33a3a303231333a313368393a363031623; +https://leakix.net)"
167.99.181.249 - - [17/Jul/2026:05:34:57 +0000] "GET / HTTP/2" 401 53 "-" "Mozilla/5.0 (l9scan/2.0.33e27393e2431313e2838313; +https://leakix.net)"
2604:a880:800:10::904:4001 - - [17/Jul/2026:05:34:57 +0000] "GET / HTTP/2" 200 12494 "-" "Mozilla/5.0 (l9scan/2.0.33a3a313231333a313368393a363031623; +https://leakix.net)"
206.189.233.36 - - [17/Jul/2026:05:34:57 +0000] "GET / HTTP/2" 401 53 "-" "Mozilla/5.0 (l9scan/2.0.33e27393e2431313e2838313; +https://leakix.net)"
167.71.175.236 - - [17/Jul/2026:05:34:57 +0000] "GET / HTTP/2" 401 53 "-" "Mozilla/5.0 (l9scan/2.0.33e27393e2431313e2838313; +https://leakix.net)"
142.93.143.8 - - [17/Jul/2026:05:34:57 +0000] "GET / HTTP/2" 400 52 "-" "Mozilla/5.0 (l9scan/2.0.33e27393e2431313e2838313; +https://leakix.net)"
164.92.244.132 - - [17/Jul/2026:05:34:57 +0000] "GET / HTTP/2" 200 12495 "-" "Mozilla/5.0 (l9scan/2.0.33e27393e2431313e2838313; +https://leakix.net)"
2a03:b0c0:3:d0::402:d001 - - [17/Jul/2026:05:34:57 +0000] "GET / HTTP/2" 401 53 "-" "Mozilla/5.0 (l9scan/2.0.33a3a313231333a313368393a363031623; +https://leakix.net)"
2a03:b0c0:3:d0::ca6:5001 - - [17/Jul/2026:05:34:57 +0000] "GET / HTTP/2" 200 12497 "-" "Mozilla/5.0 (l9scan/2.0.33a3a303231333a313368393a363031623; +https://leakix.net)"
2a03:b0c0:1:d0::df1:d001 - - [17/Jul/2026:05:34:58 +0000] "GET / HTTP/2" 200 12494 "-" "Mozilla/5.0 (l9scan/2.0.33a3a303231333a313368393a363031623; +https://leakix.net)"
2604:a880:400:d0::2309:5001 - - [17/Jul/2026:05:34:58 +0000] "GET / HTTP/2" 401 53 "-" "Mozilla/5.0 (l9scan/2.0.33a3a313231333a313368393a363031623; +https://leakix.net)"
2a03:b0c0:2:d0::1774:b001 - - [17/Jul/2026:05:34:58 +0000] "GET / HTTP/2" 200 284 "-" "Mozilla/5.0 (l9scan/2.0.33a3a313231333a313368393a363031623; +https://leakix.net)"
2a03:b0c0:2:d0::1737:1 - - [17/Jul/2026:05:34:58 +0000] "GET / HTTP/2" 401 53 "-" "Mozilla/5.0 (l9scan/2.0.33a3a303231333a313368393a363031623; +https://leakix.net)"
2a03:b0c0:2:d0::1774:b001 - - [17/Jul/2026:05:34:58 +0000] "GET / HTTP/2" 200 284 "-" "Mozilla/5.0 (l9scan/2.0.33a3a303231333a313368393a363031623; +https://leakix.net)"
2a03:b0c0:2:d0::1774:b001 - - [17/Jul/2026:05:34:58 +0000] "GET / HTTP/2" 401 53 "-" "Mozilla/5.0 (l9scan/2.0.33a3a313231333a313368393a363031623; +https://leakix.net)"
207.154.197.113 - - [17/Jul/2026:05:34:58 +0000] "GET / HTTP/2" 403 5012 "-" "Mozilla/5.0 (l9scan/2.0.33e27393e2431313e2838313; +https://leakix.net)"
2400:6180:0:d0::f29:6001 - - [17/Jul/2026:05:34:58 +0000] "GET / HTTP/2" 401 53 "-" "Mozilla/5.0 (l9scan/2.0.33a3a303231333a313368393a363031623; +https://leakix.net)"
2a03:b0c0:1:d0::d63:b001 - - [17/Jul/2026:05:34:58 +0000] "GET / HTTP/2" 400 52 "-" "Mozilla/5.0 (l9scan/2.0.33a3a313231333a313368393a363031623; +https://leakix.net)"
165.227.84.14 - - [17/Jul/2026:05:34:58 +0000] "GET /console/ HTTP/2" 404 3415 "-" "Mozilla/5.0 (l9scan/2.0.33e27393e2431313e2838313; +https://leakix.net)"
206.189.233.36 - - [17/Jul/2026:05:34:58 +0000] "GET /console/ HTTP/2" 401 53 "-" "Mozilla/5.0 (l9scan/2.0.33e27393e2431313e2838313; +https://leakix.net)"
167.71.175.236 - - [17/Jul/2026:05:34:58 +0000] "GET /console/ HTTP/2" 401 53 "-" "Mozilla/5.0 (l9scan/2.0.33e27393e2431313e2838313; +https://leakix.net)"
167.99.181.249 - - [17/Jul/2026:05:34:58 +0000] "GET /console/ HTTP/2" 401 53 "-" "Mozilla/5.0 (l9scan/2.0.33e27393e2431313e2838313; +https://leakix.net)"
142.93.143.8 - - [17/Jul/2026:05:34:58 +0000] "GET /console/ HTTP/2" 400 52 "-" "Mozilla/5.0 (l9scan/2.0.33e27393e2431313e2838313; +https://leakix.net)"
164.92.244.132 - - [17/Jul/2026:05:34:58 +0000] "GET /console/ HTTP/2" 404 3418 "-" "Mozilla/5.0 (l9scan/2.0.33e27393e2431313e2838313; +https://leakix.net)"
207.154.197.113 - - [17/Jul/2026:05:34:59 +0000] "GET /console/ HTTP/2" 403 5012 "-" "Mozilla/5.0 (l9scan/2.0.33e27393e2431313e2838313; +https://leakix.net)"
142.93.143.8 - - [17/Jul/2026:05:34:59 +0000] "GET /server HTTP/2" 400 52 "-" "Mozilla/5.0 (l9scan/2.0.33e27393e2431313e2838313; +https://leakix.net)"
167.99.181.249 - - [17/Jul/2026:05:34:59 +0000] "GET /server HTTP/2" 401 53 "-" "Mozilla/5.0 (l9scan/2.0.33e27393e2431313e2838313; +https://leakix.net)"
165.227.84.14 - - [17/Jul/2026:05:34:59 +0000] "GET /server HTTP/2" 404 3415 "-" "Mozilla/5.0 (l9scan/2.0.33e27393e2431313e2838313; +https://leakix.net)"
206.189.233.36 - - [17/Jul/2026:05:34:59 +0000] "GET /server HTTP/2" 401 53 "-" "Mozilla/5.0 (l9scan/2.0.33e27393e2431313e2838313; +https://leakix.net)"
167.71.175.236 - - [17/Jul/2026:05:34:59 +0000] "GET /server HTTP/2" 401 53 "-" "Mozilla/5.0 (l9scan/2.0.33e27393e2431313e2838313; +https://leakix.net)"
207.154.197.113 - - [17/Jul/2026:05:34:59 +0000] "GET /server HTTP/2" 403 5012 "-" "Mozilla/5.0 (l9scan/2.0.33e27393e2431313e2838313; +https://leakix.net)"
164.92.244.132 - - [17/Jul/2026:05:35:00 +0000] "GET /server HTTP/2" 404 3418 "-" "Mozilla/5.0 (l9scan/2.0.33e27393e2431313e2838313; +https://leakix.net)"
165.227.84.14 - - [17/Jul/2026:05:35:00 +0000] "GET /server-status HTTP/2" 404 3415 "-" "Mozilla/5.0 (l9scan/2.0.33e27393e2431313e2838313; +https://leakix.net)"
206.189.233.36 - - [17/Jul/2026:05:35:00 +0000] "GET /server-status HTTP/2" 401 53 "-" "Mozilla/5.0 (l9scan/2.0.33e27393e2431313e2838313; +https://leakix.net)"
167.99.181.249 - - [17/Jul/2026:05:35:00 +0000] "GET /server-status HTTP/2" 401 53 "-" "Mozilla/5.0 (l9scan/2.0.33e27393e2431313e2838313; +https://leakix.net)"
167.71.175.236 - - [17/Jul/2026:05:35:00 +0000] "GET /server-status HTTP/2" 401 53 "-" "Mozilla/5.0 (l9scan/2.0.33e27393e2431313e2838313; +https://leakix.net)"
142.93.143.8 - - [17/Jul/2026:05:35:00 +0000] "GET /server-status HTTP/2" 400 52 "-" "Mozilla/5.0 (l9scan/2.0.33e27393e2431313e2838313; +https://leakix.net)"
164.92.244.132 - - [17/Jul/2026:05:35:01 +0000] "GET /server-status HTTP/2" 404 3418 "-" "Mozilla/5.0 (l9scan/2.0.33e27393e2431313e2838313; +https://leakix.net)"
207.154.197.113 - - [17/Jul/2026:05:35:01 +0000] "GET /server-status HTTP/2" 403 5012 "-" "Mozilla/5.0 (l9scan/2.0.33e27393e2431313e2838313; +https://leakix.net)"
165.227.84.14 - - [17/Jul/2026:05:35:01 +0000] "GET /about HTTP/2" 404 3415 "-" "Mozilla/5.0 (l9scan/2.0.33e27393e2431313e2838313; +https://leakix.net)"
206.189.233.36 - - [17/Jul/2026:05:35:01 +0000] "GET /about HTTP/2" 401 53 "-" "Mozilla/5.0 (l9scan/2.0.33e27393e2431313e2838313; +https://leakix.net)"
167.71.175.236 - - [17/Jul/2026:05:35:01 +0000] "GET /about HTTP/2" 401 53 "-" "Mozilla/5.0 (l9scan/2.0.33e27393e2431313e2838313; +https://leakix.net)"
167.99.181.249 - - [17/Jul/2026:05:35:01 +0000] "GET /about HTTP/2" 401 53 "-" "Mozilla/5.0 (l9scan/2.0.33e27393e2431313e2838313; +https://leakix.net)"
142.93.143.8 - - [17/Jul/2026:05:35:02 +0000] "GET /about HTTP/2" 400 52 "-" "Mozilla/5.0 (l9scan/2.0.33e27393e2431313e2838313; +https://leakix.net)"
164.92.244.132 - - [17/Jul/2026:05:35:02 +0000] "GET /about HTTP/2" 404 3418 "-" "Mozilla/5.0 (l9scan/2.0.33e27393e2431313e2838313; +https://leakix.net)"
207.154.197.113 - - [17/Jul/2026:05:35:02 +0000] "GET /about HTTP/2" 403 5012 "-" "Mozilla/5.0 (l9scan/2.0.33e27393e2431313e2838313; +https://leakix.net)"
165.227.84.14 - - [17/Jul/2026:05:35:02 +0000] "GET /login.action HTTP/2" 404 3415 "-" "Mozilla/5.0 (l9scan/2.0.33e27393e2431313e2838313; +https://leakix.net)"
142.93.143.8 - - [17/Jul/2026:05:35:02 +0000] "GET /login.action HTTP/2" 400 52 "-" "Mozilla/5.0 (l9scan/2.0.33e27393e2431313e2838313; +https://leakix.net)"
206.189.233.36 - - [17/Jul/2026:05:35:02 +0000] "GET /login.action HTTP/2" 401 53 "-" "Mozilla/5.0 (l9scan/2.0.33e27393e2431313e2838313; +https://leakix.net)"
167.99.181.249 - - [17/Jul/2026:05:35:03 +0000] "GET /login.action HTTP/2" 401 53 "-" "Mozilla/5.0 (l9scan/2.0.33e27393e2431313e2838313; +https://leakix.net)"
167.71.175.236 - - [17/Jul/2026:05:35:03 +0000] "GET /login.action HTTP/2" 401 53 "-" "Mozilla/5.0 (l9scan/2.0.33e27393e2431313e2838313; +https://leakix.net)"
164.92.244.132 - - [17/Jul/2026:05:35:03 +0000] "GET /login.action HTTP/2" 404 3418 "-" "Mozilla/5.0 (l9scan/2.0.33e27393e2431313e2838313; +https://leakix.net)"
165.227.84.14 - - [17/Jul/2026:05:35:03 +0000] "GET / HTTP/2" 404 3415 "-" "Mozilla/5.0 (l9scan/2.0.33e27393e2431313e2838313; +https://leakix.net)"
206.189.233.36 - - [17/Jul/2026:05:35:03 +0000] "GET / HTTP/2" 401 53 "-" "Mozilla/5.0 (l9scan/2.0.33e27393e2431313e2838313; +https://leakix.net)"
167.71.175.236 - - [17/Jul/2026:05:35:04 +0000] "GET / HTTP/2" 401 53 "-" "Mozilla/5.0 (l9scan/2.0.33e27393e2431313e2838313; +https://leakix.net)"
165.227.84.14 - - [17/Jul/2026:05:35:04 +0000] "GET /___proxy_subdomain_whm/login HTTP/2" 404 3415 "-" "Mozilla/5.0 (l9scan/2.0.33e27393e2431313e2838313; +https://leakix.net)"
167.99.181.249 - - [17/Jul/2026:05:35:04 +0000] "GET / HTTP/2" 401 53 "-" "Mozilla/5.0 (l9scan/2.0.33e27393e2431313e2838313; +https://leakix.net)"
165.227.84.14 - - [17/Jul/2026:05:35:04 +0000] "GET /___proxy_subdomain_cpanel HTTP/2" 404 3415 "-" "Mozilla/5.0 (l9scan/2.0.33e27393e2431313e2838313; +https://leakix.net)"
142.93.143.8 - - [17/Jul/2026:05:35:04 +0000] "GET / HTTP/2" 400 52 "-" "Mozilla/5.0 (l9scan/2.0.33e27393e2431313e2838313; +https://leakix.net)"
207.154.197.113 - - [17/Jul/2026:05:35:04 +0000] "GET /login.action HTTP/2" 403 5012 "-" "Mozilla/5.0 (l9scan/2.0.33e27393e2431313e2838313; +https://leakix.net)"
206.189.233.36 - - [17/Jul/2026:05:35:04 +0000] "GET /___proxy_subdomain_whm/login HTTP/2" 401 53 "-" "Mozilla/5.0 (l9scan/2.0.33e27393e2431313e2838313; +https://leakix.net)"
165.227.84.14 - - [17/Jul/2026:05:35:04 +0000] "GET /v2/_catalog HTTP/2" 404 3415 "-" "Mozilla/5.0 (l9scan/2.0.33e27393e2431313e2838313; +https://leakix.net)"
164.92.244.132 - - [17/Jul/2026:05:35:04 +0000] "GET / HTTP/2" 200 12498 "-" "Mozilla/5.0 (l9scan/2.0.33e27393e2431313e2838313; +https://leakix.net)"
206.189.233.36 - - [17/Jul/2026:05:35:05 +0000] "GET /___proxy_subdomain_cpanel HTTP/2" 401 53 "-" "Mozilla/5.0 (l9scan/2.0.33e27393e2431313e2838313; +https://leakix.net)"
167.99.181.249 - - [17/Jul/2026:05:35:05 +0000] "GET /___proxy_subdomain_whm/login HTTP/2" 401 53 "-" "Mozilla/5.0 (l9scan/2.0.33e27393e2431313e2838313; +https://leakix.net)"
167.71.175.236 - - [17/Jul/2026:05:35:05 +0000] "GET /___proxy_subdomain_whm/login HTTP/2" 401 53 "-" "Mozilla/5.0 (l9scan/2.0.33e27393e2431313e2838313; +https://leakix.net)"
142.93.143.8 - - [17/Jul/2026:05:35:05 +0000] "GET /___proxy_subdomain_whm/login HTTP/2" 400 52 "-" "Mozilla/5.0 (l9scan/2.0.33e27393e2431313e2838313; +https://leakix.net)"
206.189.233.36 - - [17/Jul/2026:05:35:05 +0000] "GET /v2/_catalog HTTP/2" 401 53 "-" "Mozilla/5.0 (l9scan/2.0.33e27393e2431313e2838313; +https://leakix.net)"
167.71.175.236 - - [17/Jul/2026:05:35:05 +0000] "GET /___proxy_subdomain_cpanel HTTP/2" 401 53 "-" "Mozilla/5.0 (l9scan/2.0.33e27393e2431313e2838313; +https://leakix.net)"
207.154.197.113 - - [17/Jul/2026:05:35:05 +0000] "GET / HTTP/2" 403 5012 "-" "Mozilla/5.0 (l9scan/2.0.33e27393e2431313e2838313; +https://leakix.net)"
165.227.84.14 - - [17/Jul/2026:05:35:05 +0000] "GET /.DS_Store HTTP/2" 404 3415 "-" "Mozilla/5.0 (l9scan/2.0.33e27393e2431313e2838313; +https://leakix.net)"
167.99.181.249 - - [17/Jul/2026:05:35:05 +0000] "GET /___proxy_subdomain_cpanel HTTP/2" 401 53 "-" "Mozilla/5.0 (l9scan/2.0.33e27393e2431313e2838313; +https://leakix.net)"
142.93.143.8 - - [17/Jul/2026:05:35:05 +0000] "GET /___proxy_subdomain_cpanel HTTP/2" 400 52 "-" "Mozilla/5.0 (l9scan/2.0.33e27393e2431313e2838313; +https://leakix.net)"
167.99.181.249 - - [17/Jul/2026:05:35:06 +0000] "GET /v2/_catalog HTTP/2" 401 53 "-" "Mozilla/5.0 (l9scan/2.0.33e27393e2431313e2838313; +https://leakix.net)"
167.71.175.236 - - [17/Jul/2026:05:35:06 +0000] "GET /v2/_catalog HTTP/2" 401 53 "-" "Mozilla/5.0 (l9scan/2.0.33e27393e2431313e2838313; +https://leakix.net)"
164.92.244.132 - - [17/Jul/2026:05:35:06 +0000] "GET /___proxy_subdomain_whm/login HTTP/2" 404 3418 "-" "Mozilla/5.0 (l9scan/2.0.33e27393e2431313e2838313; +https://leakix.net)"
206.189.233.36 - - [17/Jul/2026:05:35:06 +0000] "GET /.DS_Store HTTP/2" 401 53 "-" "Mozilla/5.0 (l9scan/2.0.33e27393e2431313e2838313; +https://leakix.net)"
142.93.143.8 - - [17/Jul/2026:05:35:06 +0000] "GET /v2/_catalog HTTP/2" 400 52 "-" "Mozilla/5.0 (l9scan/2.0.33e27393e2431313e2838313; +https://leakix.net)"
165.227.84.14 - - [17/Jul/2026:05:35:06 +0000] "GET /.env HTTP/2" 404 3415 "-" "Mozilla/5.0 (l9scan/2.0.33e27393e2431313e2838313; +https://leakix.net)"
167.99.181.249 - - [17/Jul/2026:05:35:07 +0000] "GET /.DS_Store HTTP/2" 401 53 "-" "Mozilla/5.0 (l9scan/2.0.33e27393e2431313e2838313; +https://leakix.net)"
167.71.175.236 - - [17/Jul/2026:05:35:07 +0000] "GET /.DS_Store HTTP/2" 401 53 "-" "Mozilla/5.0 (l9scan/2.0.33e27393e2431313e2838313; +https://leakix.net)"
206.189.233.36 - - [17/Jul/2026:05:35:07 +0000] "GET /.env HTTP/2" 401 53 "-" "Mozilla/5.0 (l9scan/2.0.33e27393e2431313e2838313; +https://leakix.net)"
207.154.197.113 - - [17/Jul/2026:05:35:07 +0000] "GET /___proxy_subdomain_whm/login HTTP/2" 403 5012 "-" "Mozilla/5.0 (l9scan/2.0.33e27393e2431313e2838313; +https://leakix.net)"
164.92.244.132 - - [17/Jul/2026:05:35:07 +0000] "GET /___proxy_subdomain_cpanel HTTP/2" 404 3418 "-" "Mozilla/5.0 (l9scan/2.0.33e27393e2431313e2838313; +https://leakix.net)"
142.93.143.8 - - [17/Jul/2026:05:35:07 +0000] "GET /.DS_Store HTTP/2" 400 52 "-" "Mozilla/5.0 (l9scan/2.0.33e27393e2431313e2838313; +https://leakix.net)"
167.71.175.236 - - [17/Jul/2026:05:35:07 +0000] "GET /.env HTTP/2" 401 53 "-" "Mozilla/5.0 (l9scan/2.0.33e27393e2431313e2838313; +https://leakix.net)"
164.92.244.132 - - [17/Jul/2026:05:35:08 +0000] "GET /v2/_catalog HTTP/2" 404 3418 "-" "Mozilla/5.0 (l9scan/2.0.33e27393e2431313e2838313; +https://leakix.net)"
167.99.181.249 - - [17/Jul/2026:05:35:08 +0000] "GET /.env HTTP/2" 401 53 "-" "Mozilla/5.0 (l9scan/2.0.33e27393e2431313e2838313; +https://leakix.net)"
142.93.143.8 - - [17/Jul/2026:05:35:08 +0000] "GET /.env HTTP/2" 400 52 "-" "Mozilla/5.0 (l9scan/2.0.33e27393e2431313e2838313; +https://leakix.net)"
165.227.84.14 - - [17/Jul/2026:05:35:08 +0000] "GET /ecp/Current/exporttool/microsoft.exchange.ediscovery.exporttool.application HTTP/2" 404 3415 "-" "Mozilla/5.0 (l9scan/2.0.33e27393e2431313e2838313; +https://leakix.net)"
207.154.197.113 - - [17/Jul/2026:05:35:08 +0000] "GET /___proxy_subdomain_cpanel HTTP/2" 403 5012 "-" "Mozilla/5.0 (l9scan/2.0.33e27393e2431313e2838313; +https://leakix.net)"
206.189.233.36 - - [17/Jul/2026:05:35:09 +0000] "GET /ecp/Current/exporttool/microsoft.exchange.ediscovery.exporttool.application HTTP/2" 401 53 "-" "Mozilla/5.0 (l9scan/2.0.33e27393e2431313e2838313; +https://leakix.net)"
164.92.244.132 - - [17/Jul/2026:05:35:09 +0000] "GET /.DS_Store HTTP/2" 404 3418 "-" "Mozilla/5.0 (l9scan/2.0.33e27393e2431313e2838313; +https://leakix.net)"
207.154.197.113 - - [17/Jul/2026:05:35:09 +0000] "GET /v2/_catalog HTTP/2" 403 5012 "-" "Mozilla/5.0 (l9scan/2.0.33e27393e2431313e2838313; +https://leakix.net)"
167.71.175.236 - - [17/Jul/2026:05:35:09 +0000] "GET /ecp/Current/exporttool/microsoft.exchange.ediscovery.exporttool.application HTTP/2" 401 53 "-" "Mozilla/5.0 (l9scan/2.0.33e27393e2431313e2838313; +https://leakix.net)"
167.99.181.249 - - [17/Jul/2026:05:35:10 +0000] "GET /ecp/Current/exporttool/microsoft.exchange.ediscovery.exporttool.application HTTP/2" 401 53 "-" "Mozilla/5.0 (l9scan/2.0.33e27393e2431313e2838313; +https://leakix.net)"
142.93.143.8 - - [17/Jul/2026:05:35:10 +0000] "GET /ecp/Current/exporttool/microsoft.exchange.ediscovery.exporttool.application HTTP/2" 400 52 "-" "Mozilla/5.0 (l9scan/2.0.33e27393e2431313e2838313; +https://leakix.net)"
164.92.244.132 - - [17/Jul/2026:05:35:10 +0000] "GET /.env HTTP/2" 404 3418 "-" "Mozilla/5.0 (l9scan/2.0.33e27393e2431313e2838313; +https://leakix.net)"
165.227.84.14 - - [17/Jul/2026:05:35:10 +0000] "GET /.git/config HTTP/2" 404 3415 "-" "Mozilla/5.0 (l9scan/2.0.33e27393e2431313e2838313; +https://leakix.net)"
207.154.197.113 - - [17/Jul/2026:05:35:11 +0000] "GET /.DS_Store HTTP/2" 403 5012 "-" "Mozilla/5.0 (l9scan/2.0.33e27393e2431313e2838313; +https://leakix.net)"
206.189.233.36 - - [17/Jul/2026:05:35:11 +0000] "GET /.git/config HTTP/2" 401 53 "-" "Mozilla/5.0 (l9scan/2.0.33e27393e2431313e2838313; +https://leakix.net)"
2604:a880:400:d0::2544:7001 - - [17/Jul/2026:05:34:57 +0000] "GET / HTTP/2" 301 0 "-" "Mozilla/5.0 (l9scan/2.0.33a3a303231333a313368393a363031623; +https://leakix.net)"
165.227.84.14 - - [17/Jul/2026:05:35:11 +0000] "POST /graphql HTTP/2" 404 3415 "-" "Mozilla/5.0 (l9scan/2.0.33e27393e2431313e2838313; +https://leakix.net)"
165.227.84.14 - - [17/Jul/2026:05:35:11 +0000] "POST /api HTTP/2" 404 3415 "-" "Mozilla/5.0 (l9scan/2.0.33e27393e2431313e2838313; +https://leakix.net)"
207.154.197.113 - - [17/Jul/2026:05:35:11 +0000] "GET /.env HTTP/2" 403 5012 "-" "Mozilla/5.0 (l9scan/2.0.33e27393e2431313e2838313; +https://leakix.net)"
165.227.84.14 - - [17/Jul/2026:05:35:11 +0000] "POST /api/graphql HTTP/2" 404 3415 "-" "Mozilla/5.0 (l9scan/2.0.33e27393e2431313e2838313; +https://leakix.net)"
165.227.84.14 - - [17/Jul/2026:05:35:12 +0000] "POST /graphql/api HTTP/2" 404 3415 "-" "Mozilla/5.0 (l9scan/2.0.33e27393e2431313e2838313; +https://leakix.net)"
167.99.181.249 - - [17/Jul/2026:05:35:12 +0000] "GET /.git/config HTTP/2" 401 53 "-" "Mozilla/5.0 (l9scan/2.0.33e27393e2431313e2838313; +https://leakix.net)"
167.71.175.236 - - [17/Jul/2026:05:35:12 +0000] "GET /.git/config HTTP/2" 401 53 "-" "Mozilla/5.0 (l9scan/2.0.33e27393e2431313e2838313; +https://leakix.net)"
164.92.244.132 - - [17/Jul/2026:05:35:12 +0000] "GET /ecp/Current/exporttool/microsoft.exchange.ediscovery.exporttool.application HTTP/2" 404 3418 "-" "Mozilla/5.0 (l9scan/2.0.33e27393e2431313e2838313; +https://leakix.net)"
142.93.143.8 - - [17/Jul/2026:05:35:12 +0000] "GET /.git/config HTTP/2" 400 52 "-" "Mozilla/5.0 (l9scan/2.0.33e27393e2431313e2838313; +https://leakix.net)"
206.189.233.36 - - [17/Jul/2026:05:35:12 +0000] "POST /graphql HTTP/2" 401 53 "-" "Mozilla/5.0 (l9scan/2.0.33e27393e2431313e2838313; +https://leakix.net)"
206.189.233.36 - - [17/Jul/2026:05:35:12 +0000] "POST /api HTTP/2" 401 53 "-" "Mozilla/5.0 (l9scan/2.0.33e27393e2431313e2838313; +https://leakix.net)"
165.227.84.14 - - [17/Jul/2026:05:35:12 +0000] "POST /api/gql HTTP/2" 404 3415 "-" "Mozilla/5.0 (l9scan/2.0.33e27393e2431313e2838313; +https://leakix.net)"
206.189.233.36 - - [17/Jul/2026:05:35:12 +0000] "POST /api/graphql HTTP/2" 401 53 "-" "Mozilla/5.0 (l9scan/2.0.33e27393e2431313e2838313; +https://leakix.net)"
165.227.84.14 - - [17/Jul/2026:05:35:12 +0000] "GET /s/33e27393e2431313e2838313/_/;/META-INF/maven/com.atlassian.jira/jira-webapp-dist/pom.properties HTTP/2" 404 3415 "-" "Mozilla/5.0 (l9scan/2.0.33e27393e2431313e2838313; +https://leakix.net)"
206.189.233.36 - - [17/Jul/2026:05:35:12 +0000] "POST /graphql/api HTTP/2" 401 53 "-" "Mozilla/5.0 (l9scan/2.0.33e27393e2431313e2838313; +https://leakix.net)"
206.189.233.36 - - [17/Jul/2026:05:35:12 +0000] "POST /api/gql HTTP/2" 401 53 "-" "Mozilla/5.0 (l9scan/2.0.33e27393e2431313e2838313; +https://leakix.net)"
167.71.175.236 - - [17/Jul/2026:05:35:12 +0000] "POST /graphql HTTP/2" 401 53 "-" "Mozilla/5.0 (l9scan/2.0.33e27393e2431313e2838313; +https://leakix.net)"
167.71.175.236 - - [17/Jul/2026:05:35:12 +0000] "POST /api HTTP/2" 401 53 "-" "Mozilla/5.0 (l9scan/2.0.33e27393e2431313e2838313; +https://leakix.net)"
167.71.175.236 - - [17/Jul/2026:05:35:13 +0000] "POST /api/graphql HTTP/2" 401 53 "-" "Mozilla/5.0 (l9scan/2.0.33e27393e2431313e2838313; +https://leakix.net)"
206.189.233.36 - - [17/Jul/2026:05:35:13 +0000] "GET /s/33e27393e2431313e2838313/_/;/META-INF/maven/com.atlassian.jira/jira-webapp-dist/pom.properties HTTP/2" 401 53 "-" "Mozilla/5.0 (l9scan/2.0.33e27393e2431313e2838313; +https://leakix.net)"
167.71.175.236 - - [17/Jul/2026:05:35:13 +0000] "POST /graphql/api HTTP/2" 401 53 "-" "Mozilla/5.0 (l9scan/2.0.33e27393e2431313e2838313; +https://leakix.net)"
167.71.175.236 - - [17/Jul/2026:05:35:13 +0000] "POST /api/gql HTTP/2" 401 53 "-" "Mozilla/5.0 (l9scan/2.0.33e27393e2431313e2838313; +https://leakix.net)"
167.99.181.249 - - [17/Jul/2026:05:35:13 +0000] "POST /graphql HTTP/2" 401 53 "-" "Mozilla/5.0 (l9scan/2.0.33e27393e2431313e2838313; +https://leakix.net)"
142.93.143.8 - - [17/Jul/2026:05:35:13 +0000] "POST /graphql HTTP/2" 400 52 "-" "Mozilla/5.0 (l9scan/2.0.33e27393e2431313e2838313; +https://leakix.net)"
207.154.197.113 - - [17/Jul/2026:05:35:13 +0000] "GET /ecp/Current/exporttool/microsoft.exchange.ediscovery.exporttool.application HTTP/2" 403 5012 "-" "Mozilla/5.0 (l9scan/2.0.33e27393e2431313e2838313; +https://leakix.net)"
165.227.84.14 - - [17/Jul/2026:05:35:13 +0000] "GET /config.json HTTP/2" 404 3415 "-" "Mozilla/5.0 (l9scan/2.0.33e27393e2431313e2838313; +https://leakix.net)"
142.93.143.8 - - [17/Jul/2026:05:35:13 +0000] "POST /api HTTP/2" 400 52 "-" "Mozilla/5.0 (l9scan/2.0.33e27393e2431313e2838313; +https://leakix.net)"
167.99.181.249 - - [17/Jul/2026:05:35:13 +0000] "POST /api HTTP/2" 401 53 "-" "Mozilla/5.0 (l9scan/2.0.33e27393e2431313e2838313; +https://leakix.net)"
167.71.175.236 - - [17/Jul/2026:05:35:13 +0000] "GET /s/33e27393e2431313e2838313/_/;/META-INF/maven/com.atlassian.jira/jira-webapp-dist/pom.properties HTTP/2" 401 53 "-" "Mozilla/5.0 (l9scan/2.0.33e27393e2431313e2838313; +https://leakix.net)"
157.245.113.227 - - [17/Jul/2026:05:34:57 +0000] "GET / HTTP/2" 301 0 "-" "Mozilla/5.0 (l9scan/2.0.33e27393e2431313e2838313; +https://leakix.net)"
167.99.181.249 - - [17/Jul/2026:05:35:14 +0000] "POST /api/graphql HTTP/2" 401 53 "-" "Mozilla/5.0 (l9scan/2.0.33e27393e2431313e2838313; +https://leakix.net)"
164.92.244.132 - - [17/Jul/2026:05:35:14 +0000] "GET /.git/config HTTP/2" 404 3418 "-" "Mozilla/5.0 (l9scan/2.0.33e27393e2431313e2838313; +https://leakix.net)"
206.189.233.36 - - [17/Jul/2026:05:35:14 +0000] "GET /config.json HTTP/2" 401 53 "-" "Mozilla/5.0 (l9scan/2.0.33e27393e2431313e2838313; +https://leakix.net)"
142.93.143.8 - - [17/Jul/2026:05:35:14 +0000] "POST /api/graphql HTTP/2" 400 52 "-" "Mozilla/5.0 (l9scan/2.0.33e27393e2431313e2838313; +https://leakix.net)"
167.99.181.249 - - [17/Jul/2026:05:35:14 +0000] "POST /graphql/api HTTP/2" 401 53 "-" "Mozilla/5.0 (l9scan/2.0.33e27393e2431313e2838313; +https://leakix.net)"
167.99.181.249 - - [17/Jul/2026:05:35:14 +0000] "POST /api/gql HTTP/2" 401 53 "-" "Mozilla/5.0 (l9scan/2.0.33e27393e2431313e2838313; +https://leakix.net)"
142.93.143.8 - - [17/Jul/2026:05:35:14 +0000] "POST /graphql/api HTTP/2" 400 52 "-" "Mozilla/5.0 (l9scan/2.0.33e27393e2431313e2838313; +https://leakix.net)"
167.99.181.249 - - [17/Jul/2026:05:35:14 +0000] "GET /s/33e27393e2431313e2838313/_/;/META-INF/maven/com.atlassian.jira/jira-webapp-dist/pom.properties HTTP/2" 401 53 "-" "Mozilla/5.0 (l9scan/2.0.33e27393e2431313e2838313; +https://leakix.net)"
165.227.84.14 - - [17/Jul/2026:05:35:14 +0000] "GET /telescope/requests HTTP/2" 404 3415 "-" "Mozilla/5.0 (l9scan/2.0.33e27393e2431313e2838313; +https://leakix.net)"
167.71.175.236 - - [17/Jul/2026:05:34:57 +0000] "GET / HTTP/2" 301 0 "-" "Mozilla/5.0 (l9scan/2.0.33e27393e2431313e2838313; +https://leakix.net)"
142.93.143.8 - - [17/Jul/2026:05:35:15 +0000] "POST /api/gql HTTP/2" 400 52 "-" "Mozilla/5.0 (l9scan/2.0.33e27393e2431313e2838313; +https://leakix.net)"
206.189.233.36 - - [17/Jul/2026:05:35:15 +0000] "GET /telescope/requests HTTP/2" 401 53 "-" "Mozilla/5.0 (l9scan/2.0.33e27393e2431313e2838313; +https://leakix.net)"
164.92.244.132 - - [17/Jul/2026:05:35:15 +0000] "POST /graphql HTTP/2" 404 3418 "-" "Mozilla/5.0 (l9scan/2.0.33e27393e2431313e2838313; +https://leakix.net)"
167.71.175.236 - - [17/Jul/2026:05:35:15 +0000] "GET /config.json HTTP/2" 401 53 "-" "Mozilla/5.0 (l9scan/2.0.33e27393e2431313e2838313; +https://leakix.net)"
142.93.143.8 - - [17/Jul/2026:05:35:15 +0000] "GET /s/33e27393e2431313e2838313/_/;/META-INF/maven/com.atlassian.jira/jira-webapp-dist/pom.properties HTTP/2" 400 52 "-" "Mozilla/5.0 (l9scan/2.0.33e27393e2431313e2838313; +https://leakix.net)"
165.227.84.14 - - [17/Jul/2026:05:35:15 +0000] "GET /version HTTP/2" 404 3415 "-" "Mozilla/5.0 (l9scan/2.0.33e27393e2431313e2838313; +https://leakix.net)"
167.99.181.249 - - [17/Jul/2026:05:35:15 +0000] "GET /config.json HTTP/2" 401 53 "-" "Mozilla/5.0 (l9scan/2.0.33e27393e2431313e2838313; +https://leakix.net)"
164.92.244.132 - - [17/Jul/2026:05:35:15 +0000] "POST /api HTTP/2" 404 3418 "-" "Mozilla/5.0 (l9scan/2.0.33e27393e2431313e2838313; +https://leakix.net)"
167.71.175.236 - - [17/Jul/2026:05:35:16 +0000] "GET /telescope/requests HTTP/2" 401 53 "-" "Mozilla/5.0 (l9scan/2.0.33e27393e2431313e2838313; +https://leakix.net)"
2a03:2880:f800:b:: - - [17/Jul/2026:05:34:57 +0000] "GET /2025/08/22/lopesan-costa-meloneras-casino-login-app-sign-up/ HTTP/2" 200 17434 "-" "Mozilla/5.0 (Windows NT 10.0; Win64; x64) AppleWebKit/537.36 (KHTML, like Gecko) Chrome/145.0.0.0 Safari/537.36 (compatible; meta-externalagent/1.1 (+https://developers.facebook.com/docs/sharing/webmasters/crawler))"
2a03:b0c0:3:d0::d09:a001 - - [17/Jul/2026:05:34:57 +0000] "GET / HTTP/2" 200 27275 "-" "Mozilla/5.0 (l9scan/2.0.33a3a303231333a313368393a363031623; +https://leakix.net)"
206.189.233.36 - - [17/Jul/2026:05:35:16 +0000] "GET /info.php HTTP/2" 401 53 "-" "Mozilla/5.0 (l9scan/2.0.33e27393e2431313e2838313; +https://leakix.net)"
157.245.113.227 - - [17/Jul/2026:05:34:57 +0000] "GET / HTTP/2" 200 27275 "-" "Mozilla/5.0 (l9scan/2.0.33e27393e2431313e2838313; +https://leakix.net)"
207.154.197.113 - - [17/Jul/2026:05:35:16 +0000] "GET /.git/config HTTP/2" 403 5012 "-" "Mozilla/5.0 (l9scan/2.0.33e27393e2431313e2838313; +https://leakix.net)"
2a03:b0c0:3:d0::20:e001 - - [17/Jul/2026:05:34:57 +0000] "GET / HTTP/2" 200 27275 "-" "Mozilla/5.0 (l9scan/2.0.33a3a313231333a313368393a363031623; +https://leakix.net)"
164.92.244.132 - - [17/Jul/2026:05:35:16 +0000] "POST /api/graphql HTTP/2" 404 3418 "-" "Mozilla/5.0 (l9scan/2.0.33e27393e2431313e2838313; +https://leakix.net)"
142.93.143.8 - - [17/Jul/2026:05:35:16 +0000] "GET /config.json HTTP/2" 400 52 "-" "Mozilla/5.0 (l9scan/2.0.33e27393e2431313e2838313; +https://leakix.net)"
207.154.197.113 - - [17/Jul/2026:05:35:16 +0000] "POST /graphql HTTP/2" 403 5012 "-" "Mozilla/5.0 (l9scan/2.0.33e27393e2431313e2838313; +https://leakix.net)"
165.227.84.14 - - [17/Jul/2026:05:35:16 +0000] "GET /info.php HTTP/2" 404 3415 "-" "Mozilla/5.0 (l9scan/2.0.33e27393e2431313e2838313; +https://leakix.net)"
167.99.181.249 - - [17/Jul/2026:05:35:16 +0000] "GET /telescope/requests HTTP/2" 401 53 "-" "Mozilla/5.0 (l9scan/2.0.33e27393e2431313e2838313; +https://leakix.net)"
164.92.244.132 - - [17/Jul/2026:05:35:17 +0000] "POST /graphql/api HTTP/2" 404 3418 "-" "Mozilla/5.0 (l9scan/2.0.33e27393e2431313e2838313; +https://leakix.net)"
207.154.197.113 - - [17/Jul/2026:05:35:17 +0000] "POST /api HTTP/2" 403 5012 "-" "Mozilla/5.0 (l9scan/2.0.33e27393e2431313e2838313; +https://leakix.net)"
167.71.175.236 - - [17/Jul/2026:05:35:17 +0000] "GET /info.php HTTP/2" 401 53 "-" "Mozilla/5.0 (l9scan/2.0.33e27393e2431313e2838313; +https://leakix.net)"
206.189.233.36 - - [17/Jul/2026:05:35:17 +0000] "GET /.well-known/security.txt HTTP/2" 401 53 "-" "Mozilla/5.0 (l9scan/2.0.33e27393e2431313e2838313; +https://leakix.net)"
164.92.244.132 - - [17/Jul/2026:05:35:17 +0000] "POST /api/gql HTTP/2" 404 3418 "-" "Mozilla/5.0 (l9scan/2.0.33e27393e2431313e2838313; +https://leakix.net)"
142.93.143.8 - - [17/Jul/2026:05:35:17 +0000] "GET /telescope/requests HTTP/2" 400 52 "-" "Mozilla/5.0 (l9scan/2.0.33e27393e2431313e2838313; +https://leakix.net)"
164.92.244.132 - - [17/Jul/2026:05:35:17 +0000] "GET /s/33e27393e2431313e2838313/_/;/META-INF/maven/com.atlassian.jira/jira-webapp-dist/pom.properties HTTP/2" 404 3418 "-" "Mozilla/5.0 (l9scan/2.0.33e27393e2431313e2838313; +https://leakix.net)"
167.99.181.249 - - [17/Jul/2026:05:35:17 +0000] "GET /info.php HTTP/2" 401 53 "-" "Mozilla/5.0 (l9scan/2.0.33e27393e2431313e2838313; +https://leakix.net)"
165.227.84.14 - - [17/Jul/2026:05:35:17 +0000] "GET /.well-known/security.txt HTTP/2" 404 3415 "-" "Mozilla/5.0 (l9scan/2.0.33e27393e2431313e2838313; +https://leakix.net)"
207.154.197.113 - - [17/Jul/2026:05:35:17 +0000] "POST /api/graphql HTTP/2" 403 5012 "-" "Mozilla/5.0 (l9scan/2.0.33e27393e2431313e2838313; +https://leakix.net)"
206.189.233.36 - - [17/Jul/2026:05:35:18 +0000] "GET /actuator/env HTTP/2" 401 53 "-" "Mozilla/5.0 (l9scan/2.0.33e27393e2431313e2838313; +https://leakix.net)"
167.71.175.236 - - [17/Jul/2026:05:35:18 +0000] "GET /.well-known/security.txt HTTP/2" 401 53 "-" "Mozilla/5.0 (l9scan/2.0.33e27393e2431313e2838313; +https://leakix.net)"
207.154.197.113 - - [17/Jul/2026:05:35:18 +0000] "POST /graphql/api HTTP/2" 403 5012 "-" "Mozilla/5.0 (l9scan/2.0.33e27393e2431313e2838313; +https://leakix.net)"
164.92.244.132 - - [17/Jul/2026:05:35:18 +0000] "GET /config.json HTTP/2" 404 3418 "-" "Mozilla/5.0 (l9scan/2.0.33e27393e2431313e2838313; +https://leakix.net)"
142.93.143.8 - - [17/Jul/2026:05:35:18 +0000] "GET /info.php HTTP/2" 400 52 "-" "Mozilla/5.0 (l9scan/2.0.33e27393e2431313e2838313; +https://leakix.net)"
165.227.84.14 - - [17/Jul/2026:05:35:18 +0000] "GET /actuator/env HTTP/2" 404 3415 "-" "Mozilla/5.0 (l9scan/2.0.33e27393e2431313e2838313; +https://leakix.net)"
167.99.181.249 - - [17/Jul/2026:05:35:18 +0000] "GET /.well-known/security.txt HTTP/2" 401 53 "-" "Mozilla/5.0 (l9scan/2.0.33e27393e2431313e2838313; +https://leakix.net)"
2400:6180:0:d0::1182:2001 - - [17/Jul/2026:05:34:58 +0000] "GET / HTTP/2" 301 0 "-" "Mozilla/5.0 (l9scan/2.0.33a3a313231333a313368393a363031623; +https://leakix.net)"
207.154.197.113 - - [17/Jul/2026:05:35:18 +0000] "POST /api/gql HTTP/2" 403 5012 "-" "Mozilla/5.0 (l9scan/2.0.33e27393e2431313e2838313; +https://leakix.net)"
2400:6180:0:d0::1182:2001 - - [17/Jul/2026:05:34:58 +0000] "GET / HTTP/2" 301 0 "-" "Mozilla/5.0 (l9scan/2.0.33a3a313231333a313368393a363031623; +https://leakix.net)"
206.189.233.36 - - [17/Jul/2026:05:35:19 +0000] "GET /trace.axd HTTP/2" 401 53 "-" "Mozilla/5.0 (l9scan/2.0.33e27393e2431313e2838313; +https://leakix.net)"
167.71.175.236 - - [17/Jul/2026:05:35:19 +0000] "GET /actuator/env HTTP/2" 401 53 "-" "Mozilla/5.0 (l9scan/2.0.33e27393e2431313e2838313; +https://leakix.net)"
2400:6180:0:d0::1182:2001 - - [17/Jul/2026:05:34:58 +0000] "GET / HTTP/2" 301 0 "-" "Mozilla/5.0 (l9scan/2.0.33a3a303231333a313368393a363031623; +https://leakix.net)"
207.154.197.113 - - [17/Jul/2026:05:35:19 +0000] "GET /s/33e27393e2431313e2838313/_/;/META-INF/maven/com.atlassian.jira/jira-webapp-dist/pom.properties HTTP/2" 403 5012 "-" "Mozilla/5.0 (l9scan/2.0.33e27393e2431313e2838313; +https://leakix.net)"
142.93.143.8 - - [17/Jul/2026:05:35:19 +0000] "GET /.well-known/security.txt HTTP/2" 400 52 "-" "Mozilla/5.0 (l9scan/2.0.33e27393e2431313e2838313; +https://leakix.net)"
165.227.84.14 - - [17/Jul/2026:05:35:19 +0000] "GET /trace.axd HTTP/2" 404 3415 "-" "Mozilla/5.0 (l9scan/2.0.33e27393e2431313e2838313; +https://leakix.net)"
164.92.244.132 - - [17/Jul/2026:05:35:19 +0000] "GET /telescope/requests HTTP/2" 404 3418 "-" "Mozilla/5.0 (l9scan/2.0.33e27393e2431313e2838313; +https://leakix.net)"
167.99.181.249 - - [17/Jul/2026:05:35:19 +0000] "GET /actuator/env HTTP/2" 401 53 "-" "Mozilla/5.0 (l9scan/2.0.33e27393e2431313e2838313; +https://leakix.net)"
167.71.175.236 - - [17/Jul/2026:05:35:20 +0000] "GET /trace.axd HTTP/2" 401 53 "-" "Mozilla/5.0 (l9scan/2.0.33e27393e2431313e2838313; +https://leakix.net)"
206.189.233.36 - - [17/Jul/2026:05:35:20 +0000] "GET /@vite/env HTTP/2" 401 53 "-" "Mozilla/5.0 (l9scan/2.0.33e27393e2431313e2838313; +https://leakix.net)"
207.154.197.113 - - [17/Jul/2026:05:35:20 +0000] "GET /config.json HTTP/2" 403 5012 "-" "Mozilla/5.0 (l9scan/2.0.33e27393e2431313e2838313; +https://leakix.net)"
164.92.244.132 - - [17/Jul/2026:05:35:20 +0000] "GET /info.php HTTP/2" 404 3418 "-" "Mozilla/5.0 (l9scan/2.0.33e27393e2431313e2838313; +https://leakix.net)"
142.93.143.8 - - [17/Jul/2026:05:35:20 +0000] "GET /actuator/env HTTP/2" 400 52 "-" "Mozilla/5.0 (l9scan/2.0.33e27393e2431313e2838313; +https://leakix.net)"
165.227.84.14 - - [17/Jul/2026:05:35:20 +0000] "GET /@vite/env HTTP/2" 404 3415 "-" "Mozilla/5.0 (l9scan/2.0.33e27393e2431313e2838313; +https://leakix.net)"
167.71.175.236 - - [17/Jul/2026:05:35:20 +0000] "GET /@vite/env HTTP/2" 401 53 "-" "Mozilla/5.0 (l9scan/2.0.33e27393e2431313e2838313; +https://leakix.net)"
167.99.181.249 - - [17/Jul/2026:05:35:20 +0000] "GET /trace.axd HTTP/2" 401 53 "-" "Mozilla/5.0 (l9scan/2.0.33e27393e2431313e2838313; +https://leakix.net)"
206.189.233.36 - - [17/Jul/2026:05:35:21 +0000] "GET /.vscode/sftp.json HTTP/2" 401 53 "-" "Mozilla/5.0 (l9scan/2.0.33e27393e2431313e2838313; +https://leakix.net)"
142.93.143.8 - - [17/Jul/2026:05:35:21 +0000] "GET /trace.axd HTTP/2" 400 52 "-" "Mozilla/5.0 (l9scan/2.0.33e27393e2431313e2838313; +https://leakix.net)"
164.92.244.132 - - [17/Jul/2026:05:35:21 +0000] "GET /.well-known/security.txt HTTP/2" 404 3418 "-" "Mozilla/5.0 (l9scan/2.0.33e27393e2431313e2838313; +https://leakix.net)"
165.227.84.14 - - [17/Jul/2026:05:35:21 +0000] "GET /.vscode/sftp.json HTTP/2" 404 3415 "-" "Mozilla/5.0 (l9scan/2.0.33e27393e2431313e2838313; +https://leakix.net)"
207.154.197.113 - - [17/Jul/2026:05:35:21 +0000] "GET /telescope/requests HTTP/2" 403 5012 "-" "Mozilla/5.0 (l9scan/2.0.33e27393e2431313e2838313; +https://leakix.net)"
167.71.175.236 - - [17/Jul/2026:05:35:22 +0000] "GET /.vscode/sftp.json HTTP/2" 401 53 "-" "Mozilla/5.0 (l9scan/2.0.33e27393e2431313e2838313; +https://leakix.net)"
167.99.181.249 - - [17/Jul/2026:05:35:22 +0000] "GET /@vite/env HTTP/2" 401 53 "-" "Mozilla/5.0 (l9scan/2.0.33e27393e2431313e2838313; +https://leakix.net)"
206.189.233.36 - - [17/Jul/2026:05:35:22 +0000] "OPTIONS / HTTP/2" 200 20 "-" "Mozilla/5.0 (l9scan/2.0.33e27393e2431313e2838313; +https://leakix.net)"
206.189.233.36 - - [17/Jul/2026:05:35:22 +0000] "PROPFIND / HTTP/2" 401 53 "-" "Mozilla/5.0 (l9scan/2.0.33e27393e2431313e2838313; +https://leakix.net)"
164.92.244.132 - - [17/Jul/2026:05:35:22 +0000] "GET /actuator/env HTTP/2" 404 3418 "-" "Mozilla/5.0 (l9scan/2.0.33e27393e2431313e2838313; +https://leakix.net)"
142.93.143.8 - - [17/Jul/2026:05:35:22 +0000] "GET /@vite/env HTTP/2" 400 52 "-" "Mozilla/5.0 (l9scan/2.0.33e27393e2431313e2838313; +https://leakix.net)"
167.99.181.249 - - [17/Jul/2026:05:35:22 +0000] "GET /.vscode/sftp.json HTTP/2" 401 53 "-" "Mozilla/5.0 (l9scan/2.0.33e27393e2431313e2838313; +https://leakix.net)"
165.227.84.14 - - [17/Jul/2026:05:35:22 +0000] "OPTIONS / HTTP/2" 404 3415 "-" "Mozilla/5.0 (l9scan/2.0.33e27393e2431313e2838313; +https://leakix.net)"
167.71.175.236 - - [17/Jul/2026:05:35:22 +0000] "OPTIONS / HTTP/2" 401 53 "-" "Mozilla/5.0 (l9scan/2.0.33e27393e2431313e2838313; +https://leakix.net)"
207.154.197.113 - - [17/Jul/2026:05:35:23 +0000] "GET /php/login.php HTTP/2" 403 5012 "-" "Mozilla/5.0 (l9scan/2.0.33e27393e2431313e2838313; +https://leakix.net)"
206.189.233.36 - - [17/Jul/2026:05:35:23 +0000] "GET /?rest_route=/wp/v2/users/ HTTP/2" 401 53 "-" "Mozilla/5.0 (l9scan/2.0.33e27393e2431313e2838313; +https://leakix.net)"
165.227.84.14 - - [17/Jul/2026:05:35:23 +0000] "GET /?rest_route=/wp/v2/users/ HTTP/2" 404 3415 "-" "Mozilla/5.0 (l9scan/2.0.33e27393e2431313e2838313; +https://leakix.net)"
142.93.143.8 - - [17/Jul/2026:05:35:23 +0000] "GET /.vscode/sftp.json HTTP/2" 400 52 "-" "Mozilla/5.0 (l9scan/2.0.33e27393e2431313e2838313; +https://leakix.net)"
164.92.244.132 - - [17/Jul/2026:05:35:23 +0000] "GET /trace.axd HTTP/2" 404 3418 "-" "Mozilla/5.0 (l9scan/2.0.33e27393e2431313e2838313; +https://leakix.net)"
207.154.197.113 - - [17/Jul/2026:05:35:23 +0000] "GET /info.php HTTP/2" 403 5012 "-" "Mozilla/5.0 (l9scan/2.0.33e27393e2431313e2838313; +https://leakix.net)"
167.99.181.249 - - [17/Jul/2026:05:35:23 +0000] "OPTIONS / HTTP/2" 401 53 "-" "Mozilla/5.0 (l9scan/2.0.33e27393e2431313e2838313; +https://leakix.net)"
167.71.175.236 - - [17/Jul/2026:05:35:24 +0000] "GET /?rest_route=/wp/v2/users/ HTTP/2" 401 53 "-" "Mozilla/5.0 (l9scan/2.0.33e27393e2431313e2838313; +https://leakix.net)"
206.189.233.36 - - [17/Jul/2026:05:35:24 +0000] "GET /debug/default/view?panel=config HTTP/2" 401 53 "-" "Mozilla/5.0 (l9scan/2.0.33e27393e2431313e2838313; +https://leakix.net)"
142.93.143.8 - - [17/Jul/2026:05:35:24 +0000] "OPTIONS / HTTP/2" 400 52 "-" "Mozilla/5.0 (l9scan/2.0.33e27393e2431313e2838313; +https://leakix.net)"
165.227.84.14 - - [17/Jul/2026:05:35:24 +0000] "GET /debug/default/view?panel=config HTTP/2" 404 3415 "-" "Mozilla/5.0 (l9scan/2.0.33e27393e2431313e2838313; +https://leakix.net)"
207.154.197.113 - - [17/Jul/2026:05:35:24 +0000] "GET /.well-known/security.txt HTTP/2" 403 5012 "-" "Mozilla/5.0 (l9scan/2.0.33e27393e2431313e2838313; +https://leakix.net)"
167.99.181.249 - - [17/Jul/2026:05:35:24 +0000] "GET /?rest_route=/wp/v2/users/ HTTP/2" 401 53 "-" "Mozilla/5.0 (l9scan/2.0.33e27393e2431313e2838313; +https://leakix.net)"
167.71.175.236 - - [17/Jul/2026:05:35:24 +0000] "GET /debug/default/view?panel=config HTTP/2" 401 53 "-" "Mozilla/5.0 (l9scan/2.0.33e27393e2431313e2838313; +https://leakix.net)"
164.92.244.132 - - [17/Jul/2026:05:35:25 +0000] "GET /@vite/env HTTP/2" 404 3418 "-" "Mozilla/5.0 (l9scan/2.0.33e27393e2431313e2838313; +https://leakix.net)"
142.93.143.8 - - [17/Jul/2026:05:35:25 +0000] "GET /?rest_route=/wp/v2/users/ HTTP/2" 400 52 "-" "Mozilla/5.0 (l9scan/2.0.33e27393e2431313e2838313; +https://leakix.net)"
207.154.197.113 - - [17/Jul/2026:05:35:25 +0000] "GET /actuator/env HTTP/2" 200 284 "-" "Mozilla/5.0 (l9scan/2.0.33e27393e2431313e2838313; +https://leakix.net)"
167.99.181.249 - - [17/Jul/2026:05:35:25 +0000] "GET /debug/default/view?panel=config HTTP/2" 401 53 "-" "Mozilla/5.0 (l9scan/2.0.33e27393e2431313e2838313; +https://leakix.net)"
