15.223.230.48 - - [16/Jul/2026:12:23:32 +0000] "GET /test.php HTTP/2" 404 15035 "-" "Mozilla/5.0 (X11; Linux x86_64) AppleWebKit/537.36 (KHTML, like Gecko) Chrome/131.0.0.0 Safari/537.36"
15.223.230.48 - - [16/Jul/2026:12:23:32 +0000] "GET /phpinfo HTTP/2" 301 0 "-" "Mozilla/5.0 (X11; Linux x86_64) AppleWebKit/537.36 (KHTML, like Gecko) Chrome/131.0.0.0 Safari/537.36"
15.223.230.48 - - [16/Jul/2026:12:23:33 +0000] "GET /phpinfo HTTP/2" 404 15035 "-" "Mozilla/5.0 (X11; Linux x86_64) AppleWebKit/537.36 (KHTML, like Gecko) Chrome/131.0.0.0 Safari/537.36"
15.223.230.48 - - [16/Jul/2026:12:23:33 +0000] "GET /p.php HTTP/2" 301 0 "-" "Mozilla/5.0 (X11; Linux x86_64) AppleWebKit/537.36 (KHTML, like Gecko) Chrome/131.0.0.0 Safari/537.36"
15.223.230.48 - - [16/Jul/2026:12:23:33 +0000] "GET /p.php HTTP/2" 404 15035 "-" "Mozilla/5.0 (X11; Linux x86_64) AppleWebKit/537.36 (KHTML, like Gecko) Chrome/131.0.0.0 Safari/537.36"
15.223.230.48 - - [16/Jul/2026:12:23:34 +0000] "GET /debug.php HTTP/2" 301 0 "-" "Mozilla/5.0 (X11; Linux x86_64) AppleWebKit/537.36 (KHTML, like Gecko) Chrome/131.0.0.0 Safari/537.36"
15.223.230.48 - - [16/Jul/2026:12:23:34 +0000] "GET /debug.php HTTP/2" 404 15048 "-" "Mozilla/5.0 (X11; Linux x86_64) AppleWebKit/537.36 (KHTML, like Gecko) Chrome/131.0.0.0 Safari/537.36"
15.223.230.48 - - [16/Jul/2026:12:23:35 +0000] "GET /admin/phpinfo.php HTTP/2" 301 0 "-" "Mozilla/5.0 (X11; Linux x86_64) AppleWebKit/537.36 (KHTML, like Gecko) Chrome/131.0.0.0 Safari/537.36"
15.223.230.48 - - [16/Jul/2026:12:23:35 +0000] "GET /admin/phpinfo.php HTTP/2" 404 15075 "-" "Mozilla/5.0 (X11; Linux x86_64) AppleWebKit/537.36 (KHTML, like Gecko) Chrome/131.0.0.0 Safari/537.36"
15.223.230.48 - - [16/Jul/2026:12:23:35 +0000] "GET /test/phpinfo.php HTTP/2" 301 0 "-" "Mozilla/5.0 (X11; Linux x86_64) AppleWebKit/537.36 (KHTML, like Gecko) Chrome/131.0.0.0 Safari/537.36"
15.223.230.48 - - [16/Jul/2026:12:23:36 +0000] "GET /test/phpinfo.php HTTP/2" 404 15066 "-" "Mozilla/5.0 (X11; Linux x86_64) AppleWebKit/537.36 (KHTML, like Gecko) Chrome/131.0.0.0 Safari/537.36"
15.223.230.48 - - [16/Jul/2026:12:23:36 +0000] "GET /dev/phpinfo.php HTTP/2" 301 0 "-" "Mozilla/5.0 (X11; Linux x86_64) AppleWebKit/537.36 (KHTML, like Gecko) Chrome/131.0.0.0 Safari/537.36"
15.223.230.48 - - [16/Jul/2026:12:23:37 +0000] "GET /dev/phpinfo.php HTTP/2" 404 15031 "-" "Mozilla/5.0 (X11; Linux x86_64) AppleWebKit/537.36 (KHTML, like Gecko) Chrome/131.0.0.0 Safari/537.36"
15.223.230.48 - - [16/Jul/2026:12:23:37 +0000] "GET /old/phpinfo.php HTTP/2" 301 0 "-" "Mozilla/5.0 (X11; Linux x86_64) AppleWebKit/537.36 (KHTML, like Gecko) Chrome/131.0.0.0 Safari/537.36"
15.223.230.48 - - [16/Jul/2026:12:23:37 +0000] "GET /old/phpinfo.php HTTP/2" 404 15029 "-" "Mozilla/5.0 (X11; Linux x86_64) AppleWebKit/537.36 (KHTML, like Gecko) Chrome/131.0.0.0 Safari/537.36"
15.223.230.48 - - [16/Jul/2026:12:23:38 +0000] "GET /tmp/phpinfo.php HTTP/2" 301 0 "-" "Mozilla/5.0 (X11; Linux x86_64) AppleWebKit/537.36 (KHTML, like Gecko) Chrome/131.0.0.0 Safari/537.36"
15.223.230.48 - - [16/Jul/2026:12:23:38 +0000] "GET /tmp/phpinfo.php HTTP/2" 404 15029 "-" "Mozilla/5.0 (X11; Linux x86_64) AppleWebKit/537.36 (KHTML, like Gecko) Chrome/131.0.0.0 Safari/537.36"
15.223.230.48 - - [16/Jul/2026:12:23:38 +0000] "GET /public/phpinfo.php HTTP/2" 301 0 "-" "Mozilla/5.0 (X11; Linux x86_64) AppleWebKit/537.36 (KHTML, like Gecko) Chrome/131.0.0.0 Safari/537.36"
15.223.230.48 - - [16/Jul/2026:12:23:39 +0000] "GET /public/phpinfo.php HTTP/2" 404 15029 "-" "Mozilla/5.0 (X11; Linux x86_64) AppleWebKit/537.36 (KHTML, like Gecko) Chrome/131.0.0.0 Safari/537.36"
15.223.230.48 - - [16/Jul/2026:12:23:39 +0000] "GET /info HTTP/2" 301 0 "-" "Mozilla/5.0 (X11; Linux x86_64) AppleWebKit/537.36 (KHTML, like Gecko) Chrome/131.0.0.0 Safari/537.36"
15.223.230.48 - - [16/Jul/2026:12:23:39 +0000] "GET /2025/08/22/information-on-casinos-in-uk/ HTTP/2" 200 17394 "-" "Mozilla/5.0 (X11; Linux x86_64) AppleWebKit/537.36 (KHTML, like Gecko) Chrome/131.0.0.0 Safari/537.36"
15.223.230.48 - - [16/Jul/2026:12:23:40 +0000] "GET /php-info.php HTTP/2" 301 0 "-" "Mozilla/5.0 (X11; Linux x86_64) AppleWebKit/537.36 (KHTML, like Gecko) Chrome/131.0.0.0 Safari/537.36"
15.223.230.48 - - [16/Jul/2026:12:23:40 +0000] "GET /php-info.php HTTP/2" 404 15028 "-" "Mozilla/5.0 (X11; Linux x86_64) AppleWebKit/537.36 (KHTML, like Gecko) Chrome/131.0.0.0 Safari/537.36"
15.223.230.48 - - [16/Jul/2026:12:23:41 +0000] "GET /phpversion.php HTTP/2" 301 0 "-" "Mozilla/5.0 (X11; Linux x86_64) AppleWebKit/537.36 (KHTML, like Gecko) Chrome/131.0.0.0 Safari/537.36"
15.223.230.48 - - [16/Jul/2026:12:23:41 +0000] "GET /phpversion.php HTTP/2" 404 15089 "-" "Mozilla/5.0 (X11; Linux x86_64) AppleWebKit/537.36 (KHTML, like Gecko) Chrome/131.0.0.0 Safari/537.36"
15.223.230.48 - - [16/Jul/2026:12:23:42 +0000] "GET /_phpinfo.php HTTP/2" 301 0 "-" "Mozilla/5.0 (X11; Linux x86_64) AppleWebKit/537.36 (KHTML, like Gecko) Chrome/131.0.0.0 Safari/537.36"
15.223.230.48 - - [16/Jul/2026:12:23:42 +0000] "GET /_phpinfo.php HTTP/2" 404 15028 "-" "Mozilla/5.0 (X11; Linux x86_64) AppleWebKit/537.36 (KHTML, like Gecko) Chrome/131.0.0.0 Safari/537.36"
65.181.116.207 - - [16/Jul/2026:12:23:43 +0000] "POST /wp-cron.php?doing_wp_cron=1784204623.1404109001159667968750 HTTP/2" 200 0 "-" "WordPress/7.0.1; https://www.max-iptv4k.com"
15.223.230.48 - - [16/Jul/2026:12:23:42 +0000] "GET /old_phpinfo.php HTTP/2" 301 0 "-" "Mozilla/5.0 (X11; Linux x86_64) AppleWebKit/537.36 (KHTML, like Gecko) Chrome/131.0.0.0 Safari/537.36"
15.223.230.48 - - [16/Jul/2026:12:23:43 +0000] "GET /old_phpinfo.php HTTP/2" 404 15027 "-" "Mozilla/5.0 (X11; Linux x86_64) AppleWebKit/537.36 (KHTML, like Gecko) Chrome/131.0.0.0 Safari/537.36"
15.223.230.48 - - [16/Jul/2026:12:23:43 +0000] "GET /server-info.php HTTP/2" 301 0 "-" "Mozilla/5.0 (X11; Linux x86_64) AppleWebKit/537.36 (KHTML, like Gecko) Chrome/131.0.0.0 Safari/537.36"
15.223.230.48 - - [16/Jul/2026:12:23:44 +0000] "GET /server-info.php HTTP/2" 404 15025 "-" "Mozilla/5.0 (X11; Linux x86_64) AppleWebKit/537.36 (KHTML, like Gecko) Chrome/131.0.0.0 Safari/537.36"
15.223.230.48 - - [16/Jul/2026:12:23:44 +0000] "GET /server-status.php HTTP/2" 301 0 "-" "Mozilla/5.0 (X11; Linux x86_64) AppleWebKit/537.36 (KHTML, like Gecko) Chrome/131.0.0.0 Safari/537.36"
15.223.230.48 - - [16/Jul/2026:12:23:44 +0000] "GET /server-status.php HTTP/2" 404 15060 "-" "Mozilla/5.0 (X11; Linux x86_64) AppleWebKit/537.36 (KHTML, like Gecko) Chrome/131.0.0.0 Safari/537.36"
15.223.230.48 - - [16/Jul/2026:12:23:45 +0000] "GET /_profiler/phpinfo HTTP/2" 301 0 "-" "Mozilla/5.0 (X11; Linux x86_64) AppleWebKit/537.36 (KHTML, like Gecko) Chrome/131.0.0.0 Safari/537.36"
15.223.230.48 - - [16/Jul/2026:12:23:45 +0000] "GET /_profiler/phpinfo HTTP/2" 404 15076 "-" "Mozilla/5.0 (X11; Linux x86_64) AppleWebKit/537.36 (KHTML, like Gecko) Chrome/131.0.0.0 Safari/537.36"
15.223.230.48 - - [16/Jul/2026:12:23:46 +0000] "GET /_environment HTTP/2" 301 0 "-" "Mozilla/5.0 (X11; Linux x86_64) AppleWebKit/537.36 (KHTML, like Gecko) Chrome/131.0.0.0 Safari/537.36"
15.223.230.48 - - [16/Jul/2026:12:23:46 +0000] "GET /_environment HTTP/2" 404 15029 "-" "Mozilla/5.0 (X11; Linux x86_64) AppleWebKit/537.36 (KHTML, like Gecko) Chrome/131.0.0.0 Safari/537.36"
15.223.230.48 - - [16/Jul/2026:12:23:46 +0000] "GET /webroot/index.php/_environment HTTP/2" 301 0 "-" "Mozilla/5.0 (X11; Linux x86_64) AppleWebKit/537.36 (KHTML, like Gecko) Chrome/131.0.0.0 Safari/537.36"
15.223.230.48 - - [16/Jul/2026:12:23:47 +0000] "GET /webroot/_environment HTTP/2" 404 15055 "-" "Mozilla/5.0 (X11; Linux x86_64) AppleWebKit/537.36 (KHTML, like Gecko) Chrome/131.0.0.0 Safari/537.36"
15.223.230.48 - - [16/Jul/2026:12:23:47 +0000] "GET /mail/phpinfo.php HTTP/2" 301 0 "-" "Mozilla/5.0 (X11; Linux x86_64) AppleWebKit/537.36 (KHTML, like Gecko) Chrome/131.0.0.0 Safari/537.36"
15.223.230.48 - - [16/Jul/2026:12:23:47 +0000] "GET /mail/phpinfo.php HTTP/2" 404 15066 "-" "Mozilla/5.0 (X11; Linux x86_64) AppleWebKit/537.36 (KHTML, like Gecko) Chrome/131.0.0.0 Safari/537.36"
15.223.230.48 - - [16/Jul/2026:12:23:48 +0000] "GET /cpanel/phpinfo.php HTTP/2" 301 0 "-" "Mozilla/5.0 (X11; Linux x86_64) AppleWebKit/537.36 (KHTML, like Gecko) Chrome/131.0.0.0 Safari/537.36"
15.223.230.48 - - [16/Jul/2026:12:23:48 +0000] "GET /cpanel/phpinfo.php HTTP/2" 404 15028 "-" "Mozilla/5.0 (X11; Linux x86_64) AppleWebKit/537.36 (KHTML, like Gecko) Chrome/131.0.0.0 Safari/537.36"
15.223.230.48 - - [16/Jul/2026:12:23:48 +0000] "GET /hosting/phpinfo.php HTTP/2" 301 0 "-" "Mozilla/5.0 (X11; Linux x86_64) AppleWebKit/537.36 (KHTML, like Gecko) Chrome/131.0.0.0 Safari/537.36"
15.223.230.48 - - [16/Jul/2026:12:23:49 +0000] "GET /hosting/phpinfo.php HTTP/2" 404 15028 "-" "Mozilla/5.0 (X11; Linux x86_64) AppleWebKit/537.36 (KHTML, like Gecko) Chrome/131.0.0.0 Safari/537.36"
15.223.230.48 - - [16/Jul/2026:12:23:49 +0000] "GET /webmail/phpinfo.php HTTP/2" 200 13345 "-" "Mozilla/5.0 (X11; Linux x86_64) AppleWebKit/537.36 (KHTML, like Gecko) Chrome/131.0.0.0 Safari/537.36"
15.223.230.48 - - [16/Jul/2026:12:23:49 +0000] "GET /smtp/phpinfo.php HTTP/2" 301 0 "-" "Mozilla/5.0 (X11; Linux x86_64) AppleWebKit/537.36 (KHTML, like Gecko) Chrome/131.0.0.0 Safari/537.36"
15.223.230.48 - - [16/Jul/2026:12:23:50 +0000] "GET /smtp/phpinfo.php HTTP/2" 404 15066 "-" "Mozilla/5.0 (X11; Linux x86_64) AppleWebKit/537.36 (KHTML, like Gecko) Chrome/131.0.0.0 Safari/537.36"
15.223.230.48 - - [16/Jul/2026:12:23:50 +0000] "GET /phpinfo.php.bak HTTP/2" 301 0 "-" "Mozilla/5.0 (X11; Linux x86_64) AppleWebKit/537.36 (KHTML, like Gecko) Chrome/131.0.0.0 Safari/537.36"
15.223.230.48 - - [16/Jul/2026:12:23:50 +0000] "GET /phpinfo.php.bak HTTP/2" 404 15026 "-" "Mozilla/5.0 (X11; Linux x86_64) AppleWebKit/537.36 (KHTML, like Gecko) Chrome/131.0.0.0 Safari/537.36"
15.223.230.48 - - [16/Jul/2026:12:23:51 +0000] "GET /phpinfo.php.old HTTP/2" 301 0 "-" "Mozilla/5.0 (X11; Linux x86_64) AppleWebKit/537.36 (KHTML, like Gecko) Chrome/131.0.0.0 Safari/537.36"
15.223.230.48 - - [16/Jul/2026:12:23:51 +0000] "GET /phpinfo.php.old HTTP/2" 404 15025 "-" "Mozilla/5.0 (X11; Linux x86_64) AppleWebKit/537.36 (KHTML, like Gecko) Chrome/131.0.0.0 Safari/537.36"
15.223.230.48 - - [16/Jul/2026:12:23:52 +0000] "GET /phpinfo.php~ HTTP/2" 301 0 "-" "Mozilla/5.0 (X11; Linux x86_64) AppleWebKit/537.36 (KHTML, like Gecko) Chrome/131.0.0.0 Safari/537.36"
15.223.230.48 - - [16/Jul/2026:12:23:52 +0000] "GET /phpinfo.php~ HTTP/2" 404 15030 "-" "Mozilla/5.0 (X11; Linux x86_64) AppleWebKit/537.36 (KHTML, like Gecko) Chrome/131.0.0.0 Safari/537.36"
15.223.230.48 - - [16/Jul/2026:12:23:52 +0000] "GET /info.php.bak HTTP/2" 301 0 "-" "Mozilla/5.0 (X11; Linux x86_64) AppleWebKit/537.36 (KHTML, like Gecko) Chrome/131.0.0.0 Safari/537.36"
15.223.230.48 - - [16/Jul/2026:12:23:53 +0000] "GET /info.php.bak HTTP/2" 404 15028 "-" "Mozilla/5.0 (X11; Linux x86_64) AppleWebKit/537.36 (KHTML, like Gecko) Chrome/131.0.0.0 Safari/537.36"
15.223.230.48 - - [16/Jul/2026:12:23:53 +0000] "GET /phpinfo.php.save HTTP/2" 301 0 "-" "Mozilla/5.0 (X11; Linux x86_64) AppleWebKit/537.36 (KHTML, like Gecko) Chrome/131.0.0.0 Safari/537.36"
15.223.230.48 - - [16/Jul/2026:12:23:53 +0000] "GET /phpinfo.php.save HTTP/2" 404 15031 "-" "Mozilla/5.0 (X11; Linux x86_64) AppleWebKit/537.36 (KHTML, like Gecko) Chrome/131.0.0.0 Safari/537.36"
15.223.230.48 - - [16/Jul/2026:12:23:54 +0000] "GET /staging/phpinfo.php HTTP/2" 301 0 "-" "Mozilla/5.0 (X11; Linux x86_64) AppleWebKit/537.36 (KHTML, like Gecko) Chrome/131.0.0.0 Safari/537.36"
15.223.230.48 - - [16/Jul/2026:12:23:54 +0000] "GET /staging/phpinfo.php HTTP/2" 404 15028 "-" "Mozilla/5.0 (X11; Linux x86_64) AppleWebKit/537.36 (KHTML, like Gecko) Chrome/131.0.0.0 Safari/537.36"
15.223.230.48 - - [16/Jul/2026:12:23:54 +0000] "GET /beta/phpinfo.php HTTP/2" 301 0 "-" "Mozilla/5.0 (X11; Linux x86_64) AppleWebKit/537.36 (KHTML, like Gecko) Chrome/131.0.0.0 Safari/537.36"
15.223.230.48 - - [16/Jul/2026:12:23:55 +0000] "GET /beta/phpinfo.php HTTP/2" 404 15066 "-" "Mozilla/5.0 (X11; Linux x86_64) AppleWebKit/537.36 (KHTML, like Gecko) Chrome/131.0.0.0 Safari/537.36"
15.223.230.48 - - [16/Jul/2026:12:23:55 +0000] "GET /uat/phpinfo.php HTTP/2" 301 0 "-" "Mozilla/5.0 (X11; Linux x86_64) AppleWebKit/537.36 (KHTML, like Gecko) Chrome/131.0.0.0 Safari/537.36"
15.223.230.48 - - [16/Jul/2026:12:23:55 +0000] "GET /uat/phpinfo.php HTTP/2" 404 15029 "-" "Mozilla/5.0 (X11; Linux x86_64) AppleWebKit/537.36 (KHTML, like Gecko) Chrome/131.0.0.0 Safari/537.36"
2a03:2880:f800:f:: - - [16/Jul/2026:12:23:56 +0000] "GET /2025/08/22/demo-slots-games-free/ HTTP/2" 200 17315 "-" "Mozilla/5.0 (Macintosh; Intel Mac OS X 10_15_7) AppleWebKit/537.36 (KHTML, like Gecko) Chrome/145.0.0.0 Safari/537.36 (compatible; meta-externalagent/1.1 (+https://developers.facebook.com/docs/sharing/webmasters/crawler))"
15.223.230.48 - - [16/Jul/2026:12:23:56 +0000] "GET /qa/phpinfo.php HTTP/2" 301 0 "-" "Mozilla/5.0 (X11; Linux x86_64) AppleWebKit/537.36 (KHTML, like Gecko) Chrome/131.0.0.0 Safari/537.36"
15.223.230.48 - - [16/Jul/2026:12:23:56 +0000] "GET /qa/phpinfo.php HTTP/2" 404 15033 "-" "Mozilla/5.0 (X11; Linux x86_64) AppleWebKit/537.36 (KHTML, like Gecko) Chrome/131.0.0.0 Safari/537.36"
15.223.230.48 - - [16/Jul/2026:12:23:57 +0000] "GET /preview/phpinfo.php HTTP/2" 301 0 "-" "Mozilla/5.0 (X11; Linux x86_64) AppleWebKit/537.36 (KHTML, like Gecko) Chrome/131.0.0.0 Safari/537.36"
15.223.230.48 - - [16/Jul/2026:12:23:57 +0000] "GET /preview/phpinfo.php HTTP/2" 404 15031 "-" "Mozilla/5.0 (X11; Linux x86_64) AppleWebKit/537.36 (KHTML, like Gecko) Chrome/131.0.0.0 Safari/537.36"
15.223.230.48 - - [16/Jul/2026:12:23:57 +0000] "GET /www/phpinfo.php HTTP/2" 301 0 "-" "Mozilla/5.0 (X11; Linux x86_64) AppleWebKit/537.36 (KHTML, like Gecko) Chrome/131.0.0.0 Safari/537.36"
15.223.230.48 - - [16/Jul/2026:12:23:57 +0000] "GET /www/phpinfo.php HTTP/2" 404 15028 "-" "Mozilla/5.0 (X11; Linux x86_64) AppleWebKit/537.36 (KHTML, like Gecko) Chrome/131.0.0.0 Safari/537.36"
15.223.230.48 - - [16/Jul/2026:12:23:58 +0000] "GET /htdocs/phpinfo.php HTTP/2" 301 0 "-" "Mozilla/5.0 (X11; Linux x86_64) AppleWebKit/537.36 (KHTML, like Gecko) Chrome/131.0.0.0 Safari/537.36"
15.223.230.48 - - [16/Jul/2026:12:23:58 +0000] "GET /htdocs/phpinfo.php HTTP/2" 404 15028 "-" "Mozilla/5.0 (X11; Linux x86_64) AppleWebKit/537.36 (KHTML, like Gecko) Chrome/131.0.0.0 Safari/537.36"
15.223.230.48 - - [16/Jul/2026:12:23:59 +0000] "GET /public_html/phpinfo.php HTTP/2" 301 0 "-" "Mozilla/5.0 (X11; Linux x86_64) AppleWebKit/537.36 (KHTML, like Gecko) Chrome/131.0.0.0 Safari/537.36"
15.223.230.48 - - [16/Jul/2026:12:23:59 +0000] "GET /public_html/phpinfo.php HTTP/2" 404 15019 "-" "Mozilla/5.0 (X11; Linux x86_64) AppleWebKit/537.36 (KHTML, like Gecko) Chrome/131.0.0.0 Safari/537.36"
15.223.230.48 - - [16/Jul/2026:12:23:59 +0000] "GET /site/phpinfo.php HTTP/2" 301 0 "-" "Mozilla/5.0 (X11; Linux x86_64) AppleWebKit/537.36 (KHTML, like Gecko) Chrome/131.0.0.0 Safari/537.36"
15.223.230.48 - - [16/Jul/2026:12:24:00 +0000] "GET /site/phpinfo.php HTTP/2" 404 15066 "-" "Mozilla/5.0 (X11; Linux x86_64) AppleWebKit/537.36 (KHTML, like Gecko) Chrome/131.0.0.0 Safari/537.36"
15.223.230.48 - - [16/Jul/2026:12:24:00 +0000] "GET /docs/phpinfo.php HTTP/2" 301 0 "-" "Mozilla/5.0 (X11; Linux x86_64) AppleWebKit/537.36 (KHTML, like Gecko) Chrome/131.0.0.0 Safari/537.36"
15.223.230.48 - - [16/Jul/2026:12:24:00 +0000] "GET /docs/phpinfo.php HTTP/2" 404 15066 "-" "Mozilla/5.0 (X11; Linux x86_64) AppleWebKit/537.36 (KHTML, like Gecko) Chrome/131.0.0.0 Safari/537.36"
15.223.230.48 - - [16/Jul/2026:12:24:01 +0000] "GET /wp-admin/phpinfo.php HTTP/2" 301 0 "-" "Mozilla/5.0 (X11; Linux x86_64) AppleWebKit/537.36 (KHTML, like Gecko) Chrome/131.0.0.0 Safari/537.36"
15.223.230.48 - - [16/Jul/2026:12:24:02 +0000] "GET /wp-admin/phpinfo.php HTTP/2" 404 15051 "-" "Mozilla/5.0 (X11; Linux x86_64) AppleWebKit/537.36 (KHTML, like Gecko) Chrome/131.0.0.0 Safari/537.36"
15.223.230.48 - - [16/Jul/2026:12:24:03 +0000] "GET /administrator/phpinfo.php HTTP/2" 301 0 "-" "Mozilla/5.0 (X11; Linux x86_64) AppleWebKit/537.36 (KHTML, like Gecko) Chrome/131.0.0.0 Safari/537.36"
15.223.230.48 - - [16/Jul/2026:12:24:03 +0000] "GET /administrator/phpinfo.php HTTP/2" 404 15084 "-" "Mozilla/5.0 (X11; Linux x86_64) AppleWebKit/537.36 (KHTML, like Gecko) Chrome/131.0.0.0 Safari/537.36"
15.223.230.48 - - [16/Jul/2026:12:24:04 +0000] "GET /core/phpinfo.php HTTP/2" 301 0 "-" "Mozilla/5.0 (X11; Linux x86_64) AppleWebKit/537.36 (KHTML, like Gecko) Chrome/131.0.0.0 Safari/537.36"
15.223.230.48 - - [16/Jul/2026:12:24:04 +0000] "GET /core/phpinfo.php HTTP/2" 404 15065 "-" "Mozilla/5.0 (X11; Linux x86_64) AppleWebKit/537.36 (KHTML, like Gecko) Chrome/131.0.0.0 Safari/537.36"
15.223.230.48 - - [16/Jul/2026:12:24:04 +0000] "GET /includes/phpinfo.php HTTP/2" 301 0 "-" "Mozilla/5.0 (X11; Linux x86_64) AppleWebKit/537.36 (KHTML, like Gecko) Chrome/131.0.0.0 Safari/537.36"
15.223.230.48 - - [16/Jul/2026:12:24:05 +0000] "GET /includes/phpinfo.php HTTP/2" 404 15055 "-" "Mozilla/5.0 (X11; Linux x86_64) AppleWebKit/537.36 (KHTML, like Gecko) Chrome/131.0.0.0 Safari/537.36"
65.181.116.207 - - [16/Jul/2026:12:25:21 +0000] "POST /wp-cron.php?doing_wp_cron=1784204721.5219531059265136718750 HTTP/2" 200 0 "-" "WordPress/7.0.1; https://www.max-iptv4k.com"
72.167.132.114 - - [16/Jul/2026:12:25:21 +0000] "GET /wp-login.php HTTP/2" 200 1938 "-" "Mozilla/5.0 (iPhone; CPU iPhone OS 26_4_2 like Mac OS X) AppleWebKit/605.1.15 (KHTML, like Gecko) CriOS/148.0.7778.47 Mobile/15E148 Safari/604.1"
72.167.132.114 - - [16/Jul/2026:12:25:22 +0000] "POST /wp-login.php HTTP/2" 200 2060 "https://www.max-iptv4k.com/wp-login.php" "Mozilla/5.0 (iPhone; CPU iPhone OS 26_4_2 like Mac OS X) AppleWebKit/605.1.15 (KHTML, like Gecko) CriOS/148.0.7778.47 Mobile/15E148 Safari/604.1"
43.130.32.245 - - [16/Jul/2026:12:25:42 +0000] "GET /wp-content/uploads/2025/03/7-2-1.webp HTTP/2" 200 8782 "-" "Mozilla/5.0 (iPhone; CPU iPhone OS 13_2_3 like Mac OS X) AppleWebKit/605.1.15 (KHTML, like Gecko) Version/13.0.3 Mobile/15E148 Safari/604.1"
65.181.116.207 - - [16/Jul/2026:12:26:44 +0000] "POST /wp-cron.php?doing_wp_cron=1784204804.2152829170227050781250 HTTP/2" 200 0 "-" "WordPress/7.0.1; https://www.max-iptv4k.com"
2a03:2880:f800:1b:: - - [16/Jul/2026:12:26:43 +0000] "GET /2025/08/22/new-peterborough-casino/ HTTP/2" 200 17334 "-" "Mozilla/5.0 (Windows NT 10.0; Win64; x64) AppleWebKit/537.36 (KHTML, like Gecko) Chrome/145.0.0.0 Safari/537.36 (compatible; meta-externalagent/1.1 (+https://developers.facebook.com/docs/sharing/webmasters/crawler))"
65.181.116.207 - - [16/Jul/2026:12:27:50 +0000] "POST /wp-cron.php?doing_wp_cron=1784204870.1048469543457031250000 HTTP/2" 200 0 "-" "WordPress/7.0.1; https://www.max-iptv4k.com"
54.39.203.187 - - [16/Jul/2026:12:27:49 +0000] "GET /sitemap.rss HTTP/2" 200 2307 "-" "Mozilla/5.0 (compatible; AhrefsBot/7.0; +http://ahrefs.com/robot/)"
2a03:2880:f800:26:: - - [16/Jul/2026:12:28:14 +0000] "GET /2025/08/22/betchain-casino-login-app/ HTTP/2" 200 17339 "-" "Mozilla/5.0 (Windows NT 10.0; Win64; x64) AppleWebKit/537.36 (KHTML, like Gecko) Chrome/145.0.0.0 Safari/537.36 (compatible; meta-externalagent/1.1 (+https://developers.facebook.com/docs/sharing/webmasters/crawler))"
2a03:2880:f800:21:: - - [16/Jul/2026:12:28:17 +0000] "GET /2025/08/22/bingo-patterns-canada/ HTTP/2" 200 17220 "-" "Mozilla/5.0 (Macintosh; Intel Mac OS X 10_15_7) AppleWebKit/537.36 (KHTML, like Gecko) Chrome/145.0.0.0 Safari/537.36 (compatible; meta-externalagent/1.1 (+https://developers.facebook.com/docs/sharing/webmasters/crawler))"
65.181.116.207 - - [16/Jul/2026:12:30:11 +0000] "POST /wp-cron.php?doing_wp_cron=1784205011.0362598896026611328125 HTTP/2" 200 0 "-" "WordPress/7.0.1; https://www.max-iptv4k.com"
2a03:2880:f800:3d:: - - [16/Jul/2026:12:30:07 +0000] "GET /2025/08/22/play-free-online-casino-slots-games/ HTTP/2" 200 16928 "-" "Mozilla/5.0 (Windows NT 10.0; Win64; x64) AppleWebKit/537.36 (KHTML, like Gecko) Chrome/145.0.0.0 Safari/537.36 (compatible; meta-externalagent/1.1 (+https://developers.facebook.com/docs/sharing/webmasters/crawler))"
2a03:2880:f800:2b:: - - [16/Jul/2026:12:30:35 +0000] "GET /2025/08/22/helsingin-casino-review-and-free-chips-bonus/ HTTP/2" 200 17323 "-" "Mozilla/5.0 (Windows NT 10.0; Win64; x64) AppleWebKit/537.36 (KHTML, like Gecko) Chrome/145.0.0.0 Safari/537.36 (compatible; meta-externalagent/1.1 (+https://developers.facebook.com/docs/sharing/webmasters/crawler))"
65.181.116.207 - - [16/Jul/2026:12:33:49 +0000] "POST /wp-cron.php?doing_wp_cron=1784205229.8839709758758544921875 HTTP/2" 200 0 "-" "WordPress/7.0.1; https://www.max-iptv4k.com"
2a03:2880:f800:10:: - - [16/Jul/2026:12:33:49 +0000] "GET /2025/08/22/mobile-phone-slots/ HTTP/2" 200 17318 "-" "Mozilla/5.0 (Macintosh; Intel Mac OS X 10_15_7) AppleWebKit/537.36 (KHTML, like Gecko) Chrome/145.0.0.0 Safari/537.36 (compatible; meta-externalagent/1.1 (+https://developers.facebook.com/docs/sharing/webmasters/crawler))"
2a03:2880:f800:11:: - - [16/Jul/2026:12:33:56 +0000] "GET /2025/08/22/best-reelplay-casino-sites/ HTTP/2" 200 17029 "-" "Mozilla/5.0 (Windows NT 10.0; Win64; x64) AppleWebKit/537.36 (KHTML, like Gecko) Chrome/145.0.0.0 Safari/537.36 (compatible; meta-externalagent/1.1 (+https://developers.facebook.com/docs/sharing/webmasters/crawler))"
65.181.116.207 - - [16/Jul/2026:12:35:19 +0000] "POST /wp-cron.php?doing_wp_cron=1784205319.0042150020599365234375 HTTP/2" 200 0 "-" "WordPress/7.0.1; https://www.max-iptv4k.com"
216.73.216.41 - - [16/Jul/2026:12:35:18 +0000] "GET /robots.txt HTTP/2" 200 127 "-" "Mozilla/5.0 AppleWebKit/537.36 (KHTML, like Gecko; compatible; ClaudeBot/1.0; [email protected])"
216.73.216.41 - - [16/Jul/2026:12:35:19 +0000] "GET /sitemap.rss HTTP/2" 200 2308 "-" "Mozilla/5.0 AppleWebKit/537.36 (KHTML, like Gecko; compatible; ClaudeBot/1.0; [email protected])"
170.106.181.163 - - [16/Jul/2026:12:36:09 +0000] "GET /wp-content/uploads/2025/03/10-2-1.webp HTTP/2" 200 13362 "-" "Mozilla/5.0 (iPhone; CPU iPhone OS 13_2_3 like Mac OS X) AppleWebKit/605.1.15 (KHTML, like Gecko) Version/13.0.3 Mobile/15E148 Safari/604.1"
65.181.116.207 - - [16/Jul/2026:12:38:26 +0000] "POST /wp-cron.php?doing_wp_cron=1784205506.2986350059509277343750 HTTP/2" 200 0 "-" "WordPress/7.0.1; https://www.max-iptv4k.com"
2a03:2880:f800:31:: - - [16/Jul/2026:12:38:25 +0000] "GET /2025/08/22/good-casino-sites-new-zealand/ HTTP/2" 200 17296 "-" "Mozilla/5.0 (Macintosh; Intel Mac OS X 10_15_7) AppleWebKit/537.36 (KHTML, like Gecko) Chrome/145.0.0.0 Safari/537.36 (compatible; meta-externalagent/1.1 (+https://developers.facebook.com/docs/sharing/webmasters/crawler))"
65.181.116.207 - - [16/Jul/2026:12:40:41 +0000] "POST /wp-cron.php?doing_wp_cron=1784205640.9124751091003417968750 HTTP/2" 200 0 "-" "WordPress/7.0.1; https://www.max-iptv4k.com"
2a03:2880:f800:30:: - - [16/Jul/2026:12:40:39 +0000] "GET /2025/08/22/new-mobile-casino-sites-uk/ HTTP/2" 200 17343 "-" "Mozilla/5.0 (Macintosh; Intel Mac OS X 10_15_7) AppleWebKit/537.36 (KHTML, like Gecko) Chrome/145.0.0.0 Safari/537.36 (compatible; meta-externalagent/1.1 (+https://developers.facebook.com/docs/sharing/webmasters/crawler))"
65.181.116.207 - - [16/Jul/2026:12:40:53 +0000] "POST /wp-cron.php?doing_wp_cron=1784205653.3711218833923339843750 HTTP/2" 200 0 "-" "WordPress/7.0.1; https://www.max-iptv4k.com"
216.73.216.41 - - [16/Jul/2026:12:40:52 +0000] "GET /sitemap.xml HTTP/2" 200 397 "-" "Mozilla/5.0 AppleWebKit/537.36 (KHTML, like Gecko; compatible; ClaudeBot/1.0; [email protected])"
2a03:2880:f800:6:: - - [16/Jul/2026:12:40:59 +0000] "GET /2025/08/22/online-casino-free-money/ HTTP/2" 200 17327 "-" "Mozilla/5.0 (Macintosh; Intel Mac OS X 10_15_7) AppleWebKit/537.36 (KHTML, like Gecko) Chrome/145.0.0.0 Safari/537.36 (compatible; meta-externalagent/1.1 (+https://developers.facebook.com/docs/sharing/webmasters/crawler))"
2a03:2880:f800:23:: - - [16/Jul/2026:12:41:27 +0000] "GET /2025/08/22/bet365-european-roulette-rules-canada/ HTTP/2" 200 17043 "-" "Mozilla/5.0 (Macintosh; Intel Mac OS X 10_15_7) AppleWebKit/537.36 (KHTML, like Gecko) Chrome/145.0.0.0 Safari/537.36 (compatible; meta-externalagent/1.1 (+https://developers.facebook.com/docs/sharing/webmasters/crawler))"
2a03:2880:f800:28:: - - [16/Jul/2026:12:41:28 +0000] "GET /2025/08/22/online-real-cash-winning-games-new-zealand/ HTTP/2" 200 17272 "-" "Mozilla/5.0 (X11; Linux x86_64) AppleWebKit/537.36 (KHTML, like Gecko) Chrome/145.0.0.0 Safari/537.36 (compatible; meta-externalagent/1.1 (+https://developers.facebook.com/docs/sharing/webmasters/crawler))"
65.181.116.207 - - [16/Jul/2026:12:43:19 +0000] "POST /wp-cron.php?doing_wp_cron=1784205799.2633740901947021484375 HTTP/2" 200 0 "-" "WordPress/7.0.1; https://www.max-iptv4k.com"
2a03:2880:f800:25:: - - [16/Jul/2026:12:43:18 +0000] "GET /2025/08/22/dragon-tiger-online-casino/ HTTP/2" 200 17008 "-" "Mozilla/5.0 (Windows NT 10.0; Win64; x64) AppleWebKit/537.36 (KHTML, like Gecko) Chrome/145.0.0.0 Safari/537.36 (compatible; meta-externalagent/1.1 (+https://developers.facebook.com/docs/sharing/webmasters/crawler))"
65.181.116.207 - - [16/Jul/2026:12:43:43 +0000] "POST /wp-cron.php?doing_wp_cron=1784205823.6187870502471923828125 HTTP/2" 200 0 "-" "WordPress/7.0.1; https://www.max-iptv4k.com"
2a03:2880:f800:31:: - - [16/Jul/2026:12:43:42 +0000] "GET /2025/08/22/luckspins-casino-100-free-spins-bonus-2025/ HTTP/2" 200 16983 "-" "Mozilla/5.0 (Windows NT 10.0; Win64; x64) AppleWebKit/537.36 (KHTML, like Gecko) Chrome/145.0.0.0 Safari/537.36 (compatible; meta-externalagent/1.1 (+https://developers.facebook.com/docs/sharing/webmasters/crawler))"
2a03:2880:f800:2e:: - - [16/Jul/2026:12:44:17 +0000] "GET /2025/08/22/free-online-casino-bonus-codes-no-deposit-canada/ HTTP/2" 200 17453 "-" "Mozilla/5.0 (Macintosh; Intel Mac OS X 10_15_7) AppleWebKit/537.36 (KHTML, like Gecko) Chrome/145.0.0.0 Safari/537.36 (compatible; meta-externalagent/1.1 (+https://developers.facebook.com/docs/sharing/webmasters/crawler))"
2a03:2880:f800:35:: - - [16/Jul/2026:12:44:21 +0000] "GET /2025/08/22/what-online-slots-are-most-likely-to-win/ HTTP/2" 200 17295 "-" "Mozilla/5.0 (Windows NT 10.0; Win64; x64) AppleWebKit/537.36 (KHTML, like Gecko) Chrome/145.0.0.0 Safari/537.36 (compatible; meta-externalagent/1.1 (+https://developers.facebook.com/docs/sharing/webmasters/crawler))"
2a03:2880:f800:2b:: - - [16/Jul/2026:12:44:36 +0000] "GET /2025/08/22/zodiac-casino-login-australia/ HTTP/2" 200 17143 "-" "Mozilla/5.0 (X11; Linux x86_64) AppleWebKit/537.36 (KHTML, like Gecko) Chrome/145.0.0.0 Safari/537.36 (compatible; meta-externalagent/1.1 (+https://developers.facebook.com/docs/sharing/webmasters/crawler))"
65.181.116.207 - - [16/Jul/2026:12:45:36 +0000] "POST /wp-cron.php?doing_wp_cron=1784205936.7277700901031494140625 HTTP/2" 200 0 "-" "WordPress/7.0.1; https://www.max-iptv4k.com"
2a03:2880:f800:a:: - - [16/Jul/2026:12:45:35 +0000] "GET /2025/08/22/freespin-casino-review-and-free-chips-bonus/ HTTP/2" 200 17461 "-" "Mozilla/5.0 (Macintosh; Intel Mac OS X 10_15_7) AppleWebKit/537.36 (KHTML, like Gecko) Chrome/145.0.0.0 Safari/537.36 (compatible; meta-externalagent/1.1 (+https://developers.facebook.com/docs/sharing/webmasters/crawler))"
2a03:2880:f800:29:: - - [16/Jul/2026:12:45:40 +0000] "GET /2025/08/22/video-slots-for-free/ HTTP/2" 200 16924 "-" "Mozilla/5.0 (Windows NT 10.0; Win64; x64) AppleWebKit/537.36 (KHTML, like Gecko) Chrome/145.0.0.0 Safari/537.36 (compatible; meta-externalagent/1.1 (+https://developers.facebook.com/docs/sharing/webmasters/crawler))"
65.181.116.207 - - [16/Jul/2026:12:45:50 +0000] "POST /wp-cron.php?doing_wp_cron=1784205950.0141930580139160156250 HTTP/2" 200 0 "-" "WordPress/7.0.1; https://www.max-iptv4k.com"
2a03:2880:f800:13:: - - [16/Jul/2026:12:45:49 +0000] "GET /2025/08/22/winning-slots-casino-slot-machines-casino-game/ HTTP/2" 200 17365 "-" "Mozilla/5.0 (Windows NT 10.0; Win64; x64) AppleWebKit/537.36 (KHTML, like Gecko) Chrome/145.0.0.0 Safari/537.36 (compatible; meta-externalagent/1.1 (+https://developers.facebook.com/docs/sharing/webmasters/crawler))"
2a03:2880:f800:2f:: - - [16/Jul/2026:12:45:50 +0000] "GET /2025/08/22/highest-rtp-online-slot/ HTTP/2" 200 17218 "-" "Mozilla/5.0 (Windows NT 10.0; Win64; x64) AppleWebKit/537.36 (KHTML, like Gecko) Chrome/145.0.0.0 Safari/537.36 (compatible; meta-externalagent/1.1 (+https://developers.facebook.com/docs/sharing/webmasters/crawler))"
2a03:2880:f800:c:: - - [16/Jul/2026:12:45:52 +0000] "GET /2025/08/22/bra-casino-no-deposit-bonus-100-free-spins/ HTTP/2" 200 17531 "-" "Mozilla/5.0 (Windows NT 10.0; Win64; x64) AppleWebKit/537.36 (KHTML, like Gecko) Chrome/145.0.0.0 Safari/537.36 (compatible; meta-externalagent/1.1 (+https://developers.facebook.com/docs/sharing/webmasters/crawler))"
170.106.113.235 - - [16/Jul/2026:12:46:09 +0000] "GET /comments/feed/ HTTP/2" 200 733 "-" "Mozilla/5.0 (iPhone; CPU iPhone OS 13_2_3 like Mac OS X) AppleWebKit/605.1.15 (KHTML, like Gecko) Version/13.0.3 Mobile/15E148 Safari/604.1"
2a03:2880:f800:1a:: - - [16/Jul/2026:12:46:32 +0000] "GET /2025/08/22/merkur-dewsbury/ HTTP/2" 200 17340 "-" "Mozilla/5.0 (Windows NT 10.0; Win64; x64) AppleWebKit/537.36 (KHTML, like Gecko) Chrome/145.0.0.0 Safari/537.36 (compatible; meta-externalagent/1.1 (+https://developers.facebook.com/docs/sharing/webmasters/crawler))"
65.181.116.207 - - [16/Jul/2026:12:46:49 +0000] "POST /wp-cron.php?doing_wp_cron=1784206009.2085700035095214843750 HTTP/2" 200 0 "-" "WordPress/7.0.1; https://www.max-iptv4k.com"
2a03:2880:f800:36:: - - [16/Jul/2026:12:46:46 +0000] "GET /2025/08/22/slots-baby-casino-no-deposit-bonus-100-free-spins/ HTTP/2" 200 17375 "-" "Mozilla/5.0 (Macintosh; Intel Mac OS X 10_15_7) AppleWebKit/537.36 (KHTML, like Gecko) Chrome/145.0.0.0 Safari/537.36 (compatible; meta-externalagent/1.1 (+https://developers.facebook.com/docs/sharing/webmasters/crawler))"
2a03:2880:f800:44:: - - [16/Jul/2026:12:47:37 +0000] "GET /2025/08/22/bonkersbet-casino-no-deposit-bonus-100-free-spins/ HTTP/2" 200 17716 "-" "Mozilla/5.0 (Windows NT 10.0; Win64; x64) AppleWebKit/537.36 (KHTML, like Gecko) Chrome/145.0.0.0 Safari/537.36 (compatible; meta-externalagent/1.1 (+https://developers.facebook.com/docs/sharing/webmasters/crawler))"
65.181.116.207 - - [16/Jul/2026:12:47:51 +0000] "POST /wp-cron.php?doing_wp_cron=1784206071.2517540454864501953125 HTTP/2" 200 0 "-" "WordPress/7.0.1; https://www.max-iptv4k.com"
2a03:2880:f812:4a:: - - [16/Jul/2026:12:47:48 +0000] "GET /2025/08/22/best-muchbetter-online-casino/ HTTP/2" 200 17483 "-" "Mozilla/5.0 (X11; Linux x86_64) AppleWebKit/537.36 (KHTML, like Gecko) Chrome/145.0.0.0 Safari/537.36 (compatible; meta-externalagent/1.1 (+https://developers.facebook.com/docs/sharing/webmasters/crawler))"
2a03:2880:f800:27:: - - [16/Jul/2026:12:48:07 +0000] "GET /2025/08/22/slot-for-fun-free-australia/ HTTP/2" 200 17466 "-" "Mozilla/5.0 (Windows NT 10.0; Win64; x64) AppleWebKit/537.36 (KHTML, like Gecko) Chrome/145.0.0.0 Safari/537.36 (compatible; meta-externalagent/1.1 (+https://developers.facebook.com/docs/sharing/webmasters/crawler))"
2a03:2880:f800:14:: - - [16/Jul/2026:12:48:08 +0000] "GET /2025/08/22/online-video-slot-tips/ HTTP/2" 200 17011 "-" "Mozilla/5.0 (Windows NT 10.0; Win64; x64) AppleWebKit/537.36 (KHTML, like Gecko) Chrome/145.0.0.0 Safari/537.36 (compatible; meta-externalagent/1.1 (+https://developers.facebook.com/docs/sharing/webmasters/crawler))"
2a03:2880:f800:3d:: - - [16/Jul/2026:12:48:27 +0000] "GET /2025/08/22/european-roulette-android/ HTTP/2" 200 17336 "-" "Mozilla/5.0 (Windows NT 10.0; Win64; x64) AppleWebKit/537.36 (KHTML, like Gecko) Chrome/145.0.0.0 Safari/537.36 (compatible; meta-externalagent/1.1 (+https://developers.facebook.com/docs/sharing/webmasters/crawler))"
65.181.116.207 - - [16/Jul/2026:12:48:45 +0000] "POST /wp-cron.php?doing_wp_cron=1784206125.6526329517364501953125 HTTP/2" 200 0 "-" "WordPress/7.0.1; https://www.max-iptv4k.com"
2a03:2880:f812:6a:: - - [16/Jul/2026:12:48:44 +0000] "GET /2025/08/22/biggest-uk-online-casino/ HTTP/2" 200 17846 "-" "Mozilla/5.0 (Windows NT 10.0; Win64; x64) AppleWebKit/537.36 (KHTML, like Gecko) Chrome/145.0.0.0 Safari/537.36 Edg/145.0.0.0 (compatible; meta-externalagent/1.1 (+https://developers.facebook.com/docs/sharing/webmasters/crawler))"
2a03:2880:f800:5:: - - [16/Jul/2026:12:48:57 +0000] "GET /2025/08/22/casino-free-spins-no-deposit-bonus-codes/ HTTP/2" 200 17210 "-" "Mozilla/5.0 (Macintosh; Intel Mac OS X 10_15_7) AppleWebKit/537.36 (KHTML, like Gecko) Chrome/145.0.0.0 Safari/537.36 (compatible; meta-externalagent/1.1 (+https://developers.facebook.com/docs/sharing/webmasters/crawler))"
65.181.116.207 - - [16/Jul/2026:12:49:44 +0000] "POST /wp-cron.php?doing_wp_cron=1784206184.5312240123748779296875 HTTP/2" 200 0 "-" "WordPress/7.0.1; https://www.max-iptv4k.com"
2a03:2880:f812:14:: - - [16/Jul/2026:12:49:43 +0000] "GET /2025/08/22/highest-payout-casinos-canada/ HTTP/2" 200 17253 "-" "Mozilla/5.0 (Windows NT 10.0; Win64; x64) AppleWebKit/537.36 (KHTML, like Gecko) Chrome/145.0.0.0 Safari/537.36 (compatible; meta-externalagent/1.1 (+https://developers.facebook.com/docs/sharing/webmasters/crawler))"
2a03:2880:f800:47:: - - [16/Jul/2026:12:49:54 +0000] "GET /2025/08/22/best-online-slot-machines-new-zealand/ HTTP/2" 200 17338 "-" "Mozilla/5.0 (Macintosh; Intel Mac OS X 10_15_7) AppleWebKit/537.36 (KHTML, like Gecko) Chrome/145.0.0.0 Safari/537.36 (compatible; meta-externalagent/1.1 (+https://developers.facebook.com/docs/sharing/webmasters/crawler))"
194.164.192.228 - - [16/Jul/2026:12:49:56 +0000] "GET /wp-login.php HTTP/2" 200 1938 "-" "Mozilla/5.0 (Macintosh; Intel Mac OS X 10_15_7) AppleWebKit/537.36 (KHTML, like Gecko) Chrome/145.0.0.0 Safari/537.36"
2a03:2880:f800:a:: - - [16/Jul/2026:12:50:30 +0000] "GET /2025/08/22/borgata-casino-no-deposit-bonus-codes-for-free-spins-2025/ HTTP/2" 200 17376 "-" "Mozilla/5.0 (Macintosh; Intel Mac OS X 10_15_7) AppleWebKit/537.36 (KHTML, like Gecko) Chrome/145.0.0.0 Safari/537.36 (compatible; meta-externalagent/1.1 (+https://developers.facebook.com/docs/sharing/webmasters/crawler))"
65.181.116.207 - - [16/Jul/2026:12:51:23 +0000] "POST /wp-cron.php?doing_wp_cron=1784206283.7323911190032958984375 HTTP/2" 200 0 "-" "WordPress/7.0.1; https://www.max-iptv4k.com"
2a03:2880:f800:10:: - - [16/Jul/2026:12:51:22 +0000] "GET /2025/08/22/best-online-casino-uk-real-money/ HTTP/2" 200 17196 "-" "Mozilla/5.0 (Windows NT 10.0; Win64; x64) AppleWebKit/537.36 (KHTML, like Gecko) Chrome/145.0.0.0 Safari/537.36 (compatible; meta-externalagent/1.1 (+https://developers.facebook.com/docs/sharing/webmasters/crawler))"
43.155.140.157 - - [16/Jul/2026:12:51:33 +0000] "GET /wp-content/uploads/2025/03/Hexa-Max-996-x-423-px-1-300x127.webp HTTP/2" 200 5118 "-" "Mozilla/5.0 (iPhone; CPU iPhone OS 13_2_3 like Mac OS X) AppleWebKit/605.1.15 (KHTML, like Gecko) Version/13.0.3 Mobile/15E148 Safari/604.1"
65.181.116.207 - - [16/Jul/2026:12:54:33 +0000] "POST /wp-cron.php?doing_wp_cron=1784206473.5688600540161132812500 HTTP/2" 200 0 "-" "WordPress/7.0.1; https://www.max-iptv4k.com"
2a03:2880:f800:22:: - - [16/Jul/2026:12:54:30 +0000] "GET /2025/08/22/evolution-gaming-new-westminster-canada/ HTTP/2" 200 16870 "-" "Mozilla/5.0 (Windows NT 10.0; Win64; x64) AppleWebKit/537.36 (KHTML, like Gecko) Chrome/145.0.0.0 Safari/537.36 (compatible; meta-externalagent/1.1 (+https://developers.facebook.com/docs/sharing/webmasters/crawler))"
65.181.116.207 - - [16/Jul/2026:12:55:00 +0000] "POST /wp-cron.php?doing_wp_cron=1784206500.5182089805603027343750 HTTP/2" 200 0 "-" "WordPress/7.0.1; https://www.max-iptv4k.com"
2a03:2880:f800:31:: - - [16/Jul/2026:12:54:58 +0000] "GET /2025/08/22/how-many-online-casinos-are-in-the-canada/ HTTP/2" 200 17086 "-" "Mozilla/5.0 (Windows NT 10.0; Win64; x64) AppleWebKit/537.36 (KHTML, like Gecko) Chrome/145.0.0.0 Safari/537.36 (compatible; meta-externalagent/1.1 (+https://developers.facebook.com/docs/sharing/webmasters/crawler))"
2a03:2880:f800:2e:: - - [16/Jul/2026:12:55:23 +0000] "GET /2025/08/22/77-bingo-call-ireland/ HTTP/2" 200 17290 "-" "Mozilla/5.0 (Windows NT 10.0; Win64; x64) AppleWebKit/537.36 (KHTML, like Gecko) Chrome/145.0.0.0 Safari/537.36 (compatible; meta-externalagent/1.1 (+https://developers.facebook.com/docs/sharing/webmasters/crawler))"
65.181.116.207 - - [16/Jul/2026:12:56:14 +0000] "POST /wp-cron.php?doing_wp_cron=1784206573.8638560771942138671875 HTTP/2" 200 0 "-" "WordPress/7.0.1; https://www.max-iptv4k.com"
2a03:2880:f800:2a:: - - [16/Jul/2026:12:56:11 +0000] "GET /2025/08/22/canada-casino-free-spins-2025/ HTTP/2" 200 17488 "-" "Mozilla/5.0 (Windows NT 10.0; Win64; x64) AppleWebKit/537.36 (KHTML, like Gecko) Chrome/145.0.0.0 Safari/537.36 (compatible; meta-externalagent/1.1 (+https://developers.facebook.com/docs/sharing/webmasters/crawler))"
2a03:2880:f800:47:: - - [16/Jul/2026:12:56:26 +0000] "GET /2025/08/22/list-of-all-canada-slot-sites/ HTTP/2" 200 17483 "-" "Mozilla/5.0 (Windows NT 10.0; Win64; x64) AppleWebKit/537.36 (KHTML, like Gecko) Chrome/145.0.0.0 Safari/537.36 (compatible; meta-externalagent/1.1 (+https://developers.facebook.com/docs/sharing/webmasters/crawler))"
65.181.116.207 - - [16/Jul/2026:12:56:59 +0000] "POST /wp-cron.php?doing_wp_cron=1784206619.0819070339202880859375 HTTP/2" 200 0 "-" "WordPress/7.0.1; https://www.max-iptv4k.com"
2a03:2880:f800:30:: - - [16/Jul/2026:12:56:57 +0000] "GET /2025/08/22/free-casino-sign-up-bonus-new-zealand/ HTTP/2" 200 17018 "-" "Mozilla/5.0 (Windows NT 10.0; Win64; x64) AppleWebKit/537.36 (KHTML, like Gecko) Chrome/145.0.0.0 Safari/537.36 (compatible; meta-externalagent/1.1 (+https://developers.facebook.com/docs/sharing/webmasters/crawler))"
2a03:2880:f800:35:: - - [16/Jul/2026:12:57:20 +0000] "GET /2025/08/22/bet-n-play-casino-100-free-spins-bonus-2025/ HTTP/2" 200 17376 "-" "Mozilla/5.0 (Macintosh; Intel Mac OS X 10_15_7) AppleWebKit/537.36 (KHTML, like Gecko) Chrome/145.0.0.0 Safari/537.36 (compatible; meta-externalagent/1.1 (+https://developers.facebook.com/docs/sharing/webmasters/crawler))"
65.181.116.207 - - [16/Jul/2026:12:58:44 +0000] "POST /wp-cron.php?doing_wp_cron=1784206724.2891860008239746093750 HTTP/2" 200 0 "-" "WordPress/7.0.1; https://www.max-iptv4k.com"
47.86.33.52 - - [16/Jul/2026:12:58:43 +0000] "GET /wp-login.php HTTP/2" 200 1938 "-" "Mozilla/5.0 (iPhone; CPU iPhone OS 18_0 like Mac OS X) AppleWebKit/605.1.15 (KHTML, like Gecko) CriOS/147.0.6917.0 Mobile/15E148 Safari/604.1"
47.86.33.52 - - [16/Jul/2026:12:58:45 +0000] "POST /wp-login.php HTTP/2" 200 2060 "https://www.max-iptv4k.com/wp-login.php" "Mozilla/5.0 (iPhone; CPU iPhone OS 18_0 like Mac OS X) AppleWebKit/605.1.15 (KHTML, like Gecko) CriOS/147.0.6917.0 Mobile/15E148 Safari/604.1"
65.181.116.207 - - [16/Jul/2026:13:01:07 +0000] "POST /wp-cron.php?doing_wp_cron=1784206867.5311648845672607421875 HTTP/2" 200 0 "-" "WordPress/7.0.1; https://www.max-iptv4k.com"
2a03:2880:f800:1a:: - - [16/Jul/2026:13:01:03 +0000] "GET /2025/08/22/free-online-slots-play-1000-slot-machines-for-fun/ HTTP/2" 200 17350 "-" "Mozilla/5.0 (Macintosh; Intel Mac OS X 10_15_7) AppleWebKit/537.36 (KHTML, like Gecko) Chrome/145.0.0.0 Safari/537.36 (compatible; meta-externalagent/1.1 (+https://developers.facebook.com/docs/sharing/webmasters/crawler))"
65.181.116.207 - - [16/Jul/2026:13:02:28 +0000] "POST /wp-cron.php?doing_wp_cron=1784206948.8190920352935791015625 HTTP/2" 200 0 "-" "WordPress/7.0.1; https://www.max-iptv4k.com"
2a03:2880:f800:2f:: - - [16/Jul/2026:13:02:27 +0000] "GET /2025/08/22/bingo-bonus-codes-new-zealand/ HTTP/2" 200 17352 "-" "Mozilla/5.0 (Windows NT 10.0; Win64; x64) AppleWebKit/537.36 (KHTML, like Gecko) Chrome/145.0.0.0 Safari/537.36 (compatible; meta-externalagent/1.1 (+https://developers.facebook.com/docs/sharing/webmasters/crawler))"
65.181.116.207 - - [16/Jul/2026:13:04:34 +0000] "POST /wp-cron.php?doing_wp_cron=1784207074.0597660541534423828125 HTTP/2" 200 0 "-" "WordPress/7.0.1; https://www.max-iptv4k.com"
2a03:2880:f800:e:: - - [16/Jul/2026:13:04:32 +0000] "GET /2025/08/22/free-casino-bonuses-online/ HTTP/2" 200 17330 "-" "Mozilla/5.0 (Windows NT 10.0; Win64; x64) AppleWebKit/537.36 (KHTML, like Gecko) Chrome/145.0.0.0 Safari/537.36 Edg/145.0.0.0 (compatible; meta-externalagent/1.1 (+https://developers.facebook.com/docs/sharing/webmasters/crawler))"
65.181.116.207 - - [16/Jul/2026:13:05:19 +0000] "POST /wp-cron.php?doing_wp_cron=1784207119.0865049362182617187500 HTTP/2" 200 0 "-" "WordPress/7.0.1; https://www.max-iptv4k.com"
2a03:2880:f800:11:: - - [16/Jul/2026:13:05:17 +0000] "GET /2025/08/22/paypal-accepted-casinos-australia/ HTTP/2" 200 16949 "-" "Mozilla/5.0 (Macintosh; Intel Mac OS X 10_15_7) AppleWebKit/537.36 (KHTML, like Gecko) Chrome/145.0.0.0 Safari/537.36 (compatible; meta-externalagent/1.1 (+https://developers.facebook.com/docs/sharing/webmasters/crawler))"
65.181.116.207 - - [16/Jul/2026:13:06:07 +0000] "POST /wp-cron.php?doing_wp_cron=1784207167.3515799045562744140625 HTTP/2" 200 0 "-" "WordPress/7.0.1; https://www.max-iptv4k.com"
2a03:2880:f800:14:: - - [16/Jul/2026:13:06:06 +0000] "GET /2025/08/22/99club-casino-100-free-spins-bonus-2025/ HTTP/2" 200 17493 "-" "Mozilla/5.0 (Windows NT 10.0; Win64; x64) AppleWebKit/537.36 (KHTML, like Gecko) Chrome/145.0.0.0 Safari/537.36 (compatible; meta-externalagent/1.1 (+https://developers.facebook.com/docs/sharing/webmasters/crawler))"
43.157.95.239 - - [16/Jul/2026:13:06:40 +0000] "GET /wp-content/uploads/2025/03/20-disney-1.webp HTTP/2" 200 36764 "-" "Mozilla/5.0 (iPhone; CPU iPhone OS 13_2_3 like Mac OS X) AppleWebKit/605.1.15 (KHTML, like Gecko) Version/13.0.3 Mobile/15E148 Safari/604.1"
65.181.116.207 - - [16/Jul/2026:13:07:54 +0000] "POST /wp-cron.php?doing_wp_cron=1784207274.0667119026184082031250 HTTP/2" 200 0 "-" "WordPress/7.0.1; https://www.max-iptv4k.com"
2a03:2880:f800:10:: - - [16/Jul/2026:13:07:51 +0000] "GET /2025/08/22/cia-casino-no-deposit-bonus-codes-for-free-spins-2025/ HTTP/2" 200 17367 "-" "Mozilla/5.0 (Windows NT 10.0; Win64; x64) AppleWebKit/537.36 (KHTML, like Gecko) Chrome/145.0.0.0 Safari/537.36 (compatible; meta-externalagent/1.1 (+https://developers.facebook.com/docs/sharing/webmasters/crawler))"
2a03:2880:f800:8:: - - [16/Jul/2026:13:07:54 +0000] "GET /2025/08/22/rummy-online-cash-game/ HTTP/2" 200 17321 "-" "Mozilla/5.0 (Windows NT 10.0; Win64; x64) AppleWebKit/537.36 (KHTML, like Gecko) Chrome/145.0.0.0 Safari/537.36 (compatible; meta-externalagent/1.1 (+https://developers.facebook.com/docs/sharing/webmasters/crawler))"
2a03:2880:f800:30:: - - [16/Jul/2026:13:08:02 +0000] "GET /2025/08/22/magicwin-casino-100-free-spins-bonus-2025/ HTTP/2" 200 17043 "-" "Mozilla/5.0 (Windows NT 10.0; Win64; x64) AppleWebKit/537.36 (KHTML, like Gecko) Chrome/145.0.0.0 Safari/537.36 (compatible; meta-externalagent/1.1 (+https://developers.facebook.com/docs/sharing/webmasters/crawler))"
65.181.116.207 - - [16/Jul/2026:13:10:04 +0000] "POST /wp-cron.php?doing_wp_cron=1784207404.0661180019378662109375 HTTP/2" 200 0 "-" "WordPress/7.0.1; https://www.max-iptv4k.com"
43.156.37.91 - - [16/Jul/2026:13:10:00 +0000] "GET /?p=1 HTTP/2" 301 0 "-" "Mozilla/5.0 (iPhone; CPU iPhone OS 13_2_3 like Mac OS X) AppleWebKit/605.1.15 (KHTML, like Gecko) Version/13.0.3 Mobile/15E148 Safari/604.1"
2a03:2880:f800:3:: - - [16/Jul/2026:13:10:05 +0000] "GET /2025/08/22/united-kingdom-gambling-regulators/ HTTP/2" 200 17696 "-" "Mozilla/5.0 (Windows NT 10.0; Win64; x64) AppleWebKit/537.36 (KHTML, like Gecko) Chrome/145.0.0.0 Safari/537.36 (compatible; meta-externalagent/1.1 (+https://developers.facebook.com/docs/sharing/webmasters/crawler))"
43.156.37.91 - - [16/Jul/2026:13:10:07 +0000] "GET /2025/03/26/hello-world/ HTTP/2" 200 17471 "https://www.max-iptv4k.com/?p=1" "Mozilla/5.0 (iPhone; CPU iPhone OS 13_2_3 like Mac OS X) AppleWebKit/605.1.15 (KHTML, like Gecko) Version/13.0.3 Mobile/15E148 Safari/604.1"
65.181.116.207 - - [16/Jul/2026:13:11:28 +0000] "POST /wp-cron.php?doing_wp_cron=1784207488.5144228935241699218750 HTTP/2" 200 0 "-" "WordPress/7.0.1; https://www.max-iptv4k.com"
2a03:2880:f800:16:: - - [16/Jul/2026:13:11:26 +0000] "GET /2025/08/22/best-no-deposit-mobile-casino-bonuses/ HTTP/2" 200 17524 "-" "Mozilla/5.0 (Windows NT 10.0; Win64; x64) AppleWebKit/537.36 (KHTML, like Gecko) Chrome/145.0.0.0 Safari/537.36 (compatible; meta-externalagent/1.1 (+https://developers.facebook.com/docs/sharing/webmasters/crawler))"
65.181.116.207 - - [16/Jul/2026:13:11:45 +0000] "POST /wp-cron.php?doing_wp_cron=1784207505.6220610141754150390625 HTTP/2" 200 0 "-" "WordPress/7.0.1; https://www.max-iptv4k.com"
2a03:2880:f800:12:: - - [16/Jul/2026:13:11:43 +0000] "GET /2025/08/22/french-roulette-online/ HTTP/2" 200 16981 "-" "Mozilla/5.0 (Macintosh; Intel Mac OS X 10_15_7) AppleWebKit/537.36 (KHTML, like Gecko) Chrome/145.0.0.0 Safari/537.36 (compatible; meta-externalagent/1.1 (+https://developers.facebook.com/docs/sharing/webmasters/crawler))"
152.228.213.32 - - [16/Jul/2026:13:11:52 +0000] "GET /wp-login.php HTTP/2" 200 1938 "-" "Mozilla/5.0 (Linux; Android 10; K) AppleWebKit/537.36 (KHTML, like Gecko) Chrome/144.0.0.0 Mobile Safari/537.36"
152.228.213.32 - - [16/Jul/2026:13:11:54 +0000] "POST /wp-login.php HTTP/2" 200 2060 "https://www.max-iptv4k.com/wp-login.php" "Mozilla/5.0 (Linux; Android 10; K) AppleWebKit/537.36 (KHTML, like Gecko) Chrome/144.0.0.0 Mobile Safari/537.36"
65.181.116.207 - - [16/Jul/2026:13:13:18 +0000] "POST /wp-cron.php?doing_wp_cron=1784207598.1980910301208496093750 HTTP/2" 200 0 "-" "WordPress/7.0.1; https://www.max-iptv4k.com"
2a03:2880:f800:f:: - - [16/Jul/2026:13:13:16 +0000] "GET /2025/08/22/bahia-de-cadiz-casino-no-deposit-bonus-100-free-spins/ HTTP/2" 200 17378 "-" "Mozilla/5.0 (Macintosh; Intel Mac OS X 10_15_7) AppleWebKit/537.36 (KHTML, like Gecko) Chrome/145.0.0.0 Safari/537.36 (compatible; meta-externalagent/1.1 (+https://developers.facebook.com/docs/sharing/webmasters/crawler))"
65.181.116.207 - - [16/Jul/2026:13:14:31 +0000] "POST /wp-cron.php?doing_wp_cron=1784207671.0683319568634033203125 HTTP/2" 200 0 "-" "WordPress/7.0.1; https://www.max-iptv4k.com"
2a03:2880:f800:2e:: - - [16/Jul/2026:13:14:29 +0000] "GET /2025/08/22/blackjack-hands/ HTTP/2" 200 17375 "-" "Mozilla/5.0 (Windows NT 10.0; Win64; x64) AppleWebKit/537.36 (KHTML, like Gecko) Chrome/145.0.0.0 Safari/537.36 (compatible; meta-externalagent/1.1 (+https://developers.facebook.com/docs/sharing/webmasters/crawler))"
65.181.116.207 - - [16/Jul/2026:13:14:58 +0000] "POST /wp-cron.php?doing_wp_cron=1784207697.8838570117950439453125 HTTP/2" 200 0 "-" "WordPress/7.0.1; https://www.max-iptv4k.com"
2a03:2880:f800:2:: - - [16/Jul/2026:13:14:55 +0000] "GET /2025/08/22/uk-online-casino-1-dollar-deposit/ HTTP/2" 200 17331 "-" "Mozilla/5.0 (Windows NT 10.0; Win64; x64) AppleWebKit/537.36 (KHTML, like Gecko) Chrome/145.0.0.0 Safari/537.36 (compatible; meta-externalagent/1.1 (+https://developers.facebook.com/docs/sharing/webmasters/crawler))"
2a03:2880:f800:22:: - - [16/Jul/2026:13:15:33 +0000] "GET /2025/08/22/slot-wild-swarm-2-by-push-gaming-demo-free-play/ HTTP/2" 200 17304 "-" "Mozilla/5.0 (Macintosh; Intel Mac OS X 10_15_7) AppleWebKit/537.36 (KHTML, like Gecko) Chrome/145.0.0.0 Safari/537.36 (compatible; meta-externalagent/1.1 (+https://developers.facebook.com/docs/sharing/webmasters/crawler))"
65.181.116.207 - - [16/Jul/2026:13:16:57 +0000] "POST /wp-cron.php?doing_wp_cron=1784207817.1497480869293212890625 HTTP/2" 200 0 "-" "WordPress/7.0.1; https://www.max-iptv4k.com"
2a03:2880:f800:21:: - - [16/Jul/2026:13:16:54 +0000] "GET /2025/08/22/slot-machine-game-australia/ HTTP/2" 200 17271 "-" "Mozilla/5.0 (X11; Linux x86_64) AppleWebKit/537.36 (KHTML, like Gecko) Chrome/145.0.0.0 Safari/537.36 (compatible; meta-externalagent/1.1 (+https://developers.facebook.com/docs/sharing/webmasters/crawler))"
2a03:2880:f800:5:: - - [16/Jul/2026:13:17:09 +0000] "GET /2025/08/22/casinos-online/ HTTP/2" 200 17181 "-" "Mozilla/5.0 (X11; Linux x86_64) AppleWebKit/537.36 (KHTML, like Gecko) Chrome/145.0.0.0 Safari/537.36 (compatible; meta-externalagent/1.1 (+https://developers.facebook.com/docs/sharing/webmasters/crawler))"
2a03:2880:f800:14:: - - [16/Jul/2026:13:17:12 +0000] "GET /2025/08/22/dollar-10-deposit-united-kingdom-casino/ HTTP/2" 200 17219 "-" "Mozilla/5.0 (Windows NT 10.0; Win64; x64) AppleWebKit/537.36 (KHTML, like Gecko) Chrome/145.0.0.0 Safari/537.36 (compatible; meta-externalagent/1.1 (+https://developers.facebook.com/docs/sharing/webmasters/crawler))"
65.181.116.207 - - [16/Jul/2026:13:17:55 +0000] "POST /wp-cron.php?doing_wp_cron=1784207875.4252190589904785156250 HTTP/2" 200 0 "-" "WordPress/7.0.1; https://www.max-iptv4k.com"
2a03:2880:f800:25:: - - [16/Jul/2026:13:17:53 +0000] "GET /2025/08/22/how-to-win-blackjack-casino/ HTTP/2" 200 17189 "-" "Mozilla/5.0 (Windows NT 10.0; Win64; x64) AppleWebKit/537.36 (KHTML, like Gecko) Chrome/145.0.0.0 Safari/537.36 (compatible; meta-externalagent/1.1 (+https://developers.facebook.com/docs/sharing/webmasters/crawler))"
2a03:2880:f800:47:: - - [16/Jul/2026:13:18:03 +0000] "GET /2025/08/22/ufapremier-casino-review-and-free-chips-bonus/ HTTP/2" 200 17430 "-" "Mozilla/5.0 (Windows NT 10.0; Win64; x64) AppleWebKit/537.36 (KHTML, like Gecko) Chrome/145.0.0.0 Safari/537.36 (compatible; meta-externalagent/1.1 (+https://developers.facebook.com/docs/sharing/webmasters/crawler))"
2a03:2880:f800:29:: - - [16/Jul/2026:13:18:18 +0000] "GET /2025/08/22/casinos-paypal-new-zealand/ HTTP/2" 200 17305 "-" "Mozilla/5.0 (Macintosh; Intel Mac OS X 10_15_7) AppleWebKit/537.36 (KHTML, like Gecko) Chrome/145.0.0.0 Safari/537.36 (compatible; meta-externalagent/1.1 (+https://developers.facebook.com/docs/sharing/webmasters/crawler))"
65.181.116.207 - - [16/Jul/2026:13:19:39 +0000] "POST /wp-cron.php?doing_wp_cron=1784207979.6075320243835449218750 HTTP/2" 200 0 "-" "WordPress/7.0.1; https://www.max-iptv4k.com"
