65.181.116.207 - - [17/Jul/2026:00:35:22 +0000] "POST /wp-cron.php?doing_wp_cron=1784248521.9311010837554931640625 HTTP/2" 200 0 "-" "WordPress/7.0.1; https://www.max-iptv4k.com"
2a03:2880:f800:8:: - - [17/Jul/2026:00:35:13 +0000] "GET /2025/08/22/5-deposit-casino-slots-uk/ HTTP/2" 200 17361 "-" "Mozilla/5.0 (Macintosh; Intel Mac OS X 10_15_7) AppleWebKit/537.36 (KHTML, like Gecko) Chrome/145.0.0.0 Safari/537.36 (compatible; meta-externalagent/1.1 (+https://developers.facebook.com/docs/sharing/webmasters/crawler))"
2a03:2880:f800:8:: - - [17/Jul/2026:00:35:27 +0000] "GET /2025/08/22/free-online-craps-with-odds-australia/ HTTP/2" 200 17485 "-" "Mozilla/5.0 (Windows NT 10.0; Win64; x64) AppleWebKit/537.36 (KHTML, like Gecko) Chrome/145.0.0.0 Safari/537.36 (compatible; meta-externalagent/1.1 (+https://developers.facebook.com/docs/sharing/webmasters/crawler))"
2a03:2880:f800:32:: - - [17/Jul/2026:00:35:58 +0000] "GET /2025/08/22/casino-french-roulette/ HTTP/2" 200 17137 "-" "Mozilla/5.0 (Windows NT 10.0; Win64; x64) AppleWebKit/537.36 (KHTML, like Gecko) Chrome/145.0.0.0 Safari/537.36 (compatible; meta-externalagent/1.1 (+https://developers.facebook.com/docs/sharing/webmasters/crawler))"
65.181.116.207 - - [17/Jul/2026:00:36:26 +0000] "POST /wp-cron.php?doing_wp_cron=1784248586.2234759330749511718750 HTTP/2" 200 0 "-" "WordPress/7.0.1; https://www.max-iptv4k.com"
2a03:2880:f800:34:: - - [17/Jul/2026:00:36:18 +0000] "GET /2025/08/22/real-cash-casinos/ HTTP/2" 200 17644 "-" "Mozilla/5.0 (Windows NT 10.0; Win64; x64) AppleWebKit/537.36 (KHTML, like Gecko) Chrome/145.0.0.0 Safari/537.36 (compatible; meta-externalagent/1.1 (+https://developers.facebook.com/docs/sharing/webmasters/crawler))"
65.181.116.207 - - [17/Jul/2026:00:37:23 +0000] "POST /wp-cron.php?doing_wp_cron=1784248642.9152278900146484375000 HTTP/2" 200 0 "-" "WordPress/7.0.1; https://www.max-iptv4k.com"
136.116.198.170 - - [17/Jul/2026:00:37:20 +0000] "GET / HTTP/2" 301 0 "-" "Mozilla/5.0 (Windows NT 10.0; Win64; x64) AppleWebKit/537.36 (KHTML, like Gecko) Chrome/145.0.0.0 Safari/537.36"
136.116.198.170 - - [17/Jul/2026:00:37:25 +0000] "POST / HTTP/2" 200 27165 "https://max-iptv4k.com/" "Mozilla/5.0 (Macintosh; Intel Mac OS X 10_15_7) AppleWebKit/537.36 (KHTML, like Gecko) Chrome/144.0.0.0 Safari/537.36"
136.116.198.170 - - [17/Jul/2026:00:37:26 +0000] "POST / HTTP/2" 200 27329 "https://max-iptv4k.com/" "Mozilla/5.0 (Macintosh; Intel Mac OS X 10_15_7) AppleWebKit/537.36 (KHTML, like Gecko) Chrome/146.0.0.0 Safari/537.36"
65.181.116.207 - - [17/Jul/2026:00:38:20 +0000] "POST /wp-cron.php?doing_wp_cron=1784248700.0948350429534912109375 HTTP/2" 200 0 "-" "WordPress/7.0.1; https://www.max-iptv4k.com"
2a03:2880:f800:44:: - - [17/Jul/2026:00:38:13 +0000] "GET /2025/08/22/amunra-casino-no-deposit-bonus-100-free-spins/ HTTP/2" 200 16985 "-" "Mozilla/5.0 (Windows NT 10.0; Win64; x64) AppleWebKit/537.36 (KHTML, like Gecko) Chrome/145.0.0.0 Safari/537.36 (compatible; meta-externalagent/1.1 (+https://developers.facebook.com/docs/sharing/webmasters/crawler))"
65.181.116.207 - - [17/Jul/2026:00:39:12 +0000] "POST /wp-cron.php?doing_wp_cron=1784248752.1066410541534423828125 HTTP/2" 200 0 "-" "WordPress/7.0.1; https://www.max-iptv4k.com"
20.46.252.52 - - [17/Jul/2026:00:39:07 +0000] "GET /wk/index.php HTTP/2" 301 0 "-" "Mozilla/5.0 (Windows NT 10.0; Win64; x64) AppleWebKit/537.36 (KHTML, like Gecko) Chrome/120.0.0.0 Safari/537.36"
20.46.252.52 - - [17/Jul/2026:00:39:12 +0000] "GET /inputs.php HTTP/2" 301 0 "-" "Mozilla/5.0 (Windows NT 10.0; Win64; x64) AppleWebKit/537.36 (KHTML, like Gecko) Chrome/120.0.0.0 Safari/537.36"
20.46.252.52 - - [17/Jul/2026:00:39:15 +0000] "GET /ioxi-o.php HTTP/2" 301 0 "-" "Mozilla/5.0 (Windows NT 10.0; Win64; x64) AppleWebKit/537.36 (KHTML, like Gecko) Chrome/120.0.0.0 Safari/537.36"
20.46.252.52 - - [17/Jul/2026:00:39:18 +0000] "GET /function/function.php HTTP/2" 301 0 "-" "Mozilla/5.0 (Windows NT 10.0; Win64; x64) AppleWebKit/537.36 (KHTML, like Gecko) Chrome/120.0.0.0 Safari/537.36"
20.46.252.52 - - [17/Jul/2026:00:39:21 +0000] "GET /rip.php HTTP/2" 301 0 "-" "Mozilla/5.0 (Windows NT 10.0; Win64; x64) AppleWebKit/537.36 (KHTML, like Gecko) Chrome/120.0.0.0 Safari/537.36"
20.46.252.52 - - [17/Jul/2026:00:39:24 +0000] "GET /admin.php HTTP/2" 301 0 "-" "Mozilla/5.0 (Windows NT 10.0; Win64; x64) AppleWebKit/537.36 (KHTML, like Gecko) Chrome/120.0.0.0 Safari/537.36"
43.134.56.214 - - [17/Jul/2026:00:39:24 +0000] "GET / HTTP/2" 200 27242 "http://max-iptv4k.com" "Mozilla/5.0 (iPhone; CPU iPhone OS 13_2_3 like Mac OS X) AppleWebKit/605.1.15 (KHTML, like Gecko) Version/13.0.3 Mobile/15E148 Safari/604.1"
2a03:2880:f800:18:: - - [17/Jul/2026:00:39:23 +0000] "GET /2025/08/22/all-united-kingdom-casino-bonus-codes/ HTTP/2" 200 17330 "-" "Mozilla/5.0 (Windows NT 10.0; Win64; x64) AppleWebKit/537.36 (KHTML, like Gecko) Chrome/145.0.0.0 Safari/537.36 (compatible; meta-externalagent/1.1 (+https://developers.facebook.com/docs/sharing/webmasters/crawler))"
20.46.252.52 - - [17/Jul/2026:00:39:26 +0000] "GET /wp-content/uploads/index.php HTTP/2" 301 0 "-" "Mozilla/5.0 (Windows NT 10.0; Win64; x64) AppleWebKit/537.36 (KHTML, like Gecko) Chrome/120.0.0.0 Safari/537.36"
20.46.252.52 - - [17/Jul/2026:00:39:29 +0000] "GET /cache.php HTTP/2" 301 0 "-" "Mozilla/5.0 (Windows NT 10.0; Win64; x64) AppleWebKit/537.36 (KHTML, like Gecko) Chrome/120.0.0.0 Safari/537.36"
20.46.252.52 - - [17/Jul/2026:00:39:33 +0000] "GET /themes.php HTTP/2" 301 0 "-" "Mozilla/5.0 (Windows NT 10.0; Win64; x64) AppleWebKit/537.36 (KHTML, like Gecko) Chrome/120.0.0.0 Safari/537.36"
20.46.252.52 - - [17/Jul/2026:00:39:36 +0000] "GET /an.php HTTP/2" 301 0 "-" "Mozilla/5.0 (Windows NT 10.0; Win64; x64) AppleWebKit/537.36 (KHTML, like Gecko) Chrome/120.0.0.0 Safari/537.36"
20.46.252.52 - - [17/Jul/2026:00:39:39 +0000] "GET /index/function.php HTTP/2" 301 0 "-" "Mozilla/5.0 (Windows NT 10.0; Win64; x64) AppleWebKit/537.36 (KHTML, like Gecko) Chrome/120.0.0.0 Safari/537.36"
20.46.252.52 - - [17/Jul/2026:00:39:43 +0000] "GET /randkeyword.PhP7 HTTP/2" 301 0 "-" "Mozilla/5.0 (Windows NT 10.0; Win64; x64) AppleWebKit/537.36 (KHTML, like Gecko) Chrome/120.0.0.0 Safari/537.36"
20.46.252.52 - - [17/Jul/2026:00:39:47 +0000] "GET /ws.php HTTP/2" 301 0 "-" "Mozilla/5.0 (Windows NT 10.0; Win64; x64) AppleWebKit/537.36 (KHTML, like Gecko) Chrome/120.0.0.0 Safari/537.36"
20.46.252.52 - - [17/Jul/2026:00:39:51 +0000] "GET /404.php HTTP/2" 301 0 "-" "Mozilla/5.0 (Windows NT 10.0; Win64; x64) AppleWebKit/537.36 (KHTML, like Gecko) Chrome/120.0.0.0 Safari/537.36"
20.46.252.52 - - [17/Jul/2026:00:39:54 +0000] "GET /wp-admin/user/index.php HTTP/2" 302 0 "-" "Mozilla/5.0 (Windows NT 10.0; Win64; x64) AppleWebKit/537.36 (KHTML, like Gecko) Chrome/120.0.0.0 Safari/537.36"
20.46.252.52 - - [17/Jul/2026:00:39:59 +0000] "GET /wp-conf.php HTTP/2" 301 0 "-" "Mozilla/5.0 (Windows NT 10.0; Win64; x64) AppleWebKit/537.36 (KHTML, like Gecko) Chrome/120.0.0.0 Safari/537.36"
20.46.252.52 - - [17/Jul/2026:00:40:05 +0000] "GET /wp-content/themes/hideo/network.php HTTP/2" 301 0 "-" "Mozilla/5.0 (Windows NT 10.0; Win64; x64) AppleWebKit/537.36 (KHTML, like Gecko) Chrome/120.0.0.0 Safari/537.36"
65.181.116.207 - - [17/Jul/2026:00:40:14 +0000] "POST /wp-cron.php?doing_wp_cron=1784248813.8593249320983886718750 HTTP/2" 200 0 "-" "WordPress/7.0.1; https://www.max-iptv4k.com"
20.46.252.52 - - [17/Jul/2026:00:40:09 +0000] "GET /wp-login.php HTTP/2" 200 1938 "-" "Mozilla/5.0 (Windows NT 10.0; Win64; x64) AppleWebKit/537.36 (KHTML, like Gecko) Chrome/120.0.0.0 Safari/537.36"
20.46.252.52 - - [17/Jul/2026:00:40:14 +0000] "GET /abc.php HTTP/2" 301 0 "-" "Mozilla/5.0 (Windows NT 10.0; Win64; x64) AppleWebKit/537.36 (KHTML, like Gecko) Chrome/120.0.0.0 Safari/537.36"
44.217.255.167 - - [17/Jul/2026:00:40:19 +0000] "GET /wp-content/uploads/2025/03/1-SHOOS-US-Black-150x150.png HTTP/2" 200 5471 "-" "Mozilla/5.0 AppleWebKit/537.36 (KHTML, like Gecko; compatible; Amazonbot/0.1; +https://developer.amazon.com/support/amazonbot) Chrome/119.0.6045.214 Safari/537.36"
20.46.252.52 - - [17/Jul/2026:00:40:17 +0000] "GET /abcd.php HTTP/2" 301 0 "-" "Mozilla/5.0 (Windows NT 10.0; Win64; x64) AppleWebKit/537.36 (KHTML, like Gecko) Chrome/120.0.0.0 Safari/537.36"
20.46.252.52 - - [17/Jul/2026:00:40:20 +0000] "GET /as.php HTTP/2" 301 0 "-" "Mozilla/5.0 (Windows NT 10.0; Win64; x64) AppleWebKit/537.36 (KHTML, like Gecko) Chrome/120.0.0.0 Safari/537.36"
20.46.252.52 - - [17/Jul/2026:00:40:23 +0000] "GET /wp-trackback.php HTTP/2" 404 91 "-" "Mozilla/5.0 (Windows NT 10.0; Win64; x64) AppleWebKit/537.36 (KHTML, like Gecko) Chrome/120.0.0.0 Safari/537.36"
18.207.89.138 - - [17/Jul/2026:00:40:23 +0000] "GET /wp-json/oembed/1.0/embed?url=https://www.max-iptv4k.com/ HTTP/2" 200 1025 "-" "Mozilla/5.0 AppleWebKit/537.36 (KHTML, like Gecko; compatible; Amazonbot/0.1; +https://developer.amazon.com/support/amazonbot) Chrome/119.0.6045.214 Safari/537.36"
20.46.252.52 - - [17/Jul/2026:00:40:25 +0000] "GET /about.php HTTP/2" 301 0 "-" "Mozilla/5.0 (Windows NT 10.0; Win64; x64) AppleWebKit/537.36 (KHTML, like Gecko) Chrome/120.0.0.0 Safari/537.36"
20.46.252.52 - - [17/Jul/2026:00:40:28 +0000] "GET /file.php HTTP/2" 301 0 "-" "Mozilla/5.0 (Windows NT 10.0; Win64; x64) AppleWebKit/537.36 (KHTML, like Gecko) Chrome/120.0.0.0 Safari/537.36"
20.46.252.52 - - [17/Jul/2026:00:40:32 +0000] "GET /adminfuns.php HTTP/2" 301 0 "-" "Mozilla/5.0 (Windows NT 10.0; Win64; x64) AppleWebKit/537.36 (KHTML, like Gecko) Chrome/120.0.0.0 Safari/537.36"
20.46.252.52 - - [17/Jul/2026:00:40:35 +0000] "GET /wp-good.php HTTP/2" 301 0 "-" "Mozilla/5.0 (Windows NT 10.0; Win64; x64) AppleWebKit/537.36 (KHTML, like Gecko) Chrome/120.0.0.0 Safari/537.36"
20.46.252.52 - - [17/Jul/2026:00:40:37 +0000] "GET /xmlrpc.php HTTP/2" 403 1242 "-" "Mozilla/5.0 (Windows NT 10.0; Win64; x64) AppleWebKit/537.36 (KHTML, like Gecko) Chrome/120.0.0.0 Safari/537.36"
20.46.252.52 - - [17/Jul/2026:00:40:37 +0000] "GET /goods.php HTTP/2" 301 0 "-" "Mozilla/5.0 (Windows NT 10.0; Win64; x64) AppleWebKit/537.36 (KHTML, like Gecko) Chrome/120.0.0.0 Safari/537.36"
20.46.252.52 - - [17/Jul/2026:00:40:40 +0000] "GET /class-t.api.php HTTP/2" 301 0 "-" "Mozilla/5.0 (Windows NT 10.0; Win64; x64) AppleWebKit/537.36 (KHTML, like Gecko) Chrome/120.0.0.0 Safari/537.36"
20.46.252.52 - - [17/Jul/2026:00:40:42 +0000] "GET /sf.php HTTP/2" 301 0 "-" "Mozilla/5.0 (Windows NT 10.0; Win64; x64) AppleWebKit/537.36 (KHTML, like Gecko) Chrome/120.0.0.0 Safari/537.36"
20.46.252.52 - - [17/Jul/2026:00:40:45 +0000] "GET /kbfr.php HTTP/2" 301 0 "-" "Mozilla/5.0 (Windows NT 10.0; Win64; x64) AppleWebKit/537.36 (KHTML, like Gecko) Chrome/120.0.0.0 Safari/537.36"
20.46.252.52 - - [17/Jul/2026:00:40:48 +0000] "GET /autoload_classmap.php HTTP/2" 301 0 "-" "Mozilla/5.0 (Windows NT 10.0; Win64; x64) AppleWebKit/537.36 (KHTML, like Gecko) Chrome/120.0.0.0 Safari/537.36"
20.46.252.52 - - [17/Jul/2026:00:40:51 +0000] "GET /chosen.php?p= HTTP/2" 301 0 "-" "Mozilla/5.0 (Windows NT 10.0; Win64; x64) AppleWebKit/537.36 (KHTML, like Gecko) Chrome/120.0.0.0 Safari/537.36"
20.46.252.52 - - [17/Jul/2026:00:40:54 +0000] "GET /classwithtostring.php HTTP/2" 301 0 "-" "Mozilla/5.0 (Windows NT 10.0; Win64; x64) AppleWebKit/537.36 (KHTML, like Gecko) Chrome/120.0.0.0 Safari/537.36"
20.46.252.52 - - [17/Jul/2026:00:40:57 +0000] "GET /defaults.php HTTP/2" 301 0 "-" "Mozilla/5.0 (Windows NT 10.0; Win64; x64) AppleWebKit/537.36 (KHTML, like Gecko) Chrome/120.0.0.0 Safari/537.36"
20.46.252.52 - - [17/Jul/2026:00:41:00 +0000] "GET /wp-includes/ HTTP/2" 404 1251 "-" "Mozilla/5.0 (Windows NT 10.0; Win64; x64) AppleWebKit/537.36 (KHTML, like Gecko) Chrome/120.0.0.0 Safari/537.36"
20.46.252.52 - - [17/Jul/2026:00:41:00 +0000] "GET /.well-known/ HTTP/2" 404 1251 "-" "Mozilla/5.0 (Windows NT 10.0; Win64; x64) AppleWebKit/537.36 (KHTML, like Gecko) Chrome/120.0.0.0 Safari/537.36"
20.46.252.52 - - [17/Jul/2026:00:41:00 +0000] "GET /info.php HTTP/2" 301 0 "-" "Mozilla/5.0 (Windows NT 10.0; Win64; x64) AppleWebKit/537.36 (KHTML, like Gecko) Chrome/120.0.0.0 Safari/537.36"
20.46.252.52 - - [17/Jul/2026:00:41:05 +0000] "GET /cgi-bin/ HTTP/2" 403 1242 "-" "Mozilla/5.0 (Windows NT 10.0; Win64; x64) AppleWebKit/537.36 (KHTML, like Gecko) Chrome/120.0.0.0 Safari/537.36"
20.46.252.52 - - [17/Jul/2026:00:41:05 +0000] "GET /uploads/ HTTP/2" 301 0 "-" "Mozilla/5.0 (Windows NT 10.0; Win64; x64) AppleWebKit/537.36 (KHTML, like Gecko) Chrome/120.0.0.0 Safari/537.36"
20.46.252.52 - - [17/Jul/2026:00:41:08 +0000] "GET /wp-admin/images/ HTTP/2" 404 1251 "-" "Mozilla/5.0 (Windows NT 10.0; Win64; x64) AppleWebKit/537.36 (KHTML, like Gecko) Chrome/120.0.0.0 Safari/537.36"
65.181.116.207 - - [17/Jul/2026:00:41:12 +0000] "POST /wp-cron.php?doing_wp_cron=1784248872.0398609638214111328125 HTTP/2" 200 0 "-" "WordPress/7.0.1; https://www.max-iptv4k.com"
20.46.252.52 - - [17/Jul/2026:00:41:09 +0000] "GET /wp-includes/Requests/src/Response/about.php HTTP/2" 301 0 "-" "Mozilla/5.0 (Windows NT 10.0; Win64; x64) AppleWebKit/537.36 (KHTML, like Gecko) Chrome/120.0.0.0 Safari/537.36"
20.46.252.52 - - [17/Jul/2026:00:41:12 +0000] "GET /wp-includes/html-api/ HTTP/2" 404 1251 "-" "Mozilla/5.0 (Windows NT 10.0; Win64; x64) AppleWebKit/537.36 (KHTML, like Gecko) Chrome/120.0.0.0 Safari/537.36"
20.46.252.52 - - [17/Jul/2026:00:41:12 +0000] "GET /wp-content/admin.php HTTP/2" 301 0 "-" "Mozilla/5.0 (Windows NT 10.0; Win64; x64) AppleWebKit/537.36 (KHTML, like Gecko) Chrome/120.0.0.0 Safari/537.36"
20.46.252.52 - - [17/Jul/2026:00:41:15 +0000] "GET /wp-admin/css/colors/ectoplasm/ HTTP/2" 404 1251 "-" "Mozilla/5.0 (Windows NT 10.0; Win64; x64) AppleWebKit/537.36 (KHTML, like Gecko) Chrome/120.0.0.0 Safari/537.36"
20.46.252.52 - - [17/Jul/2026:00:41:15 +0000] "GET /wp-content/uploads/ HTTP/2" 404 1251 "-" "Mozilla/5.0 (Windows NT 10.0; Win64; x64) AppleWebKit/537.36 (KHTML, like Gecko) Chrome/120.0.0.0 Safari/537.36"
20.46.252.52 - - [17/Jul/2026:00:41:15 +0000] "GET /wp-content/themes/admin.php HTTP/2" 301 0 "-" "Mozilla/5.0 (Windows NT 10.0; Win64; x64) AppleWebKit/537.36 (KHTML, like Gecko) Chrome/120.0.0.0 Safari/537.36"
20.46.252.52 - - [17/Jul/2026:00:41:18 +0000] "GET /wp-content/themes/index.php HTTP/2" 200 0 "-" "Mozilla/5.0 (Windows NT 10.0; Win64; x64) AppleWebKit/537.36 (KHTML, like Gecko) Chrome/120.0.0.0 Safari/537.36"
20.46.252.52 - - [17/Jul/2026:00:41:18 +0000] "GET /wp-content/plugins/index.php HTTP/2" 200 0 "-" "Mozilla/5.0 (Windows NT 10.0; Win64; x64) AppleWebKit/537.36 (KHTML, like Gecko) Chrome/120.0.0.0 Safari/537.36"
20.46.252.52 - - [17/Jul/2026:00:41:18 +0000] "GET /wp-includes/PHPMailer/ HTTP/2" 404 1251 "-" "Mozilla/5.0 (Windows NT 10.0; Win64; x64) AppleWebKit/537.36 (KHTML, like Gecko) Chrome/120.0.0.0 Safari/537.36"
20.46.252.52 - - [17/Jul/2026:00:41:18 +0000] "GET /wp-includes/images/ HTTP/2" 404 1251 "-" "Mozilla/5.0 (Windows NT 10.0; Win64; x64) AppleWebKit/537.36 (KHTML, like Gecko) Chrome/120.0.0.0 Safari/537.36"
20.46.252.52 - - [17/Jul/2026:00:41:18 +0000] "GET /wp-content/plugins/WordPressCore/ HTTP/2" 301 0 "-" "Mozilla/5.0 (Windows NT 10.0; Win64; x64) AppleWebKit/537.36 (KHTML, like Gecko) Chrome/120.0.0.0 Safari/537.36"
43.163.86.65 - - [17/Jul/2026:00:41:52 +0000] "GET /wp-content/uploads/2025/03/Hexa-Max-996-x-423-px-1-1.webp HTTP/2" 200 15360 "-" "Mozilla/5.0 (iPhone; CPU iPhone OS 13_2_3 like Mac OS X) AppleWebKit/605.1.15 (KHTML, like Gecko) Version/13.0.3 Mobile/15E148 Safari/604.1"
65.181.116.207 - - [17/Jul/2026:00:43:43 +0000] "POST /wp-cron.php?doing_wp_cron=1784249023.8177120685577392578125 HTTP/2" 200 0 "-" "WordPress/7.0.1; https://www.max-iptv4k.com"
2a03:2880:f800:11:: - - [17/Jul/2026:00:43:37 +0000] "GET /2025/08/22/best-offers-on-gambling-sites/ HTTP/2" 200 17107 "-" "Mozilla/5.0 (Macintosh; Intel Mac OS X 10_15_7) AppleWebKit/537.36 (KHTML, like Gecko) Chrome/145.0.0.0 Safari/537.36 (compatible; meta-externalagent/1.1 (+https://developers.facebook.com/docs/sharing/webmasters/crawler))"
2a03:2880:f800:27:: - - [17/Jul/2026:00:43:48 +0000] "GET /2025/08/22/free-spins-no-deposit-bonus-united-kingdom/ HTTP/2" 200 17650 "-" "Mozilla/5.0 (Windows NT 10.0; Win64; x64) AppleWebKit/537.36 (KHTML, like Gecko) Chrome/145.0.0.0 Safari/537.36 (compatible; meta-externalagent/1.1 (+https://developers.facebook.com/docs/sharing/webmasters/crawler))"
2a03:2880:f800:16:: - - [17/Jul/2026:00:43:51 +0000] "GET /2025/08/22/peppermill-casino-no-deposit-bonus-codes-for-free-spins-2025/ HTTP/2" 200 17670 "-" "Mozilla/5.0 (Windows NT 10.0; Win64; x64) AppleWebKit/537.36 (KHTML, like Gecko) Chrome/145.0.0.0 Safari/537.36 (compatible; meta-externalagent/1.1 (+https://developers.facebook.com/docs/sharing/webmasters/crawler))"
2a03:2880:f800:34:: - - [17/Jul/2026:00:45:38 +0000] "GET /2025/08/22/android-casino-canada/ HTTP/2" 200 17288 "-" "Mozilla/5.0 (Macintosh; Intel Mac OS X 10_15_7) AppleWebKit/537.36 (KHTML, like Gecko) Chrome/145.0.0.0 Safari/537.36 (compatible; meta-externalagent/1.1 (+https://developers.facebook.com/docs/sharing/webmasters/crawler))"
65.181.116.207 - - [17/Jul/2026:00:46:27 +0000] "POST /wp-cron.php?doing_wp_cron=1784249186.9222509860992431640625 HTTP/2" 200 0 "-" "WordPress/7.0.1; https://www.max-iptv4k.com"
2a03:2880:f800:31:: - - [17/Jul/2026:00:46:17 +0000] "GET /2025/08/22/australia-online-casino-real-money-2025/ HTTP/2" 200 16998 "-" "Mozilla/5.0 (Windows NT 10.0; Win64; x64) AppleWebKit/537.36 (KHTML, like Gecko) Chrome/145.0.0.0 Safari/537.36 (compatible; meta-externalagent/1.1 (+https://developers.facebook.com/docs/sharing/webmasters/crawler))"
2a03:2880:f800:20:: - - [17/Jul/2026:00:46:49 +0000] "GET /2025/08/22/double-ball-roulette-odds/ HTTP/2" 200 17007 "-" "Mozilla/5.0 (Windows NT 10.0; Win64; x64) AppleWebKit/537.36 (KHTML, like Gecko) Chrome/145.0.0.0 Safari/537.36 (compatible; meta-externalagent/1.1 (+https://developers.facebook.com/docs/sharing/webmasters/crawler))"
65.181.116.207 - - [17/Jul/2026:00:47:45 +0000] "POST /wp-cron.php?doing_wp_cron=1784249265.8085350990295410156250 HTTP/2" 200 0 "-" "WordPress/7.0.1; https://www.max-iptv4k.com"
216.73.216.41 - - [17/Jul/2026:00:47:40 +0000] "GET /robots.txt HTTP/2" 200 127 "-" "Mozilla/5.0 AppleWebKit/537.36 (KHTML, like Gecko; compatible; ClaudeBot/1.0; [email protected])"
216.73.216.41 - - [17/Jul/2026:00:47:46 +0000] "GET /sitemap.rss HTTP/2" 200 2308 "-" "Mozilla/5.0 AppleWebKit/537.36 (KHTML, like Gecko; compatible; ClaudeBot/1.0; [email protected])"
65.181.116.207 - - [17/Jul/2026:00:48:27 +0000] "POST /wp-cron.php?doing_wp_cron=1784249306.8411281108856201171875 HTTP/2" 200 0 "-" "WordPress/7.0.1; https://www.max-iptv4k.com"
216.73.216.41 - - [17/Jul/2026:00:48:22 +0000] "GET /sitemap.xml HTTP/2" 200 398 "-" "Mozilla/5.0 AppleWebKit/537.36 (KHTML, like Gecko; compatible; ClaudeBot/1.0; [email protected])"
65.181.116.207 - - [17/Jul/2026:00:50:00 +0000] "POST /wp-cron.php?doing_wp_cron=1784249400.1863648891448974609375 HTTP/2" 200 0 "-" "WordPress/7.0.1; https://www.max-iptv4k.com"
2a03:2880:f800:18:: - - [17/Jul/2026:00:49:54 +0000] "GET /2025/08/22/free-spins-no-deposit-slots-australia-2025/ HTTP/2" 200 17278 "-" "Mozilla/5.0 (Macintosh; Intel Mac OS X 10_15_7) AppleWebKit/537.36 (KHTML, like Gecko) Chrome/145.0.0.0 Safari/537.36 (compatible; meta-externalagent/1.1 (+https://developers.facebook.com/docs/sharing/webmasters/crawler))"
65.181.116.207 - - [17/Jul/2026:00:50:29 +0000] "POST /wp-cron.php?doing_wp_cron=1784249429.3198089599609375000000 HTTP/2" 200 0 "-" "WordPress/7.0.1; https://www.max-iptv4k.com"
2a03:2880:f800:27:: - - [17/Jul/2026:00:50:21 +0000] "GET /2025/08/22/dunder-casino-united-kingdom/ HTTP/2" 200 17335 "-" "Mozilla/5.0 (Windows NT 10.0; Win64; x64) AppleWebKit/537.36 (KHTML, like Gecko) Chrome/145.0.0.0 Safari/537.36 (compatible; meta-externalagent/1.1 (+https://developers.facebook.com/docs/sharing/webmasters/crawler))"
2a03:2880:f800:e:: - - [17/Jul/2026:00:50:25 +0000] "GET /2025/08/22/best-free-online-casino-australia/ HTTP/2" 200 16796 "-" "Mozilla/5.0 (Macintosh; Intel Mac OS X 10_15_7) AppleWebKit/537.36 (KHTML, like Gecko) Chrome/145.0.0.0 Safari/537.36 (compatible; meta-externalagent/1.1 (+https://developers.facebook.com/docs/sharing/webmasters/crawler))"
65.181.116.207 - - [17/Jul/2026:00:52:24 +0000] "POST /wp-cron.php?doing_wp_cron=1784249544.3702080249786376953125 HTTP/2" 200 0 "-" "WordPress/7.0.1; https://www.max-iptv4k.com"
2a03:2880:f800:8:: - - [17/Jul/2026:00:52:16 +0000] "GET /2025/08/22/lottoland-casino-no-deposit-bonus-codes-for-free-spins-2025/ HTTP/2" 200 17002 "-" "Mozilla/5.0 (Windows NT 10.0; Win64; x64) AppleWebKit/537.36 (KHTML, like Gecko) Chrome/145.0.0.0 Safari/537.36 (compatible; meta-externalagent/1.1 (+https://developers.facebook.com/docs/sharing/webmasters/crawler))"
2a03:2880:f800:13:: - - [17/Jul/2026:00:53:00 +0000] "GET /2025/08/22/free-spins-on-registration-australia/ HTTP/2" 200 17471 "-" "Mozilla/5.0 (Macintosh; Intel Mac OS X 10_15_7) AppleWebKit/537.36 (KHTML, like Gecko) Chrome/145.0.0.0 Safari/537.36 (compatible; meta-externalagent/1.1 (+https://developers.facebook.com/docs/sharing/webmasters/crawler))"
65.181.116.207 - - [17/Jul/2026:00:53:17 +0000] "POST /wp-cron.php?doing_wp_cron=1784249597.2212750911712646484375 HTTP/2" 200 0 "-" "WordPress/7.0.1; https://www.max-iptv4k.com"
2a03:2880:f800:23:: - - [17/Jul/2026:00:53:08 +0000] "GET /2025/08/22/how-much-is-a-gambling-license-in-united-kingdom/ HTTP/2" 200 16886 "-" "Mozilla/5.0 (Windows NT 10.0; Win64; x64) AppleWebKit/537.36 (KHTML, like Gecko) Chrome/145.0.0.0 Safari/537.36 (compatible; meta-externalagent/1.1 (+https://developers.facebook.com/docs/sharing/webmasters/crawler))"
2a03:2880:f800:22:: - - [17/Jul/2026:00:54:02 +0000] "GET /2025/08/22/how-does-the-casino-have-the-edge-in-blackjack/ HTTP/2" 200 17529 "-" "Mozilla/5.0 (Windows NT 10.0; Win64; x64) AppleWebKit/537.36 (KHTML, like Gecko) Chrome/145.0.0.0 Safari/537.36 (compatible; meta-externalagent/1.1 (+https://developers.facebook.com/docs/sharing/webmasters/crawler))"
65.181.116.207 - - [17/Jul/2026:00:55:49 +0000] "POST /wp-cron.php?doing_wp_cron=1784249749.4128849506378173828125 HTTP/2" 200 0 "-" "WordPress/7.0.1; https://www.max-iptv4k.com"
2a03:2880:f800:36:: - - [17/Jul/2026:00:55:43 +0000] "GET /2025/08/22/pokerlike-casino-no-deposit-bonus-100-free-spins/ HTTP/2" 200 17450 "-" "Mozilla/5.0 (Macintosh; Intel Mac OS X 10_15_7) AppleWebKit/537.36 (KHTML, like Gecko) Chrome/145.0.0.0 Safari/537.36 (compatible; meta-externalagent/1.1 (+https://developers.facebook.com/docs/sharing/webmasters/crawler))"
65.181.116.207 - - [17/Jul/2026:00:56:17 +0000] "POST /wp-cron.php?doing_wp_cron=1784249777.3933188915252685546875 HTTP/2" 200 0 "-" "WordPress/7.0.1; https://www.max-iptv4k.com"
2a03:2880:f800:42:: - - [17/Jul/2026:00:56:10 +0000] "GET /2025/08/22/how-much-is-a-gambling-license-australia/ HTTP/2" 200 17193 "-" "Mozilla/5.0 (Windows NT 10.0; Win64; x64) AppleWebKit/537.36 (KHTML, like Gecko) Chrome/145.0.0.0 Safari/537.36 (compatible; meta-externalagent/1.1 (+https://developers.facebook.com/docs/sharing/webmasters/crawler))"
2a03:2880:f800:1b:: - - [17/Jul/2026:00:56:53 +0000] "GET /2025/08/22/best-free-spins-no-deposit-casino/ HTTP/2" 200 17244 "-" "Mozilla/5.0 (Macintosh; Intel Mac OS X 10_15_7) AppleWebKit/537.36 (KHTML, like Gecko) Chrome/145.0.0.0 Safari/537.36 (compatible; meta-externalagent/1.1 (+https://developers.facebook.com/docs/sharing/webmasters/crawler))"
65.181.116.207 - - [17/Jul/2026:00:57:19 +0000] "POST /wp-cron.php?doing_wp_cron=1784249839.8681259155273437500000 HTTP/2" 200 0 "-" "WordPress/7.0.1; https://www.max-iptv4k.com"
2a03:2880:f800:e:: - - [17/Jul/2026:00:57:12 +0000] "GET /2025/08/22/kingdom-casino-bonus-codes-2025/ HTTP/2" 200 17394 "-" "Mozilla/5.0 (X11; Linux x86_64) AppleWebKit/537.36 (KHTML, like Gecko) Chrome/145.0.0.0 Safari/537.36 (compatible; meta-externalagent/1.1 (+https://developers.facebook.com/docs/sharing/webmasters/crawler))"
65.181.116.207 - - [17/Jul/2026:00:58:44 +0000] "POST /wp-cron.php?doing_wp_cron=1784249924.6708528995513916015625 HTTP/2" 200 0 "-" "WordPress/7.0.1; https://www.max-iptv4k.com"
2a03:2880:f800:2b:: - - [17/Jul/2026:00:58:39 +0000] "GET /2025/08/22/free-bingo-for-real-money-ireland/ HTTP/2" 200 17343 "-" "Mozilla/5.0 (Windows NT 10.0; Win64; x64) AppleWebKit/537.36 (KHTML, like Gecko) Chrome/145.0.0.0 Safari/537.36 (compatible; meta-externalagent/1.1 (+https://developers.facebook.com/docs/sharing/webmasters/crawler))"
65.181.116.207 - - [17/Jul/2026:00:59:52 +0000] "POST /wp-cron.php?doing_wp_cron=1784249992.2794790267944335937500 HTTP/2" 200 0 "-" "WordPress/7.0.1; https://www.max-iptv4k.com"
2a03:2880:f800:36:: - - [17/Jul/2026:00:59:46 +0000] "GET /2025/08/22/top-casino-site/ HTTP/2" 200 17215 "-" "Mozilla/5.0 (Windows NT 10.0; Win64; x64) AppleWebKit/537.36 (KHTML, like Gecko) Chrome/145.0.0.0 Safari/537.36 (compatible; meta-externalagent/1.1 (+https://developers.facebook.com/docs/sharing/webmasters/crawler))"
65.181.116.207 - - [17/Jul/2026:01:01:15 +0000] "POST /wp-cron.php?doing_wp_cron=1784250075.6007618904113769531250 HTTP/2" 200 0 "-" "WordPress/7.0.1; https://www.max-iptv4k.com"
2a03:2880:f800:2:: - - [17/Jul/2026:01:01:10 +0000] "GET /2025/08/22/osh-casino-no-deposit-bonus-100-free-spins/ HTTP/2" 200 17469 "-" "Mozilla/5.0 (Windows NT 10.0; Win64; x64) AppleWebKit/537.36 (KHTML, like Gecko) Chrome/145.0.0.0 Safari/537.36 (compatible; meta-externalagent/1.1 (+https://developers.facebook.com/docs/sharing/webmasters/crawler))"
2a03:2880:f800:2a:: - - [17/Jul/2026:01:01:09 +0000] "GET /2025/08/22/gambling-for-free/ HTTP/2" 200 17247 "-" "Mozilla/5.0 (Macintosh; Intel Mac OS X 10_15_7) AppleWebKit/537.36 (KHTML, like Gecko) Chrome/145.0.0.0 Safari/537.36 (compatible; meta-externalagent/1.1 (+https://developers.facebook.com/docs/sharing/webmasters/crawler))"
2a03:2880:f800:11:: - - [17/Jul/2026:01:01:13 +0000] "GET /2025/08/22/no-deposit-online-casino-united-kingdom-2025/ HTTP/2" 200 17305 "-" "Mozilla/5.0 (Windows NT 10.0; Win64; x64) AppleWebKit/537.36 (KHTML, like Gecko) Chrome/145.0.0.0 Safari/537.36 (compatible; meta-externalagent/1.1 (+https://developers.facebook.com/docs/sharing/webmasters/crawler))"
2a03:2880:f800:1d:: - - [17/Jul/2026:01:01:23 +0000] "GET /2025/08/22/casino-deposit-crypto/ HTTP/2" 200 17246 "-" "Mozilla/5.0 (Windows NT 10.0; Win64; x64) AppleWebKit/537.36 (KHTML, like Gecko) Chrome/145.0.0.0 Safari/537.36 (compatible; meta-externalagent/1.1 (+https://developers.facebook.com/docs/sharing/webmasters/crawler))"
65.181.116.207 - - [17/Jul/2026:01:02:23 +0000] "POST /wp-cron.php?doing_wp_cron=1784250143.4347560405731201171875 HTTP/2" 200 0 "-" "WordPress/7.0.1; https://www.max-iptv4k.com"
2a03:2880:f800:34:: - - [17/Jul/2026:01:02:17 +0000] "GET /2025/08/22/casino-games-all-canada/ HTTP/2" 200 17322 "-" "Mozilla/5.0 (Macintosh; Intel Mac OS X 10_15_7) AppleWebKit/537.36 (KHTML, like Gecko) Chrome/145.0.0.0 Safari/537.36 (compatible; meta-externalagent/1.1 (+https://developers.facebook.com/docs/sharing/webmasters/crawler))"
2a03:2880:f800:45:: - - [17/Jul/2026:01:02:34 +0000] "GET /2025/08/22/casino-bonuses-new-canada/ HTTP/2" 200 17386 "-" "Mozilla/5.0 (Windows NT 10.0; Win64; x64) AppleWebKit/537.36 (KHTML, like Gecko) Chrome/145.0.0.0 Safari/537.36 (compatible; meta-externalagent/1.1 (+https://developers.facebook.com/docs/sharing/webmasters/crawler))"
65.181.116.207 - - [17/Jul/2026:01:03:15 +0000] "POST /wp-cron.php?doing_wp_cron=1784250195.7545349597930908203125 HTTP/2" 200 0 "-" "WordPress/7.0.1; https://www.max-iptv4k.com"
119.28.140.106 - - [17/Jul/2026:01:03:11 +0000] "GET /wp-json/oembed/1.0/embed?url=https%3A%2F%2Fwww.max-iptv4k.com%2Fterms-and-conditions%2F HTTP/2" 200 1033 "-" "Mozilla/5.0 (iPhone; CPU iPhone OS 13_2_3 like Mac OS X) AppleWebKit/605.1.15 (KHTML, like Gecko) Version/13.0.3 Mobile/15E148 Safari/604.1"
2a03:2880:f800:2d:: - - [17/Jul/2026:01:03:20 +0000] "GET /2025/08/22/live-blackjack-ideal/ HTTP/2" 200 17083 "-" "Mozilla/5.0 (Windows NT 10.0; Win64; x64) AppleWebKit/537.36 (KHTML, like Gecko) Chrome/145.0.0.0 Safari/537.36 (compatible; meta-externalagent/1.1 (+https://developers.facebook.com/docs/sharing/webmasters/crawler))"
2a03:2880:f800:1a:: - - [17/Jul/2026:01:03:28 +0000] "GET /2025/08/22/cash-before-bonus-casino-sites/ HTTP/2" 200 17257 "-" "Mozilla/5.0 (Macintosh; Intel Mac OS X 10_15_7) AppleWebKit/537.36 (KHTML, like Gecko) Chrome/145.0.0.0 Safari/537.36 (compatible; meta-externalagent/1.1 (+https://developers.facebook.com/docs/sharing/webmasters/crawler))"
2a03:2880:f800:28:: - - [17/Jul/2026:01:04:03 +0000] "GET /2025/08/22/betsafe-casino-no-deposit-bonus-100-free-spins/ HTTP/2" 200 17421 "-" "Mozilla/5.0 (Windows NT 10.0; Win64; x64) AppleWebKit/537.36 (KHTML, like Gecko) Chrome/145.0.0.0 Safari/537.36 (compatible; meta-externalagent/1.1 (+https://developers.facebook.com/docs/sharing/webmasters/crawler))"
2a03:2880:f800:5:: - - [17/Jul/2026:01:04:05 +0000] "GET /2025/08/22/-50-no-deposit-mobile-casino/ HTTP/2" 200 15235 "-" "Mozilla/5.0 (Windows NT 10.0; Win64; x64) AppleWebKit/537.36 (KHTML, like Gecko) Chrome/145.0.0.0 Safari/537.36 (compatible; meta-externalagent/1.1 (+https://developers.facebook.com/docs/sharing/webmasters/crawler))"
65.181.116.207 - - [17/Jul/2026:01:06:11 +0000] "POST /wp-cron.php?doing_wp_cron=1784250371.8384931087493896484375 HTTP/2" 200 0 "-" "WordPress/7.0.1; https://www.max-iptv4k.com"
2a03:2880:f800:2:: - - [17/Jul/2026:01:06:05 +0000] "GET /2025/08/22/no-minimum-deposit-casino-online/ HTTP/2" 200 17319 "-" "Mozilla/5.0 (Macintosh; Intel Mac OS X 10_15_7) AppleWebKit/537.36 (KHTML, like Gecko) Chrome/145.0.0.0 Safari/537.36 (compatible; meta-externalagent/1.1 (+https://developers.facebook.com/docs/sharing/webmasters/crawler))"
2a03:2880:f800:30:: - - [17/Jul/2026:01:06:50 +0000] "GET /2025/08/22/lynxbet-casino-100-free-spins-bonus-2025/ HTTP/2" 200 17612 "-" "Mozilla/5.0 (Macintosh; Intel Mac OS X 10_15_7) AppleWebKit/537.36 (KHTML, like Gecko) Chrome/145.0.0.0 Safari/537.36 (compatible; meta-externalagent/1.1 (+https://developers.facebook.com/docs/sharing/webmasters/crawler))"
65.181.116.207 - - [17/Jul/2026:01:07:12 +0000] "POST /wp-cron.php?doing_wp_cron=1784250432.6537420749664306640625 HTTP/2" 200 0 "-" "WordPress/7.0.1; https://www.max-iptv4k.com"
2a03:2880:f800:2d:: - - [17/Jul/2026:01:07:06 +0000] "GET /2025/08/22/best-online-roulette-games/ HTTP/2" 200 17025 "-" "Mozilla/5.0 (Windows NT 10.0; Win64; x64) AppleWebKit/537.36 (KHTML, like Gecko) Chrome/145.0.0.0 Safari/537.36 (compatible; meta-externalagent/1.1 (+https://developers.facebook.com/docs/sharing/webmasters/crawler))"
2a03:2880:f800:6:: - - [17/Jul/2026:01:07:10 +0000] "GET /2025/08/22/slotsmagic-casino-review-and-free-chips-bonus/ HTTP/2" 200 16779 "-" "Mozilla/5.0 (Windows NT 10.0; Win64; x64) AppleWebKit/537.36 (KHTML, like Gecko) Chrome/145.0.0.0 Safari/537.36 (compatible; meta-externalagent/1.1 (+https://developers.facebook.com/docs/sharing/webmasters/crawler))"
2a03:2880:f800:: - - [17/Jul/2026:01:08:04 +0000] "GET /2025/08/22/newcastle-casino-canada/ HTTP/2" 200 16852 "-" "Mozilla/5.0 (Macintosh; Intel Mac OS X 10_15_7) AppleWebKit/537.36 (KHTML, like Gecko) Chrome/145.0.0.0 Safari/537.36 (compatible; meta-externalagent/1.1 (+https://developers.facebook.com/docs/sharing/webmasters/crawler))"
65.181.116.207 - - [17/Jul/2026:01:08:27 +0000] "POST /wp-cron.php?doing_wp_cron=1784250507.3073270320892333984375 HTTP/2" 200 0 "-" "WordPress/7.0.1; https://www.max-iptv4k.com"
2a03:2880:f800:2e:: - - [17/Jul/2026:01:08:22 +0000] "GET /2025/08/22/slot-joint-casino-bonus-codes-2025/ HTTP/2" 200 17285 "-" "Mozilla/5.0 (Macintosh; Intel Mac OS X 10_15_7) AppleWebKit/537.36 (KHTML, like Gecko) Chrome/145.0.0.0 Safari/537.36 (compatible; meta-externalagent/1.1 (+https://developers.facebook.com/docs/sharing/webmasters/crawler))"
2a03:2880:f800:27:: - - [17/Jul/2026:01:08:51 +0000] "GET /2025/08/22/online-casino-games-for-iphone/ HTTP/2" 200 17319 "-" "Mozilla/5.0 (Windows NT 10.0; Win64; x64) AppleWebKit/537.36 (KHTML, like Gecko) Chrome/145.0.0.0 Safari/537.36 (compatible; meta-externalagent/1.1 (+https://developers.facebook.com/docs/sharing/webmasters/crawler))"
65.181.116.207 - - [17/Jul/2026:01:11:42 +0000] "POST /wp-cron.php?doing_wp_cron=1784250701.9712269306182861328125 HTTP/2" 200 0 "-" "WordPress/7.0.1; https://www.max-iptv4k.com"
2a03:2880:f800:3:: - - [17/Jul/2026:01:11:37 +0000] "GET /2025/08/22/live-blackjack-play/ HTTP/2" 200 17298 "-" "Mozilla/5.0 (Windows NT 10.0; Win64; x64) AppleWebKit/537.36 (KHTML, like Gecko) Chrome/145.0.0.0 Safari/537.36 (compatible; meta-externalagent/1.1 (+https://developers.facebook.com/docs/sharing/webmasters/crawler))"
65.181.116.207 - - [17/Jul/2026:01:13:06 +0000] "POST /wp-cron.php?doing_wp_cron=1784250786.5224819183349609375000 HTTP/2" 200 0 "-" "WordPress/7.0.1; https://www.max-iptv4k.com"
43.166.246.180 - - [17/Jul/2026:01:13:00 +0000] "GET /starter/embed/ HTTP/2" 200 6154 "-" "Mozilla/5.0 (iPhone; CPU iPhone OS 13_2_3 like Mac OS X) AppleWebKit/605.1.15 (KHTML, like Gecko) Version/13.0.3 Mobile/15E148 Safari/604.1"
65.181.116.207 - - [17/Jul/2026:01:14:18 +0000] "POST /wp-cron.php?doing_wp_cron=1784250858.3153679370880126953125 HTTP/2" 200 0 "-" "WordPress/7.0.1; https://www.max-iptv4k.com"
2a03:2880:f800:1a:: - - [17/Jul/2026:01:14:11 +0000] "GET /2025/08/22/live-online-casino-uk-reviews/ HTTP/2" 200 17378 "-" "Mozilla/5.0 (X11; Linux x86_64) AppleWebKit/537.36 (KHTML, like Gecko) Chrome/145.0.0.0 Safari/537.36 (compatible; meta-externalagent/1.1 (+https://developers.facebook.com/docs/sharing/webmasters/crawler))"
65.181.116.207 - - [17/Jul/2026:01:15:59 +0000] "POST /wp-cron.php?doing_wp_cron=1784250959.4434070587158203125000 HTTP/2" 200 0 "-" "WordPress/7.0.1; https://www.max-iptv4k.com"
2a03:2880:f800:e:: - - [17/Jul/2026:01:15:51 +0000] "GET /2025/08/22/how-baccarat-is-played-ireland/ HTTP/2" 200 17246 "-" "Mozilla/5.0 (Windows NT 10.0; Win64; x64) AppleWebKit/537.36 (KHTML, like Gecko) Chrome/145.0.0.0 Safari/537.36 (compatible; meta-externalagent/1.1 (+https://developers.facebook.com/docs/sharing/webmasters/crawler))"
2a03:2880:f800:30:: - - [17/Jul/2026:01:17:26 +0000] "GET /2025/08/22/casino-online-city/ HTTP/2" 200 17433 "-" "Mozilla/5.0 (Macintosh; Intel Mac OS X 10_15_7) AppleWebKit/537.36 (KHTML, like Gecko) Chrome/145.0.0.0 Safari/537.36 (compatible; meta-externalagent/1.1 (+https://developers.facebook.com/docs/sharing/webmasters/crawler))"
65.181.116.207 - - [17/Jul/2026:01:17:30 +0000] "POST /wp-cron.php?doing_wp_cron=1784251050.8061621189117431640625 HTTP/2" 200 0 "-" "WordPress/7.0.1; https://www.max-iptv4k.com"
2a03:2880:f800:3d:: - - [17/Jul/2026:01:17:24 +0000] "GET /2025/08/22/777-casino-100-free-spins-bonus-2025/ HTTP/2" 200 17515 "-" "Mozilla/5.0 (Windows NT 10.0; Win64; x64) AppleWebKit/537.36 (KHTML, like Gecko) Chrome/145.0.0.0 Safari/537.36 (compatible; meta-externalagent/1.1 (+https://developers.facebook.com/docs/sharing/webmasters/crawler))"
65.181.116.207 - - [17/Jul/2026:01:19:16 +0000] "POST /wp-cron.php?doing_wp_cron=1784251155.9800438880920410156250 HTTP/2" 200 0 "-" "WordPress/7.0.1; https://www.max-iptv4k.com"
2a03:2880:f800:30:: - - [17/Jul/2026:01:19:09 +0000] "GET /2025/08/22/uk-online-casino-free/ HTTP/2" 200 17362 "-" "Mozilla/5.0 (Windows NT 10.0; Win64; x64) AppleWebKit/537.36 (KHTML, like Gecko) Chrome/145.0.0.0 Safari/537.36 Edg/145.0.0.0 (compatible; meta-externalagent/1.1 (+https://developers.facebook.com/docs/sharing/webmasters/crawler))"
103.253.145.175 - - [17/Jul/2026:01:19:58 +0000] "GET //wp-includes/ID3/license.txt HTTP/2" 200 414 "-" "Mozilla/5.0 (Windows NT 10.0; Win64; x64) AppleWebKit/537.36 (KHTML, like Gecko) Chrome/95.0.4638.69 Safari/537.36"
103.253.145.175 - - [17/Jul/2026:01:19:59 +0000] "GET //feed/ HTTP/2" 301 0 "-" "Mozilla/5.0 (Windows NT 10.0; Win64; x64) AppleWebKit/537.36 (KHTML, like Gecko) Chrome/95.0.4638.69 Safari/537.36"
103.253.145.175 - - [17/Jul/2026:01:20:05 +0000] "GET //xmlrpc.php?rsd HTTP/2" 403 1242 "-" "Mozilla/5.0 (Windows NT 10.0; Win64; x64) AppleWebKit/537.36 (KHTML, like Gecko) Chrome/95.0.4638.69 Safari/537.36"
103.253.145.175 - - [17/Jul/2026:01:20:05 +0000] "GET //blog/wp-includes/wlwmanifest.xml HTTP/2" 301 0 "-" "Mozilla/5.0 (Windows NT 10.0; Win64; x64) AppleWebKit/537.36 (KHTML, like Gecko) Chrome/95.0.4638.69 Safari/537.36"
65.181.116.207 - - [17/Jul/2026:01:20:13 +0000] "POST /wp-cron.php?doing_wp_cron=1784251212.9020431041717529296875 HTTP/2" 200 0 "-" "WordPress/7.0.1; https://www.max-iptv4k.com"
103.253.145.175 - - [17/Jul/2026:01:20:09 +0000] "GET //web/wp-includes/wlwmanifest.xml HTTP/2" 301 0 "-" "Mozilla/5.0 (Windows NT 10.0; Win64; x64) AppleWebKit/537.36 (KHTML, like Gecko) Chrome/95.0.4638.69 Safari/537.36"
103.253.145.175 - - [17/Jul/2026:01:20:13 +0000] "GET //wordpress/wp-includes/wlwmanifest.xml HTTP/2" 301 0 "-" "Mozilla/5.0 (Windows NT 10.0; Win64; x64) AppleWebKit/537.36 (KHTML, like Gecko) Chrome/95.0.4638.69 Safari/537.36"
103.253.145.175 - - [17/Jul/2026:01:20:16 +0000] "GET //wp/wp-includes/wlwmanifest.xml HTTP/2" 301 0 "-" "Mozilla/5.0 (Windows NT 10.0; Win64; x64) AppleWebKit/537.36 (KHTML, like Gecko) Chrome/95.0.4638.69 Safari/537.36"
103.253.145.175 - - [17/Jul/2026:01:20:19 +0000] "GET //2020/wp-includes/wlwmanifest.xml HTTP/2" 301 0 "-" "Mozilla/5.0 (Windows NT 10.0; Win64; x64) AppleWebKit/537.36 (KHTML, like Gecko) Chrome/95.0.4638.69 Safari/537.36"
103.253.145.175 - - [17/Jul/2026:01:20:22 +0000] "GET //2019/wp-includes/wlwmanifest.xml HTTP/2" 301 0 "-" "Mozilla/5.0 (Windows NT 10.0; Win64; x64) AppleWebKit/537.36 (KHTML, like Gecko) Chrome/95.0.4638.69 Safari/537.36"
103.253.145.175 - - [17/Jul/2026:01:20:25 +0000] "GET //2021/wp-includes/wlwmanifest.xml HTTP/2" 301 0 "-" "Mozilla/5.0 (Windows NT 10.0; Win64; x64) AppleWebKit/537.36 (KHTML, like Gecko) Chrome/95.0.4638.69 Safari/537.36"
103.253.145.175 - - [17/Jul/2026:01:20:29 +0000] "GET //shop/wp-includes/wlwmanifest.xml HTTP/2" 301 0 "-" "Mozilla/5.0 (Windows NT 10.0; Win64; x64) AppleWebKit/537.36 (KHTML, like Gecko) Chrome/95.0.4638.69 Safari/537.36"
103.253.145.175 - - [17/Jul/2026:01:20:33 +0000] "GET //wp1/wp-includes/wlwmanifest.xml HTTP/2" 301 0 "-" "Mozilla/5.0 (Windows NT 10.0; Win64; x64) AppleWebKit/537.36 (KHTML, like Gecko) Chrome/95.0.4638.69 Safari/537.36"
103.253.145.175 - - [17/Jul/2026:01:20:35 +0000] "GET //test/wp-includes/wlwmanifest.xml HTTP/2" 301 0 "-" "Mozilla/5.0 (Windows NT 10.0; Win64; x64) AppleWebKit/537.36 (KHTML, like Gecko) Chrome/95.0.4638.69 Safari/537.36"
103.253.145.175 - - [17/Jul/2026:01:20:37 +0000] "GET //site/wp-includes/wlwmanifest.xml HTTP/2" 301 0 "-" "Mozilla/5.0 (Windows NT 10.0; Win64; x64) AppleWebKit/537.36 (KHTML, like Gecko) Chrome/95.0.4638.69 Safari/537.36"
103.253.145.175 - - [17/Jul/2026:01:20:40 +0000] "GET //cms/wp-includes/wlwmanifest.xml HTTP/2" 301 0 "-" "Mozilla/5.0 (Windows NT 10.0; Win64; x64) AppleWebKit/537.36 (KHTML, like Gecko) Chrome/95.0.4638.69 Safari/537.36"
65.181.116.207 - - [17/Jul/2026:01:21:15 +0000] "POST /wp-cron.php?doing_wp_cron=1784251275.4582660198211669921875 HTTP/2" 200 0 "-" "WordPress/7.0.1; https://www.max-iptv4k.com"
2a03:2880:f800:7:: - - [17/Jul/2026:01:21:09 +0000] "GET /2025/08/22/how-to-make-money-with-blackjack-online/ HTTP/2" 200 16849 "-" "Mozilla/5.0 (Macintosh; Intel Mac OS X 10_15_7) AppleWebKit/537.36 (KHTML, like Gecko) Chrome/145.0.0.0 Safari/537.36 (compatible; meta-externalagent/1.1 (+https://developers.facebook.com/docs/sharing/webmasters/crawler))"
65.181.116.207 - - [17/Jul/2026:01:22:50 +0000] "POST /wp-cron.php?doing_wp_cron=1784251370.6965360641479492187500 HTTP/2" 200 0 "-" "WordPress/7.0.1; https://www.max-iptv4k.com"
2a03:2880:f800:25:: - - [17/Jul/2026:01:22:43 +0000] "GET /2025/08/22/new-casinos-no-deposit-bonus-2025/ HTTP/2" 200 17188 "-" "Mozilla/5.0 (X11; Linux x86_64) AppleWebKit/537.36 (KHTML, like Gecko) Chrome/145.0.0.0 Safari/537.36 (compatible; meta-externalagent/1.1 (+https://developers.facebook.com/docs/sharing/webmasters/crawler))"
65.181.116.207 - - [17/Jul/2026:01:23:31 +0000] "POST /wp-cron.php?doing_wp_cron=1784251411.0366930961608886718750 HTTP/2" 200 0 "-" "WordPress/7.0.1; https://www.max-iptv4k.com"
2a03:2880:f800:42:: - - [17/Jul/2026:01:23:24 +0000] "GET /2025/08/22/new-united-kingdom-casino-no-deposit-bonus/ HTTP/2" 200 17307 "-" "Mozilla/5.0 (Macintosh; Intel Mac OS X 10_15_7) AppleWebKit/537.36 (KHTML, like Gecko) Chrome/145.0.0.0 Safari/537.36 (compatible; meta-externalagent/1.1 (+https://developers.facebook.com/docs/sharing/webmasters/crawler))"
65.181.116.207 - - [17/Jul/2026:01:25:12 +0000] "POST /wp-cron.php?doing_wp_cron=1784251511.9911460876464843750000 HTTP/2" 200 0 "-" "WordPress/7.0.1; https://www.max-iptv4k.com"
2a03:2880:f800:3d:: - - [17/Jul/2026:01:25:01 +0000] "GET /2025/08/22/best-roulette-apps/ HTTP/2" 200 17255 "-" "Mozilla/5.0 (Macintosh; Intel Mac OS X 10_15_7) AppleWebKit/537.36 (KHTML, like Gecko) Chrome/145.0.0.0 Safari/537.36 (compatible; meta-externalagent/1.1 (+https://developers.facebook.com/docs/sharing/webmasters/crawler))"
65.181.116.207 - - [17/Jul/2026:01:26:35 +0000] "POST /wp-cron.php?doing_wp_cron=1784251594.9125909805297851562500 HTTP/2" 200 0 "-" "WordPress/7.0.1; https://www.max-iptv4k.com"
2a03:2880:f800:b:: - - [17/Jul/2026:01:26:29 +0000] "GET /2025/08/22/min-deposit-1/ HTTP/2" 200 17385 "-" "Mozilla/5.0 (X11; Linux x86_64) AppleWebKit/537.36 (KHTML, like Gecko) Chrome/145.0.0.0 Safari/537.36 (compatible; meta-externalagent/1.1 (+https://developers.facebook.com/docs/sharing/webmasters/crawler))"
2a03:2880:f800:1d:: - - [17/Jul/2026:01:26:39 +0000] "GET /2025/08/22/free-casino-slots-for-android/ HTTP/2" 200 17490 "-" "Mozilla/5.0 (Windows NT 10.0; Win64; x64) AppleWebKit/537.36 (KHTML, like Gecko) Chrome/145.0.0.0 Safari/537.36 (compatible; meta-externalagent/1.1 (+https://developers.facebook.com/docs/sharing/webmasters/crawler))"
2a03:2880:f800:47:: - - [17/Jul/2026:01:26:51 +0000] "GET /2025/08/22/best-skillonnet-online-casinos/ HTTP/2" 200 17327 "-" "Mozilla/5.0 (Windows NT 10.0; Win64; x64) AppleWebKit/537.36 (KHTML, like Gecko) Chrome/145.0.0.0 Safari/537.36 (compatible; meta-externalagent/1.1 (+https://developers.facebook.com/docs/sharing/webmasters/crawler))"
2a03:2880:f800:35:: - - [17/Jul/2026:01:26:53 +0000] "GET /2025/08/22/casino-online-no-deposit-needed/ HTTP/2" 200 17425 "-" "Mozilla/5.0 (Windows NT 10.0; Win64; x64) AppleWebKit/537.36 (KHTML, like Gecko) Chrome/145.0.0.0 Safari/537.36 (compatible; meta-externalagent/1.1 (+https://developers.facebook.com/docs/sharing/webmasters/crawler))"
2a03:2880:f800:32:: - - [17/Jul/2026:01:26:58 +0000] "GET /2025/08/22/best-strip-casinos/ HTTP/2" 200 17343 "-" "Mozilla/5.0 (X11; Linux x86_64) AppleWebKit/537.36 (KHTML, like Gecko) Chrome/145.0.0.0 Safari/537.36 (compatible; meta-externalagent/1.1 (+https://developers.facebook.com/docs/sharing/webmasters/crawler))"
65.181.116.207 - - [17/Jul/2026:01:27:23 +0000] "POST /wp-cron.php?doing_wp_cron=1784251643.7227959632873535156250 HTTP/2" 200 0 "-" "WordPress/7.0.1; https://www.max-iptv4k.com"
2a03:2880:f800:2f:: - - [17/Jul/2026:01:27:18 +0000] "GET /2025/08/22/craps-online-play-new-zealand/ HTTP/2" 200 16933 "-" "Mozilla/5.0 (Macintosh; Intel Mac OS X 10_15_7) AppleWebKit/537.36 (KHTML, like Gecko) Chrome/145.0.0.0 Safari/537.36 (compatible; meta-externalagent/1.1 (+https://developers.facebook.com/docs/sharing/webmasters/crawler))"
2a03:2880:f800:19:: - - [17/Jul/2026:01:27:28 +0000] "GET /2025/08/22/online-slot-casinos-australia/ HTTP/2" 200 17419 "-" "Mozilla/5.0 (Windows NT 10.0; Win64; x64) AppleWebKit/537.36 (KHTML, like Gecko) Chrome/145.0.0.0 Safari/537.36 (compatible; meta-externalagent/1.1 (+https://developers.facebook.com/docs/sharing/webmasters/crawler))"
2a03:2880:f800:16:: - - [17/Jul/2026:01:27:27 +0000] "GET /2025/08/22/european-roulette-online-free/ HTTP/2" 200 17105 "-" "Mozilla/5.0 (Macintosh; Intel Mac OS X 10_15_7) AppleWebKit/537.36 (KHTML, like Gecko) Chrome/145.0.0.0 Safari/537.36 (compatible; meta-externalagent/1.1 (+https://developers.facebook.com/docs/sharing/webmasters/crawler))"
2a03:2880:f800:2f:: - - [17/Jul/2026:01:27:38 +0000] "GET /2025/08/22/bingo-sites-with-slots-ireland/ HTTP/2" 200 17416 "-" "Mozilla/5.0 (Macintosh; Intel Mac OS X 10_15_7) AppleWebKit/537.36 (KHTML, like Gecko) Chrome/145.0.0.0 Safari/537.36 (compatible; meta-externalagent/1.1 (+https://developers.facebook.com/docs/sharing/webmasters/crawler))"
2a03:2880:f800:3:: - - [17/Jul/2026:01:27:56 +0000] "GET /2025/08/22/slots-phone-bill/ HTTP/2" 200 17205 "-" "Mozilla/5.0 (Macintosh; Intel Mac OS X 10_15_7) AppleWebKit/537.36 (KHTML, like Gecko) Chrome/145.0.0.0 Safari/537.36 (compatible; meta-externalagent/1.1 (+https://developers.facebook.com/docs/sharing/webmasters/crawler))"
65.181.116.207 - - [17/Jul/2026:01:28:22 +0000] "POST /wp-cron.php?doing_wp_cron=1784251702.5612719058990478515625 HTTP/2" 200 0 "-" "WordPress/7.0.1; https://www.max-iptv4k.com"
2a03:2880:f800:3c:: - - [17/Jul/2026:01:28:18 +0000] "GET /2025/08/22/no-deposit-new-bingo-sites-australia/ HTTP/2" 200 17418 "-" "Mozilla/5.0 (Macintosh; Intel Mac OS X 10_15_7) AppleWebKit/537.36 (KHTML, like Gecko) Chrome/145.0.0.0 Safari/537.36 (compatible; meta-externalagent/1.1 (+https://developers.facebook.com/docs/sharing/webmasters/crawler))"
2a03:2880:f800:28:: - - [17/Jul/2026:01:28:43 +0000] "GET /2025/08/22/top-online-casinos-sites/ HTTP/2" 200 17443 "-" "Mozilla/5.0 (Windows NT 10.0; Win64; x64) AppleWebKit/537.36 (KHTML, like Gecko) Chrome/145.0.0.0 Safari/537.36 (compatible; meta-externalagent/1.1 (+https://developers.facebook.com/docs/sharing/webmasters/crawler))"
2a03:2880:f800:2b:: - - [17/Jul/2026:01:29:00 +0000] "GET /2025/08/22/how-to-win-on-gambling-machines-uk/ HTTP/2" 200 17425 "-" "Mozilla/5.0 (Macintosh; Intel Mac OS X 10_15_7) AppleWebKit/537.36 (KHTML, like Gecko) Chrome/145.0.0.0 Safari/537.36 (compatible; meta-externalagent/1.1 (+https://developers.facebook.com/docs/sharing/webmasters/crawler))"
65.181.116.207 - - [17/Jul/2026:01:29:19 +0000] "POST /wp-cron.php?doing_wp_cron=1784251759.5907220840454101562500 HTTP/2" 200 0 "-" "WordPress/7.0.1; https://www.max-iptv4k.com"
2a03:2880:f800:33:: - - [17/Jul/2026:01:29:12 +0000] "GET /2025/08/22/arctic-casino-no-deposit-bonus-100-free-spins/ HTTP/2" 200 17487 "-" "Mozilla/5.0 (Macintosh; Intel Mac OS X 10_15_7) AppleWebKit/537.36 (KHTML, like Gecko) Chrome/145.0.0.0 Safari/537.36 (compatible; meta-externalagent/1.1 (+https://developers.facebook.com/docs/sharing/webmasters/crawler))"
2a03:2880:f800:2b:: - - [17/Jul/2026:01:29:19 +0000] "GET /2025/08/22/new-zealand-bingo-rules/ HTTP/2" 200 17424 "-" "Mozilla/5.0 (Windows NT 10.0; Win64; x64) AppleWebKit/537.36 (KHTML, like Gecko) Chrome/145.0.0.0 Safari/537.36 Edg/145.0.0.0 (compatible; meta-externalagent/1.1 (+https://developers.facebook.com/docs/sharing/webmasters/crawler))"
65.181.116.207 - - [17/Jul/2026:01:29:23 +0000] "POST /wp-cron.php?doing_wp_cron=1784251763.0913999080657958984375 HTTP/2" 200 0 "-" "WordPress/7.0.1; https://www.max-iptv4k.com"
2a03:2880:f800:28:: - - [17/Jul/2026:01:29:19 +0000] "GET /2025/08/22/annecy-casino-100-free-spins-bonus-2025/ HTTP/2" 200 17546 "-" "Mozilla/5.0 (Windows NT 10.0; Win64; x64) AppleWebKit/537.36 (KHTML, like Gecko) Chrome/145.0.0.0 Safari/537.36 (compatible; meta-externalagent/1.1 (+https://developers.facebook.com/docs/sharing/webmasters/crawler))"
2a03:2880:f800:6:: - - [17/Jul/2026:01:29:37 +0000] "GET /2025/08/22/mnl63-casino-no-deposit-bonus-100-free-spins/ HTTP/2" 200 17353 "-" "Mozilla/5.0 (Windows NT 10.0; Win64; x64) AppleWebKit/537.36 (KHTML, like Gecko) Chrome/145.0.0.0 Safari/537.36 (compatible; meta-externalagent/1.1 (+https://developers.facebook.com/docs/sharing/webmasters/crawler))"
2a03:2880:f800:2e:: - - [17/Jul/2026:01:29:39 +0000] "GET /2025/08/22/all-australia-online-casino/ HTTP/2" 200 17258 "-" "Mozilla/5.0 (Windows NT 10.0; Win64; x64) AppleWebKit/537.36 (KHTML, like Gecko) Chrome/145.0.0.0 Safari/537.36 (compatible; meta-externalagent/1.1 (+https://developers.facebook.com/docs/sharing/webmasters/crawler))"
2a03:2880:f800:17:: - - [17/Jul/2026:01:29:55 +0000] "GET /2025/08/22/largest-north-united-kingdom-casino/ HTTP/2" 200 17343 "-" "Mozilla/5.0 (Macintosh; Intel Mac OS X 10_15_7) AppleWebKit/537.36 (KHTML, like Gecko) Chrome/145.0.0.0 Safari/537.36 (compatible; meta-externalagent/1.1 (+https://developers.facebook.com/docs/sharing/webmasters/crawler))"
65.181.116.207 - - [17/Jul/2026:01:30:40 +0000] "POST /wp-cron.php?doing_wp_cron=1784251840.0281009674072265625000 HTTP/2" 200 0 "-" "WordPress/7.0.1; https://www.max-iptv4k.com"
65.181.116.207 - - [17/Jul/2026:01:30:40 +0000] "POST /wp-cron.php?doing_wp_cron=1784251840.0314340591430664062500 HTTP/2" 200 0 "-" "WordPress/7.0.1; https://www.max-iptv4k.com"
2a03:2880:f800:22:: - - [17/Jul/2026:01:30:36 +0000] "GET /2025/08/22/free-spins-bingo-ireland/ HTTP/2" 200 17223 "-" "Mozilla/5.0 (Windows NT 10.0; Win64; x64) AppleWebKit/537.36 (KHTML, like Gecko) Chrome/145.0.0.0 Safari/537.36 (compatible; meta-externalagent/1.1 (+https://developers.facebook.com/docs/sharing/webmasters/crawler))"
2a03:2880:f800:f:: - - [17/Jul/2026:01:30:36 +0000] "GET /2025/08/22/how-to-win-at-blackjack-in-casino/ HTTP/2" 200 17488 "-" "Mozilla/5.0 (Windows NT 10.0; Win64; x64) AppleWebKit/537.36 (KHTML, like Gecko) Chrome/145.0.0.0 Safari/537.36 (compatible; meta-externalagent/1.1 (+https://developers.facebook.com/docs/sharing/webmasters/crawler))"
65.181.116.207 - - [17/Jul/2026:01:30:43 +0000] "POST /wp-cron.php?doing_wp_cron=1784251843.0838699340820312500000 HTTP/2" 200 0 "-" "WordPress/7.0.1; https://www.max-iptv4k.com"
