403Webshell
Server IP : 172.67.157.124  /  Your IP : 216.73.216.213
Web Server : LiteSpeed
System : Linux s12482.usc1.stableserver.net 5.14.0-570.32.1.el9_6.x86_64 #1 SMP PREEMPT_DYNAMIC Wed Aug 6 11:30:41 EDT 2025 x86_64
User : snownico ( 1231)
PHP Version : 8.2.31
Disable Function : NONE
MySQL : OFF  |  cURL : ON  |  WGET : ON  |  Perl : ON  |  Python : OFF  |  Sudo : OFF  |  Pkexec : OFF
Directory :  /home/snownico/access-logs/

Upload File :
current_dir [ Writeable ] document_root [ Writeable ]

 

Command :


[ Back ]     

Current File : /home/snownico/access-logs/koop-iptv4k.com.snowni.com
65.181.116.207 - - [16/Jul/2026:12:13:30 +0000] "POST /wp-cron.php?doing_wp_cron=1784204010.3963990211486816406250 HTTP/1.1" 200 0 "-" "WordPress/7.0.1; https://www.koop-iptv4k.com"
103.179.252.153 - - [16/Jul/2026:12:13:29 +0000] "GET /wp-json/wp/v2/posts HTTP/1.1" 200 755 "-" "Mozilla/5.0 (Windows NT 10.0; Win64; x64) AppleWebKit/537.36 (KHTML, like Gecko) Chrome/120.0.0.0 Safari/537.36"
65.181.116.207 - - [16/Jul/2026:12:21:59 +0000] "POST /wp-cron.php?doing_wp_cron=1784204519.2402420043945312500000 HTTP/1.1" 200 0 "-" "WordPress/7.0.1; https://www.koop-iptv4k.com"
66.231.71.94 - - [16/Jul/2026:12:21:58 +0000] "GET /wp-json/wp/v2/posts HTTP/1.1" 200 755 "-" "Mozilla/5.0 (Windows NT 10.0; Win64; x64) AppleWebKit/537.36 (KHTML, like Gecko) Chrome/120.0.0.0 Safari/537.36"
65.181.116.207 - - [16/Jul/2026:13:16:07 +0000] "POST /wp-cron.php?doing_wp_cron=1784207767.4538469314575195312500 HTTP/1.1" 200 0 "-" "WordPress/7.0.1; https://www.koop-iptv4k.com"
2a06:98c0:3600::103 - - [16/Jul/2026:13:16:06 +0000] "GET /wp-admin/install.php?step=1 HTTP/1.1" 200 558 "-" "http://koop-iptv4k.com/wp-admin/install.php?step=1"
2a06:98c0:3600::103 - - [16/Jul/2026:14:57:22 +0000] "GET /wp-admin/install.php?step=1 HTTP/1.1" 200 558 "-" "http://koop-iptv4k.com/wp-admin/install.php?step=1"
65.181.116.207 - - [16/Jul/2026:15:08:58 +0000] "POST /wp-cron.php?doing_wp_cron=1784214538.1298909187316894531250 HTTP/1.1" 200 0 "-" "WordPress/7.0.1; https://www.koop-iptv4k.com"
89.43.135.106 - - [16/Jul/2026:15:08:54 +0000] "GET /wp-json/wp/v2/posts HTTP/1.1" 200 755 "-" "Mozilla/5.0 (Windows NT 10.0; Win64; x64) AppleWebKit/537.36 (KHTML, like Gecko) Chrome/120.0.0.0 Safari/537.36"
65.181.116.207 - - [16/Jul/2026:15:13:45 +0000] "POST /wp-cron.php?doing_wp_cron=1784214825.1031019687652587890625 HTTP/1.1" 200 0 "-" "WordPress/7.0.1; https://www.koop-iptv4k.com"
146.56.199.139 - - [16/Jul/2026:15:13:41 +0000] "GET / HTTP/1.1" 301 0 "-" "Mozilla/5.0 (iPhone; CPU iPhone OS 13_2_3 like Mac OS X) AppleWebKit/605.1.15 (KHTML, like Gecko) Version/13.0.3 Mobile/15E148 Safari/604.1"
65.181.116.207 - - [16/Jul/2026:15:39:13 +0000] "POST /wp-cron.php?doing_wp_cron=1784216353.3621480464935302734375 HTTP/1.1" 200 0 "-" "WordPress/7.0.1; https://www.koop-iptv4k.com"
58.63.243.11 - - [16/Jul/2026:15:39:09 +0000] "GET /wp-json/wp/v2/posts HTTP/1.0" 200 755 "-" "Mozilla/5.0 (Windows NT 10.0; Win64; x64) AppleWebKit/537.36 (KHTML, like Gecko) Chrome/120.0.0.0 Safari/537.36"
66.249.79.229 - - [16/Jul/2026:15:55:59 +0000] "GET /robots.txt HTTP/1.1" 200 196 "-" "Mozilla/5.0 (compatible; Googlebot/2.1; +http://www.google.com/bot.html)"
178.130.47.50 - - [16/Jul/2026:16:11:59 +0000] "GET /wp-json/wp/v2/posts HTTP/1.1" 200 755 "-" "Mozilla/5.0 (Windows NT 10.0; Win64; x64) AppleWebKit/537.36 (KHTML, like Gecko) Chrome/120.0.0.0 Safari/537.36"
65.181.116.207 - - [16/Jul/2026:16:24:17 +0000] "POST /wp-cron.php?doing_wp_cron=1784219057.5437591075897216796875 HTTP/1.1" 200 0 "-" "WordPress/7.0.1; https://www.koop-iptv4k.com"
199.45.154.112 - - [16/Jul/2026:16:24:12 +0000] "GET / HTTP/1.1" 301 0 "-" "Mozilla/5.0 (compatible; CensysInspect/1.1; +https://about.censys.io/)"
65.181.116.207 - - [16/Jul/2026:16:27:07 +0000] "POST /wp-cron.php?doing_wp_cron=1784219227.5008840560913085937500 HTTP/1.1" 200 0 "-" "WordPress/7.0.1; https://www.koop-iptv4k.com"
199.45.154.134 - - [16/Jul/2026:16:27:03 +0000] "GET / HTTP/1.1" 301 0 "-" "Mozilla/5.0 (compatible; CensysInspect/1.1; +https://about.censys.io/)"
65.181.116.207 - - [16/Jul/2026:16:28:11 +0000] "POST /wp-cron.php?doing_wp_cron=1784219291.4557590484619140625000 HTTP/1.1" 200 0 "-" "WordPress/7.0.1; https://www.koop-iptv4k.com"
66.132.172.214 - - [16/Jul/2026:16:28:07 +0000] "GET / HTTP/1.1" 301 0 "-" "Mozilla/5.0 (compatible; CensysInspect/1.1; +https://about.censys.io/)"
2a06:98c0:3600::103 - - [16/Jul/2026:16:43:49 +0000] "GET /wp-admin/install.php?step=1 HTTP/1.1" 200 558 "-" "http://koop-iptv4k.com/wp-admin/install.php?step=1"
65.181.116.207 - - [16/Jul/2026:16:48:51 +0000] "POST /wp-cron.php?doing_wp_cron=1784220530.8380479812622070312500 HTTP/1.1" 200 0 "-" "WordPress/7.0.1; https://www.koop-iptv4k.com"
43.165.186.188 - - [16/Jul/2026:16:48:43 +0000] "GET / HTTP/1.1" 301 0 "-" "Mozilla/5.0 (iPhone; CPU iPhone OS 13_2_3 like Mac OS X) AppleWebKit/605.1.15 (KHTML, like Gecko) Version/13.0.3 Mobile/15E148 Safari/604.1"
65.181.116.207 - - [16/Jul/2026:18:32:34 +0000] "POST /wp-cron.php?doing_wp_cron=1784226754.3811099529266357421875 HTTP/1.1" 200 0 "-" "WordPress/7.0.1; https://www.koop-iptv4k.com"
2a06:98c0:3600::103 - - [16/Jul/2026:18:32:34 +0000] "GET /wp-admin/install.php?step=1 HTTP/1.1" 200 558 "-" "http://koop-iptv4k.com/wp-admin/install.php?step=1"
65.181.116.207 - - [16/Jul/2026:18:52:07 +0000] "POST /wp-cron.php?doing_wp_cron=1784227927.3105731010437011718750 HTTP/1.1" 200 0 "-" "WordPress/7.0.1; https://www.koop-iptv4k.com"
45.67.85.191 - - [16/Jul/2026:18:52:06 +0000] "HEAD / HTTP/1.1" 301 0 "-" "Mozilla/5.0 (Windows NT 10.0; Win64; x64; rv:149.0) Gecko/20100101 Firefox/149.0"
45.67.85.191 - - [16/Jul/2026:18:52:14 +0000] "GET / HTTP/1.1" 301 0 "-" "Mozilla/5.0 (Windows NT 10.0; Win64; x64) AppleWebKit/537.36 (KHTML, like Gecko) Chrome/147.0.0.0 Safari/537.36"
65.181.116.207 - - [16/Jul/2026:19:15:53 +0000] "POST /wp-cron.php?doing_wp_cron=1784229352.9766941070556640625000 HTTP/1.1" 200 0 "-" "WordPress/7.0.1; https://www.koop-iptv4k.com"
43.165.7.132 - - [16/Jul/2026:19:15:52 +0000] "GET / HTTP/1.1" 301 0 "-" "Mozilla/5.0 (iPhone; CPU iPhone OS 13_2_3 like Mac OS X) AppleWebKit/605.1.15 (KHTML, like Gecko) Version/13.0.3 Mobile/15E148 Safari/604.1"
65.181.116.207 - - [16/Jul/2026:19:20:11 +0000] "POST /wp-cron.php?doing_wp_cron=1784229611.8598570823669433593750 HTTP/1.1" 200 0 "-" "WordPress/7.0.1; https://www.koop-iptv4k.com"
192.36.109.75 - - [16/Jul/2026:19:20:10 +0000] "GET / HTTP/1.1" 301 0 "-" "Mozilla/5.0 (Linux; Android 12; SAMSUNG SM-A415F) AppleWebKit/537.36 (KHTML, like Gecko) SamsungBrowser/23.0 Chrome/115.0.0.0 Mobile Safari/537.3"
104.234.208.63 - - [16/Jul/2026:20:01:48 +0000] "GET /.env HTTP/1.1" 301 0 "-" "Mozilla/5.0 (Macintosh; Intel Mac OS X 10.15; rv:77.0) Gecko/20100101 Firefox/77.0"
104.234.208.63 - - [16/Jul/2026:20:01:51 +0000] "GET /.env HTTP/1.1" 404 18718 "-" "Mozilla/5.0 (Macintosh; Intel Mac OS X 10.15; rv:77.0) Gecko/20100101 Firefox/77.0"
2a06:98c0:3600::103 - - [16/Jul/2026:21:05:14 +0000] "GET /wp-admin/install.php?step=1 HTTP/1.1" 200 558 "-" "http://koop-iptv4k.com/wp-admin/install.php?step=1"
65.181.116.207 - - [16/Jul/2026:21:12:38 +0000] "POST /wp-cron.php?doing_wp_cron=1784236358.4148020744323730468750 HTTP/1.1" 200 0 "-" "WordPress/7.0.1; https://www.koop-iptv4k.com"
20.226.26.5 - - [16/Jul/2026:21:12:34 +0000] "GET /wp-content/plugins/hellopress/wp_filemanager.php HTTP/1.1" 404 65149 "-" "-"
20.226.26.5 - - [16/Jul/2026:21:12:38 +0000] "GET /this_is_a_new_hello_world.php HTTP/1.1" 404 65130 "-" "-"
20.226.26.5 - - [16/Jul/2026:21:12:42 +0000] "GET /wp-der.php HTTP/1.1" 404 65111 "-" "-"
20.226.26.5 - - [16/Jul/2026:21:12:47 +0000] "GET /wp-slss.php HTTP/1.1" 404 65112 "-" "-"
20.226.26.5 - - [16/Jul/2026:21:12:51 +0000] "GET /min.php HTTP/1.1" 404 65108 "-" "-"
20.226.26.5 - - [16/Jul/2026:21:12:57 +0000] "GET /wp-thi.php HTTP/1.1" 404 65111 "-" "-"
65.181.116.207 - - [16/Jul/2026:21:13:09 +0000] "POST /wp-cron.php?doing_wp_cron=1784236389.6792609691619873046875 HTTP/1.1" 200 0 "-" "WordPress/7.0.1; https://www.koop-iptv4k.com"
20.226.26.5 - - [16/Jul/2026:21:13:04 +0000] "GET /noe.php HTTP/1.1" 404 65108 "-" "-"
20.226.26.5 - - [16/Jul/2026:21:13:09 +0000] "GET //wp-file.php HTTP/1.1" 301 0 "-" "-"
82.39.212.236 - - [16/Jul/2026:21:13:11 +0000] "HEAD / HTTP/1.1" 301 0 "-" "Mozilla/5.0 (Macintosh; Intel Mac OS X 15_7_5) AppleWebKit/605.1.15 (KHTML, like Gecko) Version/26.0 Safari/605.1.15"
20.226.26.5 - - [16/Jul/2026:21:13:13 +0000] "GET /wp-file.php HTTP/1.1" 404 65112 "-" "-"
20.226.26.5 - - [16/Jul/2026:21:13:18 +0000] "GET //edit-tags.php HTTP/1.1" 301 0 "-" "-"
20.226.26.5 - - [16/Jul/2026:21:13:22 +0000] "GET /edit-tags.php HTTP/1.1" 404 65114 "-" "-"
20.226.26.5 - - [16/Jul/2026:21:13:27 +0000] "GET /wp-b0rk5oy.php HTTP/1.1" 404 65115 "-" "-"
20.226.26.5 - - [16/Jul/2026:21:13:34 +0000] "GET /bless24.php HTTP/1.1" 404 65112 "-" "-"
20.226.26.5 - - [16/Jul/2026:21:13:40 +0000] "GET /punah.php HTTP/1.1" 404 65110 "-" "-"
20.226.26.5 - - [16/Jul/2026:21:13:46 +0000] "GET //min.php HTTP/1.1" 301 0 "-" "-"
20.226.26.5 - - [16/Jul/2026:21:13:50 +0000] "GET /min.php HTTP/1.1" 404 65108 "-" "-"
20.226.26.5 - - [16/Jul/2026:21:13:55 +0000] "GET /dass.php HTTP/1.1" 404 65109 "-" "-"
65.181.116.207 - - [16/Jul/2026:21:14:09 +0000] "POST /wp-cron.php?doing_wp_cron=1784236449.4576089382171630859375 HTTP/1.1" 200 0 "-" "WordPress/7.0.1; https://www.koop-iptv4k.com"
20.226.26.5 - - [16/Jul/2026:21:14:01 +0000] "GET /wander.php HTTP/1.1" 404 65111 "-" "-"
20.226.26.5 - - [16/Jul/2026:21:14:09 +0000] "GET /cc13.php HTTP/1.1" 404 65109 "-" "-"
20.226.26.5 - - [16/Jul/2026:21:14:14 +0000] "GET /des.php HTTP/1.1" 404 65108 "-" "-"
20.226.26.5 - - [16/Jul/2026:21:14:19 +0000] "GET //avcqlevnbk.php HTTP/1.1" 301 0 "-" "-"
20.226.26.5 - - [16/Jul/2026:21:14:23 +0000] "GET /avcqlevnbk.php HTTP/1.1" 404 65115 "-" "-"
20.226.26.5 - - [16/Jul/2026:21:14:31 +0000] "GET /wp-ppoxua4.php HTTP/1.1" 404 65115 "-" "-"
20.226.26.5 - - [16/Jul/2026:21:14:36 +0000] "GET /drykl.php HTTP/1.1" 404 65110 "-" "-"
45.32.44.140 - - [16/Jul/2026:21:14:39 +0000] "GET /wp-json/wp/v2/posts HTTP/1.1" 200 755 "-" "Mozilla/5.0 (Windows NT 10.0; Win64; x64) AppleWebKit/537.36 (KHTML, like Gecko) Chrome/120.0.0.0 Safari/537.36"
20.226.26.5 - - [16/Jul/2026:21:14:42 +0000] "GET //f35.php HTTP/1.1" 301 0 "-" "-"
20.226.26.5 - - [16/Jul/2026:21:14:45 +0000] "GET /f35.php HTTP/1.1" 404 65108 "-" "-"
20.226.26.5 - - [16/Jul/2026:21:14:49 +0000] "GET /wp-link-szoppm.php HTTP/1.1" 404 65119 "-" "-"
20.226.26.5 - - [16/Jul/2026:21:14:54 +0000] "GET /x.php HTTP/1.1" 404 65106 "-" "-"
65.181.116.207 - - [16/Jul/2026:21:15:09 +0000] "POST /wp-cron.php?doing_wp_cron=1784236509.2927119731903076171875 HTTP/1.1" 200 0 "-" "WordPress/7.0.1; https://www.koop-iptv4k.com"
20.226.26.5 - - [16/Jul/2026:21:14:59 +0000] "GET /xa.php HTTP/1.1" 404 65107 "-" "-"
20.226.26.5 - - [16/Jul/2026:21:15:10 +0000] "GET /ms-edit.php HTTP/1.1" 404 65112 "-" "-"
20.226.26.5 - - [16/Jul/2026:21:15:17 +0000] "GET /as.php HTTP/1.1" 404 65107 "-" "-"
20.226.26.5 - - [16/Jul/2026:21:15:23 +0000] "GET /wen.php HTTP/1.1" 404 65108 "-" "-"
20.226.26.5 - - [16/Jul/2026:21:15:30 +0000] "GET //dex.php HTTP/1.1" 301 0 "-" "-"
20.226.26.5 - - [16/Jul/2026:21:15:34 +0000] "GET /dex.php HTTP/1.1" 404 65108 "-" "-"
20.226.26.5 - - [16/Jul/2026:21:15:39 +0000] "GET /f.php HTTP/1.1" 404 65106 "-" "-"
20.226.26.5 - - [16/Jul/2026:21:15:44 +0000] "GET /shell.php HTTP/1.1" 404 65110 "-" "-"
20.226.26.5 - - [16/Jul/2026:21:15:50 +0000] "GET /333.php HTTP/1.1" 404 65108 "-" "-"
20.226.26.5 - - [16/Jul/2026:21:15:54 +0000] "GET /a4.php HTTP/1.1" 404 65107 "-" "-"
20.226.26.5 - - [16/Jul/2026:21:16:00 +0000] "GET /wp-the.php HTTP/1.1" 404 65111 "-" "-"
65.181.116.207 - - [16/Jul/2026:21:16:12 +0000] "POST /wp-cron.php?doing_wp_cron=1784236572.1148209571838378906250 HTTP/1.1" 200 0 "-" "WordPress/7.0.1; https://www.koop-iptv4k.com"
20.226.26.5 - - [16/Jul/2026:21:16:06 +0000] "GET /classwithtostring.php HTTP/1.1" 404 65122 "-" "-"
20.226.26.5 - - [16/Jul/2026:21:16:12 +0000] "GET /fun.php HTTP/1.1" 404 65108 "-" "-"
20.226.26.5 - - [16/Jul/2026:21:16:18 +0000] "GET //wp-content/languages/index.php HTTP/1.1" 301 0 "-" "-"
20.226.26.5 - - [16/Jul/2026:21:16:21 +0000] "GET /wp-content/languages/ HTTP/1.1" 404 65121 "-" "-"
20.226.26.5 - - [16/Jul/2026:21:16:25 +0000] "GET /file.php HTTP/1.1" 404 65109 "-" "-"
20.226.26.5 - - [16/Jul/2026:21:16:31 +0000] "GET /pass4.php HTTP/1.1" 404 65110 "-" "-"
20.226.26.5 - - [16/Jul/2026:21:16:35 +0000] "GET /666.php HTTP/1.1" 404 65108 "-" "-"
20.226.26.5 - - [16/Jul/2026:21:16:39 +0000] "GET /wp-access.php HTTP/1.1" 404 65114 "-" "-"
20.226.26.5 - - [16/Jul/2026:21:16:44 +0000] "GET /jj.php HTTP/1.1" 404 65107 "-" "-"
20.226.26.5 - - [16/Jul/2026:21:16:48 +0000] "GET //wp-x7.php HTTP/1.1" 301 0 "-" "-"
20.226.26.5 - - [16/Jul/2026:21:16:51 +0000] "GET /wp-x7.php HTTP/1.1" 404 65110 "-" "-"
20.226.26.5 - - [16/Jul/2026:21:16:56 +0000] "GET /wpxml.php HTTP/1.1" 404 65110 "-" "-"
65.181.116.207 - - [16/Jul/2026:21:17:09 +0000] "POST /wp-cron.php?doing_wp_cron=1784236629.0939829349517822265625 HTTP/1.1" 200 0 "-" "WordPress/7.0.1; https://www.koop-iptv4k.com"
20.226.26.5 - - [16/Jul/2026:21:17:01 +0000] "GET /inputs.php HTTP/1.1" 404 65111 "-" "-"
20.226.26.5 - - [16/Jul/2026:21:17:09 +0000] "GET /file4.php HTTP/1.1" 404 65110 "-" "-"
20.226.26.5 - - [16/Jul/2026:21:17:14 +0000] "GET /wp-firewall.php HTTP/1.1" 404 65116 "-" "-"
20.226.26.5 - - [16/Jul/2026:21:17:21 +0000] "GET /data.php HTTP/1.1" 404 65109 "-" "-"
20.226.26.5 - - [16/Jul/2026:21:17:28 +0000] "GET /wp-wpbak.php HTTP/1.1" 404 65113 "-" "-"
20.226.26.5 - - [16/Jul/2026:21:17:35 +0000] "GET /002.php HTTP/1.1" 404 65108 "-" "-"
20.226.26.5 - - [16/Jul/2026:21:17:41 +0000] "GET /class-t.api.php HTTP/1.1" 404 65116 "-" "-"
20.226.26.5 - - [16/Jul/2026:21:17:47 +0000] "GET /file5.php HTTP/1.1" 404 65110 "-" "-"
20.226.26.5 - - [16/Jul/2026:21:17:54 +0000] "GET /cache.php HTTP/1.1" 404 65110 "-" "-"
20.226.26.5 - - [16/Jul/2026:21:17:58 +0000] "GET /error.php HTTP/1.1" 404 65110 "-" "-"
65.181.116.207 - - [16/Jul/2026:21:18:10 +0000] "POST /wp-cron.php?doing_wp_cron=1784236689.9391980171203613281250 HTTP/1.1" 200 0 "-" "WordPress/7.0.1; https://www.koop-iptv4k.com"
20.226.26.5 - - [16/Jul/2026:21:18:05 +0000] "GET /wp-content/themes/about.php HTTP/1.1" 404 65128 "-" "-"
20.226.26.5 - - [16/Jul/2026:21:18:10 +0000] "GET /wp-conflg.php HTTP/1.1" 404 65114 "-" "-"
20.226.26.5 - - [16/Jul/2026:21:18:13 +0000] "GET /f35.php HTTP/1.1" 404 65108 "-" "-"
20.226.26.5 - - [16/Jul/2026:21:18:20 +0000] "GET //test.php HTTP/1.1" 301 0 "-" "-"
20.226.26.5 - - [16/Jul/2026:21:18:23 +0000] "GET /test.php HTTP/1.1" 404 65109 "-" "-"
20.226.26.5 - - [16/Jul/2026:21:18:28 +0000] "GET /plugins.php HTTP/1.1" 404 65112 "-" "-"
20.226.26.5 - - [16/Jul/2026:21:18:34 +0000] "GET /wp-signup.php HTTP/1.1" 302 0 "-" "-"
20.226.26.5 - - [16/Jul/2026:21:18:48 +0000] "GET /la.php HTTP/1.1" 404 65107 "-" "-"
20.226.26.5 - - [16/Jul/2026:21:18:55 +0000] "GET /yas.php HTTP/1.1" 404 65108 "-" "-"
20.226.26.5 - - [16/Jul/2026:21:19:00 +0000] "GET /system.php HTTP/1.1" 404 65111 "-" "-"
65.181.116.207 - - [16/Jul/2026:21:19:11 +0000] "POST /wp-cron.php?doing_wp_cron=1784236751.2500870227813720703125 HTTP/1.1" 200 0 "-" "WordPress/7.0.1; https://www.koop-iptv4k.com"
20.226.26.5 - - [16/Jul/2026:21:19:06 +0000] "GET /wp-fileesx-449.php HTTP/1.1" 404 65119 "-" "-"
20.226.26.5 - - [16/Jul/2026:21:19:11 +0000] "GET /wp-good.php HTTP/1.1" 404 65112 "-" "-"
20.226.26.5 - - [16/Jul/2026:21:19:15 +0000] "GET /shx.php HTTP/1.1" 404 65108 "-" "-"
20.226.26.5 - - [16/Jul/2026:21:19:20 +0000] "GET /dropdown.php HTTP/1.1" 404 65113 "-" "-"
20.226.26.5 - - [16/Jul/2026:21:19:25 +0000] "GET /revealability.php HTTP/1.1" 404 65118 "-" "-"
20.226.26.5 - - [16/Jul/2026:21:19:29 +0000] "GET //wp.php HTTP/1.1" 301 0 "-" "-"
20.226.26.5 - - [16/Jul/2026:21:19:31 +0000] "GET /wp.php HTTP/1.1" 404 65107 "-" "-"
20.226.26.5 - - [16/Jul/2026:21:19:36 +0000] "GET /wp-wz.php HTTP/1.1" 404 65110 "-" "-"
20.226.26.5 - - [16/Jul/2026:21:19:41 +0000] "GET /06.php HTTP/1.1" 404 65107 "-" "-"
20.226.26.5 - - [16/Jul/2026:21:19:46 +0000] "GET /chomu.php HTTP/1.1" 404 65110 "-" "-"
20.226.26.5 - - [16/Jul/2026:21:19:50 +0000] "GET /ff.php HTTP/1.1" 404 65107 "-" "-"
20.226.26.5 - - [16/Jul/2026:21:19:54 +0000] "GET /xex.php HTTP/1.1" 404 65108 "-" "-"
20.226.26.5 - - [16/Jul/2026:21:19:58 +0000] "GET /wp-sing.php HTTP/1.1" 404 65112 "-" "-"
65.181.116.207 - - [16/Jul/2026:21:20:16 +0000] "POST /wp-cron.php?doing_wp_cron=1784236816.3245689868927001953125 HTTP/1.1" 200 0 "-" "WordPress/7.0.1; https://www.koop-iptv4k.com"
20.226.26.5 - - [16/Jul/2026:21:20:08 +0000] "GET /txets.php HTTP/1.1" 404 65110 "-" "-"
20.226.26.5 - - [16/Jul/2026:21:20:16 +0000] "GET /xml.php HTTP/1.1" 404 65108 "-" "-"
20.226.26.5 - - [16/Jul/2026:21:20:24 +0000] "GET /bgymj.php HTTP/1.1" 404 65110 "-" "-"
20.226.26.5 - - [16/Jul/2026:21:20:31 +0000] "GET /t.php HTTP/1.1" 404 65106 "-" "-"
20.226.26.5 - - [16/Jul/2026:21:20:37 +0000] "GET /wp.php HTTP/1.1" 404 65107 "-" "-"
20.226.26.5 - - [16/Jul/2026:21:20:45 +0000] "GET /mini.php HTTP/1.1" 404 65109 "-" "-"
20.226.26.5 - - [16/Jul/2026:21:20:52 +0000] "GET /19.php HTTP/1.1" 404 65107 "-" "-"
20.226.26.5 - - [16/Jul/2026:21:20:58 +0000] "GET /db.php HTTP/1.1" 404 65107 "-" "-"
65.181.116.207 - - [16/Jul/2026:21:21:12 +0000] "POST /wp-cron.php?doing_wp_cron=1784236872.8950340747833251953125 HTTP/1.1" 200 0 "-" "WordPress/7.0.1; https://www.koop-iptv4k.com"
20.226.26.5 - - [16/Jul/2026:21:21:06 +0000] "GET /wmore1.php HTTP/1.1" 404 65111 "-" "-"
20.226.26.5 - - [16/Jul/2026:21:21:13 +0000] "GET /amax.php HTTP/1.1" 404 65109 "-" "-"
20.226.26.5 - - [16/Jul/2026:21:21:19 +0000] "GET /wp-admin/index.php HTTP/1.1" 302 0 "-" "-"
20.226.26.5 - - [16/Jul/2026:21:21:32 +0000] "GET /b.php HTTP/1.1" 404 65106 "-" "-"
20.226.26.5 - - [16/Jul/2026:21:21:38 +0000] "GET /8.php HTTP/1.1" 404 65106 "-" "-"
20.226.26.5 - - [16/Jul/2026:21:21:44 +0000] "GET /wp-is.php HTTP/1.1" 404 65110 "-" "-"
20.226.26.5 - - [16/Jul/2026:21:21:52 +0000] "GET /wp-rss2.php HTTP/1.1" 301 0 "-" "-"
65.181.116.207 - - [16/Jul/2026:21:22:11 +0000] "POST /wp-cron.php?doing_wp_cron=1784236931.0463030338287353515625 HTTP/1.1" 200 0 "-" "WordPress/7.0.1; https://www.koop-iptv4k.com"
20.226.26.5 - - [16/Jul/2026:21:22:04 +0000] "GET /yanz.php HTTP/1.1" 404 65109 "-" "-"
20.226.26.5 - - [16/Jul/2026:21:22:11 +0000] "GET /term.php HTTP/1.1" 404 65109 "-" "-"
20.226.26.5 - - [16/Jul/2026:21:22:17 +0000] "GET /wp-block.php HTTP/1.1" 404 65113 "-" "-"
20.226.26.5 - - [16/Jul/2026:21:22:23 +0000] "GET /file88.php HTTP/1.1" 404 65111 "-" "-"
20.226.26.5 - - [16/Jul/2026:21:22:29 +0000] "GET /wp-content/uploads/admin.php HTTP/1.1" 404 65129 "-" "-"
20.226.26.5 - - [16/Jul/2026:21:22:35 +0000] "GET /sid3.php HTTP/1.1" 404 65109 "-" "-"
20.226.26.5 - - [16/Jul/2026:21:22:40 +0000] "GET /wp-blink.php HTTP/1.1" 404 65113 "-" "-"
20.226.26.5 - - [16/Jul/2026:21:22:45 +0000] "GET /i.php HTTP/1.1" 404 65106 "-" "-"
20.226.26.5 - - [16/Jul/2026:21:22:50 +0000] "GET /wp-admin/zoko.php HTTP/1.1" 404 65118 "-" "-"
20.226.26.5 - - [16/Jul/2026:21:22:55 +0000] "GET /wp-tivate.php HTTP/1.1" 404 65114 "-" "-"
20.226.26.5 - - [16/Jul/2026:21:22:59 +0000] "GET /samll.php HTTP/1.1" 404 65110 "-" "-"
65.181.116.207 - - [16/Jul/2026:21:23:14 +0000] "POST /wp-cron.php?doing_wp_cron=1784236993.8785200119018554687500 HTTP/1.1" 200 0 "-" "WordPress/7.0.1; https://www.koop-iptv4k.com"
20.226.26.5 - - [16/Jul/2026:21:23:07 +0000] "GET /new.php HTTP/1.1" 404 65108 "-" "-"
20.226.26.5 - - [16/Jul/2026:21:23:14 +0000] "GET /lp6.php HTTP/1.1" 404 65108 "-" "-"
20.226.26.5 - - [16/Jul/2026:21:23:19 +0000] "GET /dex.php HTTP/1.1" 404 65108 "-" "-"
20.226.26.5 - - [16/Jul/2026:21:23:27 +0000] "GET /wp-term.php HTTP/1.1" 404 65112 "-" "-"
20.226.26.5 - - [16/Jul/2026:21:23:34 +0000] "GET /wp-xx.php HTTP/1.1" 404 65110 "-" "-"
20.226.26.5 - - [16/Jul/2026:21:23:40 +0000] "GET /cilus.php HTTP/1.1" 404 65110 "-" "-"
20.226.26.5 - - [16/Jul/2026:21:23:45 +0000] "GET /ccou.php HTTP/1.1" 404 65109 "-" "-"
20.226.26.5 - - [16/Jul/2026:21:23:50 +0000] "GET /edit.php HTTP/1.1" 404 65109 "-" "-"
20.226.26.5 - - [16/Jul/2026:21:23:54 +0000] "GET /shell20211028.php HTTP/1.1" 404 65118 "-" "-"
20.226.26.5 - - [16/Jul/2026:21:24:00 +0000] "GET /ccc.php HTTP/1.1" 404 65108 "-" "-"
20.226.26.5 - - [16/Jul/2026:21:24:06 +0000] "GET /wp-links-opml.php HTTP/1.1" 200 229 "-" "-"
20.226.26.5 - - [16/Jul/2026:21:24:08 +0000] "GET /atkno.php HTTP/1.1" 404 65110 "-" "-"
20.226.26.5 - - [16/Jul/2026:21:24:13 +0000] "GET /1.php HTTP/1.1" 404 65106 "-" "-"
20.226.26.5 - - [16/Jul/2026:21:24:18 +0000] "GET /sql.php HTTP/1.1" 404 65108 "-" "-"
20.226.26.5 - - [16/Jul/2026:21:24:24 +0000] "GET /xxx.php HTTP/1.1" 404 65108 "-" "-"
20.226.26.5 - - [16/Jul/2026:21:24:29 +0000] "GET //shell.php HTTP/1.1" 301 0 "-" "-"
20.226.26.5 - - [16/Jul/2026:21:24:32 +0000] "GET /shell.php HTTP/1.1" 404 65110 "-" "-"
20.226.26.5 - - [16/Jul/2026:21:24:36 +0000] "GET /r.php HTTP/1.1" 404 65106 "-" "-"
20.226.26.5 - - [16/Jul/2026:21:24:41 +0000] "GET /wso.php HTTP/1.1" 404 65108 "-" "-"
20.226.26.5 - - [16/Jul/2026:21:24:46 +0000] "GET /wp-ws68.php HTTP/1.1" 404 65112 "-" "-"
20.226.26.5 - - [16/Jul/2026:21:24:51 +0000] "GET //x.php HTTP/1.1" 301 0 "-" "-"
20.226.26.5 - - [16/Jul/2026:21:24:54 +0000] "GET /x.php HTTP/1.1" 404 65106 "-" "-"
20.226.26.5 - - [16/Jul/2026:21:24:58 +0000] "GET /v2.php HTTP/1.1" 404 65107 "-" "-"
65.181.116.207 - - [16/Jul/2026:21:25:13 +0000] "POST /wp-cron.php?doing_wp_cron=1784237113.5398190021514892578125 HTTP/1.1" 200 0 "-" "WordPress/7.0.1; https://www.koop-iptv4k.com"
20.226.26.5 - - [16/Jul/2026:21:25:07 +0000] "GET /atomlib.php HTTP/1.1" 404 65112 "-" "-"
20.226.26.5 - - [16/Jul/2026:21:25:13 +0000] "GET /wp-ver.php HTTP/1.1" 404 65111 "-" "-"
20.226.26.5 - - [16/Jul/2026:21:25:19 +0000] "GET /z.php HTTP/1.1" 404 65106 "-" "-"
20.226.26.5 - - [16/Jul/2026:21:25:25 +0000] "GET /thoms.php HTTP/1.1" 404 65110 "-" "-"
20.226.26.5 - - [16/Jul/2026:21:25:30 +0000] "GET /bthil.php HTTP/1.1" 404 65110 "-" "-"
20.226.26.5 - - [16/Jul/2026:21:25:35 +0000] "GET /crgio.php HTTP/1.1" 404 65110 "-" "-"
20.226.26.5 - - [16/Jul/2026:21:25:41 +0000] "GET /file11.php HTTP/1.1" 404 65111 "-" "-"
46.23.108.246 - - [16/Jul/2026:21:26:01 +0000] "HEAD / HTTP/1.1" 301 0 "-" "Mozilla/5.0 (Windows NT 10.0; Win64; x64) AppleWebKit/537.36 (KHTML, like Gecko) Chrome/147.0.0.0 Safari/537.36 Edg/146.0.3856.109"
104.164.6.201 - - [16/Jul/2026:21:39:42 +0000] "GET /wpx.php HTTP/1.1" 200 1433 "-" "Mozilla/5.0 (compatible; Baiduspider/2.0; +http://www.baidu.com/search/spider.html)"
82.156.88.97 - - [16/Jul/2026:21:59:03 +0000] "GET / HTTP/1.1" 301 0 "-" "Mozilla/5.0 (iPhone; CPU iPhone OS 13_2_3 like Mac OS X) AppleWebKit/605.1.15 (KHTML, like Gecko) Version/13.0.3 Mobile/15E148 Safari/604.1"
65.181.116.207 - - [16/Jul/2026:22:47:37 +0000] "POST /wp-cron.php?doing_wp_cron=1784242057.9079220294952392578125 HTTP/1.1" 200 0 "-" "WordPress/7.0.1; https://www.koop-iptv4k.com"
2a06:98c0:3600::103 - - [16/Jul/2026:22:47:35 +0000] "GET /wp-admin/install.php?step=1 HTTP/1.1" 200 558 "-" "http://koop-iptv4k.com/wp-admin/install.php?step=1"
62.60.130.210 - - [16/Jul/2026:23:55:49 +0000] "GET /images/images/cache.php HTTP/1.1" 301 0 "www.google.com" "Mozlila/5.0 (Linux; Android 7.0; SM-G892A Bulid/NRD90M; wv) AppleWebKit/537.36 (KHTML, like Gecko) Version/4.0 Chrome/60.0.3112.107 Moblie Safari/537.36"
62.60.130.210 - - [16/Jul/2026:23:55:54 +0000] "GET /images/images/cache.php HTTP/1.1" 404 18734 "www.google.com" "Mozlila/5.0 (Linux; Android 7.0; SM-G892A Bulid/NRD90M; wv) AppleWebKit/537.36 (KHTML, like Gecko) Version/4.0 Chrome/60.0.3112.107 Moblie Safari/537.36"
62.60.130.210 - - [16/Jul/2026:23:56:03 +0000] "GET /cgi-bin/cgi-bin/cgi-bin/cgi-bin/cache.php HTTP/1.1" 301 0 "www.google.com" "Mozlila/5.0 (Linux; Android 7.0; SM-G892A Bulid/NRD90M; wv) AppleWebKit/537.36 (KHTML, like Gecko) Version/4.0 Chrome/60.0.3112.107 Moblie Safari/537.36"
62.60.130.210 - - [16/Jul/2026:23:56:07 +0000] "GET /cgi-bin/cgi-bin/cgi-bin/cgi-bin/cache.php HTTP/1.1" 404 18737 "www.google.com" "Mozlila/5.0 (Linux; Android 7.0; SM-G892A Bulid/NRD90M; wv) AppleWebKit/537.36 (KHTML, like Gecko) Version/4.0 Chrome/60.0.3112.107 Moblie Safari/537.36"
62.60.130.210 - - [16/Jul/2026:23:56:16 +0000] "GET /images/images/images/images/images/images/images/images/cache.php HTTP/1.1" 301 0 "www.google.com" "Mozlila/5.0 (Linux; Android 7.0; SM-G892A Bulid/NRD90M; wv) AppleWebKit/537.36 (KHTML, like Gecko) Version/4.0 Chrome/60.0.3112.107 Moblie Safari/537.36"
62.60.130.210 - - [16/Jul/2026:23:56:20 +0000] "GET /images/images/images/images/images/images/images/images/cache.php HTTP/1.1" 404 18736 "www.google.com" "Mozlila/5.0 (Linux; Android 7.0; SM-G892A Bulid/NRD90M; wv) AppleWebKit/537.36 (KHTML, like Gecko) Version/4.0 Chrome/60.0.3112.107 Moblie Safari/537.36"
62.60.130.210 - - [16/Jul/2026:23:56:25 +0000] "GET /images/images/images/images/images/images/images/cache.php HTTP/1.1" 301 0 "www.google.com" "Mozlila/5.0 (Linux; Android 7.0; SM-G892A Bulid/NRD90M; wv) AppleWebKit/537.36 (KHTML, like Gecko) Version/4.0 Chrome/60.0.3112.107 Moblie Safari/537.36"
62.60.130.210 - - [16/Jul/2026:23:56:29 +0000] "GET /images/images/images/images/images/images/images/cache.php HTTP/1.1" 404 18735 "www.google.com" "Mozlila/5.0 (Linux; Android 7.0; SM-G892A Bulid/NRD90M; wv) AppleWebKit/537.36 (KHTML, like Gecko) Version/4.0 Chrome/60.0.3112.107 Moblie Safari/537.36"
62.60.130.210 - - [16/Jul/2026:23:56:35 +0000] "GET /images/images/images/images/images/images/cache.php HTTP/1.1" 301 0 "www.google.com" "Mozlila/5.0 (Linux; Android 7.0; SM-G892A Bulid/NRD90M; wv) AppleWebKit/537.36 (KHTML, like Gecko) Version/4.0 Chrome/60.0.3112.107 Moblie Safari/537.36"
62.60.130.210 - - [16/Jul/2026:23:56:39 +0000] "GET /images/images/images/images/images/images/cache.php HTTP/1.1" 404 18735 "www.google.com" "Mozlila/5.0 (Linux; Android 7.0; SM-G892A Bulid/NRD90M; wv) AppleWebKit/537.36 (KHTML, like Gecko) Version/4.0 Chrome/60.0.3112.107 Moblie Safari/537.36"
62.60.130.210 - - [16/Jul/2026:23:56:46 +0000] "GET /images/images/images/images/images/cache.php HTTP/1.1" 301 0 "www.google.com" "Mozlila/5.0 (Linux; Android 7.0; SM-G892A Bulid/NRD90M; wv) AppleWebKit/537.36 (KHTML, like Gecko) Version/4.0 Chrome/60.0.3112.107 Moblie Safari/537.36"
62.60.130.210 - - [16/Jul/2026:23:56:51 +0000] "GET /images/images/images/images/images/cache.php HTTP/1.1" 404 18735 "www.google.com" "Mozlila/5.0 (Linux; Android 7.0; SM-G892A Bulid/NRD90M; wv) AppleWebKit/537.36 (KHTML, like Gecko) Version/4.0 Chrome/60.0.3112.107 Moblie Safari/537.36"
62.60.130.210 - - [16/Jul/2026:23:56:56 +0000] "GET /images/images/images/images/cache.php HTTP/1.1" 301 0 "www.google.com" "Mozlila/5.0 (Linux; Android 7.0; SM-G892A Bulid/NRD90M; wv) AppleWebKit/537.36 (KHTML, like Gecko) Version/4.0 Chrome/60.0.3112.107 Moblie Safari/537.36"
62.60.130.210 - - [16/Jul/2026:23:57:00 +0000] "GET /images/images/images/images/cache.php HTTP/1.1" 404 18734 "www.google.com" "Mozlila/5.0 (Linux; Android 7.0; SM-G892A Bulid/NRD90M; wv) AppleWebKit/537.36 (KHTML, like Gecko) Version/4.0 Chrome/60.0.3112.107 Moblie Safari/537.36"
65.181.116.207 - - [17/Jul/2026:00:28:16 +0000] "POST /wp-cron.php?doing_wp_cron=1784248096.3951671123504638671875 HTTP/1.1" 200 0 "-" "WordPress/7.0.1; https://www.koop-iptv4k.com"
2a06:98c0:3600::103 - - [17/Jul/2026:00:28:14 +0000] "GET /wp-admin/install.php?step=1 HTTP/1.1" 200 558 "-" "http://koop-iptv4k.com/wp-admin/install.php?step=1"
65.181.116.207 - - [17/Jul/2026:01:42:34 +0000] "POST /wp-cron.php?doing_wp_cron=1784252554.4308660030364990234375 HTTP/1.1" 200 0 "-" "WordPress/7.0.1; https://www.koop-iptv4k.com"
172.120.9.44 - - [17/Jul/2026:01:42:31 +0000] "GET / HTTP/1.1" 301 0 "-" "Mozilla/5.0 (compatible; Baiduspider/2.0; +http://www.baidu.com/search/spider.html)"
65.181.116.207 - - [17/Jul/2026:01:56:18 +0000] "POST /wp-cron.php?doing_wp_cron=1784253378.2609450817108154296875 HTTP/1.1" 200 0 "-" "WordPress/7.0.1; https://www.koop-iptv4k.com"
134.122.53.234 - - [17/Jul/2026:01:56:11 +0000] "GET / HTTP/1.1" 301 0 "-" "Mozilla/5.0 (X11; Linux x86_64) AppleWebKit/537.36 (KHTML, like Gecko) Chrome/142.0.0.0 Safari/537.36"
65.181.116.207 - - [17/Jul/2026:01:59:20 +0000] "POST /wp-cron.php?doing_wp_cron=1784253560.7132689952850341796875 HTTP/1.1" 200 0 "-" "WordPress/7.0.1; https://www.koop-iptv4k.com"
43.157.150.69 - - [17/Jul/2026:01:59:15 +0000] "GET / HTTP/1.1" 301 0 "-" "Mozilla/5.0 (iPhone; CPU iPhone OS 13_2_3 like Mac OS X) AppleWebKit/605.1.15 (KHTML, like Gecko) Version/13.0.3 Mobile/15E148 Safari/604.1"
65.181.116.207 - - [17/Jul/2026:02:12:42 +0000] "POST /wp-cron.php?doing_wp_cron=1784254362.6688818931579589843750 HTTP/1.1" 200 0 "-" "WordPress/7.0.1; https://www.koop-iptv4k.com"
2a06:98c0:3600::103 - - [17/Jul/2026:02:12:40 +0000] "GET /wp-admin/install.php?step=1 HTTP/1.1" 200 558 "-" "http://koop-iptv4k.com/wp-admin/install.php?step=1"
173.208.148.34 - - [17/Jul/2026:02:59:30 +0000] "GET /index.php?params=1 HTTP/1.1" 301 0 "-" "Mozilla/5.0 (Windows NT 10.0; Win64; x64) AppleWebKit/537.36 (KHTML, like Gecko) Chrome/131.0.0.0 Safari/537.36"
65.181.116.207 - - [17/Jul/2026:03:10:40 +0000] "POST /wp-cron.php?doing_wp_cron=1784257840.7297179698944091796875 HTTP/1.1" 200 0 "-" "WordPress/7.0.1; https://www.koop-iptv4k.com"
43.130.3.122 - - [17/Jul/2026:03:10:36 +0000] "GET / HTTP/1.1" 301 0 "-" "Mozilla/5.0 (iPhone; CPU iPhone OS 13_2_3 like Mac OS X) AppleWebKit/605.1.15 (KHTML, like Gecko) Version/13.0.3 Mobile/15E148 Safari/604.1"
65.181.116.207 - - [17/Jul/2026:03:53:05 +0000] "POST /wp-cron.php?doing_wp_cron=1784260385.1638410091400146484375 HTTP/1.1" 200 0 "-" "WordPress/7.0.1; https://www.koop-iptv4k.com"
2a06:98c0:3600::103 - - [17/Jul/2026:03:53:02 +0000] "GET /wp-admin/install.php?step=1 HTTP/1.1" 200 558 "-" "http://koop-iptv4k.com/wp-admin/install.php?step=1"
65.181.116.207 - - [17/Jul/2026:04:04:24 +0000] "POST /wp-cron.php?doing_wp_cron=1784261064.1482620239257812500000 HTTP/1.1" 200 0 "-" "WordPress/7.0.1; https://www.koop-iptv4k.com"
103.172.42.43 - - [17/Jul/2026:04:04:19 +0000] "GET /wp-json/wp/v2/posts HTTP/1.1" 200 755 "-" "Mozilla/5.0 (Windows NT 10.0; Win64; x64) AppleWebKit/537.36 (KHTML, like Gecko) Chrome/120.0.0.0 Safari/537.36"
65.181.116.207 - - [17/Jul/2026:04:15:16 +0000] "POST /wp-cron.php?doing_wp_cron=1784261716.2047209739685058593750 HTTP/1.1" 200 0 "-" "WordPress/7.0.1; https://www.koop-iptv4k.com"
179.7.0.155 - - [17/Jul/2026:04:15:09 +0000] "GET http://www.koop-iptv4k.com/ HTTP/1.1" 301 0 "http://www.koop-iptv4k.com" "Mozilla/5.0 (Windows NT 10.0; Win64; x64) AppleWebKit/537.36 (KHTML, like Gecko) Chrome/145.0.0.0 Safari/537.36 Edg/145.0.0.0"
120.29.109.182 - - [17/Jul/2026:04:15:24 +0000] "GET http://www.koop-iptv4k.com/ HTTP/1.1" 301 0 "http://www.koop-iptv4k.com" "Mozilla/5.0 (Windows NT 10.0; Win64; x64) AppleWebKit/537.36 (KHTML, like Gecko) Chrome/145.0.0.0 Safari/537.36 Edg/145.0.0.0"
38.35.255.30 - - [17/Jul/2026:04:15:39 +0000] "GET http://www.koop-iptv4k.com/ HTTP/1.1" 301 0 "http://www.koop-iptv4k.com" "Mozilla/5.0 (Windows NT 10.0; Win64; x64) AppleWebKit/537.36 (KHTML, like Gecko) Chrome/145.0.0.0 Safari/537.36 Edg/145.0.0.0"
65.181.116.207 - - [17/Jul/2026:04:19:24 +0000] "POST /wp-cron.php?doing_wp_cron=1784261964.5239698886871337890625 HTTP/1.1" 200 0 "-" "WordPress/7.0.1; https://www.koop-iptv4k.com"
146.56.229.214 - - [17/Jul/2026:04:19:20 +0000] "GET / HTTP/1.1" 301 0 "-" "Mozilla/5.0 (iPhone; CPU iPhone OS 13_2_3 like Mac OS X) AppleWebKit/605.1.15 (KHTML, like Gecko) Version/13.0.3 Mobile/15E148 Safari/604.1"
65.181.116.207 - - [17/Jul/2026:04:31:07 +0000] "POST /wp-cron.php?doing_wp_cron=1784262667.4066081047058105468750 HTTP/1.1" 200 0 "-" "WordPress/7.0.1; https://www.koop-iptv4k.com"
66.249.68.162 - - [17/Jul/2026:04:31:02 +0000] "GET /robots.txt HTTP/1.1" 301 0 "-" "Mozilla/5.0 (compatible; Googlebot/2.1; +http://www.google.com/bot.html)"
66.249.79.231 - - [17/Jul/2026:04:31:07 +0000] "GET /robots.txt HTTP/1.1" 200 196 "-" "Mozilla/5.0 (compatible; Googlebot/2.1; +http://www.google.com/bot.html)"
66.249.68.162 - - [17/Jul/2026:04:31:11 +0000] "GET /robots.txt HTTP/1.1" 301 0 "-" "Mozilla/5.0 (compatible; Googlebot/2.1; +http://www.google.com/bot.html)"
65.181.116.207 - - [17/Jul/2026:04:37:33 +0000] "POST /wp-cron.php?doing_wp_cron=1784263053.5286478996276855468750 HTTP/1.1" 200 0 "-" "WordPress/7.0.1; https://www.koop-iptv4k.com"
66.249.79.231 - - [17/Jul/2026:04:37:29 +0000] "GET /robots.txt HTTP/1.1" 200 196 "-" "Mozilla/5.0 (compatible; Googlebot/2.1; +http://www.google.com/bot.html)"
66.249.79.229 - - [17/Jul/2026:04:37:33 +0000] "GET /robots.txt HTTP/1.1" 200 196 "-" "Mozilla/5.0 (compatible; Googlebot/2.1; +http://www.google.com/bot.html)"
216.73.163.148 - - [17/Jul/2026:05:22:51 +0000] "GET /wp-includes/css/buttons.css HTTP/1.1" 200 2890 "-" "Go-http-client/1.1"
64.23.218.208 - - [17/Jul/2026:05:35:02 +0000] "GET / HTTP/1.1" 301 0 "-" "Mozilla/5.0 (l9scan/2.0.730323e2631313e2138313e25363; +https://leakix.net)"
139.59.143.102 - - [17/Jul/2026:05:35:02 +0000] "GET / HTTP/1.1" 301 0 "-" "Mozilla/5.0 (l9scan/2.0.730323e2631313e2138313e25363; +https://leakix.net)"
139.59.143.102 - - [17/Jul/2026:05:35:02 +0000] "GET / HTTP/1.1" 301 0 "-" "Mozilla/5.0 (l9scan/2.0.730323e2631313e2138313e25363; +https://leakix.net)"
64.23.218.208 - - [17/Jul/2026:05:35:26 +0000] "GET /console/ HTTP/1.1" 200 0 "-" "Mozilla/5.0 (l9scan/2.0.730323e2631313e2138313e25363; +https://leakix.net)"
139.59.143.102 - - [17/Jul/2026:05:35:26 +0000] "GET /console/ HTTP/1.1" 200 0 "-" "Mozilla/5.0 (l9scan/2.0.730323e2631313e2138313e25363; +https://leakix.net)"
139.59.143.102 - - [17/Jul/2026:05:35:27 +0000] "GET /console/ HTTP/1.1" 200 0 "-" "Mozilla/5.0 (l9scan/2.0.730323e2631313e2138313e25363; +https://leakix.net)"
64.23.218.208 - - [17/Jul/2026:05:35:29 +0000] "GET /server HTTP/1.1" 200 0 "-" "Mozilla/5.0 (l9scan/2.0.730323e2631313e2138313e25363; +https://leakix.net)"
139.59.143.102 - - [17/Jul/2026:05:35:29 +0000] "GET /server HTTP/1.1" 200 0 "-" "Mozilla/5.0 (l9scan/2.0.730323e2631313e2138313e25363; +https://leakix.net)"
139.59.143.102 - - [17/Jul/2026:05:35:30 +0000] "GET /server HTTP/1.1" 200 0 "-" "Mozilla/5.0 (l9scan/2.0.730323e2631313e2138313e25363; +https://leakix.net)"
64.23.218.208 - - [17/Jul/2026:05:35:32 +0000] "GET /server-status HTTP/1.1" 200 0 "-" "Mozilla/5.0 (l9scan/2.0.730323e2631313e2138313e25363; +https://leakix.net)"
139.59.143.102 - - [17/Jul/2026:05:35:32 +0000] "GET /server-status HTTP/1.1" 200 0 "-" "Mozilla/5.0 (l9scan/2.0.730323e2631313e2138313e25363; +https://leakix.net)"
139.59.143.102 - - [17/Jul/2026:05:35:33 +0000] "GET /server-status HTTP/1.1" 200 0 "-" "Mozilla/5.0 (l9scan/2.0.730323e2631313e2138313e25363; +https://leakix.net)"
65.181.116.207 - - [17/Jul/2026:05:35:26 +0000] "POST /wp-cron.php?doing_wp_cron=1784266526.1024849414825439453125 HTTP/1.1" 200 0 "-" "WordPress/7.0.1; https://www.koop-iptv4k.com"
64.23.218.208 - - [17/Jul/2026:05:35:35 +0000] "GET /about HTTP/1.1" 200 0 "-" "Mozilla/5.0 (l9scan/2.0.730323e2631313e2138313e25363; +https://leakix.net)"
139.59.143.102 - - [17/Jul/2026:05:35:35 +0000] "GET /about HTTP/1.1" 200 0 "-" "Mozilla/5.0 (l9scan/2.0.730323e2631313e2138313e25363; +https://leakix.net)"
139.59.143.102 - - [17/Jul/2026:05:35:36 +0000] "GET /about HTTP/1.1" 200 0 "-" "Mozilla/5.0 (l9scan/2.0.730323e2631313e2138313e25363; +https://leakix.net)"
64.23.218.208 - - [17/Jul/2026:05:35:38 +0000] "GET /login.action HTTP/1.1" 200 0 "-" "Mozilla/5.0 (l9scan/2.0.730323e2631313e2138313e25363; +https://leakix.net)"
139.59.143.102 - - [17/Jul/2026:05:35:38 +0000] "GET /login.action HTTP/1.1" 200 0 "-" "Mozilla/5.0 (l9scan/2.0.730323e2631313e2138313e25363; +https://leakix.net)"
139.59.143.102 - - [17/Jul/2026:05:35:39 +0000] "GET /login.action HTTP/1.1" 200 0 "-" "Mozilla/5.0 (l9scan/2.0.730323e2631313e2138313e25363; +https://leakix.net)"
64.23.218.208 - - [17/Jul/2026:05:35:41 +0000] "GET / HTTP/1.1" 200 0 "-" "Mozilla/5.0 (l9scan/2.0.730323e2631313e2138313e25363; +https://leakix.net)"
139.59.143.102 - - [17/Jul/2026:05:35:41 +0000] "GET / HTTP/1.1" 200 0 "-" "Mozilla/5.0 (l9scan/2.0.730323e2631313e2138313e25363; +https://leakix.net)"
139.59.143.102 - - [17/Jul/2026:05:35:42 +0000] "GET / HTTP/1.1" 200 0 "-" "Mozilla/5.0 (l9scan/2.0.730323e2631313e2138313e25363; +https://leakix.net)"
64.23.218.208 - - [17/Jul/2026:05:35:44 +0000] "GET /___proxy_subdomain_whm/login HTTP/1.1" 200 0 "-" "Mozilla/5.0 (l9scan/2.0.730323e2631313e2138313e25363; +https://leakix.net)"
139.59.143.102 - - [17/Jul/2026:05:35:44 +0000] "GET /___proxy_subdomain_whm/login HTTP/1.1" 200 0 "-" "Mozilla/5.0 (l9scan/2.0.730323e2631313e2138313e25363; +https://leakix.net)"
139.59.143.102 - - [17/Jul/2026:05:35:45 +0000] "GET /___proxy_subdomain_whm/login HTTP/1.1" 200 0 "-" "Mozilla/5.0 (l9scan/2.0.730323e2631313e2138313e25363; +https://leakix.net)"
64.23.218.208 - - [17/Jul/2026:05:35:47 +0000] "GET /___proxy_subdomain_cpanel HTTP/1.1" 200 0 "-" "Mozilla/5.0 (l9scan/2.0.730323e2631313e2138313e25363; +https://leakix.net)"
139.59.143.102 - - [17/Jul/2026:05:35:47 +0000] "GET /___proxy_subdomain_cpanel HTTP/1.1" 200 0 "-" "Mozilla/5.0 (l9scan/2.0.730323e2631313e2138313e25363; +https://leakix.net)"
139.59.143.102 - - [17/Jul/2026:05:35:48 +0000] "GET /___proxy_subdomain_cpanel HTTP/1.1" 200 0 "-" "Mozilla/5.0 (l9scan/2.0.730323e2631313e2138313e25363; +https://leakix.net)"
64.23.218.208 - - [17/Jul/2026:05:35:50 +0000] "GET /v2/_catalog HTTP/1.1" 200 0 "-" "Mozilla/5.0 (l9scan/2.0.730323e2631313e2138313e25363; +https://leakix.net)"
139.59.143.102 - - [17/Jul/2026:05:35:50 +0000] "GET /v2/_catalog HTTP/1.1" 200 0 "-" "Mozilla/5.0 (l9scan/2.0.730323e2631313e2138313e25363; +https://leakix.net)"
139.59.143.102 - - [17/Jul/2026:05:35:51 +0000] "GET /v2/_catalog HTTP/1.1" 200 0 "-" "Mozilla/5.0 (l9scan/2.0.730323e2631313e2138313e25363; +https://leakix.net)"
64.23.218.208 - - [17/Jul/2026:05:35:53 +0000] "GET /.DS_Store HTTP/1.1" 200 0 "-" "Mozilla/5.0 (l9scan/2.0.730323e2631313e2138313e25363; +https://leakix.net)"
139.59.143.102 - - [17/Jul/2026:05:35:53 +0000] "GET /.DS_Store HTTP/1.1" 200 0 "-" "Mozilla/5.0 (l9scan/2.0.730323e2631313e2138313e25363; +https://leakix.net)"
139.59.143.102 - - [17/Jul/2026:05:35:54 +0000] "GET /.DS_Store HTTP/1.1" 200 0 "-" "Mozilla/5.0 (l9scan/2.0.730323e2631313e2138313e25363; +https://leakix.net)"
64.23.218.208 - - [17/Jul/2026:05:35:56 +0000] "GET /.env HTTP/1.1" 200 0 "-" "Mozilla/5.0 (l9scan/2.0.730323e2631313e2138313e25363; +https://leakix.net)"
139.59.143.102 - - [17/Jul/2026:05:35:56 +0000] "GET /.env HTTP/1.1" 200 0 "-" "Mozilla/5.0 (l9scan/2.0.730323e2631313e2138313e25363; +https://leakix.net)"
139.59.143.102 - - [17/Jul/2026:05:35:57 +0000] "GET /.env HTTP/1.1" 200 0 "-" "Mozilla/5.0 (l9scan/2.0.730323e2631313e2138313e25363; +https://leakix.net)"
64.23.218.208 - - [17/Jul/2026:05:36:00 +0000] "GET /ecp/Current/exporttool/microsoft.exchange.ediscovery.exporttool.application HTTP/1.1" 200 0 "-" "Mozilla/5.0 (l9scan/2.0.730323e2631313e2138313e25363; +https://leakix.net)"
139.59.143.102 - - [17/Jul/2026:05:36:00 +0000] "GET /ecp/Current/exporttool/microsoft.exchange.ediscovery.exporttool.application HTTP/1.1" 200 0 "-" "Mozilla/5.0 (l9scan/2.0.730323e2631313e2138313e25363; +https://leakix.net)"
64.23.218.208 - - [17/Jul/2026:05:36:04 +0000] "GET /.git/config HTTP/1.1" 403 1242 "-" "Mozilla/5.0 (l9scan/2.0.730323e2631313e2138313e25363; +https://leakix.net)"
139.59.143.102 - - [17/Jul/2026:05:36:01 +0000] "GET /ecp/Current/exporttool/microsoft.exchange.ediscovery.exporttool.application HTTP/1.1" 200 0 "-" "Mozilla/5.0 (l9scan/2.0.730323e2631313e2138313e25363; +https://leakix.net)"
139.59.143.102 - - [17/Jul/2026:05:36:05 +0000] "GET /.git/config HTTP/1.1" 403 1242 "-" "Mozilla/5.0 (l9scan/2.0.730323e2631313e2138313e25363; +https://leakix.net)"
139.59.143.102 - - [17/Jul/2026:05:36:05 +0000] "GET /.git/config HTTP/1.1" 403 1242 "-" "Mozilla/5.0 (l9scan/2.0.730323e2631313e2138313e25363; +https://leakix.net)"
64.23.218.208 - - [17/Jul/2026:05:36:05 +0000] "POST /graphql HTTP/1.1" 200 0 "-" "Mozilla/5.0 (l9scan/2.0.730323e2631313e2138313e25363; +https://leakix.net)"
139.59.143.102 - - [17/Jul/2026:05:36:05 +0000] "POST /graphql HTTP/1.1" 200 0 "-" "Mozilla/5.0 (l9scan/2.0.730323e2631313e2138313e25363; +https://leakix.net)"
139.59.143.102 - - [17/Jul/2026:05:36:07 +0000] "POST /graphql HTTP/1.1" 200 0 "-" "Mozilla/5.0 (l9scan/2.0.730323e2631313e2138313e25363; +https://leakix.net)"
64.23.218.208 - - [17/Jul/2026:05:36:08 +0000] "POST /api HTTP/1.1" 200 0 "-" "Mozilla/5.0 (l9scan/2.0.730323e2631313e2138313e25363; +https://leakix.net)"
139.59.143.102 - - [17/Jul/2026:05:36:08 +0000] "POST /api HTTP/1.1" 200 0 "-" "Mozilla/5.0 (l9scan/2.0.730323e2631313e2138313e25363; +https://leakix.net)"
139.59.143.102 - - [17/Jul/2026:05:36:09 +0000] "POST /api HTTP/1.1" 200 0 "-" "Mozilla/5.0 (l9scan/2.0.730323e2631313e2138313e25363; +https://leakix.net)"
64.23.218.208 - - [17/Jul/2026:05:36:11 +0000] "POST /api/graphql HTTP/1.1" 200 0 "-" "Mozilla/5.0 (l9scan/2.0.730323e2631313e2138313e25363; +https://leakix.net)"
139.59.143.102 - - [17/Jul/2026:05:36:11 +0000] "POST /api/graphql HTTP/1.1" 200 0 "-" "Mozilla/5.0 (l9scan/2.0.730323e2631313e2138313e25363; +https://leakix.net)"
139.59.143.102 - - [17/Jul/2026:05:36:12 +0000] "POST /api/graphql HTTP/1.1" 200 0 "-" "Mozilla/5.0 (l9scan/2.0.730323e2631313e2138313e25363; +https://leakix.net)"
64.23.218.208 - - [17/Jul/2026:05:36:14 +0000] "POST /graphql/api HTTP/1.1" 200 0 "-" "Mozilla/5.0 (l9scan/2.0.730323e2631313e2138313e25363; +https://leakix.net)"
139.59.143.102 - - [17/Jul/2026:05:36:14 +0000] "POST /graphql/api HTTP/1.1" 200 0 "-" "Mozilla/5.0 (l9scan/2.0.730323e2631313e2138313e25363; +https://leakix.net)"
139.59.143.102 - - [17/Jul/2026:05:36:15 +0000] "POST /graphql/api HTTP/1.1" 200 0 "-" "Mozilla/5.0 (l9scan/2.0.730323e2631313e2138313e25363; +https://leakix.net)"
64.23.218.208 - - [17/Jul/2026:05:36:17 +0000] "POST /api/gql HTTP/1.1" 200 0 "-" "Mozilla/5.0 (l9scan/2.0.730323e2631313e2138313e25363; +https://leakix.net)"
139.59.143.102 - - [17/Jul/2026:05:36:17 +0000] "POST /api/gql HTTP/1.1" 200 0 "-" "Mozilla/5.0 (l9scan/2.0.730323e2631313e2138313e25363; +https://leakix.net)"
139.59.143.102 - - [17/Jul/2026:05:36:18 +0000] "POST /api/gql HTTP/1.1" 200 0 "-" "Mozilla/5.0 (l9scan/2.0.730323e2631313e2138313e25363; +https://leakix.net)"
64.23.218.208 - - [17/Jul/2026:05:36:20 +0000] "GET /s/730323e2631313e2138313e25363/_/;/META-INF/maven/com.atlassian.jira/jira-webapp-dist/pom.properties HTTP/1.1" 200 0 "-" "Mozilla/5.0 (l9scan/2.0.730323e2631313e2138313e25363; +https://leakix.net)"
139.59.143.102 - - [17/Jul/2026:05:36:20 +0000] "GET /s/730323e2631313e2138313e25363/_/;/META-INF/maven/com.atlassian.jira/jira-webapp-dist/pom.properties HTTP/1.1" 200 0 "-" "Mozilla/5.0 (l9scan/2.0.730323e2631313e2138313e25363; +https://leakix.net)"
139.59.143.102 - - [17/Jul/2026:05:36:21 +0000] "GET /s/730323e2631313e2138313e25363/_/;/META-INF/maven/com.atlassian.jira/jira-webapp-dist/pom.properties HTTP/1.1" 200 0 "-" "Mozilla/5.0 (l9scan/2.0.730323e2631313e2138313e25363; +https://leakix.net)"
64.23.218.208 - - [17/Jul/2026:05:36:23 +0000] "GET /config.json HTTP/1.1" 200 0 "-" "Mozilla/5.0 (l9scan/2.0.730323e2631313e2138313e25363; +https://leakix.net)"
139.59.143.102 - - [17/Jul/2026:05:36:23 +0000] "GET /config.json HTTP/1.1" 200 0 "-" "Mozilla/5.0 (l9scan/2.0.730323e2631313e2138313e25363; +https://leakix.net)"
139.59.143.102 - - [17/Jul/2026:05:36:24 +0000] "GET /config.json HTTP/1.1" 200 0 "-" "Mozilla/5.0 (l9scan/2.0.730323e2631313e2138313e25363; +https://leakix.net)"
64.23.218.208 - - [17/Jul/2026:05:36:26 +0000] "GET /telescope/requests HTTP/1.1" 200 0 "-" "Mozilla/5.0 (l9scan/2.0.730323e2631313e2138313e25363; +https://leakix.net)"
139.59.143.102 - - [17/Jul/2026:05:36:26 +0000] "GET /telescope/requests HTTP/1.1" 200 0 "-" "Mozilla/5.0 (l9scan/2.0.730323e2631313e2138313e25363; +https://leakix.net)"
139.59.143.102 - - [17/Jul/2026:05:36:27 +0000] "GET /telescope/requests HTTP/1.1" 200 0 "-" "Mozilla/5.0 (l9scan/2.0.730323e2631313e2138313e25363; +https://leakix.net)"
64.23.218.208 - - [17/Jul/2026:05:36:29 +0000] "GET /info.php HTTP/1.1" 200 0 "-" "Mozilla/5.0 (l9scan/2.0.730323e2631313e2138313e25363; +https://leakix.net)"
139.59.143.102 - - [17/Jul/2026:05:36:29 +0000] "GET /info.php HTTP/1.1" 200 0 "-" "Mozilla/5.0 (l9scan/2.0.730323e2631313e2138313e25363; +https://leakix.net)"
139.59.143.102 - - [17/Jul/2026:05:36:30 +0000] "GET /info.php HTTP/1.1" 200 0 "-" "Mozilla/5.0 (l9scan/2.0.730323e2631313e2138313e25363; +https://leakix.net)"
64.23.218.208 - - [17/Jul/2026:05:36:32 +0000] "GET /actuator/env HTTP/1.1" 200 0 "-" "Mozilla/5.0 (l9scan/2.0.730323e2631313e2138313e25363; +https://leakix.net)"
139.59.143.102 - - [17/Jul/2026:05:36:32 +0000] "GET /actuator/env HTTP/1.1" 200 0 "-" "Mozilla/5.0 (l9scan/2.0.730323e2631313e2138313e25363; +https://leakix.net)"
139.59.143.102 - - [17/Jul/2026:05:36:33 +0000] "GET /actuator/env HTTP/1.1" 200 0 "-" "Mozilla/5.0 (l9scan/2.0.730323e2631313e2138313e25363; +https://leakix.net)"
64.23.218.208 - - [17/Jul/2026:05:36:35 +0000] "GET /trace.axd HTTP/1.1" 200 0 "-" "Mozilla/5.0 (l9scan/2.0.730323e2631313e2138313e25363; +https://leakix.net)"
139.59.143.102 - - [17/Jul/2026:05:36:35 +0000] "GET /trace.axd HTTP/1.1" 200 0 "-" "Mozilla/5.0 (l9scan/2.0.730323e2631313e2138313e25363; +https://leakix.net)"
139.59.143.102 - - [17/Jul/2026:05:36:36 +0000] "GET /trace.axd HTTP/1.1" 200 0 "-" "Mozilla/5.0 (l9scan/2.0.730323e2631313e2138313e25363; +https://leakix.net)"
64.23.218.208 - - [17/Jul/2026:05:36:38 +0000] "GET /@vite/env HTTP/1.1" 200 0 "-" "Mozilla/5.0 (l9scan/2.0.730323e2631313e2138313e25363; +https://leakix.net)"
139.59.143.102 - - [17/Jul/2026:05:36:38 +0000] "GET /@vite/env HTTP/1.1" 200 0 "-" "Mozilla/5.0 (l9scan/2.0.730323e2631313e2138313e25363; +https://leakix.net)"
139.59.143.102 - - [17/Jul/2026:05:36:39 +0000] "GET /@vite/env HTTP/1.1" 200 0 "-" "Mozilla/5.0 (l9scan/2.0.730323e2631313e2138313e25363; +https://leakix.net)"
64.23.218.208 - - [17/Jul/2026:05:36:41 +0000] "GET /.vscode/sftp.json HTTP/1.1" 200 0 "-" "Mozilla/5.0 (l9scan/2.0.730323e2631313e2138313e25363; +https://leakix.net)"
139.59.143.102 - - [17/Jul/2026:05:36:41 +0000] "GET /.vscode/sftp.json HTTP/1.1" 200 0 "-" "Mozilla/5.0 (l9scan/2.0.730323e2631313e2138313e25363; +https://leakix.net)"
139.59.143.102 - - [17/Jul/2026:05:36:42 +0000] "GET /.vscode/sftp.json HTTP/1.1" 200 0 "-" "Mozilla/5.0 (l9scan/2.0.730323e2631313e2138313e25363; +https://leakix.net)"
64.23.218.208 - - [17/Jul/2026:05:36:44 +0000] "OPTIONS / HTTP/1.1" 200 0 "-" "Mozilla/5.0 (l9scan/2.0.730323e2631313e2138313e25363; +https://leakix.net)"
139.59.143.102 - - [17/Jul/2026:05:36:44 +0000] "OPTIONS / HTTP/1.1" 200 0 "-" "Mozilla/5.0 (l9scan/2.0.730323e2631313e2138313e25363; +https://leakix.net)"
139.59.143.102 - - [17/Jul/2026:05:36:45 +0000] "OPTIONS / HTTP/1.1" 200 0 "-" "Mozilla/5.0 (l9scan/2.0.730323e2631313e2138313e25363; +https://leakix.net)"
64.23.218.208 - - [17/Jul/2026:05:36:47 +0000] "GET /?rest_route=/wp/v2/users/ HTTP/1.1" 200 0 "-" "Mozilla/5.0 (l9scan/2.0.730323e2631313e2138313e25363; +https://leakix.net)"
139.59.143.102 - - [17/Jul/2026:05:36:47 +0000] "GET /?rest_route=/wp/v2/users/ HTTP/1.1" 200 0 "-" "Mozilla/5.0 (l9scan/2.0.730323e2631313e2138313e25363; +https://leakix.net)"
139.59.143.102 - - [17/Jul/2026:05:36:48 +0000] "GET /?rest_route=/wp/v2/users/ HTTP/1.1" 200 0 "-" "Mozilla/5.0 (l9scan/2.0.730323e2631313e2138313e25363; +https://leakix.net)"
64.23.218.208 - - [17/Jul/2026:05:36:50 +0000] "GET /debug/default/view?panel=config HTTP/1.1" 200 0 "-" "Mozilla/5.0 (l9scan/2.0.730323e2631313e2138313e25363; +https://leakix.net)"
139.59.143.102 - - [17/Jul/2026:05:36:50 +0000] "GET /debug/default/view?panel=config HTTP/1.1" 200 0 "-" "Mozilla/5.0 (l9scan/2.0.730323e2631313e2138313e25363; +https://leakix.net)"
139.59.143.102 - - [17/Jul/2026:05:36:51 +0000] "GET /debug/default/view?panel=config HTTP/1.1" 200 0 "-" "Mozilla/5.0 (l9scan/2.0.730323e2631313e2138313e25363; +https://leakix.net)"
65.181.116.207 - - [17/Jul/2026:05:40:26 +0000] "POST /wp-cron.php?doing_wp_cron=1784266826.1517770290374755859375 HTTP/1.1" 200 0 "-" "WordPress/7.0.1; https://www.koop-iptv4k.com"
2a06:98c0:3600::103 - - [17/Jul/2026:05:40:22 +0000] "GET /wp-admin/install.php?step=1 HTTP/1.1" 200 558 "-" "http://koop-iptv4k.com/wp-admin/install.php?step=1"
104.164.156.116 - - [17/Jul/2026:06:05:07 +0000] "GET /wpx.php HTTP/1.1" 200 1433 "-" "Mozilla/5.0 (compatible; Baiduspider/2.0; +http://www.baidu.com/search/spider.html)"
65.181.116.207 - - [17/Jul/2026:07:10:41 +0000] "POST /wp-cron.php?doing_wp_cron=1784272241.1205170154571533203125 HTTP/1.1" 200 0 "-" "WordPress/7.0.1; https://www.koop-iptv4k.com"
71.198.208.169 - - [17/Jul/2026:07:10:34 +0000] "GET /wp-json/wp/v2/posts HTTP/1.0" 200 755 "-" "Mozilla/5.0 (Windows NT 10.0; Win64; x64) AppleWebKit/537.36 (KHTML, like Gecko) Chrome/120.0.0.0 Safari/537.36"
65.181.116.207 - - [17/Jul/2026:07:22:59 +0000] "POST /wp-cron.php?doing_wp_cron=1784272978.9648289680480957031250 HTTP/1.1" 200 0 "-" "WordPress/7.0.1; https://www.koop-iptv4k.com"
2a06:98c0:3600::103 - - [17/Jul/2026:07:22:56 +0000] "GET /wp-admin/install.php?step=1 HTTP/1.1" 200 558 "-" "http://koop-iptv4k.com/wp-admin/install.php?step=1"
65.181.116.207 - - [17/Jul/2026:07:35:13 +0000] "POST /wp-cron.php?doing_wp_cron=1784273713.1791849136352539062500 HTTP/1.1" 200 0 "-" "WordPress/7.0.1; https://www.koop-iptv4k.com"
