20.226.60.151 - - [17/Jul/2026:01:01:21 +0000] "GET /11.php HTTP/1.1" 404 18428 "-" "-"
20.226.60.151 - - [17/Jul/2026:01:01:28 +0000] "GET /v2.php HTTP/1.1" 301 0 "-" "-"
65.181.116.207 - - [17/Jul/2026:01:01:37 +0000] "POST /wp-cron.php?doing_wp_cron=1784250097.4602460861206054687500 HTTP/1.1" 200 0 "-" "WordPress/7.0.1; https://www.iptv-portugal.com"
20.226.60.151 - - [17/Jul/2026:01:01:32 +0000] "GET /v2.php HTTP/1.1" 404 18427 "-" "-"
20.226.60.151 - - [17/Jul/2026:01:01:38 +0000] "GET /panel.php HTTP/1.1" 301 0 "-" "-"
20.226.60.151 - - [17/Jul/2026:01:01:40 +0000] "GET /panel.php HTTP/1.1" 404 18429 "-" "-"
20.226.60.151 - - [17/Jul/2026:01:01:46 +0000] "GET /dex.php HTTP/1.1" 301 0 "-" "-"
20.226.60.151 - - [17/Jul/2026:01:01:50 +0000] "GET /dex.php HTTP/1.1" 404 18428 "-" "-"
20.226.60.151 - - [17/Jul/2026:01:01:56 +0000] "GET /1.php HTTP/1.1" 301 0 "-" "-"
20.226.60.151 - - [17/Jul/2026:01:01:59 +0000] "GET /1.php HTTP/1.1" 404 18426 "-" "-"
20.226.60.151 - - [17/Jul/2026:01:02:08 +0000] "GET /ms.php HTTP/1.1" 301 0 "-" "-"
20.226.60.151 - - [17/Jul/2026:01:02:12 +0000] "GET /ms.php HTTP/1.1" 404 18427 "-" "-"
20.226.60.151 - - [17/Jul/2026:01:02:19 +0000] "GET /wp-admin/css/colors/modern/ HTTP/1.1" 404 1251 "-" "-"
20.226.60.151 - - [17/Jul/2026:01:02:19 +0000] "GET /memberfuns.php HTTP/1.1" 301 0 "-" "-"
20.226.60.151 - - [17/Jul/2026:01:02:24 +0000] "GET /memberfuns.php HTTP/1.1" 404 18433 "-" "-"
20.226.60.151 - - [17/Jul/2026:01:02:30 +0000] "GET /0.php HTTP/1.1" 301 0 "-" "-"
65.181.116.207 - - [17/Jul/2026:01:02:41 +0000] "POST /wp-cron.php?doing_wp_cron=1784250160.9510180950164794921875 HTTP/1.1" 200 0 "-" "WordPress/7.0.1; https://www.iptv-portugal.com"
20.226.60.151 - - [17/Jul/2026:01:02:34 +0000] "GET /0.php HTTP/1.1" 404 18426 "-" "-"
20.226.60.151 - - [17/Jul/2026:01:02:41 +0000] "GET /BDKR28.php HTTP/1.1" 301 0 "-" "-"
20.226.60.151 - - [17/Jul/2026:01:02:44 +0000] "GET /BDKR28.php HTTP/1.1" 404 18432 "-" "-"
20.226.60.151 - - [17/Jul/2026:01:02:50 +0000] "GET /fw.php HTTP/1.1" 301 0 "-" "-"
20.226.60.151 - - [17/Jul/2026:01:02:54 +0000] "GET /fw.php HTTP/1.1" 404 18427 "-" "-"
20.226.60.151 - - [17/Jul/2026:01:03:00 +0000] "GET /green1.php HTTP/1.1" 301 0 "-" "-"
20.226.60.151 - - [17/Jul/2026:01:03:06 +0000] "GET /green1.php HTTP/1.1" 404 18430 "-" "-"
20.226.60.151 - - [17/Jul/2026:01:03:11 +0000] "GET /nc4.php HTTP/1.1" 301 0 "-" "-"
20.226.60.151 - - [17/Jul/2026:01:03:16 +0000] "GET /nc4.php HTTP/1.1" 404 18428 "-" "-"
20.226.60.151 - - [17/Jul/2026:01:03:23 +0000] "GET /ftde.php HTTP/1.1" 301 0 "-" "-"
65.181.116.207 - - [17/Jul/2026:01:03:36 +0000] "POST /wp-cron.php?doing_wp_cron=1784250216.1979219913482666015625 HTTP/1.1" 200 0 "-" "WordPress/7.0.1; https://www.iptv-portugal.com"
20.226.60.151 - - [17/Jul/2026:01:03:28 +0000] "GET /ftde.php HTTP/1.1" 404 18428 "-" "-"
20.226.60.151 - - [17/Jul/2026:01:03:37 +0000] "GET /scxy.php HTTP/1.1" 301 0 "-" "-"
20.226.60.151 - - [17/Jul/2026:01:03:39 +0000] "GET /scxy.php HTTP/1.1" 404 18429 "-" "-"
20.226.60.151 - - [17/Jul/2026:01:03:47 +0000] "GET /uwu.php HTTP/1.1" 301 0 "-" "-"
20.226.60.151 - - [17/Jul/2026:01:03:51 +0000] "GET /uwu.php HTTP/1.1" 404 18428 "-" "-"
20.226.60.151 - - [17/Jul/2026:01:03:57 +0000] "GET /yuighh.php HTTP/1.1" 301 0 "-" "-"
20.226.60.151 - - [17/Jul/2026:01:04:01 +0000] "GET /yuighh.php HTTP/1.1" 404 18431 "-" "-"
20.226.60.151 - - [17/Jul/2026:01:04:07 +0000] "GET /bypass.php HTTP/1.1" 301 0 "-" "-"
20.226.60.151 - - [17/Jul/2026:01:04:10 +0000] "GET /bypass.php HTTP/1.1" 404 18430 "-" "-"
20.226.60.151 - - [17/Jul/2026:01:04:17 +0000] "GET /00.php HTTP/1.1" 301 0 "-" "-"
20.226.60.151 - - [17/Jul/2026:01:04:23 +0000] "GET /00.php HTTP/1.1" 404 18427 "-" "-"
20.226.60.151 - - [17/Jul/2026:01:04:30 +0000] "GET /a1.php HTTP/1.1" 301 0 "-" "-"
65.181.116.207 - - [17/Jul/2026:01:04:40 +0000] "POST /wp-cron.php?doing_wp_cron=1784250280.3030149936676025390625 HTTP/1.1" 200 0 "-" "WordPress/7.0.1; https://www.iptv-portugal.com"
20.226.60.151 - - [17/Jul/2026:01:04:35 +0000] "GET /a1.php HTTP/1.1" 404 18427 "-" "-"
20.226.60.151 - - [17/Jul/2026:01:04:40 +0000] "GET /eee.php HTTP/1.1" 301 0 "-" "-"
20.226.60.151 - - [17/Jul/2026:01:04:43 +0000] "GET /eee.php HTTP/1.1" 404 18427 "-" "-"
20.226.60.151 - - [17/Jul/2026:01:04:50 +0000] "GET /media.php HTTP/1.1" 301 0 "-" "-"
20.226.60.151 - - [17/Jul/2026:01:04:55 +0000] "GET /media.php HTTP/1.1" 404 18427 "-" "-"
20.226.60.151 - - [17/Jul/2026:01:05:03 +0000] "GET /images.php HTTP/1.1" 301 0 "-" "-"
20.226.60.151 - - [17/Jul/2026:01:05:10 +0000] "GET /images.php HTTP/1.1" 404 18428 "-" "-"
20.226.60.151 - - [17/Jul/2026:01:05:17 +0000] "GET /wp-aothait.php HTTP/1.1" 301 0 "-" "-"
20.226.60.151 - - [17/Jul/2026:01:05:22 +0000] "GET /wp-aothait.php HTTP/1.1" 404 18430 "-" "-"
20.226.60.151 - - [17/Jul/2026:01:05:27 +0000] "GET /config.json.php HTTP/1.1" 301 0 "-" "-"
65.181.116.207 - - [17/Jul/2026:01:05:36 +0000] "POST /wp-cron.php?doing_wp_cron=1784250336.0569419860839843750000 HTTP/1.1" 200 0 "-" "WordPress/7.0.1; https://www.iptv-portugal.com"
20.226.60.151 - - [17/Jul/2026:01:05:31 +0000] "GET /config.json.php HTTP/1.1" 404 18431 "-" "-"
20.226.60.151 - - [17/Jul/2026:01:05:36 +0000] "GET /2PJcpMFsD8B.php HTTP/1.1" 301 0 "-" "-"
20.226.60.151 - - [17/Jul/2026:01:05:38 +0000] "GET /2PJcpMFsD8B.php HTTP/1.1" 404 18436 "-" "-"
20.226.60.151 - - [17/Jul/2026:01:05:44 +0000] "GET /k2.php HTTP/1.1" 301 0 "-" "-"
20.226.60.151 - - [17/Jul/2026:01:05:48 +0000] "GET /k2.php HTTP/1.1" 404 18427 "-" "-"
45.146.54.138 - - [17/Jul/2026:01:14:18 +0000] "GET /wp-includes/css/buttons.css HTTP/1.1" 200 2890 "-" "Go-http-client/1.1"
49.234.192.248 - - [17/Jul/2026:01:17:22 +0000] "GET / HTTP/1.1" 301 0 "-" "Mozilla/5.0 (iPhone; CPU iPhone OS 13_2_3 like Mac OS X) AppleWebKit/605.1.15 (KHTML, like Gecko) Version/13.0.3 Mobile/15E148 Safari/604.1"
65.181.116.207 - - [17/Jul/2026:01:20:08 +0000] "POST /wp-cron.php?doing_wp_cron=1784251208.4528419971466064453125 HTTP/1.1" 200 0 "-" "WordPress/7.0.1; https://www.iptv-portugal.com"
176.61.146.250 - - [17/Jul/2026:01:19:59 +0000] "GET / HTTP/1.1" 301 0 "-" "Mozilla/5.0 (compatible; RecScan/2.0)"
65.181.116.207 - - [17/Jul/2026:01:33:16 +0000] "POST /wp-cron.php?doing_wp_cron=1784251996.6699459552764892578125 HTTP/1.1" 200 0 "-" "WordPress/7.0.1; https://www.iptv-portugal.com"
34.74.242.206 - - [17/Jul/2026:01:33:13 +0000] "GET /robots.txt HTTP/1.1" 200 115 "-" "ZoominfoBot (zoominfobot at zoominfo dot com)"
34.74.242.206 - - [17/Jul/2026:01:33:16 +0000] "GET / HTTP/1.1" 301 0 "-" "ZoominfoBot (zoominfobot at zoominfo dot com)"
65.181.116.207 - - [17/Jul/2026:01:33:57 +0000] "POST /wp-cron.php?doing_wp_cron=1784252037.2339100837707519531250 HTTP/1.1" 200 0 "-" "WordPress/7.0.1; https://www.iptv-portugal.com"
134.209.94.221 - - [17/Jul/2026:01:33:53 +0000] "GET / HTTP/1.1" 301 0 "-" "Mozilla/5.0 (X11; Linux x86_64) AppleWebKit/537.36 (KHTML, like Gecko) Chrome/142.0.0.0 Safari/537.36"
65.181.116.207 - - [17/Jul/2026:01:42:25 +0000] "POST /wp-cron.php?doing_wp_cron=1784252545.3490340709686279296875 HTTP/1.1" 200 0 "-" "WordPress/7.0.1; https://www.iptv-portugal.com"
172.120.9.47 - - [17/Jul/2026:01:42:21 +0000] "GET / HTTP/1.1" 301 0 "-" "Mozilla/5.0 (compatible; Baiduspider/2.0; +http://www.baidu.com/search/spider.html)"
65.181.116.207 - - [17/Jul/2026:01:53:02 +0000] "POST /wp-cron.php?doing_wp_cron=1784253182.3281099796295166015625 HTTP/1.1" 200 0 "-" "WordPress/7.0.1; https://www.iptv-portugal.com"
34.74.242.206 - - [17/Jul/2026:01:52:58 +0000] "GET /robots.txt HTTP/1.1" 301 0 "-" "ZoominfoBot (zoominfobot at zoominfo dot com)"
34.74.242.206 - - [17/Jul/2026:01:53:02 +0000] "GET / HTTP/1.1" 301 0 "-" "ZoominfoBot (zoominfobot at zoominfo dot com)"
173.208.148.34 - - [17/Jul/2026:02:59:22 +0000] "GET /index.php?params=1 HTTP/1.1" 301 0 "-" "Mozilla/5.0 (Windows NT 10.0; Win64; x64) AppleWebKit/537.36 (KHTML, like Gecko) Chrome/131.0.0.0 Safari/537.36"
167.86.82.167 - - [17/Jul/2026:04:47:09 +0000] "GET /wp-admin/css/ HTTP/1.1" 404 1251 "binance.com" "Mozilla/5.0 (Windows NT 10.0; Win64; x64) AppleWebKit/537.36 (KHTML, like Gecko) Chrome/90.0.4430.85 Safari/537.36"
167.86.82.167 - - [17/Jul/2026:04:47:15 +0000] "GET /.well-known/ HTTP/1.1" 404 1251 "binance.com" "Mozilla/5.0 (Windows NT 10.0; Win64; x64) AppleWebKit/537.36 (KHTML, like Gecko) Chrome/90.0.4430.85 Safari/537.36"
167.86.82.167 - - [17/Jul/2026:04:47:21 +0000] "GET /sites/default/files/ HTTP/1.1" 404 18434 "binance.com" "Mozilla/5.0 (Windows NT 10.0; Win64; x64) AppleWebKit/537.36 (KHTML, like Gecko) Chrome/90.0.4430.85 Safari/537.36"
65.181.116.207 - - [17/Jul/2026:04:47:41 +0000] "POST /wp-cron.php?doing_wp_cron=1784263661.7681360244750976562500 HTTP/1.1" 200 0 "-" "WordPress/7.0.1; https://www.iptv-portugal.com"
167.86.82.167 - - [17/Jul/2026:04:47:34 +0000] "GET /admin/controller/extension/extension/ HTTP/1.1" 404 18439 "binance.com" "Mozilla/5.0 (Windows NT 10.0; Win64; x64) AppleWebKit/537.36 (KHTML, like Gecko) Chrome/90.0.4430.85 Safari/537.36"
167.86.82.167 - - [17/Jul/2026:04:47:51 +0000] "GET /uploads/ HTTP/1.1" 404 18425 "binance.com" "Mozilla/5.0 (Windows NT 10.0; Win64; x64) AppleWebKit/537.36 (KHTML, like Gecko) Chrome/90.0.4430.85 Safari/537.36"
167.86.82.167 - - [17/Jul/2026:04:48:05 +0000] "GET /images/ HTTP/1.1" 404 18426 "binance.com" "Mozilla/5.0 (Windows NT 10.0; Win64; x64) AppleWebKit/537.36 (KHTML, like Gecko) Chrome/90.0.4430.85 Safari/537.36"
167.86.82.167 - - [17/Jul/2026:04:48:20 +0000] "GET /files/ HTTP/1.1" 404 18426 "binance.com" "Mozilla/5.0 (Windows NT 10.0; Win64; x64) AppleWebKit/537.36 (KHTML, like Gecko) Chrome/90.0.4430.85 Safari/537.36"
65.181.116.207 - - [17/Jul/2026:04:54:26 +0000] "POST /wp-cron.php?doing_wp_cron=1784264066.0310909748077392578125 HTTP/1.1" 200 0 "-" "WordPress/7.0.1; https://www.iptv-portugal.com"
35.231.139.184 - - [17/Jul/2026:04:54:20 +0000] "GET /000.php HTTP/1.1" 301 0 "-" "Go-http-client/1.1"
35.231.139.184 - - [17/Jul/2026:04:54:26 +0000] "GET /000.php HTTP/1.1" 404 18428 "http://iptv-portugal.com/000.php" "Go-http-client/1.1"
65.181.116.207 - - [17/Jul/2026:04:54:36 +0000] "POST /wp-cron.php?doing_wp_cron=1784264076.5059700012207031250000 HTTP/1.1" 200 0 "-" "WordPress/7.0.1; https://www.iptv-portugal.com"
35.231.139.184 - - [17/Jul/2026:04:54:32 +0000] "GET /wp-admin/css/index.php HTTP/1.1" 301 0 "-" "Go-http-client/1.1"
35.231.139.184 - - [17/Jul/2026:04:54:36 +0000] "GET /wp-admin/css/ HTTP/1.1" 404 1251 "http://iptv-portugal.com/wp-admin/css/index.php" "Go-http-client/1.1"
35.231.139.184 - - [17/Jul/2026:04:54:36 +0000] "GET /wp-content/plugins/index.php HTTP/1.1" 200 0 "-" "Go-http-client/1.1"
35.231.139.184 - - [17/Jul/2026:04:54:36 +0000] "GET /wp-content/index.php HTTP/1.1" 200 0 "-" "Go-http-client/1.1"
35.231.139.184 - - [17/Jul/2026:04:54:36 +0000] "GET //wp-content/plugins/fix/up.php HTTP/1.1" 301 0 "-" "Go-http-client/1.1"
35.231.139.184 - - [17/Jul/2026:04:54:40 +0000] "GET /wp-content/plugins/fix/up.php HTTP/1.1" 404 18432 "http://iptv-portugal.com//wp-content/plugins/fix/up.php" "Go-http-client/1.1"
47.104.170.144 - - [17/Jul/2026:05:34:54 +0000] "GET /wp-json/wp/v2/posts HTTP/1.1" 200 757 "-" "Mozilla/5.0 (Windows NT 10.0; Win64; x64) AppleWebKit/537.36 (KHTML, like Gecko) Chrome/120.0.0.0 Safari/537.36"
65.181.116.207 - - [17/Jul/2026:05:35:07 +0000] "POST /wp-cron.php?doing_wp_cron=1784266507.5229620933532714843750 HTTP/1.1" 200 0 "-" "WordPress/7.0.1; https://www.iptv-portugal.com"
171.6.146.215 - - [17/Jul/2026:05:35:03 +0000] "GET /wp-json/wp/v2/posts HTTP/1.1" 200 757 "-" "Mozilla/5.0 (Windows NT 10.0; Win64; x64) AppleWebKit/537.36 (KHTML, like Gecko) Chrome/120.0.0.0 Safari/537.36"
189.148.32.221 - - [17/Jul/2026:05:35:16 +0000] "GET /wp-json/wp/v2/posts HTTP/1.1" 200 757 "-" "Mozilla/5.0 (Windows NT 10.0; Win64; x64) AppleWebKit/537.36 (KHTML, like Gecko) Chrome/120.0.0.0 Safari/537.36"
103.178.2.179 - - [17/Jul/2026:05:35:43 +0000] "GET /wp-json/wp/v2/posts HTTP/1.1" 200 757 "-" "Mozilla/5.0 (Windows NT 10.0; Win64; x64) AppleWebKit/537.36 (KHTML, like Gecko) Chrome/120.0.0.0 Safari/537.36"
65.181.116.207 - - [17/Jul/2026:05:35:51 +0000] "POST /wp-cron.php?doing_wp_cron=1784266551.2152249813079833984375 HTTP/1.1" 200 0 "-" "WordPress/7.0.1; https://www.iptv-portugal.com"
210.87.93.41 - - [17/Jul/2026:05:36:22 +0000] "GET /wp-json/wp/v2/posts HTTP/1.1" 200 757 "-" "Mozilla/5.0 (Windows NT 10.0; Win64; x64) AppleWebKit/537.36 (KHTML, like Gecko) Chrome/120.0.0.0 Safari/537.36"
163.227.67.238 - - [17/Jul/2026:05:37:03 +0000] "GET /wp-json/wp/v2/posts HTTP/1.1" 200 757 "-" "Mozilla/5.0 (Windows NT 10.0; Win64; x64) AppleWebKit/537.36 (KHTML, like Gecko) Chrome/120.0.0.0 Safari/537.36"
49.48.117.168 - - [17/Jul/2026:05:37:13 +0000] "GET /wp-json/wp/v2/posts HTTP/1.1" 200 757 "-" "Mozilla/5.0 (Windows NT 10.0; Win64; x64) AppleWebKit/537.36 (KHTML, like Gecko) Chrome/120.0.0.0 Safari/537.36"
39.101.175.37 - - [17/Jul/2026:05:37:34 +0000] "GET /wp-json/wp/v2/posts HTTP/1.1" 200 757 "-" "Mozilla/5.0 (Windows NT 10.0; Win64; x64) AppleWebKit/537.36 (KHTML, like Gecko) Chrome/120.0.0.0 Safari/537.36"
65.181.116.207 - - [17/Jul/2026:05:37:59 +0000] "POST /wp-cron.php?doing_wp_cron=1784266679.4440860748291015625000 HTTP/1.1" 200 0 "-" "WordPress/7.0.1; https://www.iptv-portugal.com"
157.10.105.57 - - [17/Jul/2026:05:37:43 +0000] "GET /wp-json/wp/v2/posts HTTP/1.1" 200 757 "-" "Mozilla/5.0 (Windows NT 10.0; Win64; x64) AppleWebKit/537.36 (KHTML, like Gecko) Chrome/120.0.0.0 Safari/537.36"
211.233.44.58 - - [17/Jul/2026:05:37:54 +0000] "GET /wp-json/wp/v2/posts HTTP/1.1" 200 757 "-" "Mozilla/5.0 (Windows NT 10.0; Win64; x64) AppleWebKit/537.36 (KHTML, like Gecko) Chrome/120.0.0.0 Safari/537.36"
2604:a880:400:d0::24e2:b001 - - [17/Jul/2026:05:38:05 +0000] "GET / HTTP/1.1" 301 0 "-" "Mozilla/5.0 (l9scan/2.0.36632653a353138363a3a313330333a303037343a363036323; +https://leakix.net)"
167.99.181.249 - - [17/Jul/2026:05:38:05 +0000] "GET / HTTP/1.1" 301 0 "-" "Mozilla/5.0 (l9scan/2.0.634323e2531323e27363e2237313; +https://leakix.net)"
2604:a880:cad:d0::db0:b001 - - [17/Jul/2026:05:38:05 +0000] "GET / HTTP/1.1" 301 0 "-" "Mozilla/5.0 (l9scan/2.0.63667346a333433616a3a373330333a303037343a363036323; +https://leakix.net)"
2a03:b0c0:2:d0::1727:c001 - - [17/Jul/2026:05:38:05 +0000] "GET / HTTP/1.1" 301 0 "-" "Mozilla/5.0 (l9scan/2.0.36632653a353138363a3a313330333a303037343a363036323; +https://leakix.net)"
142.93.143.8 - - [17/Jul/2026:05:38:05 +0000] "GET / HTTP/1.1" 301 0 "-" "Mozilla/5.0 (l9scan/2.0.830313e21393e21323e2430313; +https://leakix.net)"
157.245.36.108 - - [17/Jul/2026:05:38:05 +0000] "GET / HTTP/1.1" 301 0 "-" "Mozilla/5.0 (l9scan/2.0.634323e2531323e27363e2237313; +https://leakix.net)"
2a03:b0c0:1:d0::c59:9001 - - [17/Jul/2026:05:38:05 +0000] "GET / HTTP/1.1" 301 0 "-" "Mozilla/5.0 (l9scan/2.0.63667346a333433616a3a373330333a303037343a363036323; +https://leakix.net)"
159.89.174.87 - - [17/Jul/2026:05:38:05 +0000] "GET / HTTP/1.1" 301 0 "-" "Mozilla/5.0 (l9scan/2.0.830313e21393e21323e2430313; +https://leakix.net)"
77.239.108.24 - - [17/Jul/2026:05:38:06 +0000] "GET /wp-json/wp/v2/posts HTTP/1.1" 200 757 "-" "Mozilla/5.0 (Windows NT 10.0; Win64; x64) AppleWebKit/537.36 (KHTML, like Gecko) Chrome/120.0.0.0 Safari/537.36"
38.226.242.15 - - [17/Jul/2026:05:38:23 +0000] "GET /wp-json/wp/v2/posts HTTP/1.1" 200 757 "-" "Mozilla/5.0 (Windows NT 10.0; Win64; x64) AppleWebKit/537.36 (KHTML, like Gecko) Chrome/120.0.0.0 Safari/537.36"
155.212.53.147 - - [17/Jul/2026:05:38:15 +0000] "GET /wp-json/wp/v2/posts HTTP/1.1" 200 757 "-" "Mozilla/5.0 (Windows NT 10.0; Win64; x64) AppleWebKit/537.36 (KHTML, like Gecko) Chrome/120.0.0.0 Safari/537.36"
131.222.249.36 - - [17/Jul/2026:05:38:33 +0000] "GET /wp-json/wp/v2/posts HTTP/1.1" 200 757 "-" "Mozilla/5.0 (Windows NT 10.0; Win64; x64) AppleWebKit/537.36 (KHTML, like Gecko) Chrome/120.0.0.0 Safari/537.36"
212.252.73.17 - - [17/Jul/2026:05:38:45 +0000] "GET /wp-json/wp/v2/posts HTTP/1.1" 200 757 "-" "Mozilla/5.0 (Windows NT 10.0; Win64; x64) AppleWebKit/537.36 (KHTML, like Gecko) Chrome/120.0.0.0 Safari/537.36"
65.181.116.207 - - [17/Jul/2026:05:38:59 +0000] "POST /wp-cron.php?doing_wp_cron=1784266739.6038410663604736328125 HTTP/1.1" 200 0 "-" "WordPress/7.0.1; https://www.iptv-portugal.com"
65.181.116.207 - - [17/Jul/2026:05:38:59 +0000] "POST /wp-cron.php?doing_wp_cron=1784266739.6193079948425292968750 HTTP/1.1" 200 0 "-" "WordPress/7.0.1; https://www.iptv-portugal.com"
65.181.116.207 - - [17/Jul/2026:05:38:59 +0000] "POST /wp-cron.php?doing_wp_cron=1784266739.6551249027252197265625 HTTP/1.1" 200 0 "-" "WordPress/7.0.1; https://www.iptv-portugal.com"
65.181.116.207 - - [17/Jul/2026:05:38:59 +0000] "POST /wp-cron.php?doing_wp_cron=1784266739.6557359695434570312500 HTTP/1.1" 200 0 "-" "WordPress/7.0.1; https://www.iptv-portugal.com"
221.217.53.69 - - [17/Jul/2026:05:38:54 +0000] "GET /wp-json/wp/v2/posts HTTP/1.1" 200 757 "-" "Mozilla/5.0 (Windows NT 10.0; Win64; x64) AppleWebKit/537.36 (KHTML, like Gecko) Chrome/120.0.0.0 Safari/537.36"
65.181.116.207 - - [17/Jul/2026:05:39:38 +0000] "POST /wp-cron.php?doing_wp_cron=1784266778.2512359619140625000000 HTTP/1.1" 200 0 "-" "WordPress/7.0.1; https://www.iptv-portugal.com"
49.0.2.54 - - [17/Jul/2026:05:39:22 +0000] "GET /wp-json/wp/v2/posts HTTP/1.1" 200 757 "-" "Mozilla/5.0 (Windows NT 10.0; Win64; x64) AppleWebKit/537.36 (KHTML, like Gecko) Chrome/120.0.0.0 Safari/537.36"
103.156.17.250 - - [17/Jul/2026:05:39:53 +0000] "GET /wp-json/wp/v2/posts HTTP/1.1" 200 757 "-" "Mozilla/5.0 (Windows NT 10.0; Win64; x64) AppleWebKit/537.36 (KHTML, like Gecko) Chrome/120.0.0.0 Safari/537.36"
34.74.242.206 - - [17/Jul/2026:06:02:26 +0000] "GET /robots.txt HTTP/1.1" 200 115 "-" "ZoominfoBot (zoominfobot at zoominfo dot com)"
65.181.116.207 - - [17/Jul/2026:06:02:35 +0000] "POST /wp-cron.php?doing_wp_cron=1784268155.8063330650329589843750 HTTP/1.1" 200 0 "-" "WordPress/7.0.1; https://www.iptv-portugal.com"
34.74.242.206 - - [17/Jul/2026:06:02:31 +0000] "GET / HTTP/1.1" 301 0 "-" "ZoominfoBot (zoominfobot at zoominfo dot com)"
104.165.75.18 - - [17/Jul/2026:06:05:08 +0000] "GET /wpx.php HTTP/1.1" 200 1433 "-" "Mozilla/5.0 (compatible; Baiduspider/2.0; +http://www.baidu.com/search/spider.html)"
65.181.116.207 - - [17/Jul/2026:06:08:15 +0000] "POST /wp-cron.php?doing_wp_cron=1784268495.1241590976715087890625 HTTP/1.1" 200 0 "-" "WordPress/7.0.1; https://www.iptv-portugal.com"
20.63.63.128 - - [17/Jul/2026:06:08:10 +0000] "GET /wp-content/plugins/hellopress/wp_filemanager.php HTTP/1.1" 301 0 "-" "-"
65.181.116.207 - - [17/Jul/2026:06:22:59 +0000] "POST /wp-cron.php?doing_wp_cron=1784269379.0530319213867187500000 HTTP/1.1" 200 0 "-" "WordPress/7.0.1; https://www.iptv-portugal.com"
34.74.242.206 - - [17/Jul/2026:06:22:56 +0000] "GET /robots.txt HTTP/1.1" 301 0 "-" "ZoominfoBot (zoominfobot at zoominfo dot com)"
34.74.242.206 - - [17/Jul/2026:06:22:59 +0000] "GET / HTTP/1.1" 301 0 "-" "ZoominfoBot (zoominfobot at zoominfo dot com)"
85.204.70.94 - - [17/Jul/2026:06:25:38 +0000] "GET / HTTP/1.1" 301 0 "-" "Mozilla/5.0 (Windows NT 10.0; Win64; x64) AppleWebKit/537.36 (KHTML, like Gecko) Chrome/78.0.3904.108 Safari/537.36"
106.54.62.156 - - [17/Jul/2026:06:48:57 +0000] "GET / HTTP/1.1" 301 0 "-" "Mozilla/5.0 (iPhone; CPU iPhone OS 13_2_3 like Mac OS X) AppleWebKit/605.1.15 (KHTML, like Gecko) Version/13.0.3 Mobile/15E148 Safari/604.1"
65.181.116.207 - - [17/Jul/2026:06:50:27 +0000] "POST /wp-cron.php?doing_wp_cron=1784271027.8151440620422363281250 HTTP/1.1" 200 0 "-" "WordPress/7.0.1; https://www.iptv-portugal.com"
34.73.57.94 - - [17/Jul/2026:06:50:21 +0000] "HEAD / HTTP/1.1" 301 0 "-" "Mozilla/5.0 (Windows NT 11.0; Win64; x64) AppleWebKit/537.36 (KHTML, like Gecko) Chrome/128.0.6540.18 Safari/537.36"
139.59.250.7 - - [17/Jul/2026:07:09:29 +0000] "GET /license.txt HTTP/1.1" 200 7276 "-" "python-requests/2.27.1"
43.130.14.245 - - [17/Jul/2026:07:57:19 +0000] "GET / HTTP/1.1" 301 0 "-" "Mozilla/5.0 (iPhone; CPU iPhone OS 13_2_3 like Mac OS X) AppleWebKit/605.1.15 (KHTML, like Gecko) Version/13.0.3 Mobile/15E148 Safari/604.1"
65.181.116.207 - - [17/Jul/2026:08:03:24 +0000] "POST /wp-cron.php?doing_wp_cron=1784275404.0522580146789550781250 HTTP/1.1" 200 0 "-" "WordPress/7.0.1; https://www.iptv-portugal.com"
195.178.110.211 - - [17/Jul/2026:08:03:20 +0000] "GET /wp-json/gravitysmtp/v1/tests/mock-data?page=gravitysmtp-settings HTTP/1.1" 404 119 "-" "Mozilla/5.0 (compatible; SecurityResearch/1.0; )"
20.63.63.128 - - [17/Jul/2026:08:14:14 +0000] "GET /wp-content/plugins/hellopress/wp_filemanager.php HTTP/1.1" 200 0 "-" "-"
20.63.63.128 - - [17/Jul/2026:08:14:14 +0000] "GET /this_is_a_new_hello_world.php HTTP/1.1" 404 65022 "-" "-"
20.63.63.128 - - [17/Jul/2026:08:14:20 +0000] "GET /wp-der.php HTTP/1.1" 404 65003 "-" "-"
20.63.63.128 - - [17/Jul/2026:08:14:25 +0000] "GET /wp-slss.php HTTP/1.1" 404 65004 "-" "-"
20.63.63.128 - - [17/Jul/2026:08:14:28 +0000] "GET /min.php HTTP/1.1" 404 65000 "-" "-"
65.181.116.207 - - [17/Jul/2026:08:14:36 +0000] "POST /wp-cron.php?doing_wp_cron=1784276075.9435949325561523437500 HTTP/1.1" 200 0 "-" "WordPress/7.0.1; https://www.iptv-portugal.com"
20.63.63.128 - - [17/Jul/2026:08:14:32 +0000] "GET /wp-thi.php HTTP/1.1" 404 65003 "-" "-"
20.63.63.128 - - [17/Jul/2026:08:14:36 +0000] "GET /noe.php HTTP/1.1" 404 65000 "-" "-"
20.63.63.128 - - [17/Jul/2026:08:14:39 +0000] "GET //wp-file.php HTTP/1.1" 301 0 "-" "-"
20.63.63.128 - - [17/Jul/2026:08:14:41 +0000] "GET /wp-file.php HTTP/1.1" 404 65004 "-" "-"
20.63.63.128 - - [17/Jul/2026:08:14:45 +0000] "GET //edit-tags.php HTTP/1.1" 301 0 "-" "-"
20.63.63.128 - - [17/Jul/2026:08:14:48 +0000] "GET /edit-tags.php HTTP/1.1" 404 65006 "-" "-"
20.63.63.128 - - [17/Jul/2026:08:14:52 +0000] "GET /wp-b0rk5oy.php HTTP/1.1" 404 65007 "-" "-"
20.63.63.128 - - [17/Jul/2026:08:14:55 +0000] "GET /bless24.php HTTP/1.1" 404 65004 "-" "-"
20.63.63.128 - - [17/Jul/2026:08:14:59 +0000] "GET /punah.php HTTP/1.1" 404 65002 "-" "-"
20.63.63.128 - - [17/Jul/2026:08:15:08 +0000] "GET //min.php HTTP/1.1" 301 0 "-" "-"
20.63.63.128 - - [17/Jul/2026:08:15:12 +0000] "GET /min.php HTTP/1.1" 404 65000 "-" "-"
20.63.63.128 - - [17/Jul/2026:08:15:18 +0000] "GET /dass.php HTTP/1.1" 404 65001 "-" "-"
20.63.63.128 - - [17/Jul/2026:08:15:23 +0000] "GET /wander.php HTTP/1.1" 404 65003 "-" "-"
20.63.63.128 - - [17/Jul/2026:08:15:28 +0000] "GET /cc13.php HTTP/1.1" 404 65001 "-" "-"
65.181.116.207 - - [17/Jul/2026:08:15:36 +0000] "POST /wp-cron.php?doing_wp_cron=1784276136.8141839504241943359375 HTTP/1.1" 200 0 "-" "WordPress/7.0.1; https://www.iptv-portugal.com"
20.63.63.128 - - [17/Jul/2026:08:15:32 +0000] "GET /des.php HTTP/1.1" 404 65000 "-" "-"
20.63.63.128 - - [17/Jul/2026:08:15:37 +0000] "GET //avcqlevnbk.php HTTP/1.1" 301 0 "-" "-"
20.63.63.128 - - [17/Jul/2026:08:15:39 +0000] "GET /avcqlevnbk.php HTTP/1.1" 404 65007 "-" "-"
20.63.63.128 - - [17/Jul/2026:08:15:43 +0000] "GET /wp-ppoxua4.php HTTP/1.1" 404 65007 "-" "-"
20.63.63.128 - - [17/Jul/2026:08:15:47 +0000] "GET /drykl.php HTTP/1.1" 404 65002 "-" "-"
20.63.63.128 - - [17/Jul/2026:08:15:51 +0000] "GET //f35.php HTTP/1.1" 301 0 "-" "-"
20.63.63.128 - - [17/Jul/2026:08:15:54 +0000] "GET /f35.php HTTP/1.1" 404 65000 "-" "-"
20.63.63.128 - - [17/Jul/2026:08:15:59 +0000] "GET /wp-link-szoppm.php HTTP/1.1" 404 65011 "-" "-"
20.63.63.128 - - [17/Jul/2026:08:16:03 +0000] "GET /x.php HTTP/1.1" 404 64998 "-" "-"
20.63.63.128 - - [17/Jul/2026:08:16:07 +0000] "GET /xa.php HTTP/1.1" 404 64999 "-" "-"
20.63.63.128 - - [17/Jul/2026:08:16:10 +0000] "GET /ms-edit.php HTTP/1.1" 404 65004 "-" "-"
20.63.63.128 - - [17/Jul/2026:08:16:14 +0000] "GET /as.php HTTP/1.1" 404 64999 "-" "-"
20.63.63.128 - - [17/Jul/2026:08:16:18 +0000] "GET /wen.php HTTP/1.1" 404 65000 "-" "-"
20.63.63.128 - - [17/Jul/2026:08:16:22 +0000] "GET //dex.php HTTP/1.1" 301 0 "-" "-"
20.63.63.128 - - [17/Jul/2026:08:16:25 +0000] "GET /dex.php HTTP/1.1" 404 65000 "-" "-"
20.63.63.128 - - [17/Jul/2026:08:16:28 +0000] "GET /f.php HTTP/1.1" 404 64998 "-" "-"
20.63.63.128 - - [17/Jul/2026:08:16:31 +0000] "GET /333.php HTTP/1.1" 404 65000 "-" "-"
65.181.116.207 - - [17/Jul/2026:08:16:38 +0000] "POST /wp-cron.php?doing_wp_cron=1784276198.2198688983917236328125 HTTP/1.1" 200 0 "-" "WordPress/7.0.1; https://www.iptv-portugal.com"
20.63.63.128 - - [17/Jul/2026:08:16:34 +0000] "GET /a4.php HTTP/1.1" 404 64999 "-" "-"
20.63.63.128 - - [17/Jul/2026:08:16:38 +0000] "GET /wp-the.php HTTP/1.1" 404 65003 "-" "-"
20.63.63.128 - - [17/Jul/2026:08:16:41 +0000] "GET /classwithtostring.php HTTP/1.1" 404 65014 "-" "-"
20.63.63.128 - - [17/Jul/2026:08:16:45 +0000] "GET /fun.php HTTP/1.1" 404 65000 "-" "-"
20.63.63.128 - - [17/Jul/2026:08:16:48 +0000] "GET //wp-content/languages/index.php HTTP/1.1" 200 0 "-" "-"
20.63.63.128 - - [17/Jul/2026:08:16:48 +0000] "GET /file.php HTTP/1.1" 404 65001 "-" "-"
20.63.63.128 - - [17/Jul/2026:08:16:52 +0000] "GET /pass4.php HTTP/1.1" 404 65002 "-" "-"
20.63.63.128 - - [17/Jul/2026:08:16:56 +0000] "GET /666.php HTTP/1.1" 404 65000 "-" "-"
20.63.63.128 - - [17/Jul/2026:08:16:59 +0000] "GET /wp-access.php HTTP/1.1" 404 65006 "-" "-"
20.63.63.128 - - [17/Jul/2026:08:17:04 +0000] "GET /jj.php HTTP/1.1" 404 64999 "-" "-"
20.63.63.128 - - [17/Jul/2026:08:17:08 +0000] "GET //wp-x7.php HTTP/1.1" 301 0 "-" "-"
20.63.63.128 - - [17/Jul/2026:08:17:11 +0000] "GET /wp-x7.php HTTP/1.1" 404 65002 "-" "-"
20.63.63.128 - - [17/Jul/2026:08:17:17 +0000] "GET /wpxml.php HTTP/1.1" 404 65002 "-" "-"
20.63.63.128 - - [17/Jul/2026:08:17:20 +0000] "GET /inputs.php HTTP/1.1" 404 65003 "-" "-"
20.63.63.128 - - [17/Jul/2026:08:17:23 +0000] "GET /file4.php HTTP/1.1" 404 65002 "-" "-"
20.63.63.128 - - [17/Jul/2026:08:17:27 +0000] "GET /wp-firewall.php HTTP/1.1" 404 65008 "-" "-"
20.63.63.128 - - [17/Jul/2026:08:17:30 +0000] "GET /data.php HTTP/1.1" 404 65001 "-" "-"
65.181.116.207 - - [17/Jul/2026:08:17:36 +0000] "POST /wp-cron.php?doing_wp_cron=1784276256.5825300216674804687500 HTTP/1.1" 200 0 "-" "WordPress/7.0.1; https://www.iptv-portugal.com"
20.63.63.128 - - [17/Jul/2026:08:17:33 +0000] "GET /wp-wpbak.php HTTP/1.1" 404 65005 "-" "-"
20.63.63.128 - - [17/Jul/2026:08:17:36 +0000] "GET /002.php HTTP/1.1" 404 65000 "-" "-"
20.63.63.128 - - [17/Jul/2026:08:17:39 +0000] "GET /class-t.api.php HTTP/1.1" 404 65008 "-" "-"
20.63.63.128 - - [17/Jul/2026:08:17:42 +0000] "GET /file5.php HTTP/1.1" 404 65002 "-" "-"
20.63.63.128 - - [17/Jul/2026:08:17:45 +0000] "GET /cache.php HTTP/1.1" 404 65002 "-" "-"
20.63.63.128 - - [17/Jul/2026:08:17:48 +0000] "GET /error.php HTTP/1.1" 404 65002 "-" "-"
20.63.63.128 - - [17/Jul/2026:08:17:51 +0000] "GET /wp-content/themes/about.php HTTP/1.1" 200 0 "-" "-"
20.63.63.128 - - [17/Jul/2026:08:17:51 +0000] "GET /wp-conflg.php HTTP/1.1" 404 65006 "-" "-"
20.63.63.128 - - [17/Jul/2026:08:17:54 +0000] "GET /f35.php HTTP/1.1" 404 65000 "-" "-"
20.63.63.128 - - [17/Jul/2026:08:17:57 +0000] "GET /plugins.php HTTP/1.1" 404 65004 "-" "-"
20.63.63.128 - - [17/Jul/2026:08:18:01 +0000] "GET /wp-signup.php HTTP/1.1" 302 0 "-" "-"
20.63.63.128 - - [17/Jul/2026:08:18:15 +0000] "GET /la.php HTTP/1.1" 404 64999 "-" "-"
20.63.63.128 - - [17/Jul/2026:08:18:18 +0000] "GET /yas.php HTTP/1.1" 404 65000 "-" "-"
20.63.63.128 - - [17/Jul/2026:08:18:22 +0000] "GET /system.php HTTP/1.1" 404 65003 "-" "-"
20.63.63.128 - - [17/Jul/2026:08:18:24 +0000] "GET /wp-fileesx-449.php HTTP/1.1" 404 65011 "-" "-"
20.63.63.128 - - [17/Jul/2026:08:18:27 +0000] "GET /wp-good.php HTTP/1.1" 404 65004 "-" "-"
20.63.63.128 - - [17/Jul/2026:08:18:30 +0000] "GET /shx.php HTTP/1.1" 404 65000 "-" "-"
20.63.63.128 - - [17/Jul/2026:08:18:34 +0000] "GET /dropdown.php HTTP/1.1" 404 65005 "-" "-"
65.181.116.207 - - [17/Jul/2026:08:18:38 +0000] "POST /wp-cron.php?doing_wp_cron=1784276317.9453670978546142578125 HTTP/1.1" 200 0 "-" "WordPress/7.0.1; https://www.iptv-portugal.com"
20.63.63.128 - - [17/Jul/2026:08:18:38 +0000] "GET /revealability.php HTTP/1.1" 404 65010 "-" "-"
20.63.63.128 - - [17/Jul/2026:08:18:42 +0000] "GET //wp.php HTTP/1.1" 301 0 "-" "-"
20.63.63.128 - - [17/Jul/2026:08:18:44 +0000] "GET /wp.php HTTP/1.1" 404 64999 "-" "-"
20.63.63.128 - - [17/Jul/2026:08:18:48 +0000] "GET /wp-wz.php HTTP/1.1" 404 65002 "-" "-"
20.63.63.128 - - [17/Jul/2026:08:18:52 +0000] "GET /06.php HTTP/1.1" 404 64999 "-" "-"
20.63.63.128 - - [17/Jul/2026:08:18:55 +0000] "GET /chomu.php HTTP/1.1" 404 65002 "-" "-"
20.63.63.128 - - [17/Jul/2026:08:19:00 +0000] "GET /ff.php HTTP/1.1" 404 64999 "-" "-"
168.144.136.93 - - [17/Jul/2026:08:19:10 +0000] "GET /license.txt HTTP/1.1" 200 7276 "-" "python-requests/2.27.1"
20.63.63.128 - - [17/Jul/2026:08:19:04 +0000] "GET /xex.php HTTP/1.1" 404 65000 "-" "-"
168.144.136.93 - - [17/Jul/2026:08:19:13 +0000] "GET /license.txt HTTP/1.1" 200 7276 "-" "python-requests/2.27.1"
20.63.63.128 - - [17/Jul/2026:08:19:10 +0000] "GET /wp-sing.php HTTP/1.1" 404 65004 "-" "-"
20.63.63.128 - - [17/Jul/2026:08:19:17 +0000] "GET /txets.php HTTP/1.1" 200 0 "-" "-"
20.63.63.128 - - [17/Jul/2026:08:19:32 +0000] "GET /xml.php HTTP/1.1" 200 0 "-" "-"
20.63.63.128 - - [17/Jul/2026:08:19:47 +0000] "GET /bgymj.php HTTP/1.1" 200 0 "-" "-"
65.181.116.207 - - [17/Jul/2026:08:19:50 +0000] "POST /wp-cron.php?doing_wp_cron=1784276390.3027811050415039062500 HTTP/1.1" 200 0 "-" "WordPress/7.0.1; https://www.iptv-portugal.com"
20.63.63.128 - - [17/Jul/2026:08:20:02 +0000] "GET /t.php HTTP/1.1" 200 0 "-" "-"
20.63.63.128 - - [17/Jul/2026:08:20:17 +0000] "GET /wp.php HTTP/1.1" 200 0 "-" "-"
65.181.116.207 - - [17/Jul/2026:08:20:42 +0000] "POST /wp-cron.php?doing_wp_cron=1784276442.4949629306793212890625 HTTP/1.1" 200 0 "-" "WordPress/7.0.1; https://www.iptv-portugal.com"
20.63.63.128 - - [17/Jul/2026:08:20:32 +0000] "GET /mini.php HTTP/1.1" 404 65001 "-" "-"
20.63.63.128 - - [17/Jul/2026:08:20:42 +0000] "GET /19.php HTTP/1.1" 404 64999 "-" "-"
20.63.63.128 - - [17/Jul/2026:08:20:44 +0000] "GET /db.php HTTP/1.1" 404 64999 "-" "-"
20.63.63.128 - - [17/Jul/2026:08:20:47 +0000] "GET /wmore1.php HTTP/1.1" 404 65003 "-" "-"
20.63.63.128 - - [17/Jul/2026:08:20:50 +0000] "GET /amax.php HTTP/1.1" 404 65001 "-" "-"
20.63.63.128 - - [17/Jul/2026:08:20:52 +0000] "GET /wp-admin/index.php HTTP/1.1" 302 0 "-" "-"
20.63.63.128 - - [17/Jul/2026:08:21:03 +0000] "GET /b.php HTTP/1.1" 404 64998 "-" "-"
20.63.63.128 - - [17/Jul/2026:08:21:06 +0000] "GET /8.php HTTP/1.1" 404 64998 "-" "-"
20.63.63.128 - - [17/Jul/2026:08:21:09 +0000] "GET /wp-is.php HTTP/1.1" 404 65002 "-" "-"
20.63.63.128 - - [17/Jul/2026:08:21:12 +0000] "GET /yanz.php HTTP/1.1" 404 65001 "-" "-"
20.63.63.128 - - [17/Jul/2026:08:21:15 +0000] "GET /term.php HTTP/1.1" 404 65001 "-" "-"
20.63.63.128 - - [17/Jul/2026:08:21:18 +0000] "GET /wp-block.php HTTP/1.1" 404 65005 "-" "-"
20.63.63.128 - - [17/Jul/2026:08:21:30 +0000] "GET /file88.php HTTP/1.1" 404 65003 "-" "-"
20.63.63.128 - - [17/Jul/2026:08:21:33 +0000] "GET /wp-content/uploads/admin.php HTTP/1.1" 200 0 "-" "-"
65.181.116.207 - - [17/Jul/2026:08:21:35 +0000] "POST /wp-cron.php?doing_wp_cron=1784276495.2066719532012939453125 HTTP/1.1" 200 0 "-" "WordPress/7.0.1; https://www.iptv-portugal.com"
20.63.63.128 - - [17/Jul/2026:08:21:33 +0000] "GET /sid3.php HTTP/1.1" 404 65001 "-" "-"
20.63.63.128 - - [17/Jul/2026:08:21:35 +0000] "GET /wp-blink.php HTTP/1.1" 404 65005 "-" "-"
20.63.63.128 - - [17/Jul/2026:08:21:37 +0000] "GET /i.php HTTP/1.1" 404 64998 "-" "-"
20.63.63.128 - - [17/Jul/2026:08:21:39 +0000] "GET /wp-admin/zoko.php HTTP/1.1" 302 0 "-" "-"
20.63.63.128 - - [17/Jul/2026:08:21:44 +0000] "GET /wp-tivate.php HTTP/1.1" 404 65006 "-" "-"
20.63.63.128 - - [17/Jul/2026:08:21:47 +0000] "GET /shell.php HTTP/1.1" 404 65002 "-" "-"
20.63.63.128 - - [17/Jul/2026:08:21:49 +0000] "GET /new.php HTTP/1.1" 404 65000 "-" "-"
20.63.63.128 - - [17/Jul/2026:08:21:52 +0000] "GET /lp6.php HTTP/1.1" 404 65000 "-" "-"
20.63.63.128 - - [17/Jul/2026:08:21:54 +0000] "GET /dex.php HTTP/1.1" 404 65000 "-" "-"
20.63.63.128 - - [17/Jul/2026:08:21:56 +0000] "GET /wp-term.php HTTP/1.1" 404 65004 "-" "-"
20.63.63.128 - - [17/Jul/2026:08:21:59 +0000] "GET /wp-xx.php HTTP/1.1" 404 65002 "-" "-"
20.63.63.128 - - [17/Jul/2026:08:22:01 +0000] "GET /cilus.php HTTP/1.1" 404 65002 "-" "-"
20.63.63.128 - - [17/Jul/2026:08:22:06 +0000] "GET /ccou.php HTTP/1.1" 404 65001 "-" "-"
20.63.63.128 - - [17/Jul/2026:08:22:09 +0000] "GET /edit.php HTTP/1.1" 404 65001 "-" "-"
20.63.63.128 - - [17/Jul/2026:08:22:12 +0000] "GET /shell20211028.php HTTP/1.1" 404 65010 "-" "-"
20.63.63.128 - - [17/Jul/2026:08:22:15 +0000] "GET /ccc.php HTTP/1.1" 404 65000 "-" "-"
20.63.63.128 - - [17/Jul/2026:08:22:18 +0000] "GET /wp-links-opml.php HTTP/1.1" 200 228 "-" "-"
20.63.63.128 - - [17/Jul/2026:08:22:19 +0000] "GET /atkno.php HTTP/1.1" 404 65002 "-" "-"
20.63.63.128 - - [17/Jul/2026:08:22:21 +0000] "GET /1.php HTTP/1.1" 404 64998 "-" "-"
20.63.63.128 - - [17/Jul/2026:08:22:24 +0000] "GET /sql.php HTTP/1.1" 404 65000 "-" "-"
20.63.63.128 - - [17/Jul/2026:08:22:26 +0000] "GET /xxx.php HTTP/1.1" 404 65000 "-" "-"
20.63.63.128 - - [17/Jul/2026:08:22:28 +0000] "GET //shell.php HTTP/1.1" 301 0 "-" "-"
20.63.63.128 - - [17/Jul/2026:08:22:30 +0000] "GET /shell.php HTTP/1.1" 404 65002 "-" "-"
65.181.116.207 - - [17/Jul/2026:08:22:36 +0000] "POST /wp-cron.php?doing_wp_cron=1784276556.5584979057312011718750 HTTP/1.1" 200 0 "-" "WordPress/7.0.1; https://www.iptv-portugal.com"
20.63.63.128 - - [17/Jul/2026:08:22:34 +0000] "GET /r.php HTTP/1.1" 404 64998 "-" "-"
20.63.63.128 - - [17/Jul/2026:08:22:37 +0000] "GET /wso.php HTTP/1.1" 404 65000 "-" "-"
20.63.63.128 - - [17/Jul/2026:08:22:39 +0000] "GET /wp-ws68.php HTTP/1.1" 404 65004 "-" "-"
20.63.63.128 - - [17/Jul/2026:08:22:42 +0000] "GET //x.php HTTP/1.1" 301 0 "-" "-"
20.63.63.128 - - [17/Jul/2026:08:22:44 +0000] "GET /x.php HTTP/1.1" 404 64998 "-" "-"
20.63.63.128 - - [17/Jul/2026:08:22:48 +0000] "GET /v2.php HTTP/1.1" 404 64999 "-" "-"
20.63.63.128 - - [17/Jul/2026:08:22:51 +0000] "GET /atomlib.php HTTP/1.1" 404 65004 "-" "-"
20.63.63.128 - - [17/Jul/2026:08:22:53 +0000] "GET /wp-ver.php HTTP/1.1" 404 65003 "-" "-"
20.63.63.128 - - [17/Jul/2026:08:22:56 +0000] "GET /z.php HTTP/1.1" 404 64998 "-" "-"
20.63.63.128 - - [17/Jul/2026:08:22:58 +0000] "GET /thoms.php HTTP/1.1" 404 65002 "-" "-"
20.63.63.128 - - [17/Jul/2026:08:23:01 +0000] "GET /bthil.php HTTP/1.1" 404 65002 "-" "-"
20.63.63.128 - - [17/Jul/2026:08:23:04 +0000] "GET /crgio.php HTTP/1.1" 404 65002 "-" "-"
20.63.63.128 - - [17/Jul/2026:08:23:07 +0000] "GET /file11.php HTTP/1.1" 404 65003 "-" "-"
103.154.12.10 - - [17/Jul/2026:09:24:24 +0000] "GET /wp-json/wp/v2/posts HTTP/1.1" 200 757 "-" "Mozilla/5.0 (Windows NT 10.0; Win64; x64) AppleWebKit/537.36 (KHTML, like Gecko) Chrome/120.0.0.0 Safari/537.36"
23.95.60.6 - - [17/Jul/2026:09:24:30 +0000] "GET /wp-json/wp/v2/posts HTTP/1.1" 200 757 "-" "Mozilla/5.0 (Windows NT 10.0; Win64; x64) AppleWebKit/537.36 (KHTML, like Gecko) Chrome/120.0.0.0 Safari/537.36"
65.181.116.207 - - [17/Jul/2026:09:31:55 +0000] "POST /wp-cron.php?doing_wp_cron=1784280715.6481471061706542968750 HTTP/1.1" 200 0 "-" "WordPress/7.0.1; https://www.iptv-portugal.com"
43.133.60.94 - - [17/Jul/2026:09:31:51 +0000] "GET / HTTP/1.1" 301 0 "-" "Mozilla/5.0 (iPhone; CPU iPhone OS 13_2_3 like Mac OS X) AppleWebKit/605.1.15 (KHTML, like Gecko) Version/13.0.3 Mobile/15E148 Safari/604.1"
2607:5500:3000:b90::2 - - [17/Jul/2026:10:11:03 +0000] "GET /wp-json/wp/v2/posts HTTP/1.1" 200 757 "-" "Mozilla/5.0 (Windows NT 10.0; Win64; x64) AppleWebKit/537.36 (KHTML, like Gecko) Chrome/120.0.0.0 Safari/537.36"
65.181.116.207 - - [17/Jul/2026:10:11:08 +0000] "POST /wp-cron.php?doing_wp_cron=1784283068.6174330711364746093750 HTTP/1.1" 200 0 "-" "WordPress/7.0.1; https://www.iptv-portugal.com"
129.212.228.43 - - [17/Jul/2026:10:44:13 +0000] "GET /license.txt HTTP/1.1" 200 7276 "-" "python-requests/2.27.1"
129.212.228.43 - - [17/Jul/2026:10:47:39 +0000] "GET /license.txt HTTP/1.1" 200 7276 "-" "python-requests/2.27.1"
65.181.116.207 - - [17/Jul/2026:10:48:59 +0000] "POST /wp-cron.php?doing_wp_cron=1784285339.6586549282073974609375 HTTP/1.1" 200 0 "-" "WordPress/7.0.1; https://www.iptv-portugal.com"
195.178.110.211 - - [17/Jul/2026:10:48:56 +0000] "GET /wp-json/gravitysmtp/v1/tests/mock-data?page=gravitysmtp-settings HTTP/1.1" 404 119 "-" "Mozilla/5.0 (compatible; SecurityResearch/1.0; )"
65.181.116.207 - - [17/Jul/2026:10:52:04 +0000] "POST /wp-cron.php?doing_wp_cron=1784285524.4688770771026611328125 HTTP/1.1" 200 0 "-" "WordPress/7.0.1; https://www.iptv-portugal.com"
165.245.178.210 - - [17/Jul/2026:10:51:59 +0000] "GET /administrator/index.php HTTP/1.1" 301 0 "-" "Mozilla/5.0 (Windows NT 10.0; Win64; x64) AppleWebKit/537.36 (KHTML, like Gecko) Chrome/91.0.4472.124 Safari/537.36"
165.245.178.210 - - [17/Jul/2026:10:52:05 +0000] "GET /administrator/ HTTP/1.1" 404 18430 "-" "Mozilla/5.0 (Windows NT 10.0; Win64; x64) AppleWebKit/537.36 (KHTML, like Gecko) Chrome/91.0.4472.124 Safari/537.36"