20.104.96.117 - - [16/Jul/2026:17:26:43 +0000] "GET /public/class-walker-footer-dev.php HTTP/1.1" 401 36 "-" "-"
20.104.96.117 - - [16/Jul/2026:17:26:43 +0000] "GET /qterm.php HTTP/1.1" 401 36 "-" "-"
20.104.96.117 - - [16/Jul/2026:17:26:43 +0000] "GET /semiirrep.php HTTP/1.1" 401 36 "-" "-"
20.104.96.117 - - [16/Jul/2026:17:26:44 +0000] "GET /cgi-bin/index.php HTTP/1.1" 401 36 "-" "-"
65.181.116.207 - - [16/Jul/2026:17:33:00 +0000] "POST /wp-cron.php?doing_wp_cron=1784223180.7110719680786132812500 HTTP/1.1" 200 0 "-" "WordPress/7.0.1; https://www.biscofy.com"
216.73.216.39 - - [16/Jul/2026:17:32:58 +0000] "GET /robots.txt HTTP/2" 200 98 "-" "Mozilla/5.0 AppleWebKit/537.36 (KHTML, like Gecko; compatible; ClaudeBot/1.0; [email protected])"
43.153.123.3 - - [16/Jul/2026:17:33:03 +0000] "GET /xmlrpc.php?rsd HTTP/1.1" 403 1242 "-" "Mozilla/5.0 (iPhone; CPU iPhone OS 13_2_3 like Mac OS X) AppleWebKit/605.1.15 (KHTML, like Gecko) Version/13.0.3 Mobile/15E148 Safari/604.1"
216.73.216.39 - - [16/Jul/2026:17:33:00 +0000] "GET /sitemaps.xml HTTP/2" 200 236 "-" "Mozilla/5.0 AppleWebKit/537.36 (KHTML, like Gecko; compatible; ClaudeBot/1.0; [email protected])"
94.154.43.188 - - [16/Jul/2026:17:33:11 +0000] "GET / HTTP/1.1" 301 0 "-" "Mozilla/5.0 (Windows NT 10.0; Win64; x64) AppleWebKit/537.36 (KHTML, like Gecko) Chrome/147.0.0.0 Safari/537.36"
94.154.43.188 - - [16/Jul/2026:17:33:14 +0000] "GET / HTTP/1.1" 200 168424 "-" "Mozilla/5.0 (Windows NT 10.0; Win64; x64) AppleWebKit/537.36 (KHTML, like Gecko) Chrome/147.0.0.0 Safari/537.36"
34.32.247.234 - - [16/Jul/2026:17:34:47 +0000] "GET / HTTP/1.1" 401 53 "-" "Scrapy/2.16.0 (+https://scrapy.org)"
65.181.116.207 - - [16/Jul/2026:17:36:08 +0000] "POST /wp-cron.php?doing_wp_cron=1784223368.3073170185089111328125 HTTP/1.1" 200 0 "-" "WordPress/7.0.1; https://www.biscofy.com"
216.73.163.158 - - [16/Jul/2026:17:36:04 +0000] "POST /wp-login.php HTTP/1.1" 200 2229 "-" "Mozilla/5.0 (X11; Ubuntu; Linux x86_64; rv:17.0) Gecko/20100101 Firefox/17.0.6"
65.181.116.207 - - [16/Jul/2026:17:42:20 +0000] "POST /wp-cron.php?doing_wp_cron=1784223740.2314519882202148437500 HTTP/1.1" 200 0 "-" "WordPress/7.0.1; https://www.biscofy.com"
124.156.204.51 - - [16/Jul/2026:17:42:16 +0000] "GET /2025/10/16/hello-world/ HTTP/1.1" 200 38251 "-" "Mozilla/5.0 (iPhone; CPU iPhone OS 13_2_3 like Mac OS X) AppleWebKit/605.1.15 (KHTML, like Gecko) Version/13.0.3 Mobile/15E148 Safari/604.1"
94.154.43.184 - - [16/Jul/2026:17:48:59 +0000] "GET /.env HTTP/1.1" 401 36 "-" "Mozilla/5.0 (Windows NT 10.0; Win64; x64) AppleWebKit/537.36 (KHTML, like Gecko) Chrome/147.0.0.0 Safari/537.36"
94.154.43.183 - - [16/Jul/2026:17:48:59 +0000] "GET /.env HTTP/1.1" 400 52 "-" "Mozilla/5.0 (Windows NT 10.0; Win64; x64) AppleWebKit/537.36 (KHTML, like Gecko) Chrome/147.0.0.0 Safari/537.36"
94.154.43.184 - - [16/Jul/2026:17:48:59 +0000] "GET /.env HTTP/1.1" 404 5750 "-" "Mozilla/5.0 (Windows NT 10.0; Win64; x64) AppleWebKit/537.36 (KHTML, like Gecko) Chrome/147.0.0.0 Safari/537.36"
94.154.43.184 - - [16/Jul/2026:17:48:59 +0000] "GET /.env HTTP/1.1" 404 5749 "-" "Mozilla/5.0 (Windows NT 10.0; Win64; x64) AppleWebKit/537.36 (KHTML, like Gecko) Chrome/147.0.0.0 Safari/537.36"
94.154.43.185 - - [16/Jul/2026:17:48:59 +0000] "GET /.env HTTP/1.1" 401 36 "-" "Mozilla/5.0 (Windows NT 10.0; Win64; x64) AppleWebKit/537.36 (KHTML, like Gecko) Chrome/147.0.0.0 Safari/537.36"
94.154.43.179 - - [16/Jul/2026:17:48:59 +0000] "GET /.env HTTP/1.1" 401 36 "-" "Mozilla/5.0 (Windows NT 10.0; Win64; x64) AppleWebKit/537.36 (KHTML, like Gecko) Chrome/147.0.0.0 Safari/537.36"
65.181.116.207 - - [16/Jul/2026:17:49:02 +0000] "POST /wp-cron.php?doing_wp_cron=1784224142.7349429130554199218750 HTTP/1.1" 200 0 "-" "WordPress/7.0.1; https://www.biscofy.com"
94.154.43.186 - - [16/Jul/2026:17:48:59 +0000] "GET /.env HTTP/1.1" 404 115023 "-" "Mozilla/5.0 (Windows NT 10.0; Win64; x64) AppleWebKit/537.36 (KHTML, like Gecko) Chrome/147.0.0.0 Safari/537.36"
65.181.116.207 - - [16/Jul/2026:17:51:34 +0000] "POST /wp-cron.php?doing_wp_cron=1784224293.9188129901885986328125 HTTP/1.1" 200 0 "-" "WordPress/7.0.1; https://www.biscofy.com"
49.51.132.100 - - [16/Jul/2026:17:51:30 +0000] "GET /the-role-of-analytics-in-modern-marketing-campaigns/embed/ HTTP/1.1" 200 6945 "-" "Mozilla/5.0 (iPhone; CPU iPhone OS 13_2_3 like Mac OS X) AppleWebKit/605.1.15 (KHTML, like Gecko) Version/13.0.3 Mobile/15E148 Safari/604.1"
65.181.116.207 - - [16/Jul/2026:18:04:16 +0000] "POST /wp-cron.php?doing_wp_cron=1784225056.7831439971923828125000 HTTP/1.1" 200 0 "-" "WordPress/7.0.1; https://www.biscofy.com"
43.135.145.117 - - [16/Jul/2026:18:04:12 +0000] "GET /2025/10/16/hello-world/ HTTP/1.1" 200 38251 "-" "Mozilla/5.0 (iPhone; CPU iPhone OS 13_2_3 like Mac OS X) AppleWebKit/605.1.15 (KHTML, like Gecko) Version/13.0.3 Mobile/15E148 Safari/604.1"
65.181.116.207 - - [16/Jul/2026:18:09:33 +0000] "POST /wp-cron.php?doing_wp_cron=1784225372.9288671016693115234375 HTTP/1.1" 200 0 "-" "WordPress/7.0.1; https://www.biscofy.com"
43.157.181.189 - - [16/Jul/2026:18:09:29 +0000] "GET /2025/10/16/hello-world/?replytocom=1 HTTP/1.1" 200 38252 "-" "Mozilla/5.0 (iPhone; CPU iPhone OS 13_2_3 like Mac OS X) AppleWebKit/605.1.15 (KHTML, like Gecko) Version/13.0.3 Mobile/15E148 Safari/604.1"
65.181.116.207 - - [16/Jul/2026:18:18:09 +0000] "POST /wp-cron.php?doing_wp_cron=1784225889.6772699356079101562500 HTTP/1.1" 200 0 "-" "WordPress/7.0.1; https://www.biscofy.com"
199.45.155.100 - - [16/Jul/2026:18:18:08 +0000] "GET / HTTP/1.1" 200 44739 "-" "Mozilla/5.0 (compatible; CensysInspect/1.1; +https://about.censys.io/)"
199.45.155.100 - - [16/Jul/2026:18:18:18 +0000] "GET /wp-content/uploads/2025/10/cropped-BISCOFY-32x32.png HTTP/1.1" 200 481 "-" "Mozilla/5.0 (compatible; CensysInspect/1.1; +https://about.censys.io/)"
199.45.155.100 - - [16/Jul/2026:18:18:33 +0000] "GET /favicon.ico HTTP/1.1" 404 1251 "-" "Mozilla/5.0 (compatible; CensysInspect/1.1; +https://about.censys.io/)"
65.181.116.207 - - [16/Jul/2026:18:21:36 +0000] "POST /wp-cron.php?doing_wp_cron=1784226096.2554728984832763671875 HTTP/1.1" 200 0 "-" "WordPress/7.0.1; https://www.biscofy.com"
43.130.40.120 - - [16/Jul/2026:18:21:35 +0000] "GET /2025/10/16/hello-world/feed/ HTTP/1.1" 200 766 "-" "Mozilla/5.0 (iPhone; CPU iPhone OS 13_2_3 like Mac OS X) AppleWebKit/605.1.15 (KHTML, like Gecko) Version/13.0.3 Mobile/15E148 Safari/604.1"
94.154.43.177 - - [16/Jul/2026:18:25:26 +0000] "GET / HTTP/1.1" 400 52 "-" "Mozilla/5.0 (Windows NT 10.0; Win64; x64) AppleWebKit/537.36 (KHTML, like Gecko) Chrome/147.0.0.0 Safari/537.36"
94.154.43.177 - - [16/Jul/2026:18:25:26 +0000] "GET / HTTP/1.1" 401 36 "-" "Mozilla/5.0 (Windows NT 10.0; Win64; x64) AppleWebKit/537.36 (KHTML, like Gecko) Chrome/147.0.0.0 Safari/537.36"
94.154.43.183 - - [16/Jul/2026:18:25:26 +0000] "GET / HTTP/1.1" 401 36 "-" "Mozilla/5.0 (Windows NT 10.0; Win64; x64) AppleWebKit/537.36 (KHTML, like Gecko) Chrome/147.0.0.0 Safari/537.36"
94.154.43.184 - - [16/Jul/2026:18:25:26 +0000] "GET / HTTP/1.1" 200 40080 "-" "Mozilla/5.0 (Windows NT 10.0; Win64; x64) AppleWebKit/537.36 (KHTML, like Gecko) Chrome/147.0.0.0 Safari/537.36"
94.154.43.178 - - [16/Jul/2026:18:25:26 +0000] "GET / HTTP/1.1" 401 36 "-" "Mozilla/5.0 (Windows NT 10.0; Win64; x64) AppleWebKit/537.36 (KHTML, like Gecko) Chrome/147.0.0.0 Safari/537.36"
94.154.43.187 - - [16/Jul/2026:18:25:26 +0000] "GET / HTTP/1.1" 200 40068 "-" "Mozilla/5.0 (Windows NT 10.0; Win64; x64) AppleWebKit/537.36 (KHTML, like Gecko) Chrome/147.0.0.0 Safari/537.36"
65.181.116.207 - - [16/Jul/2026:18:25:27 +0000] "POST /wp-cron.php?doing_wp_cron=1784226327.1578810214996337890625 HTTP/1.1" 200 0 "-" "WordPress/7.0.1; https://www.biscofy.com"
94.154.43.186 - - [16/Jul/2026:18:25:26 +0000] "GET / HTTP/1.1" 301 0 "-" "Mozilla/5.0 (Windows NT 10.0; Win64; x64) AppleWebKit/537.36 (KHTML, like Gecko) Chrome/147.0.0.0 Safari/537.36"
94.154.43.184 - - [16/Jul/2026:18:25:27 +0000] "GET / HTTP/1.1" 200 168426 "-" "Mozilla/5.0 (Windows NT 10.0; Win64; x64) AppleWebKit/537.36 (KHTML, like Gecko) Chrome/147.0.0.0 Safari/537.36"
65.181.116.207 - - [16/Jul/2026:18:26:54 +0000] "POST /wp-cron.php?doing_wp_cron=1784226413.9506399631500244140625 HTTP/1.1" 200 0 "-" "WordPress/7.0.1; https://www.biscofy.com"
57.141.0.22 - - [16/Jul/2026:18:26:53 +0000] "GET /category-sitemap1.xml HTTP/2" 200 313 "-" "Mozilla/5.0 (Windows NT 10.0; Win64; x64) AppleWebKit/537.36 (KHTML, like Gecko) Chrome/145.0.0.0 Safari/537.36 Edg/145.0.0.0 (compatible; meta-externalagent/1.1 (+https://developers.facebook.com/docs/sharing/webmasters/crawler))"
65.181.116.207 - - [16/Jul/2026:18:32:31 +0000] "POST /wp-cron.php?doing_wp_cron=1784226751.8171129226684570312500 HTTP/1.1" 200 0 "-" "WordPress/7.0.1; https://www.biscofy.com"
43.166.237.57 - - [16/Jul/2026:18:32:30 +0000] "GET /category/uncategorized/ HTTP/1.1" 200 36679 "-" "Mozilla/5.0 (iPhone; CPU iPhone OS 13_2_3 like Mac OS X) AppleWebKit/605.1.15 (KHTML, like Gecko) Version/13.0.3 Mobile/15E148 Safari/604.1"
65.181.116.207 - - [16/Jul/2026:18:41:05 +0000] "POST /wp-cron.php?doing_wp_cron=1784227265.1418430805206298828125 HTTP/1.1" 200 0 "-" "WordPress/7.0.1; https://www.biscofy.com"
148.113.130.60 - - [16/Jul/2026:18:41:04 +0000] "GET /sitemaps.xml HTTP/2" 200 235 "-" "Mozilla/5.0 (compatible; AhrefsBot/7.0; +http://ahrefs.com/robot/)"
15.235.98.42 - - [16/Jul/2026:18:41:08 +0000] "GET /post-sitemap1.xml HTTP/2" 200 244 "-" "Mozilla/5.0 (compatible; AhrefsBot/7.0; +http://ahrefs.com/robot/)"
54.39.89.137 - - [16/Jul/2026:18:41:09 +0000] "GET /page-sitemap1.xml HTTP/2" 200 547 "-" "Mozilla/5.0 (compatible; AhrefsBot/7.0; +http://ahrefs.com/robot/)"
54.39.0.22 - - [16/Jul/2026:18:41:11 +0000] "GET /category-sitemap1.xml HTTP/2" 200 198 "-" "Mozilla/5.0 (compatible; AhrefsBot/7.0; +http://ahrefs.com/robot/)"
65.181.116.207 - - [16/Jul/2026:18:45:20 +0000] "POST /wp-cron.php?doing_wp_cron=1784227520.2417678833007812500000 HTTP/1.1" 200 0 "-" "WordPress/7.0.1; https://www.biscofy.com"
43.152.72.244 - - [16/Jul/2026:18:45:17 +0000] "GET /author/d5yfq/ HTTP/1.1" 200 36673 "-" "Mozilla/5.0 (iPhone; CPU iPhone OS 13_2_3 like Mac OS X) AppleWebKit/605.1.15 (KHTML, like Gecko) Version/13.0.3 Mobile/15E148 Safari/604.1"
65.181.116.207 - - [16/Jul/2026:18:47:18 +0000] "POST /wp-cron.php?doing_wp_cron=1784227638.1822710037231445312500 HTTP/1.1" 200 0 "-" "WordPress/7.0.1; https://www.biscofy.com"
216.73.163.143 - - [16/Jul/2026:18:47:17 +0000] "POST /wp-login.php HTTP/1.1" 200 2229 "-" "Mozilla/5.0 (Linux; Android 7.0; SM-J330G Build/NRD90M; wv) AppleWebKit/537.36 (KHTML, like Gecko) Version/4.0 Chrome/89.0.4389.105 Mobile Safari/537.36"
141.133.38.217 - - [16/Jul/2026:18:49:43 +0000] "POST /wp-comments-post.php HTTP/1.1" 302 0 "-" "Mozilla/5.0 (Windows NT 10.0; Win64; x64) AppleWebKit/537.36 (KHTML, like Gecko) Chrome/120.0.0.0 Safari/537.36"
65.181.116.207 - - [16/Jul/2026:18:53:58 +0000] "POST /wp-cron.php?doing_wp_cron=1784228038.7177910804748535156250 HTTP/1.1" 200 0 "-" "WordPress/7.0.1; https://www.biscofy.com"
57.141.0.22 - - [16/Jul/2026:18:53:58 +0000] "GET /page-sitemap1.xml HTTP/2" 200 2375 "-" "Mozilla/5.0 (Windows NT 10.0; Win64; x64) AppleWebKit/537.36 (KHTML, like Gecko) Chrome/145.0.0.0 Safari/537.36 (compatible; meta-externalagent/1.1 (+https://developers.facebook.com/docs/sharing/webmasters/crawler))"
65.181.116.207 - - [16/Jul/2026:18:54:56 +0000] "POST /wp-cron.php?doing_wp_cron=1784228096.7197189331054687500000 HTTP/1.1" 200 0 "-" "WordPress/7.0.1; https://www.biscofy.com"
43.130.26.3 - - [16/Jul/2026:18:54:55 +0000] "GET /2025/10/16/hello-world/ HTTP/1.1" 200 38251 "-" "Mozilla/5.0 (iPhone; CPU iPhone OS 13_2_3 like Mac OS X) AppleWebKit/605.1.15 (KHTML, like Gecko) Version/13.0.3 Mobile/15E148 Safari/604.1"
65.181.116.207 - - [16/Jul/2026:19:04:04 +0000] "POST /wp-cron.php?doing_wp_cron=1784228644.3227610588073730468750 HTTP/1.1" 200 0 "-" "WordPress/7.0.1; https://www.biscofy.com"
43.166.244.192 - - [16/Jul/2026:19:04:02 +0000] "GET /2025/10/16/hello-world/ HTTP/1.1" 200 38115 "-" "Mozilla/5.0 (iPhone; CPU iPhone OS 13_2_3 like Mac OS X) AppleWebKit/605.1.15 (KHTML, like Gecko) Version/13.0.3 Mobile/15E148 Safari/604.1"
65.181.116.207 - - [16/Jul/2026:19:12:51 +0000] "POST /wp-cron.php?doing_wp_cron=1784229170.9713981151580810546875 HTTP/1.1" 200 0 "-" "WordPress/7.0.1; https://www.biscofy.com"
15.237.109.17 - - [16/Jul/2026:19:12:50 +0000] "GET / HTTP/1.1" 200 44749 "-" "Mozilla/5.0 (X11; Linux x86_64) AppleWebKit/537.36 (KHTML, like Gecko) Chrome/131.0.0.0 Safari/537.36"
15.237.109.17 - - [16/Jul/2026:19:12:51 +0000] "POST / HTTP/1.1" 200 44736 "-" "Mozilla/5.0 (X11; Linux x86_64) AppleWebKit/537.36 (KHTML, like Gecko) Chrome/131.0.0.0 Safari/537.36"
15.237.109.17 - - [16/Jul/2026:19:12:52 +0000] "POST / HTTP/1.1" 200 44741 "-" "Mozilla/5.0 (X11; Linux x86_64) AppleWebKit/537.36 (KHTML, like Gecko) Chrome/131.0.0.0 Safari/537.36"
15.237.109.17 - - [16/Jul/2026:19:12:53 +0000] "POST / HTTP/1.1" 200 44729 "-" "Mozilla/5.0 (X11; Linux x86_64) AppleWebKit/537.36 (KHTML, like Gecko) Chrome/131.0.0.0 Safari/537.36"
15.237.109.17 - - [16/Jul/2026:19:12:54 +0000] "GET /.git/config HTTP/1.1" 403 1242 "-" "Mozilla/5.0 (X11; Linux x86_64) AppleWebKit/537.36 (KHTML, like Gecko) Chrome/131.0.0.0 Safari/537.36"
15.237.109.17 - - [16/Jul/2026:19:12:55 +0000] "POST / HTTP/1.1" 200 44741 "-" "Mozilla/5.0 (X11; Linux x86_64) AppleWebKit/537.36 (KHTML, like Gecko) Chrome/131.0.0.0 Safari/537.36"
15.237.109.17 - - [16/Jul/2026:19:12:56 +0000] "GET /.env HTTP/1.1" 404 36258 "-" "Mozilla/5.0 (X11; Linux x86_64) AppleWebKit/537.36 (KHTML, like Gecko) Chrome/131.0.0.0 Safari/537.36"
15.237.109.17 - - [16/Jul/2026:19:12:57 +0000] "GET /.env.local HTTP/1.1" 404 36251 "-" "Mozilla/5.0 (X11; Linux x86_64) AppleWebKit/537.36 (KHTML, like Gecko) Chrome/131.0.0.0 Safari/537.36"
15.237.109.17 - - [16/Jul/2026:19:12:58 +0000] "GET /.env.production HTTP/1.1" 404 36251 "-" "Mozilla/5.0 (X11; Linux x86_64) AppleWebKit/537.36 (KHTML, like Gecko) Chrome/131.0.0.0 Safari/537.36"
15.237.109.17 - - [16/Jul/2026:19:12:59 +0000] "GET /.env.staging HTTP/1.1" 404 36251 "-" "Mozilla/5.0 (X11; Linux x86_64) AppleWebKit/537.36 (KHTML, like Gecko) Chrome/131.0.0.0 Safari/537.36"
15.237.109.17 - - [16/Jul/2026:19:13:00 +0000] "GET /.env.development HTTP/1.1" 404 36251 "-" "Mozilla/5.0 (X11; Linux x86_64) AppleWebKit/537.36 (KHTML, like Gecko) Chrome/131.0.0.0 Safari/537.36"
65.181.116.207 - - [16/Jul/2026:19:13:03 +0000] "POST /wp-cron.php?doing_wp_cron=1784229183.3157260417938232421875 HTTP/1.1" 200 0 "-" "WordPress/7.0.1; https://www.biscofy.com"
15.237.109.17 - - [16/Jul/2026:19:13:01 +0000] "GET /.env.test HTTP/1.1" 404 35756 "-" "Mozilla/5.0 (X11; Linux x86_64) AppleWebKit/537.36 (KHTML, like Gecko) Chrome/131.0.0.0 Safari/537.36"
15.237.109.17 - - [16/Jul/2026:19:13:03 +0000] "GET /.env.remote HTTP/1.1" 404 36258 "-" "Mozilla/5.0 (X11; Linux x86_64) AppleWebKit/537.36 (KHTML, like Gecko) Chrome/131.0.0.0 Safari/537.36"
15.237.109.17 - - [16/Jul/2026:19:13:04 +0000] "GET /.env.bak HTTP/1.1" 404 36258 "-" "Mozilla/5.0 (X11; Linux x86_64) AppleWebKit/537.36 (KHTML, like Gecko) Chrome/131.0.0.0 Safari/537.36"
15.237.109.17 - - [16/Jul/2026:19:13:05 +0000] "GET /.env.backup HTTP/1.1" 404 36258 "-" "Mozilla/5.0 (X11; Linux x86_64) AppleWebKit/537.36 (KHTML, like Gecko) Chrome/131.0.0.0 Safari/537.36"
15.237.109.17 - - [16/Jul/2026:19:13:06 +0000] "GET /.env.save HTTP/1.1" 404 36258 "-" "Mozilla/5.0 (X11; Linux x86_64) AppleWebKit/537.36 (KHTML, like Gecko) Chrome/131.0.0.0 Safari/537.36"
15.237.109.17 - - [16/Jul/2026:19:13:07 +0000] "GET /.env.old HTTP/1.1" 404 35266 "-" "Mozilla/5.0 (X11; Linux x86_64) AppleWebKit/537.36 (KHTML, like Gecko) Chrome/131.0.0.0 Safari/537.36"
15.237.109.17 - - [16/Jul/2026:19:13:08 +0000] "GET /.env.sample HTTP/1.1" 404 36258 "-" "Mozilla/5.0 (X11; Linux x86_64) AppleWebKit/537.36 (KHTML, like Gecko) Chrome/131.0.0.0 Safari/537.36"
15.237.109.17 - - [16/Jul/2026:19:13:09 +0000] "GET /.env.example HTTP/1.1" 404 36251 "-" "Mozilla/5.0 (X11; Linux x86_64) AppleWebKit/537.36 (KHTML, like Gecko) Chrome/131.0.0.0 Safari/537.36"
15.237.109.17 - - [16/Jul/2026:19:13:10 +0000] "GET /.env.dev HTTP/1.1" 404 36258 "-" "Mozilla/5.0 (X11; Linux x86_64) AppleWebKit/537.36 (KHTML, like Gecko) Chrome/131.0.0.0 Safari/537.36"
15.237.109.17 - - [16/Jul/2026:19:13:11 +0000] "GET /.env.prod HTTP/1.1" 404 36258 "-" "Mozilla/5.0 (X11; Linux x86_64) AppleWebKit/537.36 (KHTML, like Gecko) Chrome/131.0.0.0 Safari/537.36"
15.237.109.17 - - [16/Jul/2026:19:13:12 +0000] "GET /.env.stage HTTP/1.1" 404 36258 "-" "Mozilla/5.0 (X11; Linux x86_64) AppleWebKit/537.36 (KHTML, like Gecko) Chrome/131.0.0.0 Safari/537.36"
15.237.109.17 - - [16/Jul/2026:19:13:13 +0000] "GET /.env.ci HTTP/1.1" 404 36258 "-" "Mozilla/5.0 (X11; Linux x86_64) AppleWebKit/537.36 (KHTML, like Gecko) Chrome/131.0.0.0 Safari/537.36"
15.237.109.17 - - [16/Jul/2026:19:13:14 +0000] "GET /.env.docker HTTP/1.1" 404 36258 "-" "Mozilla/5.0 (X11; Linux x86_64) AppleWebKit/537.36 (KHTML, like Gecko) Chrome/131.0.0.0 Safari/537.36"
15.237.109.17 - - [16/Jul/2026:19:13:15 +0000] "GET /.env.live HTTP/1.1" 404 36251 "-" "Mozilla/5.0 (X11; Linux x86_64) AppleWebKit/537.36 (KHTML, like Gecko) Chrome/131.0.0.0 Safari/537.36"
15.237.109.17 - - [16/Jul/2026:19:13:16 +0000] "GET /.env.preprod HTTP/1.1" 404 36251 "-" "Mozilla/5.0 (X11; Linux x86_64) AppleWebKit/537.36 (KHTML, like Gecko) Chrome/131.0.0.0 Safari/537.36"
15.237.109.17 - - [16/Jul/2026:19:13:17 +0000] "GET /.env.uat HTTP/1.1" 404 36258 "-" "Mozilla/5.0 (X11; Linux x86_64) AppleWebKit/537.36 (KHTML, like Gecko) Chrome/131.0.0.0 Safari/537.36"
15.237.109.17 - - [16/Jul/2026:19:13:18 +0000] "GET /.env.dist HTTP/1.1" 404 36251 "-" "Mozilla/5.0 (X11; Linux x86_64) AppleWebKit/537.36 (KHTML, like Gecko) Chrome/131.0.0.0 Safari/537.36"
15.237.109.17 - - [16/Jul/2026:19:13:19 +0000] "GET /.env.swp HTTP/1.1" 404 36251 "-" "Mozilla/5.0 (X11; Linux x86_64) AppleWebKit/537.36 (KHTML, like Gecko) Chrome/131.0.0.0 Safari/537.36"
15.237.109.17 - - [16/Jul/2026:19:13:20 +0000] "GET /.env~ HTTP/1.1" 404 35175 "-" "Mozilla/5.0 (X11; Linux x86_64) AppleWebKit/537.36 (KHTML, like Gecko) Chrome/131.0.0.0 Safari/537.36"
15.237.109.17 - - [16/Jul/2026:19:13:21 +0000] "GET /.env1 HTTP/1.1" 404 35756 "-" "Mozilla/5.0 (X11; Linux x86_64) AppleWebKit/537.36 (KHTML, like Gecko) Chrome/131.0.0.0 Safari/537.36"
15.237.109.17 - - [16/Jul/2026:19:13:22 +0000] "GET /.env2 HTTP/1.1" 404 36251 "-" "Mozilla/5.0 (X11; Linux x86_64) AppleWebKit/537.36 (KHTML, like Gecko) Chrome/131.0.0.0 Safari/537.36"
15.237.109.17 - - [16/Jul/2026:19:13:23 +0000] "GET /.env_copy HTTP/1.1" 404 36258 "-" "Mozilla/5.0 (X11; Linux x86_64) AppleWebKit/537.36 (KHTML, like Gecko) Chrome/131.0.0.0 Safari/537.36"
15.237.109.17 - - [16/Jul/2026:19:13:24 +0000] "GET /.env.txt HTTP/1.1" 404 36258 "-" "Mozilla/5.0 (X11; Linux x86_64) AppleWebKit/537.36 (KHTML, like Gecko) Chrome/131.0.0.0 Safari/537.36"
15.237.109.17 - - [16/Jul/2026:19:13:25 +0000] "GET /.env.json HTTP/1.1" 404 36251 "-" "Mozilla/5.0 (X11; Linux x86_64) AppleWebKit/537.36 (KHTML, like Gecko) Chrome/131.0.0.0 Safari/537.36"
15.237.109.17 - - [16/Jul/2026:19:13:26 +0000] "GET /.env.yaml HTTP/1.1" 404 35756 "-" "Mozilla/5.0 (X11; Linux x86_64) AppleWebKit/537.36 (KHTML, like Gecko) Chrome/131.0.0.0 Safari/537.36"
15.237.109.17 - - [16/Jul/2026:19:13:27 +0000] "GET /.env.yml HTTP/1.1" 404 36258 "-" "Mozilla/5.0 (X11; Linux x86_64) AppleWebKit/537.36 (KHTML, like Gecko) Chrome/131.0.0.0 Safari/537.36"
15.237.109.17 - - [16/Jul/2026:19:13:28 +0000] "GET /app/.env HTTP/1.1" 404 36258 "-" "Mozilla/5.0 (X11; Linux x86_64) AppleWebKit/537.36 (KHTML, like Gecko) Chrome/131.0.0.0 Safari/537.36"
15.237.109.17 - - [16/Jul/2026:19:13:29 +0000] "GET /apps/.env HTTP/1.1" 404 36258 "-" "Mozilla/5.0 (X11; Linux x86_64) AppleWebKit/537.36 (KHTML, like Gecko) Chrome/131.0.0.0 Safari/537.36"
15.237.109.17 - - [16/Jul/2026:19:13:31 +0000] "GET /api/.env HTTP/1.1" 404 36258 "-" "Mozilla/5.0 (X11; Linux x86_64) AppleWebKit/537.36 (KHTML, like Gecko) Chrome/131.0.0.0 Safari/537.36"
15.237.109.17 - - [16/Jul/2026:19:13:32 +0000] "GET /web/.env HTTP/1.1" 404 36251 "-" "Mozilla/5.0 (X11; Linux x86_64) AppleWebKit/537.36 (KHTML, like Gecko) Chrome/131.0.0.0 Safari/537.36"
15.237.109.17 - - [16/Jul/2026:19:13:33 +0000] "GET /site/.env HTTP/1.1" 404 36251 "-" "Mozilla/5.0 (X11; Linux x86_64) AppleWebKit/537.36 (KHTML, like Gecko) Chrome/131.0.0.0 Safari/537.36"
15.237.109.17 - - [16/Jul/2026:19:13:34 +0000] "GET /public/.env HTTP/1.1" 404 36251 "-" "Mozilla/5.0 (X11; Linux x86_64) AppleWebKit/537.36 (KHTML, like Gecko) Chrome/131.0.0.0 Safari/537.36"
15.237.109.17 - - [16/Jul/2026:19:13:35 +0000] "GET /admin/.env HTTP/1.1" 404 35175 "-" "Mozilla/5.0 (X11; Linux x86_64) AppleWebKit/537.36 (KHTML, like Gecko) Chrome/131.0.0.0 Safari/537.36"
15.237.109.17 - - [16/Jul/2026:19:13:37 +0000] "GET /backend/.env HTTP/1.1" 404 36258 "-" "Mozilla/5.0 (X11; Linux x86_64) AppleWebKit/537.36 (KHTML, like Gecko) Chrome/131.0.0.0 Safari/537.36"
15.237.109.17 - - [16/Jul/2026:19:13:38 +0000] "GET /server/.env HTTP/1.1" 404 36258 "-" "Mozilla/5.0 (X11; Linux x86_64) AppleWebKit/537.36 (KHTML, like Gecko) Chrome/131.0.0.0 Safari/537.36"
15.237.109.17 - - [16/Jul/2026:19:13:39 +0000] "GET /frontend/.env HTTP/1.1" 404 36251 "-" "Mozilla/5.0 (X11; Linux x86_64) AppleWebKit/537.36 (KHTML, like Gecko) Chrome/131.0.0.0 Safari/537.36"
15.237.109.17 - - [16/Jul/2026:19:13:40 +0000] "GET /src/.env HTTP/1.1" 404 36251 "-" "Mozilla/5.0 (X11; Linux x86_64) AppleWebKit/537.36 (KHTML, like Gecko) Chrome/131.0.0.0 Safari/537.36"
15.237.109.17 - - [16/Jul/2026:19:13:41 +0000] "GET /core/.env HTTP/1.1" 404 35175 "-" "Mozilla/5.0 (X11; Linux x86_64) AppleWebKit/537.36 (KHTML, like Gecko) Chrome/131.0.0.0 Safari/537.36"
15.237.109.17 - - [16/Jul/2026:19:13:42 +0000] "GET /core/app/.env HTTP/1.1" 404 36251 "-" "Mozilla/5.0 (X11; Linux x86_64) AppleWebKit/537.36 (KHTML, like Gecko) Chrome/131.0.0.0 Safari/537.36"
15.237.109.17 - - [16/Jul/2026:19:13:43 +0000] "GET /config/.env HTTP/1.1" 404 36251 "-" "Mozilla/5.0 (X11; Linux x86_64) AppleWebKit/537.36 (KHTML, like Gecko) Chrome/131.0.0.0 Safari/537.36"
15.237.109.17 - - [16/Jul/2026:19:13:44 +0000] "GET /private/.env HTTP/1.1" 404 36258 "-" "Mozilla/5.0 (X11; Linux x86_64) AppleWebKit/537.36 (KHTML, like Gecko) Chrome/131.0.0.0 Safari/537.36"
15.237.109.17 - - [16/Jul/2026:19:13:45 +0000] "GET /application/.env HTTP/1.1" 404 36251 "-" "Mozilla/5.0 (X11; Linux x86_64) AppleWebKit/537.36 (KHTML, like Gecko) Chrome/131.0.0.0 Safari/537.36"
15.237.109.17 - - [16/Jul/2026:19:13:47 +0000] "GET /bootstrap/.env HTTP/1.1" 404 36251 "-" "Mozilla/5.0 (X11; Linux x86_64) AppleWebKit/537.36 (KHTML, like Gecko) Chrome/131.0.0.0 Safari/537.36"
15.237.109.17 - - [16/Jul/2026:19:13:48 +0000] "GET /database/.env HTTP/1.1" 404 36258 "-" "Mozilla/5.0 (X11; Linux x86_64) AppleWebKit/537.36 (KHTML, like Gecko) Chrome/131.0.0.0 Safari/537.36"
15.237.109.17 - - [16/Jul/2026:19:13:49 +0000] "GET /storage/.env HTTP/1.1" 404 36258 "-" "Mozilla/5.0 (X11; Linux x86_64) AppleWebKit/537.36 (KHTML, like Gecko) Chrome/131.0.0.0 Safari/537.36"
15.237.109.17 - - [16/Jul/2026:19:13:50 +0000] "GET /var/www/.env HTTP/1.1" 404 36258 "-" "Mozilla/5.0 (X11; Linux x86_64) AppleWebKit/537.36 (KHTML, like Gecko) Chrome/131.0.0.0 Safari/537.36"
15.237.109.17 - - [16/Jul/2026:19:13:51 +0000] "GET /var/www/html/.env HTTP/1.1" 404 35175 "-" "Mozilla/5.0 (X11; Linux x86_64) AppleWebKit/537.36 (KHTML, like Gecko) Chrome/131.0.0.0 Safari/537.36"
15.237.109.17 - - [16/Jul/2026:19:13:52 +0000] "GET /current/.env HTTP/1.1" 404 36258 "-" "Mozilla/5.0 (X11; Linux x86_64) AppleWebKit/537.36 (KHTML, like Gecko) Chrome/131.0.0.0 Safari/537.36"
15.237.109.17 - - [16/Jul/2026:19:13:54 +0000] "GET /release/.env HTTP/1.1" 404 36258 "-" "Mozilla/5.0 (X11; Linux x86_64) AppleWebKit/537.36 (KHTML, like Gecko) Chrome/131.0.0.0 Safari/537.36"
170.106.163.48 - - [16/Jul/2026:19:13:54 +0000] "GET /2025/10/16/hello-world/?replytocom=1 HTTP/1.1" 200 38252 "-" "Mozilla/5.0 (iPhone; CPU iPhone OS 13_2_3 like Mac OS X) AppleWebKit/605.1.15 (KHTML, like Gecko) Version/13.0.3 Mobile/15E148 Safari/604.1"
15.237.109.17 - - [16/Jul/2026:19:13:55 +0000] "GET /releases/.env HTTP/1.1" 404 36251 "-" "Mozilla/5.0 (X11; Linux x86_64) AppleWebKit/537.36 (KHTML, like Gecko) Chrome/131.0.0.0 Safari/537.36"
15.237.109.17 - - [16/Jul/2026:19:13:56 +0000] "GET /shared/.env HTTP/1.1" 404 36258 "-" "Mozilla/5.0 (X11; Linux x86_64) AppleWebKit/537.36 (KHTML, like Gecko) Chrome/131.0.0.0 Safari/537.36"
15.237.109.17 - - [16/Jul/2026:19:13:57 +0000] "GET /deploy/.env HTTP/1.1" 404 36251 "-" "Mozilla/5.0 (X11; Linux x86_64) AppleWebKit/537.36 (KHTML, like Gecko) Chrome/131.0.0.0 Safari/537.36"
15.237.109.17 - - [16/Jul/2026:19:13:58 +0000] "GET /build/.env HTTP/1.1" 404 36251 "-" "Mozilla/5.0 (X11; Linux x86_64) AppleWebKit/537.36 (KHTML, like Gecko) Chrome/131.0.0.0 Safari/537.36"
15.237.109.17 - - [16/Jul/2026:19:13:59 +0000] "GET /dist/.env HTTP/1.1" 404 36251 "-" "Mozilla/5.0 (X11; Linux x86_64) AppleWebKit/537.36 (KHTML, like Gecko) Chrome/131.0.0.0 Safari/537.36"
65.181.116.207 - - [16/Jul/2026:19:14:03 +0000] "POST /wp-cron.php?doing_wp_cron=1784229243.5854740142822265625000 HTTP/1.1" 200 0 "-" "WordPress/7.0.1; https://www.biscofy.com"
15.237.109.17 - - [16/Jul/2026:19:14:01 +0000] "GET /public_html/.env HTTP/1.1" 404 36258 "-" "Mozilla/5.0 (X11; Linux x86_64) AppleWebKit/537.36 (KHTML, like Gecko) Chrome/131.0.0.0 Safari/537.36"
15.237.109.17 - - [16/Jul/2026:19:14:03 +0000] "GET /htdocs/.env HTTP/1.1" 404 36251 "-" "Mozilla/5.0 (X11; Linux x86_64) AppleWebKit/537.36 (KHTML, like Gecko) Chrome/131.0.0.0 Safari/537.36"
15.237.109.17 - - [16/Jul/2026:19:14:05 +0000] "GET /www/.env HTTP/1.1" 404 36251 "-" "Mozilla/5.0 (X11; Linux x86_64) AppleWebKit/537.36 (KHTML, like Gecko) Chrome/131.0.0.0 Safari/537.36"
15.237.109.17 - - [16/Jul/2026:19:14:06 +0000] "GET /html/.env HTTP/1.1" 404 36251 "-" "Mozilla/5.0 (X11; Linux x86_64) AppleWebKit/537.36 (KHTML, like Gecko) Chrome/131.0.0.0 Safari/537.36"
15.237.109.17 - - [16/Jul/2026:19:14:07 +0000] "GET /live/.env HTTP/1.1" 404 36251 "-" "Mozilla/5.0 (X11; Linux x86_64) AppleWebKit/537.36 (KHTML, like Gecko) Chrome/131.0.0.0 Safari/537.36"
15.237.109.17 - - [16/Jul/2026:19:14:09 +0000] "GET /prod/.env HTTP/1.1" 404 36258 "-" "Mozilla/5.0 (X11; Linux x86_64) AppleWebKit/537.36 (KHTML, like Gecko) Chrome/131.0.0.0 Safari/537.36"
15.237.109.17 - - [16/Jul/2026:19:14:10 +0000] "GET /dev/.env HTTP/1.1" 404 36258 "-" "Mozilla/5.0 (X11; Linux x86_64) AppleWebKit/537.36 (KHTML, like Gecko) Chrome/131.0.0.0 Safari/537.36"
15.237.109.17 - - [16/Jul/2026:19:14:11 +0000] "GET /staging/.env HTTP/1.1" 404 36251 "-" "Mozilla/5.0 (X11; Linux x86_64) AppleWebKit/537.36 (KHTML, like Gecko) Chrome/131.0.0.0 Safari/537.36"
15.237.109.17 - - [16/Jul/2026:19:14:12 +0000] "GET /opt/.env HTTP/1.1" 404 35175 "-" "Mozilla/5.0 (X11; Linux x86_64) AppleWebKit/537.36 (KHTML, like Gecko) Chrome/131.0.0.0 Safari/537.36"
15.237.109.17 - - [16/Jul/2026:19:14:12 +0000] "GET /laravel/.env HTTP/1.1" 404 36258 "-" "Mozilla/5.0 (X11; Linux x86_64) AppleWebKit/537.36 (KHTML, like Gecko) Chrome/131.0.0.0 Safari/537.36"
15.237.109.17 - - [16/Jul/2026:19:14:13 +0000] "GET /symfony/.env HTTP/1.1" 404 36251 "-" "Mozilla/5.0 (X11; Linux x86_64) AppleWebKit/537.36 (KHTML, like Gecko) Chrome/131.0.0.0 Safari/537.36"
15.237.109.17 - - [16/Jul/2026:19:14:14 +0000] "GET /wordpress/.env HTTP/1.1" 404 36258 "-" "Mozilla/5.0 (X11; Linux x86_64) AppleWebKit/537.36 (KHTML, like Gecko) Chrome/131.0.0.0 Safari/537.36"
15.237.109.17 - - [16/Jul/2026:19:14:15 +0000] "GET /wp/.env HTTP/1.1" 404 36258 "-" "Mozilla/5.0 (X11; Linux x86_64) AppleWebKit/537.36 (KHTML, like Gecko) Chrome/131.0.0.0 Safari/537.36"
15.237.109.17 - - [16/Jul/2026:19:14:16 +0000] "GET /cms/.env HTTP/1.1" 404 36251 "-" "Mozilla/5.0 (X11; Linux x86_64) AppleWebKit/537.36 (KHTML, like Gecko) Chrome/131.0.0.0 Safari/537.36"
15.237.109.17 - - [16/Jul/2026:19:14:17 +0000] "GET /drupal/.env HTTP/1.1" 404 35272 "-" "Mozilla/5.0 (X11; Linux x86_64) AppleWebKit/537.36 (KHTML, like Gecko) Chrome/131.0.0.0 Safari/537.36"
15.237.109.17 - - [16/Jul/2026:19:14:18 +0000] "GET /joomla/.env HTTP/1.1" 404 36251 "-" "Mozilla/5.0 (X11; Linux x86_64) AppleWebKit/537.36 (KHTML, like Gecko) Chrome/131.0.0.0 Safari/537.36"
15.237.109.17 - - [16/Jul/2026:19:14:20 +0000] "GET /magento/.env HTTP/1.1" 404 36258 "-" "Mozilla/5.0 (X11; Linux x86_64) AppleWebKit/537.36 (KHTML, like Gecko) Chrome/131.0.0.0 Safari/537.36"
15.237.109.17 - - [16/Jul/2026:19:14:21 +0000] "GET /shopify/.env HTTP/1.1" 404 35175 "-" "Mozilla/5.0 (X11; Linux x86_64) AppleWebKit/537.36 (KHTML, like Gecko) Chrome/131.0.0.0 Safari/537.36"
15.237.109.17 - - [16/Jul/2026:19:14:22 +0000] "GET /prestashop/.env HTTP/1.1" 404 36258 "-" "Mozilla/5.0 (X11; Linux x86_64) AppleWebKit/537.36 (KHTML, like Gecko) Chrome/131.0.0.0 Safari/537.36"
15.237.109.17 - - [16/Jul/2026:19:14:23 +0000] "GET /codeigniter/.env HTTP/1.1" 404 36258 "-" "Mozilla/5.0 (X11; Linux x86_64) AppleWebKit/537.36 (KHTML, like Gecko) Chrome/131.0.0.0 Safari/537.36"
15.237.109.17 - - [16/Jul/2026:19:14:24 +0000] "GET /cakephp/.env HTTP/1.1" 404 36258 "-" "Mozilla/5.0 (X11; Linux x86_64) AppleWebKit/537.36 (KHTML, like Gecko) Chrome/131.0.0.0 Safari/537.36"
15.237.109.17 - - [16/Jul/2026:19:14:26 +0000] "GET /zend/.env HTTP/1.1" 404 36258 "-" "Mozilla/5.0 (X11; Linux x86_64) AppleWebKit/537.36 (KHTML, like Gecko) Chrome/131.0.0.0 Safari/537.36"
15.237.109.17 - - [16/Jul/2026:19:14:27 +0000] "GET /yii/.env HTTP/1.1" 404 36258 "-" "Mozilla/5.0 (X11; Linux x86_64) AppleWebKit/537.36 (KHTML, like Gecko) Chrome/131.0.0.0 Safari/537.36"
15.237.109.17 - - [16/Jul/2026:19:14:28 +0000] "GET /laravel5/.env HTTP/1.1" 404 36258 "-" "Mozilla/5.0 (X11; Linux x86_64) AppleWebKit/537.36 (KHTML, like Gecko) Chrome/131.0.0.0 Safari/537.36"
15.237.109.17 - - [16/Jul/2026:19:14:29 +0000] "GET /v1/.env HTTP/1.1" 404 36258 "-" "Mozilla/5.0 (X11; Linux x86_64) AppleWebKit/537.36 (KHTML, like Gecko) Chrome/131.0.0.0 Safari/537.36"
15.237.109.17 - - [16/Jul/2026:19:14:30 +0000] "GET /v2/.env HTTP/1.1" 404 36258 "-" "Mozilla/5.0 (X11; Linux x86_64) AppleWebKit/537.36 (KHTML, like Gecko) Chrome/131.0.0.0 Safari/537.36"
15.237.109.17 - - [16/Jul/2026:19:14:31 +0000] "GET /v3/.env HTTP/1.1" 404 36251 "-" "Mozilla/5.0 (X11; Linux x86_64) AppleWebKit/537.36 (KHTML, like Gecko) Chrome/131.0.0.0 Safari/537.36"
15.237.109.17 - - [16/Jul/2026:19:14:32 +0000] "GET /api/v1/.env HTTP/1.1" 404 36258 "-" "Mozilla/5.0 (X11; Linux x86_64) AppleWebKit/537.36 (KHTML, like Gecko) Chrome/131.0.0.0 Safari/537.36"
15.237.109.17 - - [16/Jul/2026:19:14:33 +0000] "GET /api/v2/.env HTTP/1.1" 404 36258 "-" "Mozilla/5.0 (X11; Linux x86_64) AppleWebKit/537.36 (KHTML, like Gecko) Chrome/131.0.0.0 Safari/537.36"
15.237.109.17 - - [16/Jul/2026:19:14:34 +0000] "GET /rest/.env HTTP/1.1" 404 35175 "-" "Mozilla/5.0 (X11; Linux x86_64) AppleWebKit/537.36 (KHTML, like Gecko) Chrome/131.0.0.0 Safari/537.36"
15.237.109.17 - - [16/Jul/2026:19:14:35 +0000] "GET /graphql/.env HTTP/1.1" 404 36258 "-" "Mozilla/5.0 (X11; Linux x86_64) AppleWebKit/537.36 (KHTML, like Gecko) Chrome/131.0.0.0 Safari/537.36"
15.237.109.17 - - [16/Jul/2026:19:14:36 +0000] "GET /gateway/.env HTTP/1.1" 404 35756 "-" "Mozilla/5.0 (X11; Linux x86_64) AppleWebKit/537.36 (KHTML, like Gecko) Chrome/131.0.0.0 Safari/537.36"
15.237.109.17 - - [16/Jul/2026:19:14:37 +0000] "GET /microservice/.env HTTP/1.1" 404 36258 "-" "Mozilla/5.0 (X11; Linux x86_64) AppleWebKit/537.36 (KHTML, like Gecko) Chrome/131.0.0.0 Safari/537.36"
15.237.109.17 - - [16/Jul/2026:19:14:39 +0000] "GET /service/.env HTTP/1.1" 404 36258 "-" "Mozilla/5.0 (X11; Linux x86_64) AppleWebKit/537.36 (KHTML, like Gecko) Chrome/131.0.0.0 Safari/537.36"
15.237.109.17 - - [16/Jul/2026:19:14:40 +0000] "GET /api/v3/.env HTTP/1.1" 404 36258 "-" "Mozilla/5.0 (X11; Linux x86_64) AppleWebKit/537.36 (KHTML, like Gecko) Chrome/131.0.0.0 Safari/537.36"
15.237.109.17 - - [16/Jul/2026:19:14:41 +0000] "GET /api/dev/.env HTTP/1.1" 404 36258 "-" "Mozilla/5.0 (X11; Linux x86_64) AppleWebKit/537.36 (KHTML, like Gecko) Chrome/131.0.0.0 Safari/537.36"
15.237.109.17 - - [16/Jul/2026:19:14:42 +0000] "GET /api/staging/.env HTTP/1.1" 404 36251 "-" "Mozilla/5.0 (X11; Linux x86_64) AppleWebKit/537.36 (KHTML, like Gecko) Chrome/131.0.0.0 Safari/537.36"
15.237.109.17 - - [16/Jul/2026:19:14:43 +0000] "GET /vendor/.env HTTP/1.1" 404 36251 "-" "Mozilla/5.0 (X11; Linux x86_64) AppleWebKit/537.36 (KHTML, like Gecko) Chrome/131.0.0.0 Safari/537.36"
15.237.109.17 - - [16/Jul/2026:19:14:44 +0000] "GET /lib/.env HTTP/1.1" 404 36258 "-" "Mozilla/5.0 (X11; Linux x86_64) AppleWebKit/537.36 (KHTML, like Gecko) Chrome/131.0.0.0 Safari/537.36"
15.237.109.17 - - [16/Jul/2026:19:14:45 +0000] "GET /resources/.env HTTP/1.1" 404 36251 "-" "Mozilla/5.0 (X11; Linux x86_64) AppleWebKit/537.36 (KHTML, like Gecko) Chrome/131.0.0.0 Safari/537.36"
15.237.109.17 - - [16/Jul/2026:19:14:46 +0000] "GET /assets/.env HTTP/1.1" 404 36258 "-" "Mozilla/5.0 (X11; Linux x86_64) AppleWebKit/537.36 (KHTML, like Gecko) Chrome/131.0.0.0 Safari/537.36"
15.237.109.17 - - [16/Jul/2026:19:14:47 +0000] "GET /uploads/.env HTTP/1.1" 404 36258 "-" "Mozilla/5.0 (X11; Linux x86_64) AppleWebKit/537.36 (KHTML, like Gecko) Chrome/131.0.0.0 Safari/537.36"
15.237.109.17 - - [16/Jul/2026:19:14:48 +0000] "GET /internal/.env HTTP/1.1" 404 36258 "-" "Mozilla/5.0 (X11; Linux x86_64) AppleWebKit/537.36 (KHTML, like Gecko) Chrome/131.0.0.0 Safari/537.36"
15.237.109.17 - - [16/Jul/2026:19:14:49 +0000] "GET /tools/.env HTTP/1.1" 404 36258 "-" "Mozilla/5.0 (X11; Linux x86_64) AppleWebKit/537.36 (KHTML, like Gecko) Chrome/131.0.0.0 Safari/537.36"
15.237.109.17 - - [16/Jul/2026:19:14:50 +0000] "GET /scripts/.env HTTP/1.1" 404 36258 "-" "Mozilla/5.0 (X11; Linux x86_64) AppleWebKit/537.36 (KHTML, like Gecko) Chrome/131.0.0.0 Safari/537.36"
15.237.109.17 - - [16/Jul/2026:19:14:51 +0000] "GET /bin/.env HTTP/1.1" 404 36258 "-" "Mozilla/5.0 (X11; Linux x86_64) AppleWebKit/537.36 (KHTML, like Gecko) Chrome/131.0.0.0 Safari/537.36"
15.237.109.17 - - [16/Jul/2026:19:14:52 +0000] "GET /sbin/.env HTTP/1.1" 404 35175 "-" "Mozilla/5.0 (X11; Linux x86_64) AppleWebKit/537.36 (KHTML, like Gecko) Chrome/131.0.0.0 Safari/537.36"
15.237.109.17 - - [16/Jul/2026:19:14:53 +0000] "GET /local/.env HTTP/1.1" 404 36258 "-" "Mozilla/5.0 (X11; Linux x86_64) AppleWebKit/537.36 (KHTML, like Gecko) Chrome/131.0.0.0 Safari/537.36"
15.237.109.17 - - [16/Jul/2026:19:14:54 +0000] "GET /portal/.env HTTP/1.1" 404 36258 "-" "Mozilla/5.0 (X11; Linux x86_64) AppleWebKit/537.36 (KHTML, like Gecko) Chrome/131.0.0.0 Safari/537.36"
15.237.109.17 - - [16/Jul/2026:19:14:54 +0000] "GET /dashboard/.env HTTP/1.1" 404 36258 "-" "Mozilla/5.0 (X11; Linux x86_64) AppleWebKit/537.36 (KHTML, like Gecko) Chrome/131.0.0.0 Safari/537.36"
15.237.109.17 - - [16/Jul/2026:19:14:55 +0000] "GET /panel/.env HTTP/1.1" 404 36251 "-" "Mozilla/5.0 (X11; Linux x86_64) AppleWebKit/537.36 (KHTML, like Gecko) Chrome/131.0.0.0 Safari/537.36"
15.237.109.17 - - [16/Jul/2026:19:14:56 +0000] "GET /crm/.env HTTP/1.1" 404 36251 "-" "Mozilla/5.0 (X11; Linux x86_64) AppleWebKit/537.36 (KHTML, like Gecko) Chrome/131.0.0.0 Safari/537.36"
15.237.109.17 - - [16/Jul/2026:19:14:57 +0000] "GET /erp/.env HTTP/1.1" 404 36251 "-" "Mozilla/5.0 (X11; Linux x86_64) AppleWebKit/537.36 (KHTML, like Gecko) Chrome/131.0.0.0 Safari/537.36"
15.237.109.17 - - [16/Jul/2026:19:14:58 +0000] "GET /shop/.env HTTP/1.1" 404 36258 "-" "Mozilla/5.0 (X11; Linux x86_64) AppleWebKit/537.36 (KHTML, like Gecko) Chrome/131.0.0.0 Safari/537.36"
15.237.109.17 - - [16/Jul/2026:19:14:59 +0000] "GET /store/.env HTTP/1.1" 404 36251 "-" "Mozilla/5.0 (X11; Linux x86_64) AppleWebKit/537.36 (KHTML, like Gecko) Chrome/131.0.0.0 Safari/537.36"
15.237.109.17 - - [16/Jul/2026:19:14:59 +0000] "GET /saas/.env HTTP/1.1" 404 35175 "-" "Mozilla/5.0 (X11; Linux x86_64) AppleWebKit/537.36 (KHTML, like Gecko) Chrome/131.0.0.0 Safari/537.36"
15.237.109.17 - - [16/Jul/2026:19:15:00 +0000] "GET /client/.env HTTP/1.1" 404 36258 "-" "Mozilla/5.0 (X11; Linux x86_64) AppleWebKit/537.36 (KHTML, like Gecko) Chrome/131.0.0.0 Safari/537.36"
65.181.116.207 - - [16/Jul/2026:19:15:03 +0000] "POST /wp-cron.php?doing_wp_cron=1784229303.7981541156768798828125 HTTP/1.1" 200 0 "-" "WordPress/7.0.1; https://www.biscofy.com"
15.237.109.17 - - [16/Jul/2026:19:15:02 +0000] "GET /project/.env HTTP/1.1" 404 36258 "-" "Mozilla/5.0 (X11; Linux x86_64) AppleWebKit/537.36 (KHTML, like Gecko) Chrome/131.0.0.0 Safari/537.36"
15.237.109.17 - - [16/Jul/2026:19:15:04 +0000] "GET /admin-panel/.env HTTP/1.1" 404 36258 "-" "Mozilla/5.0 (X11; Linux x86_64) AppleWebKit/537.36 (KHTML, like Gecko) Chrome/131.0.0.0 Safari/537.36"
15.237.109.17 - - [16/Jul/2026:19:15:07 +0000] "GET /control-panel/.env HTTP/1.1" 404 36258 "-" "Mozilla/5.0 (X11; Linux x86_64) AppleWebKit/537.36 (KHTML, like Gecko) Chrome/131.0.0.0 Safari/537.36"
15.237.109.17 - - [16/Jul/2026:19:15:09 +0000] "GET /user-panel/.env HTTP/1.1" 404 36258 "-" "Mozilla/5.0 (X11; Linux x86_64) AppleWebKit/537.36 (KHTML, like Gecko) Chrome/131.0.0.0 Safari/537.36"
15.237.109.17 - - [16/Jul/2026:19:15:11 +0000] "GET /node/.env HTTP/1.1" 404 36258 "-" "Mozilla/5.0 (X11; Linux x86_64) AppleWebKit/537.36 (KHTML, like Gecko) Chrome/131.0.0.0 Safari/537.36"
15.237.109.17 - - [16/Jul/2026:19:15:13 +0000] "GET /express/.env HTTP/1.1" 404 36251 "-" "Mozilla/5.0 (X11; Linux x86_64) AppleWebKit/537.36 (KHTML, like Gecko) Chrome/131.0.0.0 Safari/537.36"
15.237.109.17 - - [16/Jul/2026:19:15:14 +0000] "GET /next/.env HTTP/1.1" 404 36251 "-" "Mozilla/5.0 (X11; Linux x86_64) AppleWebKit/537.36 (KHTML, like Gecko) Chrome/131.0.0.0 Safari/537.36"
15.237.109.17 - - [16/Jul/2026:19:15:15 +0000] "GET /nuxt/.env HTTP/1.1" 404 36251 "-" "Mozilla/5.0 (X11; Linux x86_64) AppleWebKit/537.36 (KHTML, like Gecko) Chrome/131.0.0.0 Safari/537.36"
15.237.109.17 - - [16/Jul/2026:19:15:17 +0000] "GET /nest/.env HTTP/1.1" 404 36258 "-" "Mozilla/5.0 (X11; Linux x86_64) AppleWebKit/537.36 (KHTML, like Gecko) Chrome/131.0.0.0 Safari/537.36"
15.237.109.17 - - [16/Jul/2026:19:15:18 +0000] "GET /react/.env HTTP/1.1" 404 36258 "-" "Mozilla/5.0 (X11; Linux x86_64) AppleWebKit/537.36 (KHTML, like Gecko) Chrome/131.0.0.0 Safari/537.36"
15.237.109.17 - - [16/Jul/2026:19:15:19 +0000] "GET /vue/.env HTTP/1.1" 404 36258 "-" "Mozilla/5.0 (X11; Linux x86_64) AppleWebKit/537.36 (KHTML, like Gecko) Chrome/131.0.0.0 Safari/537.36"
15.237.109.17 - - [16/Jul/2026:19:15:20 +0000] "GET /angular/.env HTTP/1.1" 404 36258 "-" "Mozilla/5.0 (X11; Linux x86_64) AppleWebKit/537.36 (KHTML, like Gecko) Chrome/131.0.0.0 Safari/537.36"
15.237.109.17 - - [16/Jul/2026:19:15:21 +0000] "GET /svelte/.env HTTP/1.1" 404 36258 "-" "Mozilla/5.0 (X11; Linux x86_64) AppleWebKit/537.36 (KHTML, like Gecko) Chrome/131.0.0.0 Safari/537.36"
15.237.109.17 - - [16/Jul/2026:19:15:22 +0000] "GET /vite/.env HTTP/1.1" 404 36258 "-" "Mozilla/5.0 (X11; Linux x86_64) AppleWebKit/537.36 (KHTML, like Gecko) Chrome/131.0.0.0 Safari/537.36"
15.237.109.17 - - [16/Jul/2026:19:15:23 +0000] "GET /backup/.env HTTP/1.1" 404 36251 "-" "Mozilla/5.0 (X11; Linux x86_64) AppleWebKit/537.36 (KHTML, like Gecko) Chrome/131.0.0.0 Safari/537.36"
15.237.109.17 - - [16/Jul/2026:19:15:25 +0000] "GET /backups/.env HTTP/1.1" 404 36258 "-" "Mozilla/5.0 (X11; Linux x86_64) AppleWebKit/537.36 (KHTML, like Gecko) Chrome/131.0.0.0 Safari/537.36"
15.237.109.17 - - [16/Jul/2026:19:15:26 +0000] "GET /old/.env HTTP/1.1" 404 36258 "-" "Mozilla/5.0 (X11; Linux x86_64) AppleWebKit/537.36 (KHTML, like Gecko) Chrome/131.0.0.0 Safari/537.36"
15.237.109.17 - - [16/Jul/2026:19:15:27 +0000] "GET /tmp/.env HTTP/1.1" 404 36258 "-" "Mozilla/5.0 (X11; Linux x86_64) AppleWebKit/537.36 (KHTML, like Gecko) Chrome/131.0.0.0 Safari/537.36"
15.237.109.17 - - [16/Jul/2026:19:15:28 +0000] "GET /temp/.env HTTP/1.1" 404 36258 "-" "Mozilla/5.0 (X11; Linux x86_64) AppleWebKit/537.36 (KHTML, like Gecko) Chrome/131.0.0.0 Safari/537.36"
15.237.109.17 - - [16/Jul/2026:19:15:29 +0000] "GET /lab/.env HTTP/1.1" 404 36251 "-" "Mozilla/5.0 (X11; Linux x86_64) AppleWebKit/537.36 (KHTML, like Gecko) Chrome/131.0.0.0 Safari/537.36"
15.237.109.17 - - [16/Jul/2026:19:15:30 +0000] "GET /cronlab/.env HTTP/1.1" 404 36251 "-" "Mozilla/5.0 (X11; Linux x86_64) AppleWebKit/537.36 (KHTML, like Gecko) Chrome/131.0.0.0 Safari/537.36"
15.237.109.17 - - [16/Jul/2026:19:15:31 +0000] "GET /cron/.env HTTP/1.1" 404 36258 "-" "Mozilla/5.0 (X11; Linux x86_64) AppleWebKit/537.36 (KHTML, like Gecko) Chrome/131.0.0.0 Safari/537.36"
15.237.109.17 - - [16/Jul/2026:19:15:32 +0000] "GET /en/.env HTTP/1.1" 404 36258 "-" "Mozilla/5.0 (X11; Linux x86_64) AppleWebKit/537.36 (KHTML, like Gecko) Chrome/131.0.0.0 Safari/537.36"
15.237.109.17 - - [16/Jul/2026:19:15:33 +0000] "GET /administrator/.env HTTP/1.1" 404 36258 "-" "Mozilla/5.0 (X11; Linux x86_64) AppleWebKit/537.36 (KHTML, like Gecko) Chrome/131.0.0.0 Safari/537.36"
15.237.109.17 - - [16/Jul/2026:19:15:35 +0000] "GET /psnlink/.env HTTP/1.1" 404 36258 "-" "Mozilla/5.0 (X11; Linux x86_64) AppleWebKit/537.36 (KHTML, like Gecko) Chrome/131.0.0.0 Safari/537.36"
15.237.109.17 - - [16/Jul/2026:19:15:35 +0000] "GET /exapi/.env HTTP/1.1" 404 36251 "-" "Mozilla/5.0 (X11; Linux x86_64) AppleWebKit/537.36 (KHTML, like Gecko) Chrome/131.0.0.0 Safari/537.36"
15.237.109.17 - - [16/Jul/2026:19:15:37 +0000] "GET /sitemaps/.env HTTP/1.1" 404 36258 "-" "Mozilla/5.0 (X11; Linux x86_64) AppleWebKit/537.36 (KHTML, like Gecko) Chrome/131.0.0.0 Safari/537.36"
15.237.109.17 - - [16/Jul/2026:19:15:37 +0000] "GET /.env.backup1 HTTP/1.1" 404 36258 "-" "Mozilla/5.0 (X11; Linux x86_64) AppleWebKit/537.36 (KHTML, like Gecko) Chrome/131.0.0.0 Safari/537.36"
15.237.109.17 - - [16/Jul/2026:19:15:38 +0000] "GET /.env.backup2 HTTP/1.1" 404 36251 "-" "Mozilla/5.0 (X11; Linux x86_64) AppleWebKit/537.36 (KHTML, like Gecko) Chrome/131.0.0.0 Safari/537.36"
15.237.109.17 - - [16/Jul/2026:19:15:39 +0000] "GET /logs/.env HTTP/1.1" 404 36258 "-" "Mozilla/5.0 (X11; Linux x86_64) AppleWebKit/537.36 (KHTML, like Gecko) Chrome/131.0.0.0 Safari/537.36"
15.237.109.17 - - [16/Jul/2026:19:15:40 +0000] "GET /cache/.env HTTP/1.1" 404 36258 "-" "Mozilla/5.0 (X11; Linux x86_64) AppleWebKit/537.36 (KHTML, like Gecko) Chrome/131.0.0.0 Safari/537.36"
15.237.109.17 - - [16/Jul/2026:19:15:41 +0000] "GET /mailer/.env HTTP/1.1" 404 36251 "-" "Mozilla/5.0 (X11; Linux x86_64) AppleWebKit/537.36 (KHTML, like Gecko) Chrome/131.0.0.0 Safari/537.36"
15.237.109.17 - - [16/Jul/2026:19:15:42 +0000] "GET /mail/.env HTTP/1.1" 404 35175 "-" "Mozilla/5.0 (X11; Linux x86_64) AppleWebKit/537.36 (KHTML, like Gecko) Chrome/131.0.0.0 Safari/537.36"
15.237.109.17 - - [16/Jul/2026:19:15:43 +0000] "GET /email/.env HTTP/1.1" 404 36251 "-" "Mozilla/5.0 (X11; Linux x86_64) AppleWebKit/537.36 (KHTML, like Gecko) Chrome/131.0.0.0 Safari/537.36"
15.237.109.17 - - [16/Jul/2026:19:15:44 +0000] "GET /smtp/.env HTTP/1.1" 404 36251 "-" "Mozilla/5.0 (X11; Linux x86_64) AppleWebKit/537.36 (KHTML, like Gecko) Chrome/131.0.0.0 Safari/537.36"
15.237.109.17 - - [16/Jul/2026:19:15:45 +0000] "GET /mailing/.env HTTP/1.1" 404 36258 "-" "Mozilla/5.0 (X11; Linux x86_64) AppleWebKit/537.36 (KHTML, like Gecko) Chrome/131.0.0.0 Safari/537.36"
15.237.109.17 - - [16/Jul/2026:19:15:46 +0000] "GET /notifications/.env HTTP/1.1" 404 36251 "-" "Mozilla/5.0 (X11; Linux x86_64) AppleWebKit/537.36 (KHTML, like Gecko) Chrome/131.0.0.0 Safari/537.36"
15.237.109.17 - - [16/Jul/2026:19:15:47 +0000] "GET /notify/.env HTTP/1.1" 404 36258 "-" "Mozilla/5.0 (X11; Linux x86_64) AppleWebKit/537.36 (KHTML, like Gecko) Chrome/131.0.0.0 Safari/537.36"
15.237.109.17 - - [16/Jul/2026:19:15:48 +0000] "GET /sender/.env HTTP/1.1" 404 36258 "-" "Mozilla/5.0 (X11; Linux x86_64) AppleWebKit/537.36 (KHTML, like Gecko) Chrome/131.0.0.0 Safari/537.36"
15.237.109.17 - - [16/Jul/2026:19:15:49 +0000] "GET /campaign/.env HTTP/1.1" 404 36258 "-" "Mozilla/5.0 (X11; Linux x86_64) AppleWebKit/537.36 (KHTML, like Gecko) Chrome/131.0.0.0 Safari/537.36"
15.237.109.17 - - [16/Jul/2026:19:15:50 +0000] "GET /newsletter/.env HTTP/1.1" 404 36258 "-" "Mozilla/5.0 (X11; Linux x86_64) AppleWebKit/537.36 (KHTML, like Gecko) Chrome/131.0.0.0 Safari/537.36"
15.237.109.17 - - [16/Jul/2026:19:15:51 +0000] "GET /ses/.env HTTP/1.1" 404 35175 "-" "Mozilla/5.0 (X11; Linux x86_64) AppleWebKit/537.36 (KHTML, like Gecko) Chrome/131.0.0.0 Safari/537.36"
15.237.109.17 - - [16/Jul/2026:19:15:51 +0000] "GET /sendgrid/.env HTTP/1.1" 404 36258 "-" "Mozilla/5.0 (X11; Linux x86_64) AppleWebKit/537.36 (KHTML, like Gecko) Chrome/131.0.0.0 Safari/537.36"
15.237.109.17 - - [16/Jul/2026:19:15:52 +0000] "GET /sparkpost/.env HTTP/1.1" 404 36258 "-" "Mozilla/5.0 (X11; Linux x86_64) AppleWebKit/537.36 (KHTML, like Gecko) Chrome/131.0.0.0 Safari/537.36"
15.237.109.17 - - [16/Jul/2026:19:15:53 +0000] "GET /postmark/.env HTTP/1.1" 404 35175 "-" "Mozilla/5.0 (X11; Linux x86_64) AppleWebKit/537.36 (KHTML, like Gecko) Chrome/131.0.0.0 Safari/537.36"
15.237.109.17 - - [16/Jul/2026:19:15:54 +0000] "GET /mailgun/.env HTTP/1.1" 404 36258 "-" "Mozilla/5.0 (X11; Linux x86_64) AppleWebKit/537.36 (KHTML, like Gecko) Chrome/131.0.0.0 Safari/537.36"
15.237.109.17 - - [16/Jul/2026:19:15:56 +0000] "GET /mandrill/.env HTTP/1.1" 404 36251 "-" "Mozilla/5.0 (X11; Linux x86_64) AppleWebKit/537.36 (KHTML, like Gecko) Chrome/131.0.0.0 Safari/537.36"
15.237.109.17 - - [16/Jul/2026:19:15:56 +0000] "GET /mailjet/.env HTTP/1.1" 404 36258 "-" "Mozilla/5.0 (X11; Linux x86_64) AppleWebKit/537.36 (KHTML, like Gecko) Chrome/131.0.0.0 Safari/537.36"
15.237.109.17 - - [16/Jul/2026:19:15:57 +0000] "GET /brevo/.env HTTP/1.1" 404 35175 "-" "Mozilla/5.0 (X11; Linux x86_64) AppleWebKit/537.36 (KHTML, like Gecko) Chrome/131.0.0.0 Safari/537.36"
15.237.109.17 - - [16/Jul/2026:19:15:58 +0000] "GET /transactional/.env HTTP/1.1" 404 36258 "-" "Mozilla/5.0 (X11; Linux x86_64) AppleWebKit/537.36 (KHTML, like Gecko) Chrome/131.0.0.0 Safari/537.36"
15.237.109.17 - - [16/Jul/2026:19:15:59 +0000] "GET /bulk/.env HTTP/1.1" 404 36251 "-" "Mozilla/5.0 (X11; Linux x86_64) AppleWebKit/537.36 (KHTML, like Gecko) Chrome/131.0.0.0 Safari/537.36"
15.237.109.17 - - [16/Jul/2026:19:16:00 +0000] "GET /aws/.env HTTP/1.1" 404 35272 "-" "Mozilla/5.0 (X11; Linux x86_64) AppleWebKit/537.36 (KHTML, like Gecko) Chrome/131.0.0.0 Safari/537.36"
15.237.109.17 - - [16/Jul/2026:19:16:01 +0000] "GET /azure/.env HTTP/1.1" 404 36258 "-" "Mozilla/5.0 (X11; Linux x86_64) AppleWebKit/537.36 (KHTML, like Gecko) Chrome/131.0.0.0 Safari/537.36"
65.181.116.207 - - [16/Jul/2026:19:16:04 +0000] "POST /wp-cron.php?doing_wp_cron=1784229364.0283451080322265625000 HTTP/1.1" 200 0 "-" "WordPress/7.0.1; https://www.biscofy.com"
15.237.109.17 - - [16/Jul/2026:19:16:03 +0000] "GET /gcp/.env HTTP/1.1" 404 36258 "-" "Mozilla/5.0 (X11; Linux x86_64) AppleWebKit/537.36 (KHTML, like Gecko) Chrome/131.0.0.0 Safari/537.36"
15.237.109.17 - - [16/Jul/2026:19:16:04 +0000] "GET /cloud/.env HTTP/1.1" 404 36258 "-" "Mozilla/5.0 (X11; Linux x86_64) AppleWebKit/537.36 (KHTML, like Gecko) Chrome/131.0.0.0 Safari/537.36"
15.237.109.17 - - [16/Jul/2026:19:16:05 +0000] "GET /infrastructure/.env HTTP/1.1" 404 36258 "-" "Mozilla/5.0 (X11; Linux x86_64) AppleWebKit/537.36 (KHTML, like Gecko) Chrome/131.0.0.0 Safari/537.36"
15.237.109.17 - - [16/Jul/2026:19:16:05 +0000] "GET /docker/.env HTTP/1.1" 404 36258 "-" "Mozilla/5.0 (X11; Linux x86_64) AppleWebKit/537.36 (KHTML, like Gecko) Chrome/131.0.0.0 Safari/537.36"
15.237.109.17 - - [16/Jul/2026:19:16:06 +0000] "GET /k8s/.env HTTP/1.1" 404 36251 "-" "Mozilla/5.0 (X11; Linux x86_64) AppleWebKit/537.36 (KHTML, like Gecko) Chrome/131.0.0.0 Safari/537.36"
15.237.109.17 - - [16/Jul/2026:19:16:07 +0000] "GET /kubernetes/.env HTTP/1.1" 404 36258 "-" "Mozilla/5.0 (X11; Linux x86_64) AppleWebKit/537.36 (KHTML, like Gecko) Chrome/131.0.0.0 Safari/537.36"
15.237.109.17 - - [16/Jul/2026:19:16:08 +0000] "GET /terraform/.env HTTP/1.1" 404 36258 "-" "Mozilla/5.0 (X11; Linux x86_64) AppleWebKit/537.36 (KHTML, like Gecko) Chrome/131.0.0.0 Safari/537.36"
15.237.109.17 - - [16/Jul/2026:19:16:09 +0000] "GET /ansible/.env HTTP/1.1" 404 35175 "-" "Mozilla/5.0 (X11; Linux x86_64) AppleWebKit/537.36 (KHTML, like Gecko) Chrome/131.0.0.0 Safari/537.36"
15.237.109.17 - - [16/Jul/2026:19:16:10 +0000] "GET /.git/.env HTTP/1.1" 403 1242 "-" "Mozilla/5.0 (X11; Linux x86_64) AppleWebKit/537.36 (KHTML, like Gecko) Chrome/131.0.0.0 Safari/537.36"
15.237.109.17 - - [16/Jul/2026:19:16:10 +0000] "GET /ci/.env HTTP/1.1" 404 35175 "-" "Mozilla/5.0 (X11; Linux x86_64) AppleWebKit/537.36 (KHTML, like Gecko) Chrome/131.0.0.0 Safari/537.36"
15.237.109.17 - - [16/Jul/2026:19:16:11 +0000] "GET /cd/.env HTTP/1.1" 404 36258 "-" "Mozilla/5.0 (X11; Linux x86_64) AppleWebKit/537.36 (KHTML, like Gecko) Chrome/131.0.0.0 Safari/537.36"
15.237.109.17 - - [16/Jul/2026:19:16:12 +0000] "GET /jenkins/.env HTTP/1.1" 404 36258 "-" "Mozilla/5.0 (X11; Linux x86_64) AppleWebKit/537.36 (KHTML, like Gecko) Chrome/131.0.0.0 Safari/537.36"
15.237.109.17 - - [16/Jul/2026:19:16:13 +0000] "GET /gitlab/.env HTTP/1.1" 404 36258 "-" "Mozilla/5.0 (X11; Linux x86_64) AppleWebKit/537.36 (KHTML, like Gecko) Chrome/131.0.0.0 Safari/537.36"
15.237.109.17 - - [16/Jul/2026:19:16:14 +0000] "GET /github/.env HTTP/1.1" 404 36251 "-" "Mozilla/5.0 (X11; Linux x86_64) AppleWebKit/537.36 (KHTML, like Gecko) Chrome/131.0.0.0 Safari/537.36"
15.237.109.17 - - [16/Jul/2026:19:16:15 +0000] "GET /actions/.env HTTP/1.1" 404 36251 "-" "Mozilla/5.0 (X11; Linux x86_64) AppleWebKit/537.36 (KHTML, like Gecko) Chrome/131.0.0.0 Safari/537.36"
