15.236.180.103 - - [17/Jul/2026:05:49:37 +0000] "GET /phpinfo.php.old HTTP/1.1" 404 36254 "-" "Mozilla/5.0 (Windows NT 10.0; Win64; x64) AppleWebKit/537.36 (KHTML, like Gecko) Chrome/131.0.0.0 Safari/537.36"
15.236.180.103 - - [17/Jul/2026:05:49:40 +0000] "GET /phpinfo.php~ HTTP/1.1" 404 36254 "-" "Mozilla/5.0 (Windows NT 10.0; Win64; x64) AppleWebKit/537.36 (KHTML, like Gecko) Chrome/131.0.0.0 Safari/537.36"
13.37.238.185 - - [17/Jul/2026:05:49:40 +0000] "GET /ansible/.env HTTP/1.1" 404 36276 "-" "Mozilla/5.0 (Macintosh; Intel Mac OS X 10_15_7) AppleWebKit/537.36 (KHTML, like Gecko) Chrome/131.0.0.0 Safari/537.36"
13.37.238.185 - - [17/Jul/2026:05:49:43 +0000] "GET /.git/.env HTTP/1.1" 403 1242 "-" "Mozilla/5.0 (Macintosh; Intel Mac OS X 10_15_7) AppleWebKit/537.36 (KHTML, like Gecko) Chrome/131.0.0.0 Safari/537.36"
15.236.180.103 - - [17/Jul/2026:05:49:43 +0000] "GET /info.php.bak HTTP/1.1" 404 36261 "-" "Mozilla/5.0 (Windows NT 10.0; Win64; x64) AppleWebKit/537.36 (KHTML, like Gecko) Chrome/131.0.0.0 Safari/537.36"
13.37.238.185 - - [17/Jul/2026:05:49:43 +0000] "GET /ci/.env HTTP/1.1" 404 36276 "-" "Mozilla/5.0 (Macintosh; Intel Mac OS X 10_15_7) AppleWebKit/537.36 (KHTML, like Gecko) Chrome/131.0.0.0 Safari/537.36"
13.37.238.185 - - [17/Jul/2026:05:49:47 +0000] "GET /cd/.env HTTP/1.1" 404 36282 "-" "Mozilla/5.0 (Macintosh; Intel Mac OS X 10_15_7) AppleWebKit/537.36 (KHTML, like Gecko) Chrome/131.0.0.0 Safari/537.36"
15.236.180.103 - - [17/Jul/2026:05:49:47 +0000] "GET /phpinfo.php.save HTTP/1.1" 404 36261 "-" "Mozilla/5.0 (Windows NT 10.0; Win64; x64) AppleWebKit/537.36 (KHTML, like Gecko) Chrome/131.0.0.0 Safari/537.36"
15.236.180.103 - - [17/Jul/2026:05:49:52 +0000] "GET /staging/phpinfo.php HTTP/1.1" 404 36254 "-" "Mozilla/5.0 (Windows NT 10.0; Win64; x64) AppleWebKit/537.36 (KHTML, like Gecko) Chrome/131.0.0.0 Safari/537.36"
13.37.238.185 - - [17/Jul/2026:05:49:52 +0000] "GET /jenkins/.env HTTP/1.1" 404 35203 "-" "Mozilla/5.0 (Macintosh; Intel Mac OS X 10_15_7) AppleWebKit/537.36 (KHTML, like Gecko) Chrome/131.0.0.0 Safari/537.36"
13.37.238.185 - - [17/Jul/2026:05:49:55 +0000] "GET /gitlab/.env HTTP/1.1" 404 36282 "-" "Mozilla/5.0 (Macintosh; Intel Mac OS X 10_15_7) AppleWebKit/537.36 (KHTML, like Gecko) Chrome/131.0.0.0 Safari/537.36"
15.236.180.103 - - [17/Jul/2026:05:49:55 +0000] "GET /beta/phpinfo.php HTTP/1.1" 404 36261 "-" "Mozilla/5.0 (Windows NT 10.0; Win64; x64) AppleWebKit/537.36 (KHTML, like Gecko) Chrome/131.0.0.0 Safari/537.36"
15.236.180.103 - - [17/Jul/2026:05:50:00 +0000] "GET /uat/phpinfo.php HTTP/1.1" 404 36261 "-" "Mozilla/5.0 (Windows NT 10.0; Win64; x64) AppleWebKit/537.36 (KHTML, like Gecko) Chrome/131.0.0.0 Safari/537.36"
13.37.238.185 - - [17/Jul/2026:05:49:59 +0000] "GET /github/.env HTTP/1.1" 404 35203 "-" "Mozilla/5.0 (Macintosh; Intel Mac OS X 10_15_7) AppleWebKit/537.36 (KHTML, like Gecko) Chrome/131.0.0.0 Safari/537.36"
65.181.116.207 - - [17/Jul/2026:05:50:06 +0000] "POST /wp-cron.php?doing_wp_cron=1784267406.1510689258575439453125 HTTP/1.1" 200 0 "-" "WordPress/7.0.1; https://www.biscofy.com"
15.236.180.103 - - [17/Jul/2026:05:50:06 +0000] "GET /qa/phpinfo.php HTTP/1.1" 404 36254 "-" "Mozilla/5.0 (Windows NT 10.0; Win64; x64) AppleWebKit/537.36 (KHTML, like Gecko) Chrome/131.0.0.0 Safari/537.36"
13.37.238.185 - - [17/Jul/2026:05:50:07 +0000] "GET /actions/.env HTTP/1.1" 404 36282 "-" "Mozilla/5.0 (Macintosh; Intel Mac OS X 10_15_7) AppleWebKit/537.36 (KHTML, like Gecko) Chrome/131.0.0.0 Safari/537.36"
15.236.180.103 - - [17/Jul/2026:05:50:12 +0000] "GET /preview/phpinfo.php HTTP/1.1" 404 36261 "-" "Mozilla/5.0 (Windows NT 10.0; Win64; x64) AppleWebKit/537.36 (KHTML, like Gecko) Chrome/131.0.0.0 Safari/537.36"
13.37.238.185 - - [17/Jul/2026:05:50:12 +0000] "GET /circleci/.env HTTP/1.1" 404 36276 "-" "Mozilla/5.0 (Macintosh; Intel Mac OS X 10_15_7) AppleWebKit/537.36 (KHTML, like Gecko) Chrome/131.0.0.0 Safari/537.36"
13.37.238.185 - - [17/Jul/2026:05:50:18 +0000] "GET /travis/.env HTTP/1.1" 404 36276 "-" "Mozilla/5.0 (Macintosh; Intel Mac OS X 10_15_7) AppleWebKit/537.36 (KHTML, like Gecko) Chrome/131.0.0.0 Safari/537.36"
15.236.180.103 - - [17/Jul/2026:05:50:18 +0000] "GET /www/phpinfo.php HTTP/1.1" 404 36254 "-" "Mozilla/5.0 (Windows NT 10.0; Win64; x64) AppleWebKit/537.36 (KHTML, like Gecko) Chrome/131.0.0.0 Safari/537.36"
13.37.238.185 - - [17/Jul/2026:05:50:21 +0000] "GET /buildkite/.env HTTP/1.1" 404 36282 "-" "Mozilla/5.0 (Macintosh; Intel Mac OS X 10_15_7) AppleWebKit/537.36 (KHTML, like Gecko) Chrome/131.0.0.0 Safari/537.36"
15.236.180.103 - - [17/Jul/2026:05:50:21 +0000] "GET /htdocs/phpinfo.php HTTP/1.1" 404 36261 "-" "Mozilla/5.0 (Windows NT 10.0; Win64; x64) AppleWebKit/537.36 (KHTML, like Gecko) Chrome/131.0.0.0 Safari/537.36"
195.178.110.223 - - [17/Jul/2026:05:50:29 +0000] "GET / HTTP/1.1" 401 53 "-" "Mozilla/5.0 (Macintosh; Intel Mac OS X 10_15_7) AppleWebKit/537.36 (KHTML, like Gecko) Chrome/131.0.0.0 Safari/537.36"
13.37.238.185 - - [17/Jul/2026:05:50:27 +0000] "GET /mysql/.env HTTP/1.1" 404 36276 "-" "Mozilla/5.0 (Macintosh; Intel Mac OS X 10_15_7) AppleWebKit/537.36 (KHTML, like Gecko) Chrome/131.0.0.0 Safari/537.36"
15.236.180.103 - - [17/Jul/2026:05:50:27 +0000] "GET /public_html/phpinfo.php HTTP/1.1" 404 36261 "-" "Mozilla/5.0 (Windows NT 10.0; Win64; x64) AppleWebKit/537.36 (KHTML, like Gecko) Chrome/131.0.0.0 Safari/537.36"
15.236.180.103 - - [17/Jul/2026:05:50:31 +0000] "GET /site/phpinfo.php HTTP/1.1" 404 36261 "-" "Mozilla/5.0 (Windows NT 10.0; Win64; x64) AppleWebKit/537.36 (KHTML, like Gecko) Chrome/131.0.0.0 Safari/537.36"
13.37.238.185 - - [17/Jul/2026:05:50:31 +0000] "GET /postgres/.env HTTP/1.1" 404 36276 "-" "Mozilla/5.0 (Macintosh; Intel Mac OS X 10_15_7) AppleWebKit/537.36 (KHTML, like Gecko) Chrome/131.0.0.0 Safari/537.36"
15.236.180.103 - - [17/Jul/2026:05:50:35 +0000] "GET /docs/phpinfo.php HTTP/1.1" 404 36254 "-" "Mozilla/5.0 (Windows NT 10.0; Win64; x64) AppleWebKit/537.36 (KHTML, like Gecko) Chrome/131.0.0.0 Safari/537.36"
13.37.238.185 - - [17/Jul/2026:05:50:35 +0000] "GET /mongodb/.env HTTP/1.1" 404 36276 "-" "Mozilla/5.0 (Macintosh; Intel Mac OS X 10_15_7) AppleWebKit/537.36 (KHTML, like Gecko) Chrome/131.0.0.0 Safari/537.36"
15.236.180.103 - - [17/Jul/2026:05:50:40 +0000] "GET /wp-admin/phpinfo.php HTTP/1.1" 404 36261 "-" "Mozilla/5.0 (Windows NT 10.0; Win64; x64) AppleWebKit/537.36 (KHTML, like Gecko) Chrome/131.0.0.0 Safari/537.36"
13.37.238.185 - - [17/Jul/2026:05:50:40 +0000] "GET /redis/.env HTTP/1.1" 404 36282 "-" "Mozilla/5.0 (Macintosh; Intel Mac OS X 10_15_7) AppleWebKit/537.36 (KHTML, like Gecko) Chrome/131.0.0.0 Safari/537.36"
13.37.238.185 - - [17/Jul/2026:05:50:44 +0000] "GET /elasticsearch/.env HTTP/1.1" 404 36282 "-" "Mozilla/5.0 (Macintosh; Intel Mac OS X 10_15_7) AppleWebKit/537.36 (KHTML, like Gecko) Chrome/131.0.0.0 Safari/537.36"
15.236.180.103 - - [17/Jul/2026:05:50:44 +0000] "GET /administrator/phpinfo.php HTTP/1.1" 404 36254 "-" "Mozilla/5.0 (Windows NT 10.0; Win64; x64) AppleWebKit/537.36 (KHTML, like Gecko) Chrome/131.0.0.0 Safari/537.36"
13.37.238.185 - - [17/Jul/2026:05:50:48 +0000] "GET /rabbitmq/.env HTTP/1.1" 404 36282 "-" "Mozilla/5.0 (Macintosh; Intel Mac OS X 10_15_7) AppleWebKit/537.36 (KHTML, like Gecko) Chrome/131.0.0.0 Safari/537.36"
15.236.180.103 - - [17/Jul/2026:05:50:48 +0000] "GET /core/phpinfo.php HTTP/1.1" 404 36254 "-" "Mozilla/5.0 (Windows NT 10.0; Win64; x64) AppleWebKit/537.36 (KHTML, like Gecko) Chrome/131.0.0.0 Safari/537.36"
15.236.180.103 - - [17/Jul/2026:05:50:53 +0000] "GET /includes/phpinfo.php HTTP/1.1" 404 36261 "-" "Mozilla/5.0 (Windows NT 10.0; Win64; x64) AppleWebKit/537.36 (KHTML, like Gecko) Chrome/131.0.0.0 Safari/537.36"
13.37.238.185 - - [17/Jul/2026:05:50:53 +0000] "GET /kafka/.env HTTP/1.1" 404 36282 "-" "Mozilla/5.0 (Macintosh; Intel Mac OS X 10_15_7) AppleWebKit/537.36 (KHTML, like Gecko) Chrome/131.0.0.0 Safari/537.36"
13.37.238.185 - - [17/Jul/2026:05:50:56 +0000] "GET /queue/.env HTTP/1.1" 404 36276 "-" "Mozilla/5.0 (Macintosh; Intel Mac OS X 10_15_7) AppleWebKit/537.36 (KHTML, like Gecko) Chrome/131.0.0.0 Safari/537.36"
13.37.238.185 - - [17/Jul/2026:05:51:01 +0000] "GET /worker/.env HTTP/1.1" 404 36272 "-" "Mozilla/5.0 (Macintosh; Intel Mac OS X 10_15_7) AppleWebKit/537.36 (KHTML, like Gecko) Chrome/131.0.0.0 Safari/537.36"
65.181.116.207 - - [17/Jul/2026:05:51:10 +0000] "POST /wp-cron.php?doing_wp_cron=1784267470.0018959045410156250000 HTTP/1.1" 200 0 "-" "WordPress/7.0.1; https://www.biscofy.com"
13.37.238.185 - - [17/Jul/2026:05:51:10 +0000] "GET /job/.env HTTP/1.1" 404 35203 "-" "Mozilla/5.0 (Macintosh; Intel Mac OS X 10_15_7) AppleWebKit/537.36 (KHTML, like Gecko) Chrome/131.0.0.0 Safari/537.36"
13.37.238.185 - - [17/Jul/2026:05:51:16 +0000] "GET /test/.env HTTP/1.1" 404 36282 "-" "Mozilla/5.0 (Macintosh; Intel Mac OS X 10_15_7) AppleWebKit/537.36 (KHTML, like Gecko) Chrome/131.0.0.0 Safari/537.36"
13.37.238.185 - - [17/Jul/2026:05:51:22 +0000] "GET /qa/.env HTTP/1.1" 404 36282 "-" "Mozilla/5.0 (Macintosh; Intel Mac OS X 10_15_7) AppleWebKit/537.36 (KHTML, like Gecko) Chrome/131.0.0.0 Safari/537.36"
178.128.230.220 - - [17/Jul/2026:05:51:27 +0000] "POST /wp-login.php HTTP/1.1" 200 6460 "-" "Mozilla/5.0"
13.37.238.185 - - [17/Jul/2026:05:51:30 +0000] "GET /preview/.env HTTP/1.1" 404 36282 "-" "Mozilla/5.0 (Macintosh; Intel Mac OS X 10_15_7) AppleWebKit/537.36 (KHTML, like Gecko) Chrome/131.0.0.0 Safari/537.36"
13.37.238.185 - - [17/Jul/2026:05:51:35 +0000] "GET /beta/.env HTTP/1.1" 404 36276 "-" "Mozilla/5.0 (Macintosh; Intel Mac OS X 10_15_7) AppleWebKit/537.36 (KHTML, like Gecko) Chrome/131.0.0.0 Safari/537.36"
13.37.238.185 - - [17/Jul/2026:05:51:42 +0000] "GET /uat/.env HTTP/1.1" 404 36276 "-" "Mozilla/5.0 (Macintosh; Intel Mac OS X 10_15_7) AppleWebKit/537.36 (KHTML, like Gecko) Chrome/131.0.0.0 Safari/537.36"
13.37.238.185 - - [17/Jul/2026:05:51:49 +0000] "GET /stage/.env HTTP/1.1" 404 36282 "-" "Mozilla/5.0 (Macintosh; Intel Mac OS X 10_15_7) AppleWebKit/537.36 (KHTML, like Gecko) Chrome/131.0.0.0 Safari/537.36"
13.37.238.185 - - [17/Jul/2026:05:51:54 +0000] "GET /development/.env HTTP/1.1" 404 36276 "-" "Mozilla/5.0 (Macintosh; Intel Mac OS X 10_15_7) AppleWebKit/537.36 (KHTML, like Gecko) Chrome/131.0.0.0 Safari/537.36"
65.181.116.207 - - [17/Jul/2026:05:52:08 +0000] "POST /wp-cron.php?doing_wp_cron=1784267528.5235359668731689453125 HTTP/1.1" 200 0 "-" "WordPress/7.0.1; https://www.biscofy.com"
13.37.238.185 - - [17/Jul/2026:05:52:01 +0000] "GET /production/.env HTTP/1.1" 404 36282 "-" "Mozilla/5.0 (Macintosh; Intel Mac OS X 10_15_7) AppleWebKit/537.36 (KHTML, like Gecko) Chrome/131.0.0.0 Safari/537.36"
13.37.238.185 - - [17/Jul/2026:05:52:08 +0000] "GET /config/app/.env HTTP/1.1" 404 36282 "-" "Mozilla/5.0 (Macintosh; Intel Mac OS X 10_15_7) AppleWebKit/537.36 (KHTML, like Gecko) Chrome/131.0.0.0 Safari/537.36"
13.37.238.185 - - [17/Jul/2026:05:52:12 +0000] "GET /.env.vault HTTP/1.1" 404 35306 "-" "Mozilla/5.0 (Macintosh; Intel Mac OS X 10_15_7) AppleWebKit/537.36 (KHTML, like Gecko) Chrome/131.0.0.0 Safari/537.36"
103.124.110.96 - - [17/Jul/2026:05:52:18 +0000] "GET /wpx.php HTTP/2" 200 1260 "-" "Mozilla/5.0 (Windows NT 10.0; Win64; x64) AppleWebKit/537.36 (KHTML, like Gecko) Chrome/150.0.0.0 Safari/537.36"
103.124.110.96 - - [17/Jul/2026:05:52:18 +0000] "GET /favicon.ico HTTP/2" 404 1251 "https://biscofy.com/wpx.php" "Mozilla/5.0 (Windows NT 10.0; Win64; x64) AppleWebKit/537.36 (KHTML, like Gecko) Chrome/150.0.0.0 Safari/537.36"
45.148.10.120 - - [17/Jul/2026:05:52:20 +0000] "GET /.git/config HTTP/1.1" 400 52 "-" "Mozilla/4.1 (compatible; MSIE 5.0; Symbian OS; Nokia 6600;452) Opera 6.20 [en-US]"
13.37.238.185 - - [17/Jul/2026:05:52:16 +0000] "GET /.env.fly HTTP/1.1" 404 36282 "-" "Mozilla/5.0 (Macintosh; Intel Mac OS X 10_15_7) AppleWebKit/537.36 (KHTML, like Gecko) Chrome/131.0.0.0 Safari/537.36"
13.37.238.185 - - [17/Jul/2026:05:52:21 +0000] "GET /.env.railway HTTP/1.1" 404 36282 "-" "Mozilla/5.0 (Macintosh; Intel Mac OS X 10_15_7) AppleWebKit/537.36 (KHTML, like Gecko) Chrome/131.0.0.0 Safari/537.36"
13.37.238.185 - - [17/Jul/2026:05:52:25 +0000] "GET /.env.render HTTP/1.1" 404 36282 "-" "Mozilla/5.0 (Macintosh; Intel Mac OS X 10_15_7) AppleWebKit/537.36 (KHTML, like Gecko) Chrome/131.0.0.0 Safari/537.36"
13.37.238.185 - - [17/Jul/2026:05:52:32 +0000] "GET /.env.vercel HTTP/1.1" 404 36282 "-" "Mozilla/5.0 (Macintosh; Intel Mac OS X 10_15_7) AppleWebKit/537.36 (KHTML, like Gecko) Chrome/131.0.0.0 Safari/537.36"
13.37.238.185 - - [17/Jul/2026:05:52:36 +0000] "GET /.env.supabase HTTP/1.1" 404 36276 "-" "Mozilla/5.0 (Macintosh; Intel Mac OS X 10_15_7) AppleWebKit/537.36 (KHTML, like Gecko) Chrome/131.0.0.0 Safari/537.36"
13.37.238.185 - - [17/Jul/2026:05:52:39 +0000] "GET /.env.neon HTTP/1.1" 404 36276 "-" "Mozilla/5.0 (Macintosh; Intel Mac OS X 10_15_7) AppleWebKit/537.36 (KHTML, like Gecko) Chrome/131.0.0.0 Safari/537.36"
13.37.238.185 - - [17/Jul/2026:05:52:42 +0000] "GET /phpinfo.php HTTP/1.1" 404 36276 "-" "Mozilla/5.0 (Macintosh; Intel Mac OS X 10_15_7) AppleWebKit/537.36 (KHTML, like Gecko) Chrome/131.0.0.0 Safari/537.36"
13.37.238.185 - - [17/Jul/2026:05:52:46 +0000] "GET /info.php HTTP/1.1" 404 36282 "-" "Mozilla/5.0 (Macintosh; Intel Mac OS X 10_15_7) AppleWebKit/537.36 (KHTML, like Gecko) Chrome/131.0.0.0 Safari/537.36"
13.37.238.185 - - [17/Jul/2026:05:52:49 +0000] "GET /php.php HTTP/1.1" 404 36282 "-" "Mozilla/5.0 (Macintosh; Intel Mac OS X 10_15_7) AppleWebKit/537.36 (KHTML, like Gecko) Chrome/131.0.0.0 Safari/537.36"
13.37.238.185 - - [17/Jul/2026:05:52:54 +0000] "GET /i.php HTTP/1.1" 404 36276 "-" "Mozilla/5.0 (Macintosh; Intel Mac OS X 10_15_7) AppleWebKit/537.36 (KHTML, like Gecko) Chrome/131.0.0.0 Safari/537.36"
13.37.238.185 - - [17/Jul/2026:05:52:59 +0000] "GET /pi.php HTTP/1.1" 404 36282 "-" "Mozilla/5.0 (Macintosh; Intel Mac OS X 10_15_7) AppleWebKit/537.36 (KHTML, like Gecko) Chrome/131.0.0.0 Safari/537.36"
65.181.116.207 - - [17/Jul/2026:05:53:05 +0000] "POST /wp-cron.php?doing_wp_cron=1784267585.8678760528564453125000 HTTP/1.1" 200 0 "-" "WordPress/7.0.1; https://www.biscofy.com"
13.37.238.185 - - [17/Jul/2026:05:53:07 +0000] "GET /pinfo.php HTTP/1.1" 404 36282 "-" "Mozilla/5.0 (Macintosh; Intel Mac OS X 10_15_7) AppleWebKit/537.36 (KHTML, like Gecko) Chrome/131.0.0.0 Safari/537.36"
13.37.238.185 - - [17/Jul/2026:05:53:12 +0000] "GET /test.php HTTP/1.1" 404 36282 "-" "Mozilla/5.0 (Macintosh; Intel Mac OS X 10_15_7) AppleWebKit/537.36 (KHTML, like Gecko) Chrome/131.0.0.0 Safari/537.36"
13.37.238.185 - - [17/Jul/2026:05:53:18 +0000] "GET /phpinfo HTTP/1.1" 404 36282 "-" "Mozilla/5.0 (Macintosh; Intel Mac OS X 10_15_7) AppleWebKit/537.36 (KHTML, like Gecko) Chrome/131.0.0.0 Safari/537.36"
13.37.238.185 - - [17/Jul/2026:05:53:25 +0000] "GET /p.php HTTP/1.1" 404 36276 "-" "Mozilla/5.0 (Macintosh; Intel Mac OS X 10_15_7) AppleWebKit/537.36 (KHTML, like Gecko) Chrome/131.0.0.0 Safari/537.36"
13.37.238.185 - - [17/Jul/2026:05:53:30 +0000] "GET /debug.php HTTP/1.1" 404 36276 "-" "Mozilla/5.0 (Macintosh; Intel Mac OS X 10_15_7) AppleWebKit/537.36 (KHTML, like Gecko) Chrome/131.0.0.0 Safari/537.36"
13.37.238.185 - - [17/Jul/2026:05:53:36 +0000] "GET /admin/phpinfo.php HTTP/1.1" 404 36276 "-" "Mozilla/5.0 (Macintosh; Intel Mac OS X 10_15_7) AppleWebKit/537.36 (KHTML, like Gecko) Chrome/131.0.0.0 Safari/537.36"
13.37.238.185 - - [17/Jul/2026:05:53:41 +0000] "GET /test/phpinfo.php HTTP/1.1" 404 36276 "-" "Mozilla/5.0 (Macintosh; Intel Mac OS X 10_15_7) AppleWebKit/537.36 (KHTML, like Gecko) Chrome/131.0.0.0 Safari/537.36"
13.37.238.185 - - [17/Jul/2026:05:53:46 +0000] "GET /dev/phpinfo.php HTTP/1.1" 404 36276 "-" "Mozilla/5.0 (Macintosh; Intel Mac OS X 10_15_7) AppleWebKit/537.36 (KHTML, like Gecko) Chrome/131.0.0.0 Safari/537.36"
13.37.238.185 - - [17/Jul/2026:05:53:52 +0000] "GET /old/phpinfo.php HTTP/1.1" 404 36276 "-" "Mozilla/5.0 (Macintosh; Intel Mac OS X 10_15_7) AppleWebKit/537.36 (KHTML, like Gecko) Chrome/131.0.0.0 Safari/537.36"
13.37.238.185 - - [17/Jul/2026:05:53:57 +0000] "GET /tmp/phpinfo.php HTTP/1.1" 404 36282 "-" "Mozilla/5.0 (Macintosh; Intel Mac OS X 10_15_7) AppleWebKit/537.36 (KHTML, like Gecko) Chrome/131.0.0.0 Safari/537.36"
13.37.238.185 - - [17/Jul/2026:05:54:02 +0000] "GET /public/phpinfo.php HTTP/1.1" 404 36272 "-" "Mozilla/5.0 (Macintosh; Intel Mac OS X 10_15_7) AppleWebKit/537.36 (KHTML, like Gecko) Chrome/131.0.0.0 Safari/537.36"
65.181.116.207 - - [17/Jul/2026:05:54:11 +0000] "POST /wp-cron.php?doing_wp_cron=1784267651.2222950458526611328125 HTTP/1.1" 200 0 "-" "WordPress/7.0.1; https://www.biscofy.com"
13.37.238.185 - - [17/Jul/2026:05:54:11 +0000] "GET /info HTTP/1.1" 404 36282 "-" "Mozilla/5.0 (Macintosh; Intel Mac OS X 10_15_7) AppleWebKit/537.36 (KHTML, like Gecko) Chrome/131.0.0.0 Safari/537.36"
13.37.238.185 - - [17/Jul/2026:05:54:16 +0000] "GET /php-info.php HTTP/1.1" 404 36276 "-" "Mozilla/5.0 (Macintosh; Intel Mac OS X 10_15_7) AppleWebKit/537.36 (KHTML, like Gecko) Chrome/131.0.0.0 Safari/537.36"
13.37.238.185 - - [17/Jul/2026:05:54:23 +0000] "GET /phpversion.php HTTP/1.1" 404 36282 "-" "Mozilla/5.0 (Macintosh; Intel Mac OS X 10_15_7) AppleWebKit/537.36 (KHTML, like Gecko) Chrome/131.0.0.0 Safari/537.36"
13.37.238.185 - - [17/Jul/2026:05:54:30 +0000] "GET /_phpinfo.php HTTP/1.1" 404 36282 "-" "Mozilla/5.0 (Macintosh; Intel Mac OS X 10_15_7) AppleWebKit/537.36 (KHTML, like Gecko) Chrome/131.0.0.0 Safari/537.36"
13.37.238.185 - - [17/Jul/2026:05:54:36 +0000] "GET /old_phpinfo.php HTTP/1.1" 404 36282 "-" "Mozilla/5.0 (Macintosh; Intel Mac OS X 10_15_7) AppleWebKit/537.36 (KHTML, like Gecko) Chrome/131.0.0.0 Safari/537.36"
13.37.238.185 - - [17/Jul/2026:05:54:41 +0000] "GET /server-info.php HTTP/1.1" 404 36282 "-" "Mozilla/5.0 (Macintosh; Intel Mac OS X 10_15_7) AppleWebKit/537.36 (KHTML, like Gecko) Chrome/131.0.0.0 Safari/537.36"
13.37.238.185 - - [17/Jul/2026:05:54:47 +0000] "GET /server-status.php HTTP/1.1" 404 36276 "-" "Mozilla/5.0 (Macintosh; Intel Mac OS X 10_15_7) AppleWebKit/537.36 (KHTML, like Gecko) Chrome/131.0.0.0 Safari/537.36"
13.37.238.185 - - [17/Jul/2026:05:54:52 +0000] "GET /_profiler/phpinfo HTTP/1.1" 404 36282 "-" "Mozilla/5.0 (Macintosh; Intel Mac OS X 10_15_7) AppleWebKit/537.36 (KHTML, like Gecko) Chrome/131.0.0.0 Safari/537.36"
13.37.238.185 - - [17/Jul/2026:05:54:58 +0000] "GET /_environment HTTP/1.1" 404 36272 "-" "Mozilla/5.0 (Macintosh; Intel Mac OS X 10_15_7) AppleWebKit/537.36 (KHTML, like Gecko) Chrome/131.0.0.0 Safari/537.36"
65.181.116.207 - - [17/Jul/2026:05:55:07 +0000] "POST /wp-cron.php?doing_wp_cron=1784267707.4374759197235107421875 HTTP/1.1" 200 0 "-" "WordPress/7.0.1; https://www.biscofy.com"
13.37.238.185 - - [17/Jul/2026:05:55:06 +0000] "GET /webroot/index.php/_environment HTTP/1.1" 301 0 "-" "Mozilla/5.0 (Macintosh; Intel Mac OS X 10_15_7) AppleWebKit/537.36 (KHTML, like Gecko) Chrome/131.0.0.0 Safari/537.36"
13.37.238.185 - - [17/Jul/2026:05:55:12 +0000] "GET /webroot/_environment HTTP/1.1" 404 36282 "-" "Mozilla/5.0 (Macintosh; Intel Mac OS X 10_15_7) AppleWebKit/537.36 (KHTML, like Gecko) Chrome/131.0.0.0 Safari/537.36"
13.37.238.185 - - [17/Jul/2026:05:55:20 +0000] "GET /mail/phpinfo.php HTTP/1.1" 404 36276 "-" "Mozilla/5.0 (Macintosh; Intel Mac OS X 10_15_7) AppleWebKit/537.36 (KHTML, like Gecko) Chrome/131.0.0.0 Safari/537.36"
13.37.238.185 - - [17/Jul/2026:05:55:27 +0000] "GET /cpanel/phpinfo.php HTTP/1.1" 404 36282 "-" "Mozilla/5.0 (Macintosh; Intel Mac OS X 10_15_7) AppleWebKit/537.36 (KHTML, like Gecko) Chrome/131.0.0.0 Safari/537.36"
13.37.238.185 - - [17/Jul/2026:05:55:35 +0000] "GET /hosting/phpinfo.php HTTP/1.1" 404 36276 "-" "Mozilla/5.0 (Macintosh; Intel Mac OS X 10_15_7) AppleWebKit/537.36 (KHTML, like Gecko) Chrome/131.0.0.0 Safari/537.36"
13.37.238.185 - - [17/Jul/2026:05:55:42 +0000] "GET /webmail/phpinfo.php HTTP/1.1" 200 13596 "-" "Mozilla/5.0 (Macintosh; Intel Mac OS X 10_15_7) AppleWebKit/537.36 (KHTML, like Gecko) Chrome/131.0.0.0 Safari/537.36"
13.37.238.185 - - [17/Jul/2026:05:55:42 +0000] "GET /smtp/phpinfo.php HTTP/1.1" 404 36276 "-" "Mozilla/5.0 (Macintosh; Intel Mac OS X 10_15_7) AppleWebKit/537.36 (KHTML, like Gecko) Chrome/131.0.0.0 Safari/537.36"
13.37.238.185 - - [17/Jul/2026:05:55:50 +0000] "GET /phpinfo.php.bak HTTP/1.1" 404 36276 "-" "Mozilla/5.0 (Macintosh; Intel Mac OS X 10_15_7) AppleWebKit/537.36 (KHTML, like Gecko) Chrome/131.0.0.0 Safari/537.36"
65.181.116.207 - - [17/Jul/2026:05:56:04 +0000] "POST /wp-cron.php?doing_wp_cron=1784267764.5972850322723388671875 HTTP/1.1" 200 0 "-" "WordPress/7.0.1; https://www.biscofy.com"
13.37.238.185 - - [17/Jul/2026:05:55:56 +0000] "GET /phpinfo.php.old HTTP/1.1" 404 36282 "-" "Mozilla/5.0 (Macintosh; Intel Mac OS X 10_15_7) AppleWebKit/537.36 (KHTML, like Gecko) Chrome/131.0.0.0 Safari/537.36"
13.37.238.185 - - [17/Jul/2026:05:56:04 +0000] "GET /phpinfo.php~ HTTP/1.1" 404 36276 "-" "Mozilla/5.0 (Macintosh; Intel Mac OS X 10_15_7) AppleWebKit/537.36 (KHTML, like Gecko) Chrome/131.0.0.0 Safari/537.36"
13.37.238.185 - - [17/Jul/2026:05:56:10 +0000] "GET /info.php.bak HTTP/1.1" 404 36276 "-" "Mozilla/5.0 (Macintosh; Intel Mac OS X 10_15_7) AppleWebKit/537.36 (KHTML, like Gecko) Chrome/131.0.0.0 Safari/537.36"
13.37.238.185 - - [17/Jul/2026:05:56:18 +0000] "GET /phpinfo.php.save HTTP/1.1" 404 36276 "-" "Mozilla/5.0 (Macintosh; Intel Mac OS X 10_15_7) AppleWebKit/537.36 (KHTML, like Gecko) Chrome/131.0.0.0 Safari/537.36"
13.37.238.185 - - [17/Jul/2026:05:56:26 +0000] "GET /staging/phpinfo.php HTTP/1.1" 404 36282 "-" "Mozilla/5.0 (Macintosh; Intel Mac OS X 10_15_7) AppleWebKit/537.36 (KHTML, like Gecko) Chrome/131.0.0.0 Safari/537.36"
13.37.238.185 - - [17/Jul/2026:05:56:32 +0000] "GET /beta/phpinfo.php HTTP/1.1" 404 36276 "-" "Mozilla/5.0 (Macintosh; Intel Mac OS X 10_15_7) AppleWebKit/537.36 (KHTML, like Gecko) Chrome/131.0.0.0 Safari/537.36"
13.37.238.185 - - [17/Jul/2026:05:56:40 +0000] "GET /uat/phpinfo.php HTTP/1.1" 404 36282 "-" "Mozilla/5.0 (Macintosh; Intel Mac OS X 10_15_7) AppleWebKit/537.36 (KHTML, like Gecko) Chrome/131.0.0.0 Safari/537.36"
13.37.238.185 - - [17/Jul/2026:05:56:47 +0000] "GET /qa/phpinfo.php HTTP/1.1" 404 36276 "-" "Mozilla/5.0 (Macintosh; Intel Mac OS X 10_15_7) AppleWebKit/537.36 (KHTML, like Gecko) Chrome/131.0.0.0 Safari/537.36"
13.37.238.185 - - [17/Jul/2026:05:56:53 +0000] "GET /preview/phpinfo.php HTTP/1.1" 404 36282 "-" "Mozilla/5.0 (Macintosh; Intel Mac OS X 10_15_7) AppleWebKit/537.36 (KHTML, like Gecko) Chrome/131.0.0.0 Safari/537.36"
94.154.43.187 - - [17/Jul/2026:05:57:03 +0000] "GET /.env HTTP/1.1" 200 856 "-" "Mozilla/5.0 (Windows NT 10.0; Win64; x64) AppleWebKit/537.36 (KHTML, like Gecko) Chrome/147.0.0.0 Safari/537.36"
65.181.116.207 - - [17/Jul/2026:05:57:05 +0000] "POST /wp-cron.php?doing_wp_cron=1784267825.5647549629211425781250 HTTP/1.1" 200 0 "-" "WordPress/7.0.1; https://www.biscofy.com"
13.37.238.185 - - [17/Jul/2026:05:56:59 +0000] "GET /www/phpinfo.php HTTP/1.1" 404 36282 "-" "Mozilla/5.0 (Macintosh; Intel Mac OS X 10_15_7) AppleWebKit/537.36 (KHTML, like Gecko) Chrome/131.0.0.0 Safari/537.36"
13.37.238.185 - - [17/Jul/2026:05:57:06 +0000] "GET /htdocs/phpinfo.php HTTP/1.1" 404 36276 "-" "Mozilla/5.0 (Macintosh; Intel Mac OS X 10_15_7) AppleWebKit/537.36 (KHTML, like Gecko) Chrome/131.0.0.0 Safari/537.36"
13.37.238.185 - - [17/Jul/2026:05:57:10 +0000] "GET /public_html/phpinfo.php HTTP/1.1" 404 36282 "-" "Mozilla/5.0 (Macintosh; Intel Mac OS X 10_15_7) AppleWebKit/537.36 (KHTML, like Gecko) Chrome/131.0.0.0 Safari/537.36"
13.37.238.185 - - [17/Jul/2026:05:57:16 +0000] "GET /site/phpinfo.php HTTP/1.1" 404 36276 "-" "Mozilla/5.0 (Macintosh; Intel Mac OS X 10_15_7) AppleWebKit/537.36 (KHTML, like Gecko) Chrome/131.0.0.0 Safari/537.36"
13.37.238.185 - - [17/Jul/2026:05:57:21 +0000] "GET /docs/phpinfo.php HTTP/1.1" 404 36276 "-" "Mozilla/5.0 (Macintosh; Intel Mac OS X 10_15_7) AppleWebKit/537.36 (KHTML, like Gecko) Chrome/131.0.0.0 Safari/537.36"
13.37.238.185 - - [17/Jul/2026:05:57:26 +0000] "GET /wp-admin/phpinfo.php HTTP/1.1" 404 36282 "-" "Mozilla/5.0 (Macintosh; Intel Mac OS X 10_15_7) AppleWebKit/537.36 (KHTML, like Gecko) Chrome/131.0.0.0 Safari/537.36"
13.37.238.185 - - [17/Jul/2026:05:57:29 +0000] "GET /administrator/phpinfo.php HTTP/1.1" 404 36282 "-" "Mozilla/5.0 (Macintosh; Intel Mac OS X 10_15_7) AppleWebKit/537.36 (KHTML, like Gecko) Chrome/131.0.0.0 Safari/537.36"
13.37.238.185 - - [17/Jul/2026:05:57:33 +0000] "GET /core/phpinfo.php HTTP/1.1" 404 36276 "-" "Mozilla/5.0 (Macintosh; Intel Mac OS X 10_15_7) AppleWebKit/537.36 (KHTML, like Gecko) Chrome/131.0.0.0 Safari/537.36"
13.37.238.185 - - [17/Jul/2026:05:57:37 +0000] "GET /includes/phpinfo.php HTTP/1.1" 404 36276 "-" "Mozilla/5.0 (Macintosh; Intel Mac OS X 10_15_7) AppleWebKit/537.36 (KHTML, like Gecko) Chrome/131.0.0.0 Safari/537.36"
65.181.116.207 - - [17/Jul/2026:06:00:15 +0000] "POST /wp-cron.php?doing_wp_cron=1784268015.7242779731750488281250 HTTP/1.1" 200 0 "-" "WordPress/7.0.1; https://www.biscofy.com"
178.128.230.220 - - [17/Jul/2026:06:00:07 +0000] "POST /wp-login.php HTTP/1.1" 200 6460 "-" "Mozilla/5.0"
38.175.103.134 - - [17/Jul/2026:06:01:22 +0000] "GET /wpx.php HTTP/2" 200 1250 "-" "Mozilla/5.0 (Windows NT 10.0; Win64; x64) AppleWebKit/537.36 (KHTML, like Gecko) Chrome/150.0.0.0 Safari/537.36 Edg/150.0.0.0"
38.175.103.134 - - [17/Jul/2026:06:01:22 +0000] "GET /favicon.ico HTTP/2" 404 1251 "https://biscofy.com/wpx.php" "Mozilla/5.0 (Windows NT 10.0; Win64; x64) AppleWebKit/537.36 (KHTML, like Gecko) Chrome/150.0.0.0 Safari/537.36 Edg/150.0.0.0"
38.175.103.134 - - [17/Jul/2026:06:04:28 +0000] "POST /wpx.php HTTP/2" 200 1313 "https://biscofy.com/wpx.php" "Mozilla/5.0 (Windows NT 10.0; Win64; x64) AppleWebKit/537.36 (KHTML, like Gecko) Chrome/150.0.0.0 Safari/537.36 Edg/150.0.0.0"
38.175.103.134 - - [17/Jul/2026:06:04:31 +0000] "GET /3PJcpMFsD8B.php HTTP/2" 200 4192 "-" "Mozilla/5.0 (Windows NT 10.0; Win64; x64) AppleWebKit/537.36 (KHTML, like Gecko) Chrome/150.0.0.0 Safari/537.36 Edg/150.0.0.0"
38.175.103.134 - - [17/Jul/2026:06:06:10 +0000] "POST /3PJcpMFsD8B.php HTTP/2" 200 4256 "https://biscofy.com/3PJcpMFsD8B.php" "Mozilla/5.0 (Windows NT 10.0; Win64; x64) AppleWebKit/537.36 (KHTML, like Gecko) Chrome/150.0.0.0 Safari/537.36 Edg/150.0.0.0"
38.175.103.134 - - [17/Jul/2026:06:06:11 +0000] "POST /3PJcpMFsD8B.php HTTP/2" 200 2704 "https://biscofy.com/3PJcpMFsD8B.php" "Mozilla/5.0 (Windows NT 10.0; Win64; x64) AppleWebKit/537.36 (KHTML, like Gecko) Chrome/150.0.0.0 Safari/537.36 Edg/150.0.0.0"
38.175.103.134 - - [17/Jul/2026:06:06:15 +0000] "POST /3PJcpMFsD8B.php HTTP/2" 200 2810 "https://biscofy.com/3PJcpMFsD8B.php" "Mozilla/5.0 (Windows NT 10.0; Win64; x64) AppleWebKit/537.36 (KHTML, like Gecko) Chrome/150.0.0.0 Safari/537.36 Edg/150.0.0.0"
3.80.153.227 - - [17/Jul/2026:06:06:24 +0000] "GET /.git/config HTTP/1.1" 401 53 "-" "Mozilla/5.0 (Macintosh; Intel Mac OS X 10_15_3) AppleWebKit/605.1.15 (KHTML, like Gecko) Version/13.0.5 Safari/605.1.15"
162.62.213.187 - - [17/Jul/2026:06:06:35 +0000] "GET / HTTP/1.1" 200 44765 "http://www.biscofy.com" "Mozilla/5.0 (iPhone; CPU iPhone OS 13_2_3 like Mac OS X) AppleWebKit/605.1.15 (KHTML, like Gecko) Version/13.0.3 Mobile/15E148 Safari/604.1"
173.239.240.81 - - [17/Jul/2026:06:06:49 +0000] "GET /wp-login.php HTTP/1.1" 200 2085 "-" "Mozilla/5.0 (Macintosh; Intel Mac OS X 10_15_7) AppleWebKit/605.1.15 Version/17.0 Safari/605.1.15"
173.239.240.81 - - [17/Jul/2026:06:06:52 +0000] "GET /?author=1 HTTP/1.1" 301 0 "-" "Mozilla/5.0 (Windows NT 10.0; Win64; x64) AppleWebKit/537.36 Chrome/129.0.0.0 Safari/537.36"
173.239.240.81 - - [17/Jul/2026:06:06:55 +0000] "GET /?rest_route=/wp/v2/users HTTP/1.1" 200 371 "-" "Mozilla/5.0 (Windows NT 10.0; Win64; rv:143.0) Gecko/20100101 Firefox/143.0"
65.181.116.207 - - [17/Jul/2026:06:09:02 +0000] "POST /wp-cron.php?doing_wp_cron=1784268541.9870319366455078125000 HTTP/1.1" 200 0 "-" "WordPress/7.0.1; https://www.biscofy.com"
178.128.230.220 - - [17/Jul/2026:06:08:58 +0000] "POST /wp-login.php HTTP/1.1" 200 6460 "-" "Mozilla/5.0"
65.181.116.207 - - [17/Jul/2026:06:13:54 +0000] "POST /wp-cron.php?doing_wp_cron=1784268834.0819480419158935546875 HTTP/1.1" 200 0 "-" "WordPress/7.0.1; https://www.biscofy.com"
199.45.155.84 - - [17/Jul/2026:06:13:51 +0000] "GET / HTTP/1.1" 301 0 "-" "Mozilla/5.0 (compatible; CensysInspect/1.1; +https://about.censys.io/)"
199.45.155.84 - - [17/Jul/2026:06:13:56 +0000] "GET / HTTP/1.1" 200 44745 "-" "Mozilla/5.0 (compatible; CensysInspect/1.1; +https://about.censys.io/)"
199.45.155.84 - - [17/Jul/2026:06:14:02 +0000] "GET /wp-content/uploads/2025/10/cropped-BISCOFY-32x32.png HTTP/1.1" 200 481 "-" "Mozilla/5.0 (compatible; CensysInspect/1.1; +https://about.censys.io/)"
199.45.155.84 - - [17/Jul/2026:06:14:03 +0000] "GET /wp-content/uploads/2025/10/cropped-BISCOFY-192x192.png HTTP/1.1" 200 2450 "-" "Mozilla/5.0 (compatible; CensysInspect/1.1; +https://about.censys.io/)"
199.45.155.84 - - [17/Jul/2026:06:14:03 +0000] "GET /wp-content/uploads/2025/10/cropped-BISCOFY-180x180.png HTTP/1.1" 200 2283 "-" "Mozilla/5.0 (compatible; CensysInspect/1.1; +https://about.censys.io/)"
199.45.155.84 - - [17/Jul/2026:06:14:04 +0000] "GET /favicon.ico HTTP/1.1" 404 1251 "-" "Mozilla/5.0 (compatible; CensysInspect/1.1; +https://about.censys.io/)"
65.181.116.207 - - [17/Jul/2026:06:14:29 +0000] "POST /wp-cron.php?doing_wp_cron=1784268869.4344339370727539062500 HTTP/1.1" 200 0 "-" "WordPress/7.0.1; https://www.biscofy.com"
199.45.155.84 - - [17/Jul/2026:06:14:27 +0000] "GET /wp-json/?_fields=name,description,home,gmt_offset,timezone_string,namespaces HTTP/1.1" 200 252 "-" "Mozilla/5.0 (compatible; CensysInspect/1.1; +https://about.censys.io/)"
199.45.155.84 - - [17/Jul/2026:06:14:39 +0000] "GET / HTTP/1.1" 301 0 "-" "Mozilla/5.0 (compatible; CensysInspect/1.1; +https://about.censys.io/)"
65.181.116.207 - - [17/Jul/2026:06:17:42 +0000] "POST /wp-cron.php?doing_wp_cron=1784269062.9120149612426757812500 HTTP/1.1" 200 0 "-" "WordPress/7.0.1; https://www.biscofy.com"
178.128.230.220 - - [17/Jul/2026:06:17:40 +0000] "POST /wp-login.php HTTP/1.1" 200 6460 "-" "Mozilla/5.0"
65.181.116.207 - - [17/Jul/2026:06:24:16 +0000] "POST /wp-cron.php?doing_wp_cron=1784269455.9742219448089599609375 HTTP/1.1" 200 0 "-" "WordPress/7.0.1; https://www.biscofy.com"
65.110.40.244 - - [17/Jul/2026:06:24:14 +0000] "HEAD / HTTP/1.1" 301 0 "-" "Mozilla/5.0 (Macintosh; Intel Mac OS X 10_15_7) AppleWebKit/537.36 (KHTML, like Gecko) Chrome/147.0.0.0 Safari/537.36"
65.110.40.244 - - [17/Jul/2026:06:24:16 +0000] "HEAD / HTTP/1.1" 200 0 "https://biscofy.com" "Mozilla/5.0 (Macintosh; Intel Mac OS X 10_15_7) AppleWebKit/537.36 (KHTML, like Gecko) Chrome/147.0.0.0 Safari/537.36"
65.110.40.244 - - [17/Jul/2026:06:24:16 +0000] "HEAD / HTTP/1.1" 200 0 "http://biscofy.com" "Mozilla/5.0 (Macintosh; Intel Mac OS X 15_7_5) AppleWebKit/605.1.15 (KHTML, like Gecko) Version/26.0 Safari/605.1.15"
65.110.40.244 - - [17/Jul/2026:06:24:18 +0000] "GET / HTTP/1.1" 301 0 "-" "Mozilla/5.0 (Windows NT 10.0; Win64; x64) AppleWebKit/537.36 (KHTML, like Gecko) Chrome/147.0.0.0 Safari/537.36"
65.110.40.244 - - [17/Jul/2026:06:24:21 +0000] "GET / HTTP/1.1" 200 40784 "https://biscofy.com" "Mozilla/5.0 (Windows NT 10.0; Win64; x64) AppleWebKit/537.36 (KHTML, like Gecko) Chrome/147.0.0.0 Safari/537.36"
65.110.40.244 - - [17/Jul/2026:06:24:25 +0000] "GET /.git/HEAD HTTP/1.1" 403 1242 "-" "Mozilla/5.0 (Windows NT 10.0; Win64; x64; rv:149.0) Gecko/20100101 Firefox/149.0"
65.110.40.244 - - [17/Jul/2026:06:24:25 +0000] "GET /wp-content/plugins/cookieadmin/assets/js/consent.js?ver=1.1.1 HTTP/1.1" 200 4278 "-" "Mozilla/5.0 (Macintosh; Intel Mac OS X 15.7; rv:149.0) Gecko/20100101 Firefox/149.0"
65.110.40.244 - - [17/Jul/2026:06:24:25 +0000] "GET /wp-content/themes/hello-elementor/assets/js/hello-frontend.js?ver=3.4.4 HTTP/1.1" 200 496 "-" "Mozilla/5.0 (Macintosh; Intel Mac OS X 15_7_5) AppleWebKit/605.1.15 (KHTML, like Gecko) Version/26.0 Safari/605.1.15"
65.110.40.244 - - [17/Jul/2026:06:24:25 +0000] "GET /wp-content/plugins/elementor/assets/js/webpack.runtime.min.js?ver=3.32.4 HTTP/1.1" 200 2320 "-" "Mozilla/5.0 (Windows NT 10.0; Win64; x64; rv:149.0) Gecko/20100101 Firefox/149.0"
65.110.40.244 - - [17/Jul/2026:06:24:25 +0000] "GET /wp-content/plugins/elementor/assets/js/frontend-modules.min.js?ver=3.32.4 HTTP/1.1" 200 17961 "-" "Mozilla/5.0 (Windows NT 10.0; Win64; x64) AppleWebKit/537.36 (KHTML, like Gecko) Chrome/147.0.0.0 Safari/537.36"
65.110.40.244 - - [17/Jul/2026:06:24:25 +0000] "GET /wp-includes/js/jquery/ui/core.min.js?ver=1.13.3 HTTP/1.1" 200 6812 "-" "Mozilla/5.0 (Macintosh; Intel Mac OS X 15.7; rv:149.0) Gecko/20100101 Firefox/149.0"
65.110.40.244 - - [17/Jul/2026:06:24:25 +0000] "GET /wp-content/plugins/elementor/assets/js/frontend.min.js?ver=3.32.4 HTTP/1.1" 200 10164 "-" "Mozilla/5.0 (Macintosh; Intel Mac OS X 15.7; rv:149.0) Gecko/20100101 Firefox/149.0"
65.110.40.244 - - [17/Jul/2026:06:24:26 +0000] "GET /.git/config HTTP/1.1" 403 1242 "-" "Mozilla/5.0 (Windows NT 10.0; Win64; x64) AppleWebKit/537.36 (KHTML, like Gecko) Chrome/147.0.0.0 Safari/537.36"
65.110.40.244 - - [17/Jul/2026:06:24:26 +0000] "GET /wp-content/plugins/wpforms-lite/assets/js/integrations/elementor/frontend.min.js?ver=1.9.8.2 HTTP/1.1" 200 538 "-" "Mozilla/5.0 (Windows NT 10.0; Win64; x64) AppleWebKit/537.36 (KHTML, like Gecko) Chrome/147.0.0.0 Safari/537.36 Edg/146.0.3856.109"
65.110.40.244 - - [17/Jul/2026:06:24:26 +0000] "GET /wp-content/plugins/wpforms-lite/assets/js/frontend/wpforms.min.js?ver=1.9.8.2 HTTP/1.1" 200 14050 "-" "Mozilla/5.0 (Windows NT 10.0; Win64; x64) AppleWebKit/537.36 (KHTML, like Gecko) Chrome/147.0.0.0 Safari/537.36"
65.110.40.244 - - [17/Jul/2026:06:24:26 +0000] "GET /wp-content/plugins/wpforms-lite/assets/lib/mailcheck.min.js?ver=1.1.2 HTTP/1.1" 200 1615 "-" "Mozilla/5.0 (Macintosh; Intel Mac OS X 10_15_7) AppleWebKit/537.36 (KHTML, like Gecko) Chrome/147.0.0.0 Safari/537.36"
65.110.40.244 - - [17/Jul/2026:06:24:26 +0000] "GET /wp-content/plugins/wpforms-lite/assets/js/share/utils.min.js?ver=1.9.8.2 HTTP/1.1" 200 727 "-" "Mozilla/5.0 (Macintosh; Intel Mac OS X 10_15_7) AppleWebKit/537.36 (KHTML, like Gecko) Chrome/147.0.0.0 Safari/537.36"
65.110.40.244 - - [17/Jul/2026:06:24:26 +0000] "GET /wp-content/plugins/wpforms-lite/assets/lib/punycode.min.js?ver=1.0.0 HTTP/1.1" 200 833 "-" "Mozilla/5.0 (Windows NT 10.0; Win64; x64) AppleWebKit/537.36 (KHTML, like Gecko) Chrome/147.0.0.0 Safari/537.36"
65.110.40.244 - - [17/Jul/2026:06:24:26 +0000] "GET /wp-content/plugins/wpforms-lite/assets/js/frontend/wpforms-modern.min.js?ver=1.9.8.2 HTTP/1.1" 200 1866 "-" "Mozilla/5.0 (Macintosh; Intel Mac OS X 15_7_5) AppleWebKit/605.1.15 (KHTML, like Gecko) Version/26.0 Safari/605.1.15"
65.110.40.244 - - [17/Jul/2026:06:24:26 +0000] "GET /wp-content/plugins/cookieadmin-pro/assets/js/consent.js?ver=1.1.1 HTTP/1.1" 200 383 "-" "Mozilla/5.0 (Windows NT 10.0; Win64; x64) AppleWebKit/537.36 (KHTML, like Gecko) Chrome/147.0.0.0 Safari/537.36 Edg/146.0.3856.109"
65.110.40.244 - - [17/Jul/2026:06:24:26 +0000] "GET /wp-content/plugins/elementor-pro/assets/js/webpack-pro.runtime.min.js?ver=3.25.3 HTTP/1.1" 200 2628 "-" "Mozilla/5.0 (Windows NT 10.0; Win64; x64) AppleWebKit/537.36 (KHTML, like Gecko) Chrome/147.0.0.0 Safari/537.36 Edg/146.0.3856.109"
65.110.40.244 - - [17/Jul/2026:06:24:26 +0000] "GET /wp-includes/js/dist/hooks.min.js?ver=7496969728ca0f95732d HTTP/1.1" 200 1734 "-" "Mozilla/5.0 (Macintosh; Intel Mac OS X 15.7; rv:149.0) Gecko/20100101 Firefox/149.0"
65.110.40.244 - - [17/Jul/2026:06:24:26 +0000] "GET /wp-includes/js/dist/i18n.min.js?ver=781d11515ad3d91786ec HTTP/1.1" 200 2354 "-" "Mozilla/5.0 (Windows NT 10.0; Win64; x64) AppleWebKit/537.36 (KHTML, like Gecko) Chrome/147.0.0.0 Safari/537.36"
65.110.40.244 - - [17/Jul/2026:06:24:26 +0000] "GET /wp-content/plugins/elementor-pro/assets/js/frontend.min.js?ver=3.25.3 HTTP/1.1" 200 6446 "-" "Mozilla/5.0 (Macintosh; Intel Mac OS X 15_7_5) AppleWebKit/605.1.15 (KHTML, like Gecko) Version/26.0 Safari/605.1.15"
65.110.40.244 - - [17/Jul/2026:06:24:26 +0000] "GET /wp-content/plugins/elementor-pro/assets/js/elements-handlers.min.js?ver=3.25.3 HTTP/1.1" 200 9746 "-" "Mozilla/5.0 (Macintosh; Intel Mac OS X 15_7_5) AppleWebKit/605.1.15 (KHTML, like Gecko) Version/26.0 Safari/605.1.15"
65.110.40.244 - - [17/Jul/2026:06:24:26 +0000] "GET /wp-includes/js/underscore.min.js?ver=1.13.8 HTTP/1.1" 200 7228 "-" "Mozilla/5.0 (Windows NT 10.0; Win64; x64; rv:149.0) Gecko/20100101 Firefox/149.0"
65.110.40.244 - - [17/Jul/2026:06:24:26 +0000] "GET /wp-includes/js/wp-util.min.js?ver=7.0.1 HTTP/1.1" 200 693 "-" "Mozilla/5.0 (Macintosh; Intel Mac OS X 15.7; rv:149.0) Gecko/20100101 Firefox/149.0"
65.110.40.244 - - [17/Jul/2026:06:24:26 +0000] "GET /wp-content/plugins/wpforms-lite/assets/js/frontend/fields/address.min.js?ver=1.9.8.2 HTTP/1.1" 200 413 "-" "Mozilla/5.0 (Windows NT 10.0; Win64; x64) AppleWebKit/537.36 (KHTML, like Gecko) Chrome/147.0.0.0 Safari/537.36 Edg/146.0.3856.109"
65.110.40.244 - - [17/Jul/2026:06:24:26 +0000] "GET /env HTTP/1.1" 301 0 "-" "Mozilla/5.0 (Windows NT 10.0; Win64; x64) AppleWebKit/537.36 (KHTML, like Gecko) Chrome/147.0.0.0 Safari/537.36"
65.110.40.244 - - [17/Jul/2026:06:24:25 +0000] "GET /.env HTTP/1.1" 301 0 "-" "Mozilla/5.0 (Macintosh; Intel Mac OS X 15.7; rv:149.0) Gecko/20100101 Firefox/149.0"
65.110.40.244 - - [17/Jul/2026:06:24:26 +0000] "GET /config.json HTTP/1.1" 301 0 "-" "Mozilla/5.0 (Windows NT 10.0; Win64; x64) AppleWebKit/537.36 (KHTML, like Gecko) Chrome/147.0.0.0 Safari/537.36 Edg/146.0.3856.109"
65.110.40.244 - - [17/Jul/2026:06:24:26 +0000] "GET /backend/.env HTTP/1.1" 301 0 "-" "Mozilla/5.0 (Macintosh; Intel Mac OS X 15_7_5) AppleWebKit/605.1.15 (KHTML, like Gecko) Version/26.0 Safari/605.1.15"
65.110.40.244 - - [17/Jul/2026:06:24:26 +0000] "GET /.aws/credentials HTTP/1.1" 301 0 "-" "Mozilla/5.0 (Macintosh; Intel Mac OS X 10_15_7) AppleWebKit/537.36 (KHTML, like Gecko) Chrome/147.0.0.0 Safari/537.36"
65.110.40.244 - - [17/Jul/2026:06:24:26 +0000] "GET /api/.env HTTP/1.1" 301 0 "-" "Mozilla/5.0 (Windows NT 10.0; Win64; x64; rv:149.0) Gecko/20100101 Firefox/149.0"
65.110.40.244 - - [17/Jul/2026:06:24:26 +0000] "GET /.env.production HTTP/1.1" 301 0 "-" "Mozilla/5.0 (Macintosh; Intel Mac OS X 15_7_5) AppleWebKit/605.1.15 (KHTML, like Gecko) Version/26.0 Safari/605.1.15"
65.110.40.244 - - [17/Jul/2026:06:24:26 +0000] "GET /.env.development HTTP/1.1" 301 0 "-" "Mozilla/5.0 (Macintosh; Intel Mac OS X 15.7; rv:149.0) Gecko/20100101 Firefox/149.0"
65.110.40.244 - - [17/Jul/2026:06:24:26 +0000] "GET /.env.local HTTP/1.1" 301 0 "-" "Mozilla/5.0 (Macintosh; Intel Mac OS X 10_15_7) AppleWebKit/537.36 (KHTML, like Gecko) Chrome/147.0.0.0 Safari/537.36"
65.110.40.244 - - [17/Jul/2026:06:24:26 +0000] "GET / HTTP/1.1" 301 0 "-" "Mozilla/5.0 (Windows NT 10.0; Win64; x64) AppleWebKit/537.36 (KHTML, like Gecko) Chrome/147.0.0.0 Safari/537.36 Edg/146.0.3856.109"
65.110.40.244 - - [17/Jul/2026:06:24:26 +0000] "GET /js/config.js HTTP/1.1" 301 0 "-" "Mozilla/5.0 (Windows NT 10.0; Win64; x64) AppleWebKit/537.36 (KHTML, like Gecko) Chrome/147.0.0.0 Safari/537.36 Edg/146.0.3856.109"
65.110.40.244 - - [17/Jul/2026:06:24:27 +0000] "GET /env HTTP/1.1" 404 32950 "https://biscofy.com/env" "Mozilla/5.0 (Windows NT 10.0; Win64; x64) AppleWebKit/537.36 (KHTML, like Gecko) Chrome/147.0.0.0 Safari/537.36"
65.110.40.244 - - [17/Jul/2026:06:24:27 +0000] "GET /backend/.env HTTP/1.1" 404 32950 "https://biscofy.com/backend/.env" "Mozilla/5.0 (Macintosh; Intel Mac OS X 15_7_5) AppleWebKit/605.1.15 (KHTML, like Gecko) Version/26.0 Safari/605.1.15"
65.110.40.244 - - [17/Jul/2026:06:24:27 +0000] "GET /.aws/credentials HTTP/1.1" 404 32949 "https://biscofy.com/.aws/credentials" "Mozilla/5.0 (Macintosh; Intel Mac OS X 10_15_7) AppleWebKit/537.36 (KHTML, like Gecko) Chrome/147.0.0.0 Safari/537.36"
65.110.40.244 - - [17/Jul/2026:06:24:27 +0000] "GET /api/.env HTTP/1.1" 404 32950 "https://biscofy.com/api/.env" "Mozilla/5.0 (Windows NT 10.0; Win64; x64; rv:149.0) Gecko/20100101 Firefox/149.0"
65.110.40.244 - - [17/Jul/2026:06:24:27 +0000] "GET /.env HTTP/1.1" 404 32950 "https://biscofy.com/.env" "Mozilla/5.0 (Macintosh; Intel Mac OS X 15.7; rv:149.0) Gecko/20100101 Firefox/149.0"
65.110.40.244 - - [17/Jul/2026:06:24:27 +0000] "GET /.env.development HTTP/1.1" 404 32950 "https://biscofy.com/.env.development" "Mozilla/5.0 (Macintosh; Intel Mac OS X 15.7; rv:149.0) Gecko/20100101 Firefox/149.0"
65.110.40.244 - - [17/Jul/2026:06:24:27 +0000] "GET /config.json HTTP/1.1" 404 32950 "https://biscofy.com/config.json" "Mozilla/5.0 (Windows NT 10.0; Win64; x64) AppleWebKit/537.36 (KHTML, like Gecko) Chrome/147.0.0.0 Safari/537.36 Edg/146.0.3856.109"
65.110.40.244 - - [17/Jul/2026:06:24:27 +0000] "GET /.env.production HTTP/1.1" 404 32949 "https://biscofy.com/.env.production" "Mozilla/5.0 (Macintosh; Intel Mac OS X 15_7_5) AppleWebKit/605.1.15 (KHTML, like Gecko) Version/26.0 Safari/605.1.15"
65.110.40.244 - - [17/Jul/2026:06:24:27 +0000] "GET /.env.local HTTP/1.1" 404 32989 "https://biscofy.com/.env.local" "Mozilla/5.0 (Macintosh; Intel Mac OS X 10_15_7) AppleWebKit/537.36 (KHTML, like Gecko) Chrome/147.0.0.0 Safari/537.36"
65.110.40.244 - - [17/Jul/2026:06:24:28 +0000] "GET /js/config.js HTTP/1.1" 404 32949 "https://biscofy.com/js/config.js" "Mozilla/5.0 (Windows NT 10.0; Win64; x64) AppleWebKit/537.36 (KHTML, like Gecko) Chrome/147.0.0.0 Safari/537.36 Edg/146.0.3856.109"
65.110.40.244 - - [17/Jul/2026:06:24:28 +0000] "GET / HTTP/1.1" 200 40241 "https://biscofy.com/" "Mozilla/5.0 (Windows NT 10.0; Win64; x64) AppleWebKit/537.36 (KHTML, like Gecko) Chrome/147.0.0.0 Safari/537.36 Edg/146.0.3856.109"
65.110.40.244 - - [17/Jul/2026:06:24:32 +0000] "GET /wp-content/plugins/wpforms-lite/assets/js/frontend/fields/address.min.js?ver=1.9.8.2 HTTP/1.1" 200 413 "-" "Mozilla/5.0 (Macintosh; Intel Mac OS X 15_7_5) AppleWebKit/605.1.15 (KHTML, like Gecko) Version/26.0 Safari/605.1.15"
65.110.40.244 - - [17/Jul/2026:06:24:32 +0000] "GET /wp-content/plugins/cookieadmin/assets/js/consent.js?ver=1.1.1 HTTP/1.1" 200 4278 "-" "Mozilla/5.0 (Windows NT 10.0; Win64; x64) AppleWebKit/537.36 (KHTML, like Gecko) Chrome/147.0.0.0 Safari/537.36 Edg/146.0.3856.109"
65.110.40.244 - - [17/Jul/2026:06:24:32 +0000] "GET /wp-content/themes/hello-elementor/assets/js/hello-frontend.js?ver=3.4.4 HTTP/1.1" 200 496 "-" "Mozilla/5.0 (Macintosh; Intel Mac OS X 10_15_7) AppleWebKit/537.36 (KHTML, like Gecko) Chrome/147.0.0.0 Safari/537.36"
65.110.40.244 - - [17/Jul/2026:06:24:32 +0000] "GET /wp-content/plugins/elementor/assets/js/webpack.runtime.min.js?ver=3.32.4 HTTP/1.1" 200 2320 "-" "Mozilla/5.0 (Macintosh; Intel Mac OS X 15.7; rv:149.0) Gecko/20100101 Firefox/149.0"
65.110.40.244 - - [17/Jul/2026:06:24:32 +0000] "GET /wp-content/plugins/elementor/assets/js/frontend-modules.min.js?ver=3.32.4 HTTP/1.1" 200 17961 "-" "Mozilla/5.0 (Windows NT 10.0; Win64; x64) AppleWebKit/537.36 (KHTML, like Gecko) Chrome/147.0.0.0 Safari/537.36"
65.110.40.244 - - [17/Jul/2026:06:24:32 +0000] "GET /wp-includes/js/jquery/ui/core.min.js?ver=1.13.3 HTTP/1.1" 200 6812 "-" "Mozilla/5.0 (Macintosh; Intel Mac OS X 10_15_7) AppleWebKit/537.36 (KHTML, like Gecko) Chrome/147.0.0.0 Safari/537.36"
65.110.40.244 - - [17/Jul/2026:06:24:32 +0000] "GET /wp-content/plugins/elementor/assets/js/frontend.min.js?ver=3.32.4 HTTP/1.1" 200 10164 "-" "Mozilla/5.0 (Windows NT 10.0; Win64; x64; rv:149.0) Gecko/20100101 Firefox/149.0"
65.110.40.244 - - [17/Jul/2026:06:24:32 +0000] "GET /wp-content/plugins/cookieadmin-pro/assets/js/consent.js?ver=1.1.1 HTTP/1.1" 200 383 "-" "Mozilla/5.0 (Windows NT 10.0; Win64; x64) AppleWebKit/537.36 (KHTML, like Gecko) Chrome/147.0.0.0 Safari/537.36"
65.110.40.244 - - [17/Jul/2026:06:24:32 +0000] "GET /wp-content/plugins/elementor-pro/assets/js/webpack-pro.runtime.min.js?ver=3.25.3 HTTP/1.1" 200 2628 "-" "Mozilla/5.0 (Windows NT 10.0; Win64; x64; rv:149.0) Gecko/20100101 Firefox/149.0"
65.110.40.244 - - [17/Jul/2026:06:24:32 +0000] "GET /wp-includes/js/dist/hooks.min.js?ver=7496969728ca0f95732d HTTP/1.1" 200 1734 "-" "Mozilla/5.0 (Macintosh; Intel Mac OS X 15_7_5) AppleWebKit/605.1.15 (KHTML, like Gecko) Version/26.0 Safari/605.1.15"
65.110.40.244 - - [17/Jul/2026:06:24:32 +0000] "GET /wp-includes/js/dist/i18n.min.js?ver=781d11515ad3d91786ec HTTP/1.1" 200 2354 "-" "Mozilla/5.0 (Macintosh; Intel Mac OS X 15_7_5) AppleWebKit/605.1.15 (KHTML, like Gecko) Version/26.0 Safari/605.1.15"
65.110.40.244 - - [17/Jul/2026:06:24:32 +0000] "GET /wp-content/plugins/elementor-pro/assets/js/frontend.min.js?ver=3.25.3 HTTP/1.1" 200 6446 "-" "Mozilla/5.0 (Windows NT 10.0; Win64; x64) AppleWebKit/537.36 (KHTML, like Gecko) Chrome/147.0.0.0 Safari/537.36 Edg/146.0.3856.109"
65.110.40.244 - - [17/Jul/2026:06:24:32 +0000] "GET /wp-content/plugins/elementor-pro/assets/js/elements-handlers.min.js?ver=3.25.3 HTTP/1.1" 200 9746 "-" "Mozilla/5.0 (Windows NT 10.0; Win64; x64) AppleWebKit/537.36 (KHTML, like Gecko) Chrome/147.0.0.0 Safari/537.36 Edg/146.0.3856.109"
65.110.40.244 - - [17/Jul/2026:06:24:32 +0000] "GET /wp-includes/js/underscore.min.js?ver=1.13.8 HTTP/1.1" 200 7228 "-" "Mozilla/5.0 (Windows NT 10.0; Win64; x64) AppleWebKit/537.36 (KHTML, like Gecko) Chrome/147.0.0.0 Safari/537.36 Edg/146.0.3856.109"
65.110.40.244 - - [17/Jul/2026:06:24:32 +0000] "GET /wp-includes/js/wp-util.min.js?ver=7.0.1 HTTP/1.1" 200 693 "-" "Mozilla/5.0 (Macintosh; Intel Mac OS X 15_7_5) AppleWebKit/605.1.15 (KHTML, like Gecko) Version/26.0 Safari/605.1.15"
65.110.40.244 - - [17/Jul/2026:06:24:32 +0000] "GET /wp-content/plugins/wpforms-lite/assets/js/frontend/wpforms.min.js?ver=1.9.8.2 HTTP/1.1" 200 14050 "-" "Mozilla/5.0 (Windows NT 10.0; Win64; x64) AppleWebKit/537.36 (KHTML, like Gecko) Chrome/147.0.0.0 Safari/537.36 Edg/146.0.3856.109"
65.110.40.244 - - [17/Jul/2026:06:24:32 +0000] "GET /wp-content/plugins/wpforms-lite/assets/js/integrations/elementor/frontend.min.js?ver=1.9.8.2 HTTP/1.1" 200 538 "-" "Mozilla/5.0 (Windows NT 10.0; Win64; x64) AppleWebKit/537.36 (KHTML, like Gecko) Chrome/147.0.0.0 Safari/537.36"
65.110.40.244 - - [17/Jul/2026:06:24:32 +0000] "GET /wp-content/plugins/wpforms-lite/assets/lib/mailcheck.min.js?ver=1.1.2 HTTP/1.1" 200 1615 "-" "Mozilla/5.0 (Windows NT 10.0; Win64; x64) AppleWebKit/537.36 (KHTML, like Gecko) Chrome/147.0.0.0 Safari/537.36"
65.110.40.244 - - [17/Jul/2026:06:24:32 +0000] "GET /wp-content/plugins/wpforms-lite/assets/lib/punycode.min.js?ver=1.0.0 HTTP/1.1" 200 833 "-" "Mozilla/5.0 (Windows NT 10.0; Win64; x64) AppleWebKit/537.36 (KHTML, like Gecko) Chrome/147.0.0.0 Safari/537.36 Edg/146.0.3856.109"
65.110.40.244 - - [17/Jul/2026:06:24:32 +0000] "GET /wp-content/plugins/wpforms-lite/assets/js/share/utils.min.js?ver=1.9.8.2 HTTP/1.1" 200 727 "-" "Mozilla/5.0 (Windows NT 10.0; Win64; x64) AppleWebKit/537.36 (KHTML, like Gecko) Chrome/147.0.0.0 Safari/537.36"
65.110.40.244 - - [17/Jul/2026:06:24:33 +0000] "GET /wp-content/plugins/wpforms-lite/assets/js/frontend/wpforms-modern.min.js?ver=1.9.8.2 HTTP/1.1" 200 1866 "-" "Mozilla/5.0 (Macintosh; Intel Mac OS X 10_15_7) AppleWebKit/537.36 (KHTML, like Gecko) Chrome/147.0.0.0 Safari/537.36"
65.181.116.207 - - [17/Jul/2026:06:26:33 +0000] "POST /wp-cron.php?doing_wp_cron=1784269592.9584140777587890625000 HTTP/1.1" 200 0 "-" "WordPress/7.0.1; https://www.biscofy.com"
178.128.230.220 - - [17/Jul/2026:06:26:30 +0000] "POST /wp-login.php HTTP/1.1" 200 6460 "-" "Mozilla/5.0"
154.92.130.94 - - [17/Jul/2026:06:29:45 +0000] "GET /image/index.php HTTP/2" 200 16 "-" "Mozilla/5.0 (compatible; Googlebot/2.1; +http://www.google.com/bot.html)"
154.92.130.94 - - [17/Jul/2026:06:29:46 +0000] "GET /favicon.ico HTTP/2" 404 1251 "https://biscofy.com/image/index.php" "Mozilla/5.0 (compatible; Googlebot/2.1; +http://www.google.com/bot.html)"
45.148.10.120 - - [17/Jul/2026:06:33:56 +0000] "GET /.git/config HTTP/1.1" 401 53 "-" "Mozilla/5.0 (Linux; Android 9; MI 9) AppleWebKit/537.36 (KHTML, like Gecko) Chrome/76.0.3809.111 Mobile Safari/537.36"
65.181.116.207 - - [17/Jul/2026:06:35:24 +0000] "POST /wp-cron.php?doing_wp_cron=1784270124.3297359943389892578125 HTTP/1.1" 200 0 "-" "WordPress/7.0.1; https://www.biscofy.com"
178.128.230.220 - - [17/Jul/2026:06:35:22 +0000] "POST /wp-login.php HTTP/1.1" 200 6460 "-" "Mozilla/5.0"
147.53.121.195 - - [17/Jul/2026:06:38:57 +0000] "GET /image/index.php HTTP/1.1" 200 12 "-" "Mozilla/5.0 (Windows NT 10.0; Win64; x64) AppleWebKit/537.36"
170.199.229.178 - - [17/Jul/2026:06:38:57 +0000] "POST /image/index.php HTTP/1.1" 200 643 "-" "Mozilla/5.0 (Windows NT 10.0; Win64; x64) AppleWebKit/537.36"
65.181.116.207 - - [17/Jul/2026:06:40:54 +0000] "POST /wp-cron.php?doing_wp_cron=1784270453.9470989704132080078125 HTTP/1.1" 200 0 "-" "WordPress/7.0.1; https://www.biscofy.com"
57.141.0.1 - - [17/Jul/2026:06:40:50 +0000] "GET /the-role-of-analytics-in-modern-marketing-campaigns/ HTTP/2" 200 120258 "-" "Mozilla/5.0 (Windows NT 10.0; Win64; x64) AppleWebKit/537.36 (KHTML, like Gecko) Chrome/145.0.0.0 Safari/537.36 (compatible; meta-externalagent/1.1 (+https://developers.facebook.com/docs/sharing/webmasters/crawler))"
65.181.116.207 - - [17/Jul/2026:06:41:19 +0000] "POST /wp-cron.php?doing_wp_cron=1784270479.2809090614318847656250 HTTP/1.1" 200 0 "-" "WordPress/7.0.1; https://www.biscofy.com"
15.235.98.186 - - [17/Jul/2026:06:41:17 +0000] "GET /sitemaps.xml HTTP/2" 200 235 "-" "Mozilla/5.0 (compatible; AhrefsBot/7.0; +http://ahrefs.com/robot/)"
51.222.168.240 - - [17/Jul/2026:06:41:20 +0000] "GET /post-sitemap1.xml HTTP/2" 200 244 "-" "Mozilla/5.0 (compatible; AhrefsBot/7.0; +http://ahrefs.com/robot/)"
167.114.139.50 - - [17/Jul/2026:06:41:23 +0000] "GET /page-sitemap1.xml HTTP/2" 200 547 "-" "Mozilla/5.0 (compatible; AhrefsBot/7.0; +http://ahrefs.com/robot/)"
