206.189.19.19 - - [17/Jul/2026:05:35:24 +0000] "PROPFIND / HTTP/1.1" 401 53 "-" "Mozilla/5.0 (l9scan/2.0.730323e2631313e2138313e25363; +https://leakix.net)"
142.93.143.8 - - [17/Jul/2026:05:35:24 +0000] "GET /trace.axd HTTP/1.1" 404 3415 "-" "Mozilla/5.0 (l9scan/2.0.730323e2631313e2138313e25363; +https://leakix.net)"
206.189.19.19 - - [17/Jul/2026:05:35:24 +0000] "GET /?rest_route=/wp/v2/users/ HTTP/1.1" 401 53 "-" "Mozilla/5.0 (l9scan/2.0.730323e2631313e2138313e25363; +https://leakix.net)"
68.183.9.16 - - [17/Jul/2026:05:35:24 +0000] "GET /.vscode/sftp.json HTTP/1.1" 200 312 "-" "Mozilla/5.0 (l9scan/2.0.730323e2631313e2138313e25363; +https://leakix.net)"
157.245.204.205 - - [17/Jul/2026:05:35:25 +0000] "GET /info.php HTTP/1.1" 400 52 "-" "Mozilla/5.0 (l9scan/2.0.730323e2631313e2138313e25363; +https://leakix.net)"
142.93.129.190 - - [17/Jul/2026:05:35:22 +0000] "GET /server HTTP/1.1" 200 0 "-" "Mozilla/5.0 (l9scan/2.0.730323e2631313e2138313e25363; +https://leakix.net)"
157.230.19.140 - - [17/Jul/2026:05:35:25 +0000] "GET /trace.axd HTTP/1.1" 404 3418 "-" "Mozilla/5.0 (l9scan/2.0.730323e2631313e2138313e25363; +https://leakix.net)"
142.93.143.8 - - [17/Jul/2026:05:35:25 +0000] "GET /@vite/env HTTP/1.1" 404 3415 "-" "Mozilla/5.0 (l9scan/2.0.730323e2631313e2138313e25363; +https://leakix.net)"
206.189.19.19 - - [17/Jul/2026:05:35:25 +0000] "GET /debug/default/view?panel=config HTTP/1.1" 401 53 "-" "Mozilla/5.0 (l9scan/2.0.730323e2631313e2138313e25363; +https://leakix.net)"
167.71.175.236 - - [17/Jul/2026:05:35:22 +0000] "GET /login.action HTTP/1.1" 200 0 "-" "Mozilla/5.0 (l9scan/2.0.730323e2631313e2138313e25363; +https://leakix.net)"
157.230.19.140 - - [17/Jul/2026:05:35:25 +0000] "GET /@vite/env HTTP/1.1" 404 3418 "-" "Mozilla/5.0 (l9scan/2.0.730323e2631313e2138313e25363; +https://leakix.net)"
157.245.204.205 - - [17/Jul/2026:05:35:25 +0000] "GET /actuator/env HTTP/1.1" 400 52 "-" "Mozilla/5.0 (l9scan/2.0.730323e2631313e2138313e25363; +https://leakix.net)"
68.183.9.16 - - [17/Jul/2026:05:35:25 +0000] "OPTIONS / HTTP/1.1" 200 312 "-" "Mozilla/5.0 (l9scan/2.0.730323e2631313e2138313e25363; +https://leakix.net)"
143.110.217.244 - - [17/Jul/2026:05:35:23 +0000] "GET /server-status HTTP/1.1" 200 0 "-" "Mozilla/5.0 (l9scan/2.0.730323e2631313e2138313e25363; +https://leakix.net)"
142.93.143.8 - - [17/Jul/2026:05:35:26 +0000] "GET /.vscode/sftp.json HTTP/1.1" 404 3415 "-" "Mozilla/5.0 (l9scan/2.0.730323e2631313e2138313e25363; +https://leakix.net)"
157.230.19.140 - - [17/Jul/2026:05:35:26 +0000] "GET /.vscode/sftp.json HTTP/1.1" 404 3418 "-" "Mozilla/5.0 (l9scan/2.0.730323e2631313e2138313e25363; +https://leakix.net)"
68.183.9.16 - - [17/Jul/2026:05:35:26 +0000] "GET /?rest_route=/wp/v2/users/ HTTP/1.1" 200 312 "-" "Mozilla/5.0 (l9scan/2.0.730323e2631313e2138313e25363; +https://leakix.net)"
142.93.143.8 - - [17/Jul/2026:05:35:27 +0000] "OPTIONS / HTTP/1.1" 200 12488 "-" "Mozilla/5.0 (l9scan/2.0.730323e2631313e2138313e25363; +https://leakix.net)"
157.245.204.205 - - [17/Jul/2026:05:35:27 +0000] "GET /trace.axd HTTP/1.1" 400 52 "-" "Mozilla/5.0 (l9scan/2.0.730323e2631313e2138313e25363; +https://leakix.net)"
68.183.9.16 - - [17/Jul/2026:05:35:28 +0000] "GET /debug/default/view?panel=config HTTP/1.1" 200 312 "-" "Mozilla/5.0 (l9scan/2.0.730323e2631313e2138313e25363; +https://leakix.net)"
157.230.19.140 - - [17/Jul/2026:05:35:28 +0000] "OPTIONS / HTTP/1.1" 200 12490 "-" "Mozilla/5.0 (l9scan/2.0.730323e2631313e2138313e25363; +https://leakix.net)"
142.93.129.190 - - [17/Jul/2026:05:35:25 +0000] "GET /server-status HTTP/1.1" 200 0 "-" "Mozilla/5.0 (l9scan/2.0.730323e2631313e2138313e25363; +https://leakix.net)"
142.93.143.8 - - [17/Jul/2026:05:35:28 +0000] "GET /?rest_route=/wp/v2/users/ HTTP/1.1" 200 12490 "-" "Mozilla/5.0 (l9scan/2.0.730323e2631313e2138313e25363; +https://leakix.net)"
167.71.175.236 - - [17/Jul/2026:05:35:25 +0000] "GET / HTTP/1.1" 200 0 "-" "Mozilla/5.0 (l9scan/2.0.730323e2631313e2138313e25363; +https://leakix.net)"
157.245.204.205 - - [17/Jul/2026:05:35:28 +0000] "GET /@vite/env HTTP/1.1" 400 52 "-" "Mozilla/5.0 (l9scan/2.0.730323e2631313e2138313e25363; +https://leakix.net)"
157.230.19.140 - - [17/Jul/2026:05:35:28 +0000] "GET /?rest_route=/wp/v2/users/ HTTP/1.1" 200 12494 "-" "Mozilla/5.0 (l9scan/2.0.730323e2631313e2138313e25363; +https://leakix.net)"
143.110.217.244 - - [17/Jul/2026:05:35:26 +0000] "GET /about HTTP/1.1" 200 0 "-" "Mozilla/5.0 (l9scan/2.0.730323e2631313e2138313e25363; +https://leakix.net)"
142.93.143.8 - - [17/Jul/2026:05:35:29 +0000] "GET /debug/default/view?panel=config HTTP/1.1" 404 3415 "-" "Mozilla/5.0 (l9scan/2.0.730323e2631313e2138313e25363; +https://leakix.net)"
157.245.204.205 - - [17/Jul/2026:05:35:29 +0000] "GET /.vscode/sftp.json HTTP/1.1" 400 52 "-" "Mozilla/5.0 (l9scan/2.0.730323e2631313e2138313e25363; +https://leakix.net)"
157.230.19.140 - - [17/Jul/2026:05:35:30 +0000] "GET /debug/default/view?panel=config HTTP/1.1" 404 3418 "-" "Mozilla/5.0 (l9scan/2.0.730323e2631313e2138313e25363; +https://leakix.net)"
157.245.204.205 - - [17/Jul/2026:05:35:30 +0000] "OPTIONS / HTTP/1.1" 400 52 "-" "Mozilla/5.0 (l9scan/2.0.730323e2631313e2138313e25363; +https://leakix.net)"
142.93.129.190 - - [17/Jul/2026:05:35:28 +0000] "GET /about HTTP/1.1" 200 0 "-" "Mozilla/5.0 (l9scan/2.0.730323e2631313e2138313e25363; +https://leakix.net)"
157.245.204.205 - - [17/Jul/2026:05:35:31 +0000] "GET /?rest_route=/wp/v2/users/ HTTP/1.1" 400 52 "-" "Mozilla/5.0 (l9scan/2.0.730323e2631313e2138313e25363; +https://leakix.net)"
167.71.175.236 - - [17/Jul/2026:05:35:28 +0000] "GET /___proxy_subdomain_whm/login HTTP/1.1" 200 0 "-" "Mozilla/5.0 (l9scan/2.0.730323e2631313e2138313e25363; +https://leakix.net)"
143.110.217.244 - - [17/Jul/2026:05:35:29 +0000] "GET /login.action HTTP/1.1" 200 0 "-" "Mozilla/5.0 (l9scan/2.0.730323e2631313e2138313e25363; +https://leakix.net)"
157.245.204.205 - - [17/Jul/2026:05:35:32 +0000] "GET /debug/default/view?panel=config HTTP/1.1" 400 52 "-" "Mozilla/5.0 (l9scan/2.0.730323e2631313e2138313e25363; +https://leakix.net)"
15.236.180.103 - - [17/Jul/2026:05:35:21 +0000] "GET /database/.env HTTP/1.1" 200 0 "-" "Mozilla/5.0 (Windows NT 10.0; Win64; x64) AppleWebKit/537.36 (KHTML, like Gecko) Chrome/131.0.0.0 Safari/537.36"
142.93.129.190 - - [17/Jul/2026:05:35:32 +0000] "GET /login.action HTTP/1.1" 200 0 "-" "Mozilla/5.0 (l9scan/2.0.730323e2631313e2138313e25363; +https://leakix.net)"
167.71.175.236 - - [17/Jul/2026:05:35:31 +0000] "GET /___proxy_subdomain_cpanel HTTP/1.1" 200 0 "-" "Mozilla/5.0 (l9scan/2.0.730323e2631313e2138313e25363; +https://leakix.net)"
143.110.217.244 - - [17/Jul/2026:05:35:32 +0000] "GET / HTTP/1.1" 200 0 "-" "Mozilla/5.0 (l9scan/2.0.730323e2631313e2138313e25363; +https://leakix.net)"
142.93.129.190 - - [17/Jul/2026:05:35:34 +0000] "GET / HTTP/1.1" 200 0 "-" "Mozilla/5.0 (l9scan/2.0.730323e2631313e2138313e25363; +https://leakix.net)"
167.71.175.236 - - [17/Jul/2026:05:35:35 +0000] "GET /v2/_catalog HTTP/1.1" 200 0 "-" "Mozilla/5.0 (l9scan/2.0.730323e2631313e2138313e25363; +https://leakix.net)"
143.110.217.244 - - [17/Jul/2026:05:35:35 +0000] "GET /___proxy_subdomain_whm/login HTTP/1.1" 200 0 "-" "Mozilla/5.0 (l9scan/2.0.730323e2631313e2138313e25363; +https://leakix.net)"
15.236.180.103 - - [17/Jul/2026:05:35:29 +0000] "GET /storage/.env HTTP/1.1" 200 0 "-" "Mozilla/5.0 (Windows NT 10.0; Win64; x64) AppleWebKit/537.36 (KHTML, like Gecko) Chrome/131.0.0.0 Safari/537.36"
142.93.129.190 - - [17/Jul/2026:05:35:37 +0000] "GET /___proxy_subdomain_whm/login HTTP/1.1" 200 0 "-" "Mozilla/5.0 (l9scan/2.0.730323e2631313e2138313e25363; +https://leakix.net)"
167.71.175.236 - - [17/Jul/2026:05:35:37 +0000] "GET /.DS_Store HTTP/1.1" 200 0 "-" "Mozilla/5.0 (l9scan/2.0.730323e2631313e2138313e25363; +https://leakix.net)"
143.110.217.244 - - [17/Jul/2026:05:35:38 +0000] "GET /___proxy_subdomain_cpanel HTTP/1.1" 200 0 "-" "Mozilla/5.0 (l9scan/2.0.730323e2631313e2138313e25363; +https://leakix.net)"
142.93.129.190 - - [17/Jul/2026:05:35:40 +0000] "GET /___proxy_subdomain_cpanel HTTP/1.1" 200 0 "-" "Mozilla/5.0 (l9scan/2.0.730323e2631313e2138313e25363; +https://leakix.net)"
167.71.175.236 - - [17/Jul/2026:05:35:41 +0000] "GET /.env HTTP/1.1" 200 0 "-" "Mozilla/5.0 (l9scan/2.0.730323e2631313e2138313e25363; +https://leakix.net)"
143.110.217.244 - - [17/Jul/2026:05:35:41 +0000] "GET /v2/_catalog HTTP/1.1" 200 0 "-" "Mozilla/5.0 (l9scan/2.0.730323e2631313e2138313e25363; +https://leakix.net)"
142.93.129.190 - - [17/Jul/2026:05:35:43 +0000] "GET /v2/_catalog HTTP/1.1" 200 0 "-" "Mozilla/5.0 (l9scan/2.0.730323e2631313e2138313e25363; +https://leakix.net)"
143.110.217.244 - - [17/Jul/2026:05:35:44 +0000] "GET /.DS_Store HTTP/1.1" 200 0 "-" "Mozilla/5.0 (l9scan/2.0.730323e2631313e2138313e25363; +https://leakix.net)"
167.71.175.236 - - [17/Jul/2026:05:35:44 +0000] "GET /ecp/Current/exporttool/microsoft.exchange.ediscovery.exporttool.application HTTP/1.1" 200 0 "-" "Mozilla/5.0 (l9scan/2.0.730323e2631313e2138313e25363; +https://leakix.net)"
15.236.180.103 - - [17/Jul/2026:05:35:37 +0000] "GET /var/www/.env HTTP/1.1" 200 0 "-" "Mozilla/5.0 (Windows NT 10.0; Win64; x64) AppleWebKit/537.36 (KHTML, like Gecko) Chrome/131.0.0.0 Safari/537.36"
167.71.175.236 - - [17/Jul/2026:05:35:48 +0000] "GET /.git/config HTTP/1.1" 403 1242 "-" "Mozilla/5.0 (l9scan/2.0.730323e2631313e2138313e25363; +https://leakix.net)"
142.93.129.190 - - [17/Jul/2026:05:35:46 +0000] "GET /.DS_Store HTTP/1.1" 200 0 "-" "Mozilla/5.0 (l9scan/2.0.730323e2631313e2138313e25363; +https://leakix.net)"
143.110.217.244 - - [17/Jul/2026:05:35:47 +0000] "GET /.env HTTP/1.1" 200 0 "-" "Mozilla/5.0 (l9scan/2.0.730323e2631313e2138313e25363; +https://leakix.net)"
142.93.129.190 - - [17/Jul/2026:05:35:49 +0000] "GET /.env HTTP/1.1" 200 0 "-" "Mozilla/5.0 (l9scan/2.0.730323e2631313e2138313e25363; +https://leakix.net)"
167.71.175.236 - - [17/Jul/2026:05:35:49 +0000] "POST /graphql HTTP/1.1" 200 0 "-" "Mozilla/5.0 (l9scan/2.0.730323e2631313e2138313e25363; +https://leakix.net)"
143.110.217.244 - - [17/Jul/2026:05:35:51 +0000] "GET /ecp/Current/exporttool/microsoft.exchange.ediscovery.exporttool.application HTTP/1.1" 200 0 "-" "Mozilla/5.0 (l9scan/2.0.730323e2631313e2138313e25363; +https://leakix.net)"
143.110.217.244 - - [17/Jul/2026:05:35:55 +0000] "GET /.git/config HTTP/1.1" 403 1242 "-" "Mozilla/5.0 (l9scan/2.0.730323e2631313e2138313e25363; +https://leakix.net)"
167.71.175.236 - - [17/Jul/2026:05:35:52 +0000] "POST /api HTTP/1.1" 200 0 "-" "Mozilla/5.0 (l9scan/2.0.730323e2631313e2138313e25363; +https://leakix.net)"
142.93.129.190 - - [17/Jul/2026:05:35:53 +0000] "GET /ecp/Current/exporttool/microsoft.exchange.ediscovery.exporttool.application HTTP/1.1" 200 0 "-" "Mozilla/5.0 (l9scan/2.0.730323e2631313e2138313e25363; +https://leakix.net)"
15.236.180.103 - - [17/Jul/2026:05:35:45 +0000] "GET /var/www/html/.env HTTP/1.1" 200 0 "-" "Mozilla/5.0 (Windows NT 10.0; Win64; x64) AppleWebKit/537.36 (KHTML, like Gecko) Chrome/131.0.0.0 Safari/537.36"
142.93.129.190 - - [17/Jul/2026:05:35:57 +0000] "GET /.git/config HTTP/1.1" 403 1242 "-" "Mozilla/5.0 (l9scan/2.0.730323e2631313e2138313e25363; +https://leakix.net)"
167.71.175.236 - - [17/Jul/2026:05:35:56 +0000] "POST /api/graphql HTTP/1.1" 200 0 "-" "Mozilla/5.0 (l9scan/2.0.730323e2631313e2138313e25363; +https://leakix.net)"
143.110.217.244 - - [17/Jul/2026:05:35:56 +0000] "POST /graphql HTTP/1.1" 200 0 "-" "Mozilla/5.0 (l9scan/2.0.730323e2631313e2138313e25363; +https://leakix.net)"
142.93.129.190 - - [17/Jul/2026:05:35:59 +0000] "POST /graphql HTTP/1.1" 200 0 "-" "Mozilla/5.0 (l9scan/2.0.730323e2631313e2138313e25363; +https://leakix.net)"
167.71.175.236 - - [17/Jul/2026:05:35:58 +0000] "POST /graphql/api HTTP/1.1" 200 0 "-" "Mozilla/5.0 (l9scan/2.0.730323e2631313e2138313e25363; +https://leakix.net)"
143.110.217.244 - - [17/Jul/2026:05:35:59 +0000] "POST /api HTTP/1.1" 200 0 "-" "Mozilla/5.0 (l9scan/2.0.730323e2631313e2138313e25363; +https://leakix.net)"
142.93.129.190 - - [17/Jul/2026:05:36:01 +0000] "POST /api HTTP/1.1" 200 0 "-" "Mozilla/5.0 (l9scan/2.0.730323e2631313e2138313e25363; +https://leakix.net)"
167.71.175.236 - - [17/Jul/2026:05:36:02 +0000] "POST /api/gql HTTP/1.1" 200 0 "-" "Mozilla/5.0 (l9scan/2.0.730323e2631313e2138313e25363; +https://leakix.net)"
143.110.217.244 - - [17/Jul/2026:05:36:02 +0000] "POST /api/graphql HTTP/1.1" 200 0 "-" "Mozilla/5.0 (l9scan/2.0.730323e2631313e2138313e25363; +https://leakix.net)"
15.236.180.103 - - [17/Jul/2026:05:35:54 +0000] "GET /current/.env HTTP/1.1" 200 0 "-" "Mozilla/5.0 (Windows NT 10.0; Win64; x64) AppleWebKit/537.36 (KHTML, like Gecko) Chrome/131.0.0.0 Safari/537.36"
142.93.129.190 - - [17/Jul/2026:05:36:04 +0000] "POST /api/graphql HTTP/1.1" 200 0 "-" "Mozilla/5.0 (l9scan/2.0.730323e2631313e2138313e25363; +https://leakix.net)"
167.71.175.236 - - [17/Jul/2026:05:36:05 +0000] "GET /s/730323e2631313e2138313e25363/_/;/META-INF/maven/com.atlassian.jira/jira-webapp-dist/pom.properties HTTP/1.1" 200 0 "-" "Mozilla/5.0 (l9scan/2.0.730323e2631313e2138313e25363; +https://leakix.net)"
143.110.217.244 - - [17/Jul/2026:05:36:05 +0000] "POST /graphql/api HTTP/1.1" 200 0 "-" "Mozilla/5.0 (l9scan/2.0.730323e2631313e2138313e25363; +https://leakix.net)"
142.93.129.190 - - [17/Jul/2026:05:36:07 +0000] "POST /graphql/api HTTP/1.1" 200 0 "-" "Mozilla/5.0 (l9scan/2.0.730323e2631313e2138313e25363; +https://leakix.net)"
167.71.175.236 - - [17/Jul/2026:05:36:08 +0000] "GET /config.json HTTP/1.1" 200 0 "-" "Mozilla/5.0 (l9scan/2.0.730323e2631313e2138313e25363; +https://leakix.net)"
143.110.217.244 - - [17/Jul/2026:05:36:08 +0000] "POST /api/gql HTTP/1.1" 200 0 "-" "Mozilla/5.0 (l9scan/2.0.730323e2631313e2138313e25363; +https://leakix.net)"
15.236.180.103 - - [17/Jul/2026:05:36:02 +0000] "GET /release/.env HTTP/1.1" 200 0 "-" "Mozilla/5.0 (Windows NT 10.0; Win64; x64) AppleWebKit/537.36 (KHTML, like Gecko) Chrome/131.0.0.0 Safari/537.36"
142.93.129.190 - - [17/Jul/2026:05:36:11 +0000] "POST /api/gql HTTP/1.1" 200 0 "-" "Mozilla/5.0 (l9scan/2.0.730323e2631313e2138313e25363; +https://leakix.net)"
167.71.175.236 - - [17/Jul/2026:05:36:11 +0000] "GET /telescope/requests HTTP/1.1" 200 0 "-" "Mozilla/5.0 (l9scan/2.0.730323e2631313e2138313e25363; +https://leakix.net)"
143.110.217.244 - - [17/Jul/2026:05:36:11 +0000] "GET /s/730323e2631313e2138313e25363/_/;/META-INF/maven/com.atlassian.jira/jira-webapp-dist/pom.properties HTTP/1.1" 200 0 "-" "Mozilla/5.0 (l9scan/2.0.730323e2631313e2138313e25363; +https://leakix.net)"
142.93.129.190 - - [17/Jul/2026:05:36:13 +0000] "GET /s/730323e2631313e2138313e25363/_/;/META-INF/maven/com.atlassian.jira/jira-webapp-dist/pom.properties HTTP/1.1" 200 0 "-" "Mozilla/5.0 (l9scan/2.0.730323e2631313e2138313e25363; +https://leakix.net)"
167.71.175.236 - - [17/Jul/2026:05:36:14 +0000] "GET /info.php HTTP/1.1" 200 0 "-" "Mozilla/5.0 (l9scan/2.0.730323e2631313e2138313e25363; +https://leakix.net)"
143.110.217.244 - - [17/Jul/2026:05:36:14 +0000] "GET /config.json HTTP/1.1" 200 0 "-" "Mozilla/5.0 (l9scan/2.0.730323e2631313e2138313e25363; +https://leakix.net)"
142.93.129.190 - - [17/Jul/2026:05:36:16 +0000] "GET /config.json HTTP/1.1" 200 0 "-" "Mozilla/5.0 (l9scan/2.0.730323e2631313e2138313e25363; +https://leakix.net)"
167.71.175.236 - - [17/Jul/2026:05:36:17 +0000] "GET /actuator/env HTTP/1.1" 200 0 "-" "Mozilla/5.0 (l9scan/2.0.730323e2631313e2138313e25363; +https://leakix.net)"
143.110.217.244 - - [17/Jul/2026:05:36:17 +0000] "GET /telescope/requests HTTP/1.1" 200 0 "-" "Mozilla/5.0 (l9scan/2.0.730323e2631313e2138313e25363; +https://leakix.net)"
15.236.180.103 - - [17/Jul/2026:05:36:10 +0000] "GET /releases/.env HTTP/1.1" 200 0 "-" "Mozilla/5.0 (Windows NT 10.0; Win64; x64) AppleWebKit/537.36 (KHTML, like Gecko) Chrome/131.0.0.0 Safari/537.36"
142.93.129.190 - - [17/Jul/2026:05:36:19 +0000] "GET /telescope/requests HTTP/1.1" 200 0 "-" "Mozilla/5.0 (l9scan/2.0.730323e2631313e2138313e25363; +https://leakix.net)"
167.71.175.236 - - [17/Jul/2026:05:36:20 +0000] "GET /trace.axd HTTP/1.1" 200 0 "-" "Mozilla/5.0 (l9scan/2.0.730323e2631313e2138313e25363; +https://leakix.net)"
143.110.217.244 - - [17/Jul/2026:05:36:20 +0000] "GET /info.php HTTP/1.1" 200 0 "-" "Mozilla/5.0 (l9scan/2.0.730323e2631313e2138313e25363; +https://leakix.net)"
142.93.129.190 - - [17/Jul/2026:05:36:22 +0000] "GET /info.php HTTP/1.1" 200 0 "-" "Mozilla/5.0 (l9scan/2.0.730323e2631313e2138313e25363; +https://leakix.net)"
167.71.175.236 - - [17/Jul/2026:05:36:23 +0000] "GET /@vite/env HTTP/1.1" 200 0 "-" "Mozilla/5.0 (l9scan/2.0.730323e2631313e2138313e25363; +https://leakix.net)"
143.110.217.244 - - [17/Jul/2026:05:36:23 +0000] "GET /actuator/env HTTP/1.1" 200 0 "-" "Mozilla/5.0 (l9scan/2.0.730323e2631313e2138313e25363; +https://leakix.net)"
142.93.129.190 - - [17/Jul/2026:05:36:25 +0000] "GET /actuator/env HTTP/1.1" 200 0 "-" "Mozilla/5.0 (l9scan/2.0.730323e2631313e2138313e25363; +https://leakix.net)"
167.71.175.236 - - [17/Jul/2026:05:36:26 +0000] "GET /.vscode/sftp.json HTTP/1.1" 200 0 "-" "Mozilla/5.0 (l9scan/2.0.730323e2631313e2138313e25363; +https://leakix.net)"
143.110.217.244 - - [17/Jul/2026:05:36:26 +0000] "GET /trace.axd HTTP/1.1" 200 0 "-" "Mozilla/5.0 (l9scan/2.0.730323e2631313e2138313e25363; +https://leakix.net)"
15.236.180.103 - - [17/Jul/2026:05:36:18 +0000] "GET /shared/.env HTTP/1.1" 200 0 "-" "Mozilla/5.0 (Windows NT 10.0; Win64; x64) AppleWebKit/537.36 (KHTML, like Gecko) Chrome/131.0.0.0 Safari/537.36"
142.93.129.190 - - [17/Jul/2026:05:36:28 +0000] "GET /trace.axd HTTP/1.1" 200 0 "-" "Mozilla/5.0 (l9scan/2.0.730323e2631313e2138313e25363; +https://leakix.net)"
167.71.175.236 - - [17/Jul/2026:05:36:29 +0000] "OPTIONS / HTTP/1.1" 200 0 "-" "Mozilla/5.0 (l9scan/2.0.730323e2631313e2138313e25363; +https://leakix.net)"
143.110.217.244 - - [17/Jul/2026:05:36:29 +0000] "GET /@vite/env HTTP/1.1" 200 0 "-" "Mozilla/5.0 (l9scan/2.0.730323e2631313e2138313e25363; +https://leakix.net)"
142.93.129.190 - - [17/Jul/2026:05:36:32 +0000] "GET /@vite/env HTTP/1.1" 200 0 "-" "Mozilla/5.0 (l9scan/2.0.730323e2631313e2138313e25363; +https://leakix.net)"
167.71.175.236 - - [17/Jul/2026:05:36:32 +0000] "GET /?rest_route=/wp/v2/users/ HTTP/1.1" 200 0 "-" "Mozilla/5.0 (l9scan/2.0.730323e2631313e2138313e25363; +https://leakix.net)"
143.110.217.244 - - [17/Jul/2026:05:36:32 +0000] "GET /.vscode/sftp.json HTTP/1.1" 200 0 "-" "Mozilla/5.0 (l9scan/2.0.730323e2631313e2138313e25363; +https://leakix.net)"
142.93.129.190 - - [17/Jul/2026:05:36:34 +0000] "GET /.vscode/sftp.json HTTP/1.1" 200 0 "-" "Mozilla/5.0 (l9scan/2.0.730323e2631313e2138313e25363; +https://leakix.net)"
167.71.175.236 - - [17/Jul/2026:05:36:35 +0000] "GET /debug/default/view?panel=config HTTP/1.1" 200 0 "-" "Mozilla/5.0 (l9scan/2.0.730323e2631313e2138313e25363; +https://leakix.net)"
143.110.217.244 - - [17/Jul/2026:05:36:35 +0000] "OPTIONS / HTTP/1.1" 200 0 "-" "Mozilla/5.0 (l9scan/2.0.730323e2631313e2138313e25363; +https://leakix.net)"
15.236.180.103 - - [17/Jul/2026:05:36:27 +0000] "GET /deploy/.env HTTP/1.1" 200 0 "-" "Mozilla/5.0 (Windows NT 10.0; Win64; x64) AppleWebKit/537.36 (KHTML, like Gecko) Chrome/131.0.0.0 Safari/537.36"
142.93.129.190 - - [17/Jul/2026:05:36:37 +0000] "OPTIONS / HTTP/1.1" 200 0 "-" "Mozilla/5.0 (l9scan/2.0.730323e2631313e2138313e25363; +https://leakix.net)"
143.110.217.244 - - [17/Jul/2026:05:36:38 +0000] "GET /?rest_route=/wp/v2/users/ HTTP/1.1" 200 0 "-" "Mozilla/5.0 (l9scan/2.0.730323e2631313e2138313e25363; +https://leakix.net)"
142.93.129.190 - - [17/Jul/2026:05:36:41 +0000] "GET /?rest_route=/wp/v2/users/ HTTP/1.1" 200 0 "-" "Mozilla/5.0 (l9scan/2.0.730323e2631313e2138313e25363; +https://leakix.net)"
143.110.217.244 - - [17/Jul/2026:05:36:41 +0000] "GET /debug/default/view?panel=config HTTP/1.1" 200 0 "-" "Mozilla/5.0 (l9scan/2.0.730323e2631313e2138313e25363; +https://leakix.net)"
15.236.180.103 - - [17/Jul/2026:05:36:35 +0000] "GET /build/.env HTTP/1.1" 200 0 "-" "Mozilla/5.0 (Windows NT 10.0; Win64; x64) AppleWebKit/537.36 (KHTML, like Gecko) Chrome/131.0.0.0 Safari/537.36"
142.93.129.190 - - [17/Jul/2026:05:36:44 +0000] "GET /debug/default/view?panel=config HTTP/1.1" 200 0 "-" "Mozilla/5.0 (l9scan/2.0.730323e2631313e2138313e25363; +https://leakix.net)"
15.236.180.103 - - [17/Jul/2026:05:36:43 +0000] "GET /dist/.env HTTP/1.1" 200 0 "-" "Mozilla/5.0 (Windows NT 10.0; Win64; x64) AppleWebKit/537.36 (KHTML, like Gecko) Chrome/131.0.0.0 Safari/537.36"
15.236.180.103 - - [17/Jul/2026:05:36:51 +0000] "GET /public_html/.env HTTP/1.1" 200 0 "-" "Mozilla/5.0 (Windows NT 10.0; Win64; x64) AppleWebKit/537.36 (KHTML, like Gecko) Chrome/131.0.0.0 Safari/537.36"
15.236.180.103 - - [17/Jul/2026:05:37:00 +0000] "GET /htdocs/.env HTTP/1.1" 200 0 "-" "Mozilla/5.0 (Windows NT 10.0; Win64; x64) AppleWebKit/537.36 (KHTML, like Gecko) Chrome/131.0.0.0 Safari/537.36"
15.236.180.103 - - [17/Jul/2026:05:37:08 +0000] "GET /www/.env HTTP/1.1" 200 0 "-" "Mozilla/5.0 (Windows NT 10.0; Win64; x64) AppleWebKit/537.36 (KHTML, like Gecko) Chrome/131.0.0.0 Safari/537.36"
15.236.180.103 - - [17/Jul/2026:05:37:16 +0000] "GET /html/.env HTTP/1.1" 200 0 "-" "Mozilla/5.0 (Windows NT 10.0; Win64; x64) AppleWebKit/537.36 (KHTML, like Gecko) Chrome/131.0.0.0 Safari/537.36"
15.236.180.103 - - [17/Jul/2026:05:37:24 +0000] "GET /live/.env HTTP/1.1" 200 0 "-" "Mozilla/5.0 (Windows NT 10.0; Win64; x64) AppleWebKit/537.36 (KHTML, like Gecko) Chrome/131.0.0.0 Safari/537.36"
15.236.180.103 - - [17/Jul/2026:05:37:33 +0000] "GET /prod/.env HTTP/1.1" 200 0 "-" "Mozilla/5.0 (Windows NT 10.0; Win64; x64) AppleWebKit/537.36 (KHTML, like Gecko) Chrome/131.0.0.0 Safari/537.36"
15.236.180.103 - - [17/Jul/2026:05:37:41 +0000] "GET /dev/.env HTTP/1.1" 200 0 "-" "Mozilla/5.0 (Windows NT 10.0; Win64; x64) AppleWebKit/537.36 (KHTML, like Gecko) Chrome/131.0.0.0 Safari/537.36"
13.37.238.185 - - [17/Jul/2026:05:37:31 +0000] "GET / HTTP/1.1" 200 0 "-" "Mozilla/5.0 (Macintosh; Intel Mac OS X 10_15_7) AppleWebKit/537.36 (KHTML, like Gecko) Chrome/131.0.0.0 Safari/537.36"
15.236.180.103 - - [17/Jul/2026:05:37:49 +0000] "GET /staging/.env HTTP/1.1" 200 0 "-" "Mozilla/5.0 (Windows NT 10.0; Win64; x64) AppleWebKit/537.36 (KHTML, like Gecko) Chrome/131.0.0.0 Safari/537.36"
15.236.180.103 - - [17/Jul/2026:05:37:57 +0000] "GET /opt/.env HTTP/1.1" 200 0 "-" "Mozilla/5.0 (Windows NT 10.0; Win64; x64) AppleWebKit/537.36 (KHTML, like Gecko) Chrome/131.0.0.0 Safari/537.36"
13.37.238.185 - - [17/Jul/2026:05:38:11 +0000] "GET /.git/config HTTP/1.1" 403 1242 "-" "Mozilla/5.0 (Macintosh; Intel Mac OS X 10_15_7) AppleWebKit/537.36 (KHTML, like Gecko) Chrome/131.0.0.0 Safari/537.36"
13.37.238.185 - - [17/Jul/2026:05:37:51 +0000] "POST / HTTP/1.1" 200 0 "-" "Mozilla/5.0 (Macintosh; Intel Mac OS X 10_15_7) AppleWebKit/537.36 (KHTML, like Gecko) Chrome/131.0.0.0 Safari/537.36"
15.236.180.103 - - [17/Jul/2026:05:38:06 +0000] "GET /laravel/.env HTTP/1.1" 200 0 "-" "Mozilla/5.0 (Windows NT 10.0; Win64; x64) AppleWebKit/537.36 (KHTML, like Gecko) Chrome/131.0.0.0 Safari/537.36"
13.37.238.185 - - [17/Jul/2026:05:38:12 +0000] "POST / HTTP/1.1" 200 0 "-" "Mozilla/5.0 (Macintosh; Intel Mac OS X 10_15_7) AppleWebKit/537.36 (KHTML, like Gecko) Chrome/131.0.0.0 Safari/537.36"
15.236.180.103 - - [17/Jul/2026:05:38:14 +0000] "GET /symfony/.env HTTP/1.1" 200 0 "-" "Mozilla/5.0 (Windows NT 10.0; Win64; x64) AppleWebKit/537.36 (KHTML, like Gecko) Chrome/131.0.0.0 Safari/537.36"
13.37.238.185 - - [17/Jul/2026:05:38:20 +0000] "GET /.env HTTP/1.1" 200 0 "-" "Mozilla/5.0 (Macintosh; Intel Mac OS X 10_15_7) AppleWebKit/537.36 (KHTML, like Gecko) Chrome/131.0.0.0 Safari/537.36"
15.236.180.103 - - [17/Jul/2026:05:38:22 +0000] "GET /wordpress/.env HTTP/1.1" 200 0 "-" "Mozilla/5.0 (Windows NT 10.0; Win64; x64) AppleWebKit/537.36 (KHTML, like Gecko) Chrome/131.0.0.0 Safari/537.36"
13.37.238.185 - - [17/Jul/2026:05:38:28 +0000] "GET /.env.local HTTP/1.1" 200 0 "-" "Mozilla/5.0 (Macintosh; Intel Mac OS X 10_15_7) AppleWebKit/537.36 (KHTML, like Gecko) Chrome/131.0.0.0 Safari/537.36"
15.236.180.103 - - [17/Jul/2026:05:38:30 +0000] "GET /wp/.env HTTP/1.1" 200 0 "-" "Mozilla/5.0 (Windows NT 10.0; Win64; x64) AppleWebKit/537.36 (KHTML, like Gecko) Chrome/131.0.0.0 Safari/537.36"
3.80.153.227 - - [17/Jul/2026:05:38:46 +0000] "GET /.git/config HTTP/1.1" 403 1242 "-" "Mozilla/5.0 (Windows NT 10.0; Win64; x64; rv:94.0) Gecko/20100101 Firefox/94.0"
13.37.238.185 - - [17/Jul/2026:05:38:36 +0000] "GET /.env.production HTTP/1.1" 200 0 "-" "Mozilla/5.0 (Macintosh; Intel Mac OS X 10_15_7) AppleWebKit/537.36 (KHTML, like Gecko) Chrome/131.0.0.0 Safari/537.36"
15.236.180.103 - - [17/Jul/2026:05:38:39 +0000] "GET /cms/.env HTTP/1.1" 200 0 "-" "Mozilla/5.0 (Windows NT 10.0; Win64; x64) AppleWebKit/537.36 (KHTML, like Gecko) Chrome/131.0.0.0 Safari/537.36"
13.37.238.185 - - [17/Jul/2026:05:38:45 +0000] "GET /.env.staging HTTP/1.1" 200 0 "-" "Mozilla/5.0 (Macintosh; Intel Mac OS X 10_15_7) AppleWebKit/537.36 (KHTML, like Gecko) Chrome/131.0.0.0 Safari/537.36"
15.236.180.103 - - [17/Jul/2026:05:38:47 +0000] "GET /drupal/.env HTTP/1.1" 200 0 "-" "Mozilla/5.0 (Windows NT 10.0; Win64; x64) AppleWebKit/537.36 (KHTML, like Gecko) Chrome/131.0.0.0 Safari/537.36"
185.223.152.110 - - [17/Jul/2026:05:38:41 +0000] "GET /wp-login.php HTTP/1.1" 200 0 "-" "Mozilla/5.0 (Windows; U; Windows NT 6.0; en-US) AppleWebKit/533.20.25 (KHTML, like Gecko) Version/5.0.3 Safari/533.19.4"
13.37.238.185 - - [17/Jul/2026:05:38:53 +0000] "GET /.env.development HTTP/1.1" 200 0 "-" "Mozilla/5.0 (Macintosh; Intel Mac OS X 10_15_7) AppleWebKit/537.36 (KHTML, like Gecko) Chrome/131.0.0.0 Safari/537.36"
15.236.180.103 - - [17/Jul/2026:05:38:55 +0000] "GET /joomla/.env HTTP/1.1" 200 0 "-" "Mozilla/5.0 (Windows NT 10.0; Win64; x64) AppleWebKit/537.36 (KHTML, like Gecko) Chrome/131.0.0.0 Safari/537.36"
13.37.238.185 - - [17/Jul/2026:05:39:01 +0000] "GET /.env.test HTTP/1.1" 200 0 "-" "Mozilla/5.0 (Macintosh; Intel Mac OS X 10_15_7) AppleWebKit/537.36 (KHTML, like Gecko) Chrome/131.0.0.0 Safari/537.36"
15.236.180.103 - - [17/Jul/2026:05:39:03 +0000] "GET /magento/.env HTTP/1.1" 200 0 "-" "Mozilla/5.0 (Windows NT 10.0; Win64; x64) AppleWebKit/537.36 (KHTML, like Gecko) Chrome/131.0.0.0 Safari/537.36"
13.37.238.185 - - [17/Jul/2026:05:39:09 +0000] "GET /.env.remote HTTP/1.1" 200 0 "-" "Mozilla/5.0 (Macintosh; Intel Mac OS X 10_15_7) AppleWebKit/537.36 (KHTML, like Gecko) Chrome/131.0.0.0 Safari/537.36"
15.236.180.103 - - [17/Jul/2026:05:39:11 +0000] "GET /shopify/.env HTTP/1.1" 200 0 "-" "Mozilla/5.0 (Windows NT 10.0; Win64; x64) AppleWebKit/537.36 (KHTML, like Gecko) Chrome/131.0.0.0 Safari/537.36"
13.37.238.185 - - [17/Jul/2026:05:39:18 +0000] "GET /.env.bak HTTP/1.1" 200 0 "-" "Mozilla/5.0 (Macintosh; Intel Mac OS X 10_15_7) AppleWebKit/537.36 (KHTML, like Gecko) Chrome/131.0.0.0 Safari/537.36"
15.236.180.103 - - [17/Jul/2026:05:39:20 +0000] "GET /prestashop/.env HTTP/1.1" 200 0 "-" "Mozilla/5.0 (Windows NT 10.0; Win64; x64) AppleWebKit/537.36 (KHTML, like Gecko) Chrome/131.0.0.0 Safari/537.36"
65.181.116.207 - - [17/Jul/2026:05:39:34 +0000] "POST /wp-cron.php?doing_wp_cron=1784266774.6528799533843994140625 HTTP/1.1" 200 0 "-" "WordPress/7.0.1; https://www.biscofy.com"
65.181.116.207 - - [17/Jul/2026:05:39:34 +0000] "POST /wp-cron.php?doing_wp_cron=1784266774.6503119468688964843750 HTTP/1.1" 200 0 "-" "WordPress/7.0.1; https://www.biscofy.com"
65.181.116.207 - - [17/Jul/2026:05:39:34 +0000] "POST /wp-cron.php?doing_wp_cron=1784266774.7535250186920166015625 HTTP/1.1" 200 0 "-" "WordPress/7.0.1; https://www.biscofy.com"
13.37.238.185 - - [17/Jul/2026:05:39:26 +0000] "GET /.env.backup HTTP/1.1" 404 35203 "-" "Mozilla/5.0 (Macintosh; Intel Mac OS X 10_15_7) AppleWebKit/537.36 (KHTML, like Gecko) Chrome/131.0.0.0 Safari/537.36"
65.181.116.207 - - [17/Jul/2026:05:39:34 +0000] "POST /wp-cron.php?doing_wp_cron=1784266774.7426390647888183593750 HTTP/1.1" 200 0 "-" "WordPress/7.0.1; https://www.biscofy.com"
15.236.180.103 - - [17/Jul/2026:05:39:28 +0000] "GET /codeigniter/.env HTTP/1.1" 404 35178 "-" "Mozilla/5.0 (Windows NT 10.0; Win64; x64) AppleWebKit/537.36 (KHTML, like Gecko) Chrome/131.0.0.0 Safari/537.36"
15.236.180.103 - - [17/Jul/2026:05:39:34 +0000] "GET /cakephp/.env HTTP/1.1" 404 36254 "-" "Mozilla/5.0 (Windows NT 10.0; Win64; x64) AppleWebKit/537.36 (KHTML, like Gecko) Chrome/131.0.0.0 Safari/537.36"
65.181.116.207 - - [17/Jul/2026:05:39:37 +0000] "POST /wp-cron.php?doing_wp_cron=1784266777.7976338863372802734375 HTTP/1.1" 200 0 "-" "WordPress/7.0.1; https://www.biscofy.com"
13.37.238.185 - - [17/Jul/2026:05:39:34 +0000] "GET /.env.save HTTP/1.1" 404 36282 "-" "Mozilla/5.0 (Macintosh; Intel Mac OS X 10_15_7) AppleWebKit/537.36 (KHTML, like Gecko) Chrome/131.0.0.0 Safari/537.36"
13.37.238.185 - - [17/Jul/2026:05:39:38 +0000] "GET /.env.old HTTP/1.1" 404 36282 "-" "Mozilla/5.0 (Macintosh; Intel Mac OS X 10_15_7) AppleWebKit/537.36 (KHTML, like Gecko) Chrome/131.0.0.0 Safari/537.36"
15.236.180.103 - - [17/Jul/2026:05:39:38 +0000] "GET /zend/.env HTTP/1.1" 404 36261 "-" "Mozilla/5.0 (Windows NT 10.0; Win64; x64) AppleWebKit/537.36 (KHTML, like Gecko) Chrome/131.0.0.0 Safari/537.36"
216.73.216.39 - - [17/Jul/2026:05:39:39 +0000] "GET /robots.txt HTTP/2" 200 98 "-" "Mozilla/5.0 AppleWebKit/537.36 (KHTML, like Gecko; compatible; ClaudeBot/1.0; [email protected])"
15.236.180.103 - - [17/Jul/2026:05:39:41 +0000] "GET /yii/.env HTTP/1.1" 404 36261 "-" "Mozilla/5.0 (Windows NT 10.0; Win64; x64) AppleWebKit/537.36 (KHTML, like Gecko) Chrome/131.0.0.0 Safari/537.36"
13.37.238.185 - - [17/Jul/2026:05:39:40 +0000] "GET /.env.sample HTTP/1.1" 404 36282 "-" "Mozilla/5.0 (Macintosh; Intel Mac OS X 10_15_7) AppleWebKit/537.36 (KHTML, like Gecko) Chrome/131.0.0.0 Safari/537.36"
216.73.216.39 - - [17/Jul/2026:05:39:43 +0000] "GET /sitemaps.xml HTTP/2" 200 234 "-" "Mozilla/5.0 AppleWebKit/537.36 (KHTML, like Gecko; compatible; ClaudeBot/1.0; [email protected])"
13.37.238.185 - - [17/Jul/2026:05:39:44 +0000] "GET /.env.example HTTP/1.1" 404 36282 "-" "Mozilla/5.0 (Macintosh; Intel Mac OS X 10_15_7) AppleWebKit/537.36 (KHTML, like Gecko) Chrome/131.0.0.0 Safari/537.36"
15.236.180.103 - - [17/Jul/2026:05:39:43 +0000] "GET /laravel5/.env HTTP/1.1" 404 36261 "-" "Mozilla/5.0 (Windows NT 10.0; Win64; x64) AppleWebKit/537.36 (KHTML, like Gecko) Chrome/131.0.0.0 Safari/537.36"
13.37.238.185 - - [17/Jul/2026:05:39:47 +0000] "GET /.env.dev HTTP/1.1" 404 36276 "-" "Mozilla/5.0 (Macintosh; Intel Mac OS X 10_15_7) AppleWebKit/537.36 (KHTML, like Gecko) Chrome/131.0.0.0 Safari/537.36"
15.236.180.103 - - [17/Jul/2026:05:39:47 +0000] "GET /v1/.env HTTP/1.1" 404 36254 "-" "Mozilla/5.0 (Windows NT 10.0; Win64; x64) AppleWebKit/537.36 (KHTML, like Gecko) Chrome/131.0.0.0 Safari/537.36"
13.37.238.185 - - [17/Jul/2026:05:39:50 +0000] "GET /.env.prod HTTP/1.1" 404 36282 "-" "Mozilla/5.0 (Macintosh; Intel Mac OS X 10_15_7) AppleWebKit/537.36 (KHTML, like Gecko) Chrome/131.0.0.0 Safari/537.36"
15.236.180.103 - - [17/Jul/2026:05:39:50 +0000] "GET /v2/.env HTTP/1.1" 404 36254 "-" "Mozilla/5.0 (Windows NT 10.0; Win64; x64) AppleWebKit/537.36 (KHTML, like Gecko) Chrome/131.0.0.0 Safari/537.36"
13.37.238.185 - - [17/Jul/2026:05:39:53 +0000] "GET /.env.stage HTTP/1.1" 404 36276 "-" "Mozilla/5.0 (Macintosh; Intel Mac OS X 10_15_7) AppleWebKit/537.36 (KHTML, like Gecko) Chrome/131.0.0.0 Safari/537.36"
15.236.180.103 - - [17/Jul/2026:05:39:53 +0000] "GET /v3/.env HTTP/1.1" 404 36261 "-" "Mozilla/5.0 (Windows NT 10.0; Win64; x64) AppleWebKit/537.36 (KHTML, like Gecko) Chrome/131.0.0.0 Safari/537.36"
13.37.238.185 - - [17/Jul/2026:05:39:57 +0000] "GET /.env.ci HTTP/1.1" 404 36282 "-" "Mozilla/5.0 (Macintosh; Intel Mac OS X 10_15_7) AppleWebKit/537.36 (KHTML, like Gecko) Chrome/131.0.0.0 Safari/537.36"
15.236.180.103 - - [17/Jul/2026:05:39:57 +0000] "GET /api/v1/.env HTTP/1.1" 404 36254 "-" "Mozilla/5.0 (Windows NT 10.0; Win64; x64) AppleWebKit/537.36 (KHTML, like Gecko) Chrome/131.0.0.0 Safari/537.36"
65.181.116.207 - - [17/Jul/2026:05:40:04 +0000] "POST /wp-cron.php?doing_wp_cron=1784266804.5904970169067382812500 HTTP/1.1" 200 0 "-" "WordPress/7.0.1; https://www.biscofy.com"
13.37.238.185 - - [17/Jul/2026:05:40:00 +0000] "GET /.env.docker HTTP/1.1" 404 36282 "-" "Mozilla/5.0 (Macintosh; Intel Mac OS X 10_15_7) AppleWebKit/537.36 (KHTML, like Gecko) Chrome/131.0.0.0 Safari/537.36"
15.236.180.103 - - [17/Jul/2026:05:40:00 +0000] "GET /api/v2/.env HTTP/1.1" 404 36261 "-" "Mozilla/5.0 (Windows NT 10.0; Win64; x64) AppleWebKit/537.36 (KHTML, like Gecko) Chrome/131.0.0.0 Safari/537.36"
13.37.238.185 - - [17/Jul/2026:05:40:04 +0000] "GET /.env.live HTTP/1.1" 404 35203 "-" "Mozilla/5.0 (Macintosh; Intel Mac OS X 10_15_7) AppleWebKit/537.36 (KHTML, like Gecko) Chrome/131.0.0.0 Safari/537.36"
15.236.180.103 - - [17/Jul/2026:05:40:05 +0000] "GET /rest/.env HTTP/1.1" 404 36254 "-" "Mozilla/5.0 (Windows NT 10.0; Win64; x64) AppleWebKit/537.36 (KHTML, like Gecko) Chrome/131.0.0.0 Safari/537.36"
15.236.180.103 - - [17/Jul/2026:05:40:08 +0000] "GET /graphql/.env HTTP/1.1" 404 36254 "-" "Mozilla/5.0 (Windows NT 10.0; Win64; x64) AppleWebKit/537.36 (KHTML, like Gecko) Chrome/131.0.0.0 Safari/537.36"
13.37.238.185 - - [17/Jul/2026:05:40:08 +0000] "GET /.env.preprod HTTP/1.1" 404 36276 "-" "Mozilla/5.0 (Macintosh; Intel Mac OS X 10_15_7) AppleWebKit/537.36 (KHTML, like Gecko) Chrome/131.0.0.0 Safari/537.36"
13.37.238.185 - - [17/Jul/2026:05:40:12 +0000] "GET /.env.uat HTTP/1.1" 404 36276 "-" "Mozilla/5.0 (Macintosh; Intel Mac OS X 10_15_7) AppleWebKit/537.36 (KHTML, like Gecko) Chrome/131.0.0.0 Safari/537.36"
15.236.180.103 - - [17/Jul/2026:05:40:12 +0000] "GET /gateway/.env HTTP/1.1" 404 36261 "-" "Mozilla/5.0 (Windows NT 10.0; Win64; x64) AppleWebKit/537.36 (KHTML, like Gecko) Chrome/131.0.0.0 Safari/537.36"
13.37.238.185 - - [17/Jul/2026:05:40:18 +0000] "GET /.env.dist HTTP/1.1" 404 36276 "-" "Mozilla/5.0 (Macintosh; Intel Mac OS X 10_15_7) AppleWebKit/537.36 (KHTML, like Gecko) Chrome/131.0.0.0 Safari/537.36"
15.236.180.103 - - [17/Jul/2026:05:40:18 +0000] "GET /microservice/.env HTTP/1.1" 404 36254 "-" "Mozilla/5.0 (Windows NT 10.0; Win64; x64) AppleWebKit/537.36 (KHTML, like Gecko) Chrome/131.0.0.0 Safari/537.36"
13.37.238.185 - - [17/Jul/2026:05:40:22 +0000] "GET /.env.swp HTTP/1.1" 404 35203 "-" "Mozilla/5.0 (Macintosh; Intel Mac OS X 10_15_7) AppleWebKit/537.36 (KHTML, like Gecko) Chrome/131.0.0.0 Safari/537.36"
15.236.180.103 - - [17/Jul/2026:05:40:22 +0000] "GET /service/.env HTTP/1.1" 404 36261 "-" "Mozilla/5.0 (Windows NT 10.0; Win64; x64) AppleWebKit/537.36 (KHTML, like Gecko) Chrome/131.0.0.0 Safari/537.36"
15.236.180.103 - - [17/Jul/2026:05:40:25 +0000] "GET /api/v3/.env HTTP/1.1" 404 36261 "-" "Mozilla/5.0 (Windows NT 10.0; Win64; x64) AppleWebKit/537.36 (KHTML, like Gecko) Chrome/131.0.0.0 Safari/537.36"
13.37.238.185 - - [17/Jul/2026:05:40:25 +0000] "GET /.env~ HTTP/1.1" 404 36276 "-" "Mozilla/5.0 (Macintosh; Intel Mac OS X 10_15_7) AppleWebKit/537.36 (KHTML, like Gecko) Chrome/131.0.0.0 Safari/537.36"
13.37.238.185 - - [17/Jul/2026:05:40:30 +0000] "GET /.env1 HTTP/1.1" 404 36282 "-" "Mozilla/5.0 (Macintosh; Intel Mac OS X 10_15_7) AppleWebKit/537.36 (KHTML, like Gecko) Chrome/131.0.0.0 Safari/537.36"
15.236.180.103 - - [17/Jul/2026:05:40:30 +0000] "GET /api/dev/.env HTTP/1.1" 404 36254 "-" "Mozilla/5.0 (Windows NT 10.0; Win64; x64) AppleWebKit/537.36 (KHTML, like Gecko) Chrome/131.0.0.0 Safari/537.36"
15.236.180.103 - - [17/Jul/2026:05:40:34 +0000] "GET /api/staging/.env HTTP/1.1" 404 36261 "-" "Mozilla/5.0 (Windows NT 10.0; Win64; x64) AppleWebKit/537.36 (KHTML, like Gecko) Chrome/131.0.0.0 Safari/537.36"
13.37.238.185 - - [17/Jul/2026:05:40:34 +0000] "GET /.env2 HTTP/1.1" 404 36282 "-" "Mozilla/5.0 (Macintosh; Intel Mac OS X 10_15_7) AppleWebKit/537.36 (KHTML, like Gecko) Chrome/131.0.0.0 Safari/537.36"
15.236.180.103 - - [17/Jul/2026:05:40:38 +0000] "GET /vendor/.env HTTP/1.1" 404 35178 "-" "Mozilla/5.0 (Windows NT 10.0; Win64; x64) AppleWebKit/537.36 (KHTML, like Gecko) Chrome/131.0.0.0 Safari/537.36"
13.37.238.185 - - [17/Jul/2026:05:40:38 +0000] "GET /.env_copy HTTP/1.1" 404 36282 "-" "Mozilla/5.0 (Macintosh; Intel Mac OS X 10_15_7) AppleWebKit/537.36 (KHTML, like Gecko) Chrome/131.0.0.0 Safari/537.36"
15.236.180.103 - - [17/Jul/2026:05:40:42 +0000] "GET /lib/.env HTTP/1.1" 404 36261 "-" "Mozilla/5.0 (Windows NT 10.0; Win64; x64) AppleWebKit/537.36 (KHTML, like Gecko) Chrome/131.0.0.0 Safari/537.36"
13.37.238.185 - - [17/Jul/2026:05:40:42 +0000] "GET /.env.txt HTTP/1.1" 404 36282 "-" "Mozilla/5.0 (Macintosh; Intel Mac OS X 10_15_7) AppleWebKit/537.36 (KHTML, like Gecko) Chrome/131.0.0.0 Safari/537.36"
15.236.180.103 - - [17/Jul/2026:05:40:46 +0000] "GET /resources/.env HTTP/1.1" 404 36254 "-" "Mozilla/5.0 (Windows NT 10.0; Win64; x64) AppleWebKit/537.36 (KHTML, like Gecko) Chrome/131.0.0.0 Safari/537.36"
13.37.238.185 - - [17/Jul/2026:05:40:46 +0000] "GET /.env.json HTTP/1.1" 404 35203 "-" "Mozilla/5.0 (Macintosh; Intel Mac OS X 10_15_7) AppleWebKit/537.36 (KHTML, like Gecko) Chrome/131.0.0.0 Safari/537.36"
13.37.238.185 - - [17/Jul/2026:05:40:50 +0000] "GET /.env.yaml HTTP/1.1" 404 36276 "-" "Mozilla/5.0 (Macintosh; Intel Mac OS X 10_15_7) AppleWebKit/537.36 (KHTML, like Gecko) Chrome/131.0.0.0 Safari/537.36"
15.236.180.103 - - [17/Jul/2026:05:40:50 +0000] "GET /assets/.env HTTP/1.1" 404 36261 "-" "Mozilla/5.0 (Windows NT 10.0; Win64; x64) AppleWebKit/537.36 (KHTML, like Gecko) Chrome/131.0.0.0 Safari/537.36"
13.37.238.185 - - [17/Jul/2026:05:40:54 +0000] "GET /.env.yml HTTP/1.1" 404 36276 "-" "Mozilla/5.0 (Macintosh; Intel Mac OS X 10_15_7) AppleWebKit/537.36 (KHTML, like Gecko) Chrome/131.0.0.0 Safari/537.36"
15.236.180.103 - - [17/Jul/2026:05:40:54 +0000] "GET /uploads/.env HTTP/1.1" 404 36254 "-" "Mozilla/5.0 (Windows NT 10.0; Win64; x64) AppleWebKit/537.36 (KHTML, like Gecko) Chrome/131.0.0.0 Safari/537.36"
15.236.180.103 - - [17/Jul/2026:05:40:57 +0000] "GET /internal/.env HTTP/1.1" 404 36261 "-" "Mozilla/5.0 (Windows NT 10.0; Win64; x64) AppleWebKit/537.36 (KHTML, like Gecko) Chrome/131.0.0.0 Safari/537.36"
13.37.238.185 - - [17/Jul/2026:05:40:57 +0000] "GET /app/.env HTTP/1.1" 404 36276 "-" "Mozilla/5.0 (Macintosh; Intel Mac OS X 10_15_7) AppleWebKit/537.36 (KHTML, like Gecko) Chrome/131.0.0.0 Safari/537.36"
13.37.238.185 - - [17/Jul/2026:05:41:00 +0000] "GET /apps/.env HTTP/1.1" 404 36282 "-" "Mozilla/5.0 (Macintosh; Intel Mac OS X 10_15_7) AppleWebKit/537.36 (KHTML, like Gecko) Chrome/131.0.0.0 Safari/537.36"
65.181.116.207 - - [17/Jul/2026:05:41:05 +0000] "POST /wp-cron.php?doing_wp_cron=1784266865.2840080261230468750000 HTTP/1.1" 200 0 "-" "WordPress/7.0.1; https://www.biscofy.com"
15.236.180.103 - - [17/Jul/2026:05:41:00 +0000] "GET /tools/.env HTTP/1.1" 404 36261 "-" "Mozilla/5.0 (Windows NT 10.0; Win64; x64) AppleWebKit/537.36 (KHTML, like Gecko) Chrome/131.0.0.0 Safari/537.36"
13.37.238.185 - - [17/Jul/2026:05:41:05 +0000] "GET /api/.env HTTP/1.1" 404 36282 "-" "Mozilla/5.0 (Macintosh; Intel Mac OS X 10_15_7) AppleWebKit/537.36 (KHTML, like Gecko) Chrome/131.0.0.0 Safari/537.36"
15.236.180.103 - - [17/Jul/2026:05:41:05 +0000] "GET /scripts/.env HTTP/1.1" 404 36254 "-" "Mozilla/5.0 (Windows NT 10.0; Win64; x64) AppleWebKit/537.36 (KHTML, like Gecko) Chrome/131.0.0.0 Safari/537.36"
15.236.180.103 - - [17/Jul/2026:05:41:09 +0000] "GET /bin/.env HTTP/1.1" 404 36261 "-" "Mozilla/5.0 (Windows NT 10.0; Win64; x64) AppleWebKit/537.36 (KHTML, like Gecko) Chrome/131.0.0.0 Safari/537.36"
13.37.238.185 - - [17/Jul/2026:05:41:08 +0000] "GET /web/.env HTTP/1.1" 404 36282 "-" "Mozilla/5.0 (Macintosh; Intel Mac OS X 10_15_7) AppleWebKit/537.36 (KHTML, like Gecko) Chrome/131.0.0.0 Safari/537.36"
13.37.238.185 - - [17/Jul/2026:05:41:13 +0000] "GET /site/.env HTTP/1.1" 404 35781 "-" "Mozilla/5.0 (Macintosh; Intel Mac OS X 10_15_7) AppleWebKit/537.36 (KHTML, like Gecko) Chrome/131.0.0.0 Safari/537.36"
15.236.180.103 - - [17/Jul/2026:05:41:13 +0000] "GET /sbin/.env HTTP/1.1" 404 36254 "-" "Mozilla/5.0 (Windows NT 10.0; Win64; x64) AppleWebKit/537.36 (KHTML, like Gecko) Chrome/131.0.0.0 Safari/537.36"
13.37.238.185 - - [17/Jul/2026:05:41:17 +0000] "GET /public/.env HTTP/1.1" 404 36276 "-" "Mozilla/5.0 (Macintosh; Intel Mac OS X 10_15_7) AppleWebKit/537.36 (KHTML, like Gecko) Chrome/131.0.0.0 Safari/537.36"
15.236.180.103 - - [17/Jul/2026:05:41:17 +0000] "GET /local/.env HTTP/1.1" 404 36254 "-" "Mozilla/5.0 (Windows NT 10.0; Win64; x64) AppleWebKit/537.36 (KHTML, like Gecko) Chrome/131.0.0.0 Safari/537.36"
15.236.180.103 - - [17/Jul/2026:05:41:21 +0000] "GET /portal/.env HTTP/1.1" 404 36261 "-" "Mozilla/5.0 (Windows NT 10.0; Win64; x64) AppleWebKit/537.36 (KHTML, like Gecko) Chrome/131.0.0.0 Safari/537.36"
13.37.238.185 - - [17/Jul/2026:05:41:21 +0000] "GET /admin/.env HTTP/1.1" 404 36276 "-" "Mozilla/5.0 (Macintosh; Intel Mac OS X 10_15_7) AppleWebKit/537.36 (KHTML, like Gecko) Chrome/131.0.0.0 Safari/537.36"
15.236.180.103 - - [17/Jul/2026:05:41:26 +0000] "GET /dashboard/.env HTTP/1.1" 404 36254 "-" "Mozilla/5.0 (Windows NT 10.0; Win64; x64) AppleWebKit/537.36 (KHTML, like Gecko) Chrome/131.0.0.0 Safari/537.36"
13.37.238.185 - - [17/Jul/2026:05:41:26 +0000] "GET /backend/.env HTTP/1.1" 404 36282 "-" "Mozilla/5.0 (Macintosh; Intel Mac OS X 10_15_7) AppleWebKit/537.36 (KHTML, like Gecko) Chrome/131.0.0.0 Safari/537.36"
15.236.180.103 - - [17/Jul/2026:05:41:31 +0000] "GET /panel/.env HTTP/1.1" 404 36261 "-" "Mozilla/5.0 (Windows NT 10.0; Win64; x64) AppleWebKit/537.36 (KHTML, like Gecko) Chrome/131.0.0.0 Safari/537.36"
13.37.238.185 - - [17/Jul/2026:05:41:31 +0000] "GET /server/.env HTTP/1.1" 404 36282 "-" "Mozilla/5.0 (Macintosh; Intel Mac OS X 10_15_7) AppleWebKit/537.36 (KHTML, like Gecko) Chrome/131.0.0.0 Safari/537.36"
15.236.180.103 - - [17/Jul/2026:05:41:34 +0000] "GET /crm/.env HTTP/1.1" 404 36261 "-" "Mozilla/5.0 (Windows NT 10.0; Win64; x64) AppleWebKit/537.36 (KHTML, like Gecko) Chrome/131.0.0.0 Safari/537.36"
13.37.238.185 - - [17/Jul/2026:05:41:34 +0000] "GET /frontend/.env HTTP/1.1" 404 36276 "-" "Mozilla/5.0 (Macintosh; Intel Mac OS X 10_15_7) AppleWebKit/537.36 (KHTML, like Gecko) Chrome/131.0.0.0 Safari/537.36"
15.236.180.103 - - [17/Jul/2026:05:41:37 +0000] "GET /erp/.env HTTP/1.1" 404 36254 "-" "Mozilla/5.0 (Windows NT 10.0; Win64; x64) AppleWebKit/537.36 (KHTML, like Gecko) Chrome/131.0.0.0 Safari/537.36"
13.37.238.185 - - [17/Jul/2026:05:41:37 +0000] "GET /src/.env HTTP/1.1" 404 36282 "-" "Mozilla/5.0 (Macintosh; Intel Mac OS X 10_15_7) AppleWebKit/537.36 (KHTML, like Gecko) Chrome/131.0.0.0 Safari/537.36"
13.37.238.185 - - [17/Jul/2026:05:41:40 +0000] "GET /core/.env HTTP/1.1" 404 36282 "-" "Mozilla/5.0 (Macintosh; Intel Mac OS X 10_15_7) AppleWebKit/537.36 (KHTML, like Gecko) Chrome/131.0.0.0 Safari/537.36"
15.236.180.103 - - [17/Jul/2026:05:41:40 +0000] "GET /shop/.env HTTP/1.1" 404 36254 "-" "Mozilla/5.0 (Windows NT 10.0; Win64; x64) AppleWebKit/537.36 (KHTML, like Gecko) Chrome/131.0.0.0 Safari/537.36"
13.37.238.185 - - [17/Jul/2026:05:41:43 +0000] "GET /core/app/.env HTTP/1.1" 404 36282 "-" "Mozilla/5.0 (Macintosh; Intel Mac OS X 10_15_7) AppleWebKit/537.36 (KHTML, like Gecko) Chrome/131.0.0.0 Safari/537.36"
15.236.180.103 - - [17/Jul/2026:05:41:43 +0000] "GET /store/.env HTTP/1.1" 404 36254 "-" "Mozilla/5.0 (Windows NT 10.0; Win64; x64) AppleWebKit/537.36 (KHTML, like Gecko) Chrome/131.0.0.0 Safari/537.36"
15.236.180.103 - - [17/Jul/2026:05:41:46 +0000] "GET /saas/.env HTTP/1.1" 404 36254 "-" "Mozilla/5.0 (Windows NT 10.0; Win64; x64) AppleWebKit/537.36 (KHTML, like Gecko) Chrome/131.0.0.0 Safari/537.36"
13.37.238.185 - - [17/Jul/2026:05:41:46 +0000] "GET /config/.env HTTP/1.1" 404 36282 "-" "Mozilla/5.0 (Macintosh; Intel Mac OS X 10_15_7) AppleWebKit/537.36 (KHTML, like Gecko) Chrome/131.0.0.0 Safari/537.36"
13.37.238.185 - - [17/Jul/2026:05:41:48 +0000] "GET /private/.env HTTP/1.1" 404 36276 "-" "Mozilla/5.0 (Macintosh; Intel Mac OS X 10_15_7) AppleWebKit/537.36 (KHTML, like Gecko) Chrome/131.0.0.0 Safari/537.36"
15.236.180.103 - - [17/Jul/2026:05:41:48 +0000] "GET /client/.env HTTP/1.1" 404 36261 "-" "Mozilla/5.0 (Windows NT 10.0; Win64; x64) AppleWebKit/537.36 (KHTML, like Gecko) Chrome/131.0.0.0 Safari/537.36"
13.37.238.185 - - [17/Jul/2026:05:41:51 +0000] "GET /application/.env HTTP/1.1" 404 36276 "-" "Mozilla/5.0 (Macintosh; Intel Mac OS X 10_15_7) AppleWebKit/537.36 (KHTML, like Gecko) Chrome/131.0.0.0 Safari/537.36"
15.236.180.103 - - [17/Jul/2026:05:41:51 +0000] "GET /project/.env HTTP/1.1" 404 36261 "-" "Mozilla/5.0 (Windows NT 10.0; Win64; x64) AppleWebKit/537.36 (KHTML, like Gecko) Chrome/131.0.0.0 Safari/537.36"
15.236.180.103 - - [17/Jul/2026:05:41:53 +0000] "GET /admin-panel/.env HTTP/1.1" 404 36254 "-" "Mozilla/5.0 (Windows NT 10.0; Win64; x64) AppleWebKit/537.36 (KHTML, like Gecko) Chrome/131.0.0.0 Safari/537.36"
13.37.238.185 - - [17/Jul/2026:05:41:53 +0000] "GET /bootstrap/.env HTTP/1.1" 404 36282 "-" "Mozilla/5.0 (Macintosh; Intel Mac OS X 10_15_7) AppleWebKit/537.36 (KHTML, like Gecko) Chrome/131.0.0.0 Safari/537.36"
15.236.180.103 - - [17/Jul/2026:05:41:56 +0000] "GET /control-panel/.env HTTP/1.1" 404 36261 "-" "Mozilla/5.0 (Windows NT 10.0; Win64; x64) AppleWebKit/537.36 (KHTML, like Gecko) Chrome/131.0.0.0 Safari/537.36"
13.37.238.185 - - [17/Jul/2026:05:41:56 +0000] "GET /database/.env HTTP/1.1" 404 36276 "-" "Mozilla/5.0 (Macintosh; Intel Mac OS X 10_15_7) AppleWebKit/537.36 (KHTML, like Gecko) Chrome/131.0.0.0 Safari/537.36"
15.236.180.103 - - [17/Jul/2026:05:41:59 +0000] "GET /user-panel/.env HTTP/1.1" 404 36261 "-" "Mozilla/5.0 (Windows NT 10.0; Win64; x64) AppleWebKit/537.36 (KHTML, like Gecko) Chrome/131.0.0.0 Safari/537.36"
13.37.238.185 - - [17/Jul/2026:05:41:59 +0000] "GET /storage/.env HTTP/1.1" 404 36282 "-" "Mozilla/5.0 (Macintosh; Intel Mac OS X 10_15_7) AppleWebKit/537.36 (KHTML, like Gecko) Chrome/131.0.0.0 Safari/537.36"
65.181.116.207 - - [17/Jul/2026:05:42:05 +0000] "POST /wp-cron.php?doing_wp_cron=1784266925.7031669616699218750000 HTTP/1.1" 200 0 "-" "WordPress/7.0.1; https://www.biscofy.com"
15.236.180.103 - - [17/Jul/2026:05:42:02 +0000] "GET /node/.env HTTP/1.1" 404 36261 "-" "Mozilla/5.0 (Windows NT 10.0; Win64; x64) AppleWebKit/537.36 (KHTML, like Gecko) Chrome/131.0.0.0 Safari/537.36"
13.37.238.185 - - [17/Jul/2026:05:42:02 +0000] "GET /var/www/.env HTTP/1.1" 404 36282 "-" "Mozilla/5.0 (Macintosh; Intel Mac OS X 10_15_7) AppleWebKit/537.36 (KHTML, like Gecko) Chrome/131.0.0.0 Safari/537.36"
15.236.180.103 - - [17/Jul/2026:05:42:05 +0000] "GET /express/.env HTTP/1.1" 404 36261 "-" "Mozilla/5.0 (Windows NT 10.0; Win64; x64) AppleWebKit/537.36 (KHTML, like Gecko) Chrome/131.0.0.0 Safari/537.36"
13.37.238.185 - - [17/Jul/2026:05:42:06 +0000] "GET /var/www/html/.env HTTP/1.1" 404 36276 "-" "Mozilla/5.0 (Macintosh; Intel Mac OS X 10_15_7) AppleWebKit/537.36 (KHTML, like Gecko) Chrome/131.0.0.0 Safari/537.36"
15.236.180.103 - - [17/Jul/2026:05:42:09 +0000] "GET /next/.env HTTP/1.1" 404 36261 "-" "Mozilla/5.0 (Windows NT 10.0; Win64; x64) AppleWebKit/537.36 (KHTML, like Gecko) Chrome/131.0.0.0 Safari/537.36"
13.37.238.185 - - [17/Jul/2026:05:42:09 +0000] "GET /current/.env HTTP/1.1" 404 36282 "-" "Mozilla/5.0 (Macintosh; Intel Mac OS X 10_15_7) AppleWebKit/537.36 (KHTML, like Gecko) Chrome/131.0.0.0 Safari/537.36"
15.236.180.103 - - [17/Jul/2026:05:42:12 +0000] "GET /nuxt/.env HTTP/1.1" 404 36261 "-" "Mozilla/5.0 (Windows NT 10.0; Win64; x64) AppleWebKit/537.36 (KHTML, like Gecko) Chrome/131.0.0.0 Safari/537.36"
13.37.238.185 - - [17/Jul/2026:05:42:13 +0000] "GET /release/.env HTTP/1.1" 404 36276 "-" "Mozilla/5.0 (Macintosh; Intel Mac OS X 10_15_7) AppleWebKit/537.36 (KHTML, like Gecko) Chrome/131.0.0.0 Safari/537.36"
15.236.180.103 - - [17/Jul/2026:05:42:16 +0000] "GET /nest/.env HTTP/1.1" 404 36261 "-" "Mozilla/5.0 (Windows NT 10.0; Win64; x64) AppleWebKit/537.36 (KHTML, like Gecko) Chrome/131.0.0.0 Safari/537.36"
13.37.238.185 - - [17/Jul/2026:05:42:16 +0000] "GET /releases/.env HTTP/1.1" 404 36282 "-" "Mozilla/5.0 (Macintosh; Intel Mac OS X 10_15_7) AppleWebKit/537.36 (KHTML, like Gecko) Chrome/131.0.0.0 Safari/537.36"
15.236.180.103 - - [17/Jul/2026:05:42:20 +0000] "GET /react/.env HTTP/1.1" 404 36254 "-" "Mozilla/5.0 (Windows NT 10.0; Win64; x64) AppleWebKit/537.36 (KHTML, like Gecko) Chrome/131.0.0.0 Safari/537.36"
13.37.238.185 - - [17/Jul/2026:05:42:20 +0000] "GET /shared/.env HTTP/1.1" 404 36282 "-" "Mozilla/5.0 (Macintosh; Intel Mac OS X 10_15_7) AppleWebKit/537.36 (KHTML, like Gecko) Chrome/131.0.0.0 Safari/537.36"
15.236.180.103 - - [17/Jul/2026:05:42:24 +0000] "GET /vue/.env HTTP/1.1" 404 36261 "-" "Mozilla/5.0 (Windows NT 10.0; Win64; x64) AppleWebKit/537.36 (KHTML, like Gecko) Chrome/131.0.0.0 Safari/537.36"
13.37.238.185 - - [17/Jul/2026:05:42:24 +0000] "GET /deploy/.env HTTP/1.1" 404 36276 "-" "Mozilla/5.0 (Macintosh; Intel Mac OS X 10_15_7) AppleWebKit/537.36 (KHTML, like Gecko) Chrome/131.0.0.0 Safari/537.36"
13.37.238.185 - - [17/Jul/2026:05:42:28 +0000] "GET /build/.env HTTP/1.1" 404 36282 "-" "Mozilla/5.0 (Macintosh; Intel Mac OS X 10_15_7) AppleWebKit/537.36 (KHTML, like Gecko) Chrome/131.0.0.0 Safari/537.36"
15.236.180.103 - - [17/Jul/2026:05:42:28 +0000] "GET /angular/.env HTTP/1.1" 404 36261 "-" "Mozilla/5.0 (Windows NT 10.0; Win64; x64) AppleWebKit/537.36 (KHTML, like Gecko) Chrome/131.0.0.0 Safari/537.36"
15.236.180.103 - - [17/Jul/2026:05:42:31 +0000] "GET /svelte/.env HTTP/1.1" 404 35752 "-" "Mozilla/5.0 (Windows NT 10.0; Win64; x64) AppleWebKit/537.36 (KHTML, like Gecko) Chrome/131.0.0.0 Safari/537.36"
13.37.238.185 - - [17/Jul/2026:05:42:31 +0000] "GET /dist/.env HTTP/1.1" 404 36282 "-" "Mozilla/5.0 (Macintosh; Intel Mac OS X 10_15_7) AppleWebKit/537.36 (KHTML, like Gecko) Chrome/131.0.0.0 Safari/537.36"
