141.98.11.42 - - [17/Jul/2026:02:29:15 +0000] "GET /wp-admin/css/colors/ HTTP/1.1" 401 53 "https://www.binance.com" "Mozilla/5.0 (Windows NT 10.0; Win64; x64) AppleWebKit/537.36 (KHTML, like Gecko) Chrome/133.0.0.0 Safari/537.36"
141.98.11.42 - - [17/Jul/2026:02:29:15 +0000] "GET /wp-admin/css/colors/blue/ HTTP/1.1" 401 53 "https://www.binance.com" "Mozilla/5.0 (Windows NT 10.0; Win64; x64) AppleWebKit/537.36 (KHTML, like Gecko) Chrome/133.0.0.0 Safari/537.36"
141.98.11.42 - - [17/Jul/2026:02:29:16 +0000] "GET /wp-admin/css/colors/coffee/ HTTP/1.1" 401 53 "https://www.binance.com" "Mozilla/5.0 (Windows NT 10.0; Win64; x64) AppleWebKit/537.36 (KHTML, like Gecko) Chrome/133.0.0.0 Safari/537.36"
141.98.11.42 - - [17/Jul/2026:02:29:16 +0000] "GET /wp-admin/css/colors/modern/ HTTP/1.1" 401 53 "https://www.binance.com" "Mozilla/5.0 (Windows NT 10.0; Win64; x64) AppleWebKit/537.36 (KHTML, like Gecko) Chrome/133.0.0.0 Safari/537.36"
141.98.11.42 - - [17/Jul/2026:02:29:17 +0000] "GET /wp-admin/includes/ HTTP/1.1" 401 53 "https://www.binance.com" "Mozilla/5.0 (Windows NT 10.0; Win64; x64) AppleWebKit/537.36 (KHTML, like Gecko) Chrome/133.0.0.0 Safari/537.36"
141.98.11.42 - - [17/Jul/2026:02:29:18 +0000] "GET /wp-admin/css/colors/light/ HTTP/1.1" 401 53 "https://www.binance.com" "Mozilla/5.0 (Windows NT 10.0; Win64; x64) AppleWebKit/537.36 (KHTML, like Gecko) Chrome/133.0.0.0 Safari/537.36"
141.98.11.42 - - [17/Jul/2026:02:29:18 +0000] "GET /wp-admin/css/colors/ectoplasm/ HTTP/1.1" 401 53 "https://www.binance.com" "Mozilla/5.0 (Windows NT 10.0; Win64; x64) AppleWebKit/537.36 (KHTML, like Gecko) Chrome/133.0.0.0 Safari/537.36"
141.98.11.42 - - [17/Jul/2026:02:29:18 +0000] "GET /wp-admin/css/colors/midnight/ HTTP/1.1" 401 53 "https://www.binance.com" "Mozilla/5.0 (Windows NT 10.0; Win64; x64) AppleWebKit/537.36 (KHTML, like Gecko) Chrome/133.0.0.0 Safari/537.36"
3.96.62.62 - - [17/Jul/2026:02:29:15 +0000] "GET /.env1 HTTP/1.1" 404 36254 "-" "Mozilla/5.0 (Windows NT 10.0; Win64; x64) AppleWebKit/537.36 (KHTML, like Gecko) Chrome/131.0.0.0 Safari/537.36"
141.98.11.42 - - [17/Jul/2026:02:29:19 +0000] "GET /wp-admin/css/colors/ocean/ HTTP/1.1" 401 53 "https://www.binance.com" "Mozilla/5.0 (Windows NT 10.0; Win64; x64) AppleWebKit/537.36 (KHTML, like Gecko) Chrome/133.0.0.0 Safari/537.36"
141.98.11.42 - - [17/Jul/2026:02:29:20 +0000] "GET /wp-admin/maint/ HTTP/1.1" 401 53 "https://www.binance.com" "Mozilla/5.0 (Windows NT 10.0; Win64; x64) AppleWebKit/537.36 (KHTML, like Gecko) Chrome/133.0.0.0 Safari/537.36"
141.98.11.42 - - [17/Jul/2026:02:29:20 +0000] "GET /wp-admin/js/ HTTP/1.1" 401 53 "https://www.binance.com" "Mozilla/5.0 (Windows NT 10.0; Win64; x64) AppleWebKit/537.36 (KHTML, like Gecko) Chrome/133.0.0.0 Safari/537.36"
141.98.11.42 - - [17/Jul/2026:02:29:20 +0000] "GET /wp-admin/js/widgets/ HTTP/1.1" 401 53 "https://www.binance.com" "Mozilla/5.0 (Windows NT 10.0; Win64; x64) AppleWebKit/537.36 (KHTML, like Gecko) Chrome/133.0.0.0 Safari/537.36"
141.98.11.42 - - [17/Jul/2026:02:29:21 +0000] "GET /wp-admin/images/ HTTP/1.1" 401 53 "https://www.binance.com" "Mozilla/5.0 (Windows NT 10.0; Win64; x64) AppleWebKit/537.36 (KHTML, like Gecko) Chrome/133.0.0.0 Safari/537.36"
141.98.11.42 - - [17/Jul/2026:02:29:21 +0000] "GET /wp-admin/css/colors/sunrise/ HTTP/1.1" 401 53 "https://www.binance.com" "Mozilla/5.0 (Windows NT 10.0; Win64; x64) AppleWebKit/537.36 (KHTML, like Gecko) Chrome/133.0.0.0 Safari/537.36"
3.96.62.62 - - [17/Jul/2026:02:29:19 +0000] "GET /.env2 HTTP/1.1" 301 0 "-" "Mozilla/5.0 (Windows NT 10.0; Win64; x64) AppleWebKit/537.36 (KHTML, like Gecko) Chrome/131.0.0.0 Safari/537.36"
141.98.11.42 - - [17/Jul/2026:02:29:21 +0000] "GET /wp-admin/network/ HTTP/1.1" 401 53 "https://www.binance.com" "Mozilla/5.0 (Windows NT 10.0; Win64; x64) AppleWebKit/537.36 (KHTML, like Gecko) Chrome/133.0.0.0 Safari/537.36"
141.98.11.42 - - [17/Jul/2026:02:29:22 +0000] "GET /wp-admin/user/ HTTP/1.1" 401 53 "https://www.binance.com" "Mozilla/5.0 (Windows NT 10.0; Win64; x64) AppleWebKit/537.36 (KHTML, like Gecko) Chrome/133.0.0.0 Safari/537.36"
141.98.11.42 - - [17/Jul/2026:02:29:22 +0000] "GET /wp-includes/ HTTP/1.1" 401 53 "https://www.binance.com" "Mozilla/5.0 (Windows NT 10.0; Win64; x64) AppleWebKit/537.36 (KHTML, like Gecko) Chrome/133.0.0.0 Safari/537.36"
141.98.11.42 - - [17/Jul/2026:02:29:23 +0000] "GET /wp-includes/Text/ HTTP/1.1" 401 53 "https://www.binance.com" "Mozilla/5.0 (Windows NT 10.0; Win64; x64) AppleWebKit/537.36 (KHTML, like Gecko) Chrome/133.0.0.0 Safari/537.36"
141.98.11.42 - - [17/Jul/2026:02:29:23 +0000] "GET /wp-includes/rest-api/endpoints/ HTTP/1.1" 401 53 "https://www.binance.com" "Mozilla/5.0 (Windows NT 10.0; Win64; x64) AppleWebKit/537.36 (KHTML, like Gecko) Chrome/133.0.0.0 Safari/537.36"
141.98.11.42 - - [17/Jul/2026:02:29:23 +0000] "GET /wp-includes/Text/Diff/Renderer/ HTTP/1.1" 401 53 "https://www.binance.com" "Mozilla/5.0 (Windows NT 10.0; Win64; x64) AppleWebKit/537.36 (KHTML, like Gecko) Chrome/133.0.0.0 Safari/537.36"
141.98.11.42 - - [17/Jul/2026:02:29:24 +0000] "GET /wp-includes/Text/Diff/ HTTP/1.1" 401 53 "https://www.binance.com" "Mozilla/5.0 (Windows NT 10.0; Win64; x64) AppleWebKit/537.36 (KHTML, like Gecko) Chrome/133.0.0.0 Safari/537.36"
3.96.62.62 - - [17/Jul/2026:02:29:21 +0000] "GET /.env2 HTTP/1.1" 404 36261 "-" "Mozilla/5.0 (Windows NT 10.0; Win64; x64) AppleWebKit/537.36 (KHTML, like Gecko) Chrome/131.0.0.0 Safari/537.36"
141.98.11.42 - - [17/Jul/2026:02:29:24 +0000] "GET /wp-includes/css/ HTTP/1.1" 401 53 "https://www.binance.com" "Mozilla/5.0 (Windows NT 10.0; Win64; x64) AppleWebKit/537.36 (KHTML, like Gecko) Chrome/133.0.0.0 Safari/537.36"
141.98.11.42 - - [17/Jul/2026:02:29:24 +0000] "GET /wp-includes/css/dist/ HTTP/1.1" 401 53 "https://www.binance.com" "Mozilla/5.0 (Windows NT 10.0; Win64; x64) AppleWebKit/537.36 (KHTML, like Gecko) Chrome/133.0.0.0 Safari/537.36"
141.98.11.42 - - [17/Jul/2026:02:29:25 +0000] "GET /wp-includes/style-engine/ HTTP/1.1" 401 53 "https://www.binance.com" "Mozilla/5.0 (Windows NT 10.0; Win64; x64) AppleWebKit/537.36 (KHTML, like Gecko) Chrome/133.0.0.0 Safari/537.36"
141.98.11.42 - - [17/Jul/2026:02:29:25 +0000] "GET /wp-includes/customize/ HTTP/1.1" 401 53 "https://www.binance.com" "Mozilla/5.0 (Windows NT 10.0; Win64; x64) AppleWebKit/537.36 (KHTML, like Gecko) Chrome/133.0.0.0 Safari/537.36"
141.98.11.42 - - [17/Jul/2026:02:29:26 +0000] "GET /wp-includes/Text/Diff/Engine/ HTTP/1.1" 401 53 "https://www.binance.com" "Mozilla/5.0 (Windows NT 10.0; Win64; x64) AppleWebKit/537.36 (KHTML, like Gecko) Chrome/133.0.0.0 Safari/537.36"
3.96.62.62 - - [17/Jul/2026:02:29:24 +0000] "GET /.env_copy HTTP/1.1" 301 0 "-" "Mozilla/5.0 (Windows NT 10.0; Win64; x64) AppleWebKit/537.36 (KHTML, like Gecko) Chrome/131.0.0.0 Safari/537.36"
141.98.11.42 - - [17/Jul/2026:02:29:26 +0000] "GET /wp-includes/fonts/ HTTP/1.1" 401 53 "https://www.binance.com" "Mozilla/5.0 (Windows NT 10.0; Win64; x64) AppleWebKit/537.36 (KHTML, like Gecko) Chrome/133.0.0.0 Safari/537.36"
141.98.11.42 - - [17/Jul/2026:02:29:26 +0000] "GET /wp-includes/ID3/ HTTP/1.1" 401 53 "https://www.binance.com" "Mozilla/5.0 (Windows NT 10.0; Win64; x64) AppleWebKit/537.36 (KHTML, like Gecko) Chrome/133.0.0.0 Safari/537.36"
141.98.11.42 - - [17/Jul/2026:02:29:28 +0000] "GET /wp-includes/sitemaps/ HTTP/1.1" 401 53 "https://www.binance.com" "Mozilla/5.0 (Windows NT 10.0; Win64; x64) AppleWebKit/537.36 (KHTML, like Gecko) Chrome/133.0.0.0 Safari/537.36"
3.96.62.62 - - [17/Jul/2026:02:29:26 +0000] "GET /.env_copy HTTP/1.1" 404 36254 "-" "Mozilla/5.0 (Windows NT 10.0; Win64; x64) AppleWebKit/537.36 (KHTML, like Gecko) Chrome/131.0.0.0 Safari/537.36"
141.98.11.42 - - [17/Jul/2026:02:29:28 +0000] "GET /wp-includes/SimplePie/ HTTP/1.1" 401 53 "https://www.binance.com" "Mozilla/5.0 (Windows NT 10.0; Win64; x64) AppleWebKit/537.36 (KHTML, like Gecko) Chrome/133.0.0.0 Safari/537.36"
3.96.62.62 - - [17/Jul/2026:02:29:28 +0000] "GET /.env.txt HTTP/1.1" 301 0 "-" "Mozilla/5.0 (Windows NT 10.0; Win64; x64) AppleWebKit/537.36 (KHTML, like Gecko) Chrome/131.0.0.0 Safari/537.36"
141.98.11.42 - - [17/Jul/2026:02:29:30 +0000] "GET /wp-includes/js/jcrop/ HTTP/1.1" 401 53 "https://www.binance.com" "Mozilla/5.0 (Windows NT 10.0; Win64; x64) AppleWebKit/537.36 (KHTML, like Gecko) Chrome/133.0.0.0 Safari/537.36"
141.98.11.42 - - [17/Jul/2026:02:29:31 +0000] "GET /wp-includes/Requests/Auth/ HTTP/1.1" 401 53 "https://www.binance.com" "Mozilla/5.0 (Windows NT 10.0; Win64; x64) AppleWebKit/537.36 (KHTML, like Gecko) Chrome/133.0.0.0 Safari/537.36"
141.98.11.42 - - [17/Jul/2026:02:29:31 +0000] "GET /wp-includes/sitemaps/providers/ HTTP/1.1" 401 53 "https://www.binance.com" "Mozilla/5.0 (Windows NT 10.0; Win64; x64) AppleWebKit/537.36 (KHTML, like Gecko) Chrome/133.0.0.0 Safari/537.36"
141.98.11.42 - - [17/Jul/2026:02:29:32 +0000] "GET /wp-includes/IXR/ HTTP/1.1" 401 53 "https://www.binance.com" "Mozilla/5.0 (Windows NT 10.0; Win64; x64) AppleWebKit/537.36 (KHTML, like Gecko) Chrome/133.0.0.0 Safari/537.36"
141.98.11.42 - - [17/Jul/2026:02:29:32 +0000] "GET /wp-includes/images/ HTTP/1.1" 401 53 "https://www.binance.com" "Mozilla/5.0 (Windows NT 10.0; Win64; x64) AppleWebKit/537.36 (KHTML, like Gecko) Chrome/133.0.0.0 Safari/537.36"
141.98.11.42 - - [17/Jul/2026:02:29:33 +0000] "GET /wp-includes/css/dist/widgets/ HTTP/1.1" 401 53 "https://www.binance.com" "Mozilla/5.0 (Windows NT 10.0; Win64; x64) AppleWebKit/537.36 (KHTML, like Gecko) Chrome/133.0.0.0 Safari/537.36"
141.98.11.42 - - [17/Jul/2026:02:29:33 +0000] "GET /wp-includes/html-api/ HTTP/1.1" 401 53 "https://www.binance.com" "Mozilla/5.0 (Windows NT 10.0; Win64; x64) AppleWebKit/537.36 (KHTML, like Gecko) Chrome/133.0.0.0 Safari/537.36"
3.96.62.62 - - [17/Jul/2026:02:29:30 +0000] "GET /.env.txt HTTP/1.1" 404 36261 "-" "Mozilla/5.0 (Windows NT 10.0; Win64; x64) AppleWebKit/537.36 (KHTML, like Gecko) Chrome/131.0.0.0 Safari/537.36"
141.98.11.42 - - [17/Jul/2026:02:29:34 +0000] "GET /wp-includes/PHPMailer/ HTTP/1.1" 401 53 "https://www.binance.com" "Mozilla/5.0 (Windows NT 10.0; Win64; x64) AppleWebKit/537.36 (KHTML, like Gecko) Chrome/133.0.0.0 Safari/537.36"
141.98.11.42 - - [17/Jul/2026:02:29:34 +0000] "GET /wp-includes/pomo/ HTTP/1.1" 401 53 "https://www.binance.com" "Mozilla/5.0 (Windows NT 10.0; Win64; x64) AppleWebKit/537.36 (KHTML, like Gecko) Chrome/133.0.0.0 Safari/537.36"
141.98.11.42 - - [17/Jul/2026:02:29:34 +0000] "GET /wp-includes/blocks/ HTTP/1.1" 401 53 "https://www.binance.com" "Mozilla/5.0 (Windows NT 10.0; Win64; x64) AppleWebKit/537.36 (KHTML, like Gecko) Chrome/133.0.0.0 Safari/537.36"
141.98.11.42 - - [17/Jul/2026:02:29:35 +0000] "GET /wp-includes/assets/ HTTP/1.1" 401 53 "https://www.binance.com" "Mozilla/5.0 (Windows NT 10.0; Win64; x64) AppleWebKit/537.36 (KHTML, like Gecko) Chrome/133.0.0.0 Safari/537.36"
141.98.11.42 - - [17/Jul/2026:02:29:35 +0000] "GET /wp-includes/blocks/shortcode/ HTTP/1.1" 401 53 "https://www.binance.com" "Mozilla/5.0 (Windows NT 10.0; Win64; x64) AppleWebKit/537.36 (KHTML, like Gecko) Chrome/133.0.0.0 Safari/537.36"
3.96.62.62 - - [17/Jul/2026:02:29:33 +0000] "GET /.env.json HTTP/1.1" 301 0 "-" "Mozilla/5.0 (Windows NT 10.0; Win64; x64) AppleWebKit/537.36 (KHTML, like Gecko) Chrome/131.0.0.0 Safari/537.36"
141.98.11.42 - - [17/Jul/2026:02:29:35 +0000] "GET /wp-includes/rest-api/ HTTP/1.1" 401 53 "https://www.binance.com" "Mozilla/5.0 (Windows NT 10.0; Win64; x64) AppleWebKit/537.36 (KHTML, like Gecko) Chrome/133.0.0.0 Safari/537.36"
141.98.11.42 - - [17/Jul/2026:02:29:36 +0000] "GET /wp-includes/js/ HTTP/1.1" 401 53 "https://www.binance.com" "Mozilla/5.0 (Windows NT 10.0; Win64; x64) AppleWebKit/537.36 (KHTML, like Gecko) Chrome/133.0.0.0 Safari/537.36"
141.98.11.42 - - [17/Jul/2026:02:29:36 +0000] "GET /wp-includes/js/codemirror/ HTTP/1.1" 401 53 "https://www.binance.com" "Mozilla/5.0 (Windows NT 10.0; Win64; x64) AppleWebKit/537.36 (KHTML, like Gecko) Chrome/133.0.0.0 Safari/537.36"
141.98.11.42 - - [17/Jul/2026:02:29:37 +0000] "GET /wp-includes/js/plupload/ HTTP/1.1" 401 53 "https://www.binance.com" "Mozilla/5.0 (Windows NT 10.0; Win64; x64) AppleWebKit/537.36 (KHTML, like Gecko) Chrome/133.0.0.0 Safari/537.36"
141.98.11.42 - - [17/Jul/2026:02:29:38 +0000] "GET /wp-includes/blocks/calendar/ HTTP/1.1" 401 53 "https://www.binance.com" "Mozilla/5.0 (Windows NT 10.0; Win64; x64) AppleWebKit/537.36 (KHTML, like Gecko) Chrome/133.0.0.0 Safari/537.36"
3.96.62.62 - - [17/Jul/2026:02:29:35 +0000] "GET /.env.json HTTP/1.1" 404 36254 "-" "Mozilla/5.0 (Windows NT 10.0; Win64; x64) AppleWebKit/537.36 (KHTML, like Gecko) Chrome/131.0.0.0 Safari/537.36"
141.98.11.42 - - [17/Jul/2026:02:29:39 +0000] "GET /wp-includes/certificates/ HTTP/1.1" 401 53 "https://www.binance.com" "Mozilla/5.0 (Windows NT 10.0; Win64; x64) AppleWebKit/537.36 (KHTML, like Gecko) Chrome/133.0.0.0 Safari/537.36"
141.98.11.42 - - [17/Jul/2026:02:29:39 +0000] "GET /wp-includes/widgets/ HTTP/1.1" 401 53 "https://www.binance.com" "Mozilla/5.0 (Windows NT 10.0; Win64; x64) AppleWebKit/537.36 (KHTML, like Gecko) Chrome/133.0.0.0 Safari/537.36"
141.98.11.42 - - [17/Jul/2026:02:29:39 +0000] "GET /wp-content/ HTTP/1.1" 401 53 "https://www.binance.com" "Mozilla/5.0 (Windows NT 10.0; Win64; x64) AppleWebKit/537.36 (KHTML, like Gecko) Chrome/133.0.0.0 Safari/537.36"
141.98.11.42 - - [17/Jul/2026:02:29:40 +0000] "GET /wp-content/languages/ HTTP/1.1" 401 53 "https://www.binance.com" "Mozilla/5.0 (Windows NT 10.0; Win64; x64) AppleWebKit/537.36 (KHTML, like Gecko) Chrome/133.0.0.0 Safari/537.36"
141.98.11.42 - - [17/Jul/2026:02:29:40 +0000] "GET /wp-content/IXR/ HTTP/1.1" 401 53 "https://www.binance.com" "Mozilla/5.0 (Windows NT 10.0; Win64; x64) AppleWebKit/537.36 (KHTML, like Gecko) Chrome/133.0.0.0 Safari/537.36"
3.96.62.62 - - [17/Jul/2026:02:29:38 +0000] "GET /.env.yaml HTTP/1.1" 301 0 "-" "Mozilla/5.0 (Windows NT 10.0; Win64; x64) AppleWebKit/537.36 (KHTML, like Gecko) Chrome/131.0.0.0 Safari/537.36"
141.98.11.42 - - [17/Jul/2026:02:29:40 +0000] "GET /wp-content/cache/ HTTP/1.1" 401 53 "https://www.binance.com" "Mozilla/5.0 (Windows NT 10.0; Win64; x64) AppleWebKit/537.36 (KHTML, like Gecko) Chrome/133.0.0.0 Safari/537.36"
141.98.11.42 - - [17/Jul/2026:02:29:41 +0000] "GET /wp-content/languages/themes/ HTTP/1.1" 401 53 "https://www.binance.com" "Mozilla/5.0 (Windows NT 10.0; Win64; x64) AppleWebKit/537.36 (KHTML, like Gecko) Chrome/133.0.0.0 Safari/537.36"
141.98.11.42 - - [17/Jul/2026:02:29:41 +0000] "GET /wp-content/uploads/ HTTP/1.1" 401 53 "https://www.binance.com" "Mozilla/5.0 (Windows NT 10.0; Win64; x64) AppleWebKit/537.36 (KHTML, like Gecko) Chrome/133.0.0.0 Safari/537.36"
141.98.11.42 - - [17/Jul/2026:02:29:42 +0000] "GET /wp-content/upgrade/ HTTP/1.1" 401 53 "https://www.binance.com" "Mozilla/5.0 (Windows NT 10.0; Win64; x64) AppleWebKit/537.36 (KHTML, like Gecko) Chrome/133.0.0.0 Safari/537.36"
3.96.62.62 - - [17/Jul/2026:02:29:40 +0000] "GET /.env.yaml HTTP/1.1" 404 36261 "-" "Mozilla/5.0 (Windows NT 10.0; Win64; x64) AppleWebKit/537.36 (KHTML, like Gecko) Chrome/131.0.0.0 Safari/537.36"
141.98.11.42 - - [17/Jul/2026:02:29:43 +0000] "GET /wp-content/plugins/ HTTP/1.1" 401 53 "https://www.binance.com" "Mozilla/5.0 (Windows NT 10.0; Win64; x64) AppleWebKit/537.36 (KHTML, like Gecko) Chrome/133.0.0.0 Safari/537.36"
141.98.11.42 - - [17/Jul/2026:02:29:43 +0000] "GET /wp-content/plugins/shell/ HTTP/1.1" 401 53 "https://www.binance.com" "Mozilla/5.0 (Windows NT 10.0; Win64; x64) AppleWebKit/537.36 (KHTML, like Gecko) Chrome/133.0.0.0 Safari/537.36"
141.98.11.42 - - [17/Jul/2026:02:29:43 +0000] "GET /wp-content/themes/ HTTP/1.1" 401 53 "https://www.binance.com" "Mozilla/5.0 (Windows NT 10.0; Win64; x64) AppleWebKit/537.36 (KHTML, like Gecko) Chrome/133.0.0.0 Safari/537.36"
141.98.11.42 - - [17/Jul/2026:02:29:44 +0000] "GET /.well-known/ HTTP/1.1" 401 53 "https://www.binance.com" "Mozilla/5.0 (Windows NT 10.0; Win64; x64) AppleWebKit/537.36 (KHTML, like Gecko) Chrome/133.0.0.0 Safari/537.36"
141.98.11.42 - - [17/Jul/2026:02:29:44 +0000] "GET /uploads/ HTTP/1.1" 401 53 "https://www.binance.com" "Mozilla/5.0 (Windows NT 10.0; Win64; x64) AppleWebKit/537.36 (KHTML, like Gecko) Chrome/133.0.0.0 Safari/537.36"
3.96.62.62 - - [17/Jul/2026:02:29:42 +0000] "GET /.env.yml HTTP/1.1" 301 0 "-" "Mozilla/5.0 (Windows NT 10.0; Win64; x64) AppleWebKit/537.36 (KHTML, like Gecko) Chrome/131.0.0.0 Safari/537.36"
141.98.11.42 - - [17/Jul/2026:02:29:44 +0000] "GET /update/files/ HTTP/1.1" 401 53 "https://www.binance.com" "Mozilla/5.0 (Windows NT 10.0; Win64; x64) AppleWebKit/537.36 (KHTML, like Gecko) Chrome/133.0.0.0 Safari/537.36"
141.98.11.42 - - [17/Jul/2026:02:29:45 +0000] "GET /file/ HTTP/1.1" 401 53 "https://www.binance.com" "Mozilla/5.0 (Windows NT 10.0; Win64; x64) AppleWebKit/537.36 (KHTML, like Gecko) Chrome/133.0.0.0 Safari/537.36"
141.98.11.42 - - [17/Jul/2026:02:29:45 +0000] "GET /images/ HTTP/1.1" 401 53 "https://www.binance.com" "Mozilla/5.0 (Windows NT 10.0; Win64; x64) AppleWebKit/537.36 (KHTML, like Gecko) Chrome/133.0.0.0 Safari/537.36"
141.98.11.42 - - [17/Jul/2026:02:29:46 +0000] "GET /img/ HTTP/1.1" 401 53 "https://www.binance.com" "Mozilla/5.0 (Windows NT 10.0; Win64; x64) AppleWebKit/537.36 (KHTML, like Gecko) Chrome/133.0.0.0 Safari/537.36"
141.98.11.42 - - [17/Jul/2026:02:29:46 +0000] "GET /admin/ HTTP/1.1" 401 53 "https://www.binance.com" "Mozilla/5.0 (Windows NT 10.0; Win64; x64) AppleWebKit/537.36 (KHTML, like Gecko) Chrome/133.0.0.0 Safari/537.36"
141.98.11.42 - - [17/Jul/2026:02:29:46 +0000] "GET /cgi-bin/ HTTP/1.1" 401 53 "https://www.binance.com" "Mozilla/5.0 (Windows NT 10.0; Win64; x64) AppleWebKit/537.36 (KHTML, like Gecko) Chrome/133.0.0.0 Safari/537.36"
3.96.62.62 - - [17/Jul/2026:02:29:44 +0000] "GET /.env.yml HTTP/1.1" 404 36261 "-" "Mozilla/5.0 (Windows NT 10.0; Win64; x64) AppleWebKit/537.36 (KHTML, like Gecko) Chrome/131.0.0.0 Safari/537.36"
141.98.11.42 - - [17/Jul/2026:02:29:48 +0000] "GET /.tmb/ HTTP/1.1" 401 53 "https://www.binance.com" "Mozilla/5.0 (Windows NT 10.0; Win64; x64) AppleWebKit/537.36 (KHTML, like Gecko) Chrome/133.0.0.0 Safari/537.36"
141.98.11.42 - - [17/Jul/2026:02:29:48 +0000] "GET /mt/ HTTP/1.1" 401 53 "https://www.binance.com" "Mozilla/5.0 (Windows NT 10.0; Win64; x64) AppleWebKit/537.36 (KHTML, like Gecko) Chrome/133.0.0.0 Safari/537.36"
3.96.62.62 - - [17/Jul/2026:02:29:47 +0000] "GET /app/.env HTTP/1.1" 301 0 "-" "Mozilla/5.0 (Windows NT 10.0; Win64; x64) AppleWebKit/537.36 (KHTML, like Gecko) Chrome/131.0.0.0 Safari/537.36"
141.98.11.42 - - [17/Jul/2026:02:29:48 +0000] "GET /old/ HTTP/1.1" 401 53 "https://www.binance.com" "Mozilla/5.0 (Windows NT 10.0; Win64; x64) AppleWebKit/537.36 (KHTML, like Gecko) Chrome/133.0.0.0 Safari/537.36"
141.98.11.42 - - [17/Jul/2026:02:29:49 +0000] "GET /css/ HTTP/1.1" 401 53 "https://www.binance.com" "Mozilla/5.0 (Windows NT 10.0; Win64; x64) AppleWebKit/537.36 (KHTML, like Gecko) Chrome/133.0.0.0 Safari/537.36"
141.98.11.42 - - [17/Jul/2026:02:29:49 +0000] "GET /pdf/ HTTP/1.1" 401 53 "https://www.binance.com" "Mozilla/5.0 (Windows NT 10.0; Win64; x64) AppleWebKit/537.36 (KHTML, like Gecko) Chrome/133.0.0.0 Safari/537.36"
141.98.11.42 - - [17/Jul/2026:02:29:49 +0000] "GET /docs/ HTTP/1.1" 401 53 "https://www.binance.com" "Mozilla/5.0 (Windows NT 10.0; Win64; x64) AppleWebKit/537.36 (KHTML, like Gecko) Chrome/133.0.0.0 Safari/537.36"
141.98.11.42 - - [17/Jul/2026:02:29:50 +0000] "GET /new/ HTTP/1.1" 401 53 "https://www.binance.com" "Mozilla/5.0 (Windows NT 10.0; Win64; x64) AppleWebKit/537.36 (KHTML, like Gecko) Chrome/133.0.0.0 Safari/537.36"
141.98.11.42 - - [17/Jul/2026:02:29:50 +0000] "GET /tmps/ HTTP/1.1" 401 53 "https://www.binance.com" "Mozilla/5.0 (Windows NT 10.0; Win64; x64) AppleWebKit/537.36 (KHTML, like Gecko) Chrome/133.0.0.0 Safari/537.36"
141.98.11.42 - - [17/Jul/2026:02:29:51 +0000] "GET /tmp/ HTTP/1.1" 401 53 "https://www.binance.com" "Mozilla/5.0 (Windows NT 10.0; Win64; x64) AppleWebKit/537.36 (KHTML, like Gecko) Chrome/133.0.0.0 Safari/537.36"
3.96.62.62 - - [17/Jul/2026:02:29:48 +0000] "GET /app/.env HTTP/1.1" 404 36261 "-" "Mozilla/5.0 (Windows NT 10.0; Win64; x64) AppleWebKit/537.36 (KHTML, like Gecko) Chrome/131.0.0.0 Safari/537.36"
141.98.11.42 - - [17/Jul/2026:02:29:51 +0000] "GET /about/ HTTP/1.1" 401 53 "https://www.binance.com" "Mozilla/5.0 (Windows NT 10.0; Win64; x64) AppleWebKit/537.36 (KHTML, like Gecko) Chrome/133.0.0.0 Safari/537.36"
141.98.11.42 - - [17/Jul/2026:02:29:51 +0000] "GET /blog/wp-admin/ HTTP/1.1" 401 53 "https://www.binance.com" "Mozilla/5.0 (Windows NT 10.0; Win64; x64) AppleWebKit/537.36 (KHTML, like Gecko) Chrome/133.0.0.0 Safari/537.36"
141.98.11.42 - - [17/Jul/2026:02:29:52 +0000] "GET /blog/wp-content/ HTTP/1.1" 401 53 "https://www.binance.com" "Mozilla/5.0 (Windows NT 10.0; Win64; x64) AppleWebKit/537.36 (KHTML, like Gecko) Chrome/133.0.0.0 Safari/537.36"
141.98.11.42 - - [17/Jul/2026:02:29:52 +0000] "GET /blog/wp-includes/ HTTP/1.1" 401 53 "https://www.binance.com" "Mozilla/5.0 (Windows NT 10.0; Win64; x64) AppleWebKit/537.36 (KHTML, like Gecko) Chrome/133.0.0.0 Safari/537.36"
3.96.62.62 - - [17/Jul/2026:02:29:51 +0000] "GET /apps/.env HTTP/1.1" 301 0 "-" "Mozilla/5.0 (Windows NT 10.0; Win64; x64) AppleWebKit/537.36 (KHTML, like Gecko) Chrome/131.0.0.0 Safari/537.36"
141.98.11.42 - - [17/Jul/2026:02:29:52 +0000] "GET /wp-content/uploads/ HTTP/1.1" 401 53 "https://www.binance.com" "Mozilla/5.0 (Windows NT 10.0; Win64; x64) AppleWebKit/537.36 (KHTML, like Gecko) Chrome/133.0.0.0 Safari/537.36"
141.98.11.42 - - [17/Jul/2026:02:29:53 +0000] "GET /wp-content/plugins/ HTTP/1.1" 401 53 "https://www.binance.com" "Mozilla/5.0 (Windows NT 10.0; Win64; x64) AppleWebKit/537.36 (KHTML, like Gecko) Chrome/133.0.0.0 Safari/537.36"
141.98.11.42 - - [17/Jul/2026:02:29:53 +0000] "GET /wp-content/themes/ HTTP/1.1" 401 53 "https://www.binance.com" "Mozilla/5.0 (Windows NT 10.0; Win64; x64) AppleWebKit/537.36 (KHTML, like Gecko) Chrome/133.0.0.0 Safari/537.36"
3.96.62.62 - - [17/Jul/2026:02:29:52 +0000] "GET /apps/.env HTTP/1.1" 404 36261 "-" "Mozilla/5.0 (Windows NT 10.0; Win64; x64) AppleWebKit/537.36 (KHTML, like Gecko) Chrome/131.0.0.0 Safari/537.36"
3.96.62.62 - - [17/Jul/2026:02:29:55 +0000] "GET /api/.env HTTP/1.1" 301 0 "-" "Mozilla/5.0 (Windows NT 10.0; Win64; x64) AppleWebKit/537.36 (KHTML, like Gecko) Chrome/131.0.0.0 Safari/537.36"
3.96.62.62 - - [17/Jul/2026:02:29:57 +0000] "GET /api/.env HTTP/1.1" 404 36254 "-" "Mozilla/5.0 (Windows NT 10.0; Win64; x64) AppleWebKit/537.36 (KHTML, like Gecko) Chrome/131.0.0.0 Safari/537.36"
3.96.62.62 - - [17/Jul/2026:02:30:00 +0000] "GET /web/.env HTTP/1.1" 301 0 "-" "Mozilla/5.0 (Windows NT 10.0; Win64; x64) AppleWebKit/537.36 (KHTML, like Gecko) Chrome/131.0.0.0 Safari/537.36"
65.181.116.207 - - [17/Jul/2026:02:30:09 +0000] "POST /wp-cron.php?doing_wp_cron=1784255409.3522109985351562500000 HTTP/1.1" 200 0 "-" "WordPress/7.0.1; https://www.biscofy.com"
3.96.62.62 - - [17/Jul/2026:02:30:02 +0000] "GET /web/.env HTTP/1.1" 404 36261 "-" "Mozilla/5.0 (Windows NT 10.0; Win64; x64) AppleWebKit/537.36 (KHTML, like Gecko) Chrome/131.0.0.0 Safari/537.36"
3.96.62.62 - - [17/Jul/2026:02:30:09 +0000] "GET /site/.env HTTP/1.1" 301 0 "-" "Mozilla/5.0 (Windows NT 10.0; Win64; x64) AppleWebKit/537.36 (KHTML, like Gecko) Chrome/131.0.0.0 Safari/537.36"
3.96.62.62 - - [17/Jul/2026:02:30:12 +0000] "GET /site/.env HTTP/1.1" 404 36261 "-" "Mozilla/5.0 (Windows NT 10.0; Win64; x64) AppleWebKit/537.36 (KHTML, like Gecko) Chrome/131.0.0.0 Safari/537.36"
3.96.62.62 - - [17/Jul/2026:02:30:16 +0000] "GET /public/.env HTTP/1.1" 301 0 "-" "Mozilla/5.0 (Windows NT 10.0; Win64; x64) AppleWebKit/537.36 (KHTML, like Gecko) Chrome/131.0.0.0 Safari/537.36"
3.96.62.62 - - [17/Jul/2026:02:30:19 +0000] "GET /public/.env HTTP/1.1" 404 36254 "-" "Mozilla/5.0 (Windows NT 10.0; Win64; x64) AppleWebKit/537.36 (KHTML, like Gecko) Chrome/131.0.0.0 Safari/537.36"
3.96.62.62 - - [17/Jul/2026:02:30:23 +0000] "GET /admin/.env HTTP/1.1" 301 0 "-" "Mozilla/5.0 (Windows NT 10.0; Win64; x64) AppleWebKit/537.36 (KHTML, like Gecko) Chrome/131.0.0.0 Safari/537.36"
3.96.62.62 - - [17/Jul/2026:02:30:26 +0000] "GET /admin/.env HTTP/1.1" 404 36261 "-" "Mozilla/5.0 (Windows NT 10.0; Win64; x64) AppleWebKit/537.36 (KHTML, like Gecko) Chrome/131.0.0.0 Safari/537.36"
3.96.62.62 - - [17/Jul/2026:02:30:29 +0000] "GET /backend/.env HTTP/1.1" 301 0 "-" "Mozilla/5.0 (Windows NT 10.0; Win64; x64) AppleWebKit/537.36 (KHTML, like Gecko) Chrome/131.0.0.0 Safari/537.36"
3.96.62.62 - - [17/Jul/2026:02:30:32 +0000] "GET /backend/.env HTTP/1.1" 404 36261 "-" "Mozilla/5.0 (Windows NT 10.0; Win64; x64) AppleWebKit/537.36 (KHTML, like Gecko) Chrome/131.0.0.0 Safari/537.36"
3.96.62.62 - - [17/Jul/2026:02:30:35 +0000] "GET /server/.env HTTP/1.1" 301 0 "-" "Mozilla/5.0 (Windows NT 10.0; Win64; x64) AppleWebKit/537.36 (KHTML, like Gecko) Chrome/131.0.0.0 Safari/537.36"
3.96.62.62 - - [17/Jul/2026:02:30:37 +0000] "GET /server/.env HTTP/1.1" 404 36254 "-" "Mozilla/5.0 (Windows NT 10.0; Win64; x64) AppleWebKit/537.36 (KHTML, like Gecko) Chrome/131.0.0.0 Safari/537.36"
3.96.62.62 - - [17/Jul/2026:02:30:41 +0000] "GET /frontend/.env HTTP/1.1" 301 0 "-" "Mozilla/5.0 (Windows NT 10.0; Win64; x64) AppleWebKit/537.36 (KHTML, like Gecko) Chrome/131.0.0.0 Safari/537.36"
3.96.62.62 - - [17/Jul/2026:02:30:43 +0000] "GET /frontend/.env HTTP/1.1" 404 36254 "-" "Mozilla/5.0 (Windows NT 10.0; Win64; x64) AppleWebKit/537.36 (KHTML, like Gecko) Chrome/131.0.0.0 Safari/537.36"
3.96.62.62 - - [17/Jul/2026:02:30:46 +0000] "GET /src/.env HTTP/1.1" 301 0 "-" "Mozilla/5.0 (Windows NT 10.0; Win64; x64) AppleWebKit/537.36 (KHTML, like Gecko) Chrome/131.0.0.0 Safari/537.36"
3.96.62.62 - - [17/Jul/2026:02:30:47 +0000] "GET /src/.env HTTP/1.1" 404 36261 "-" "Mozilla/5.0 (Windows NT 10.0; Win64; x64) AppleWebKit/537.36 (KHTML, like Gecko) Chrome/131.0.0.0 Safari/537.36"
3.96.62.62 - - [17/Jul/2026:02:30:50 +0000] "GET /core/.env HTTP/1.1" 301 0 "-" "Mozilla/5.0 (Windows NT 10.0; Win64; x64) AppleWebKit/537.36 (KHTML, like Gecko) Chrome/131.0.0.0 Safari/537.36"
3.96.62.62 - - [17/Jul/2026:02:30:52 +0000] "GET /core/.env HTTP/1.1" 404 36261 "-" "Mozilla/5.0 (Windows NT 10.0; Win64; x64) AppleWebKit/537.36 (KHTML, like Gecko) Chrome/131.0.0.0 Safari/537.36"
3.96.62.62 - - [17/Jul/2026:02:30:56 +0000] "GET /core/app/.env HTTP/1.1" 301 0 "-" "Mozilla/5.0 (Windows NT 10.0; Win64; x64) AppleWebKit/537.36 (KHTML, like Gecko) Chrome/131.0.0.0 Safari/537.36"
3.96.62.62 - - [17/Jul/2026:02:30:57 +0000] "GET /core/app/.env HTTP/1.1" 404 36254 "-" "Mozilla/5.0 (Windows NT 10.0; Win64; x64) AppleWebKit/537.36 (KHTML, like Gecko) Chrome/131.0.0.0 Safari/537.36"
3.96.62.62 - - [17/Jul/2026:02:31:00 +0000] "GET /config/.env HTTP/1.1" 301 0 "-" "Mozilla/5.0 (Windows NT 10.0; Win64; x64) AppleWebKit/537.36 (KHTML, like Gecko) Chrome/131.0.0.0 Safari/537.36"
65.181.116.207 - - [17/Jul/2026:02:31:05 +0000] "POST /wp-cron.php?doing_wp_cron=1784255465.6022090911865234375000 HTTP/1.1" 200 0 "-" "WordPress/7.0.1; https://www.biscofy.com"
3.96.62.62 - - [17/Jul/2026:02:31:03 +0000] "GET /config/.env HTTP/1.1" 404 36261 "-" "Mozilla/5.0 (Windows NT 10.0; Win64; x64) AppleWebKit/537.36 (KHTML, like Gecko) Chrome/131.0.0.0 Safari/537.36"
3.96.62.62 - - [17/Jul/2026:02:31:05 +0000] "GET /private/.env HTTP/1.1" 301 0 "-" "Mozilla/5.0 (Windows NT 10.0; Win64; x64) AppleWebKit/537.36 (KHTML, like Gecko) Chrome/131.0.0.0 Safari/537.36"
3.96.62.62 - - [17/Jul/2026:02:31:07 +0000] "GET /private/.env HTTP/1.1" 404 36254 "-" "Mozilla/5.0 (Windows NT 10.0; Win64; x64) AppleWebKit/537.36 (KHTML, like Gecko) Chrome/131.0.0.0 Safari/537.36"
3.96.62.62 - - [17/Jul/2026:02:31:09 +0000] "GET /application/.env HTTP/1.1" 301 0 "-" "Mozilla/5.0 (Windows NT 10.0; Win64; x64) AppleWebKit/537.36 (KHTML, like Gecko) Chrome/131.0.0.0 Safari/537.36"
216.73.163.146 - - [17/Jul/2026:02:31:13 +0000] "POST /wp-login.php HTTP/1.1" 200 2229 "-" "Mozilla/5.0 (Linux; Android 6.0.1; SM-G928F) AppleWebKit/537.36 (KHTML, like Gecko) Chrome/83.0.4103.96 Mobile Safari/537.36"
3.96.62.62 - - [17/Jul/2026:02:31:11 +0000] "GET /application/.env HTTP/1.1" 404 36261 "-" "Mozilla/5.0 (Windows NT 10.0; Win64; x64) AppleWebKit/537.36 (KHTML, like Gecko) Chrome/131.0.0.0 Safari/537.36"
3.96.62.62 - - [17/Jul/2026:02:31:16 +0000] "GET /bootstrap/.env HTTP/1.1" 301 0 "-" "Mozilla/5.0 (Windows NT 10.0; Win64; x64) AppleWebKit/537.36 (KHTML, like Gecko) Chrome/131.0.0.0 Safari/537.36"
3.96.62.62 - - [17/Jul/2026:02:31:18 +0000] "GET /bootstrap/.env HTTP/1.1" 404 36261 "-" "Mozilla/5.0 (Windows NT 10.0; Win64; x64) AppleWebKit/537.36 (KHTML, like Gecko) Chrome/131.0.0.0 Safari/537.36"
3.96.62.62 - - [17/Jul/2026:02:31:23 +0000] "GET /database/.env HTTP/1.1" 301 0 "-" "Mozilla/5.0 (Windows NT 10.0; Win64; x64) AppleWebKit/537.36 (KHTML, like Gecko) Chrome/131.0.0.0 Safari/537.36"
3.96.62.62 - - [17/Jul/2026:02:31:25 +0000] "GET /database/.env HTTP/1.1" 404 36261 "-" "Mozilla/5.0 (Windows NT 10.0; Win64; x64) AppleWebKit/537.36 (KHTML, like Gecko) Chrome/131.0.0.0 Safari/537.36"
3.96.62.62 - - [17/Jul/2026:02:31:29 +0000] "GET /storage/.env HTTP/1.1" 301 0 "-" "Mozilla/5.0 (Windows NT 10.0; Win64; x64) AppleWebKit/537.36 (KHTML, like Gecko) Chrome/131.0.0.0 Safari/537.36"
3.96.62.62 - - [17/Jul/2026:02:31:31 +0000] "GET /storage/.env HTTP/1.1" 404 36261 "-" "Mozilla/5.0 (Windows NT 10.0; Win64; x64) AppleWebKit/537.36 (KHTML, like Gecko) Chrome/131.0.0.0 Safari/537.36"
3.96.62.62 - - [17/Jul/2026:02:31:35 +0000] "GET /var/www/.env HTTP/1.1" 301 0 "-" "Mozilla/5.0 (Windows NT 10.0; Win64; x64) AppleWebKit/537.36 (KHTML, like Gecko) Chrome/131.0.0.0 Safari/537.36"
3.96.62.62 - - [17/Jul/2026:02:31:37 +0000] "GET /var/www/.env HTTP/1.1" 404 36261 "-" "Mozilla/5.0 (Windows NT 10.0; Win64; x64) AppleWebKit/537.36 (KHTML, like Gecko) Chrome/131.0.0.0 Safari/537.36"
3.96.62.62 - - [17/Jul/2026:02:31:41 +0000] "GET /var/www/html/.env HTTP/1.1" 301 0 "-" "Mozilla/5.0 (Windows NT 10.0; Win64; x64) AppleWebKit/537.36 (KHTML, like Gecko) Chrome/131.0.0.0 Safari/537.36"
3.96.62.62 - - [17/Jul/2026:02:31:44 +0000] "GET /var/www/html/.env HTTP/1.1" 404 36261 "-" "Mozilla/5.0 (Windows NT 10.0; Win64; x64) AppleWebKit/537.36 (KHTML, like Gecko) Chrome/131.0.0.0 Safari/537.36"
3.96.62.62 - - [17/Jul/2026:02:31:48 +0000] "GET /current/.env HTTP/1.1" 301 0 "-" "Mozilla/5.0 (Windows NT 10.0; Win64; x64) AppleWebKit/537.36 (KHTML, like Gecko) Chrome/131.0.0.0 Safari/537.36"
3.96.62.62 - - [17/Jul/2026:02:31:51 +0000] "GET /current/.env HTTP/1.1" 404 36261 "-" "Mozilla/5.0 (Windows NT 10.0; Win64; x64) AppleWebKit/537.36 (KHTML, like Gecko) Chrome/131.0.0.0 Safari/537.36"
3.96.62.62 - - [17/Jul/2026:02:31:55 +0000] "GET /release/.env HTTP/1.1" 301 0 "-" "Mozilla/5.0 (Windows NT 10.0; Win64; x64) AppleWebKit/537.36 (KHTML, like Gecko) Chrome/131.0.0.0 Safari/537.36"
3.96.62.62 - - [17/Jul/2026:02:31:57 +0000] "GET /release/.env HTTP/1.1" 404 36254 "-" "Mozilla/5.0 (Windows NT 10.0; Win64; x64) AppleWebKit/537.36 (KHTML, like Gecko) Chrome/131.0.0.0 Safari/537.36"
65.181.116.207 - - [17/Jul/2026:02:32:05 +0000] "POST /wp-cron.php?doing_wp_cron=1784255525.8081998825073242187500 HTTP/1.1" 200 0 "-" "WordPress/7.0.1; https://www.biscofy.com"
3.96.62.62 - - [17/Jul/2026:02:32:02 +0000] "GET /releases/.env HTTP/1.1" 301 0 "-" "Mozilla/5.0 (Windows NT 10.0; Win64; x64) AppleWebKit/537.36 (KHTML, like Gecko) Chrome/131.0.0.0 Safari/537.36"
3.96.62.62 - - [17/Jul/2026:02:32:06 +0000] "GET /releases/.env HTTP/1.1" 404 36254 "-" "Mozilla/5.0 (Windows NT 10.0; Win64; x64) AppleWebKit/537.36 (KHTML, like Gecko) Chrome/131.0.0.0 Safari/537.36"
3.96.62.62 - - [17/Jul/2026:02:32:09 +0000] "GET /shared/.env HTTP/1.1" 301 0 "-" "Mozilla/5.0 (Windows NT 10.0; Win64; x64) AppleWebKit/537.36 (KHTML, like Gecko) Chrome/131.0.0.0 Safari/537.36"
3.96.62.62 - - [17/Jul/2026:02:32:13 +0000] "GET /shared/.env HTTP/1.1" 404 36261 "-" "Mozilla/5.0 (Windows NT 10.0; Win64; x64) AppleWebKit/537.36 (KHTML, like Gecko) Chrome/131.0.0.0 Safari/537.36"
3.96.62.62 - - [17/Jul/2026:02:32:16 +0000] "GET /deploy/.env HTTP/1.1" 301 0 "-" "Mozilla/5.0 (Windows NT 10.0; Win64; x64) AppleWebKit/537.36 (KHTML, like Gecko) Chrome/131.0.0.0 Safari/537.36"
3.96.62.62 - - [17/Jul/2026:02:32:19 +0000] "GET /deploy/.env HTTP/1.1" 404 36261 "-" "Mozilla/5.0 (Windows NT 10.0; Win64; x64) AppleWebKit/537.36 (KHTML, like Gecko) Chrome/131.0.0.0 Safari/537.36"
3.96.62.62 - - [17/Jul/2026:02:32:23 +0000] "GET /build/.env HTTP/1.1" 301 0 "-" "Mozilla/5.0 (Windows NT 10.0; Win64; x64) AppleWebKit/537.36 (KHTML, like Gecko) Chrome/131.0.0.0 Safari/537.36"
3.96.62.62 - - [17/Jul/2026:02:32:25 +0000] "GET /build/.env HTTP/1.1" 404 36261 "-" "Mozilla/5.0 (Windows NT 10.0; Win64; x64) AppleWebKit/537.36 (KHTML, like Gecko) Chrome/131.0.0.0 Safari/537.36"
3.96.62.62 - - [17/Jul/2026:02:32:28 +0000] "GET /dist/.env HTTP/1.1" 301 0 "-" "Mozilla/5.0 (Windows NT 10.0; Win64; x64) AppleWebKit/537.36 (KHTML, like Gecko) Chrome/131.0.0.0 Safari/537.36"
3.96.62.62 - - [17/Jul/2026:02:32:30 +0000] "GET /dist/.env HTTP/1.1" 404 36261 "-" "Mozilla/5.0 (Windows NT 10.0; Win64; x64) AppleWebKit/537.36 (KHTML, like Gecko) Chrome/131.0.0.0 Safari/537.36"
3.96.62.62 - - [17/Jul/2026:02:32:34 +0000] "GET /public_html/.env HTTP/1.1" 301 0 "-" "Mozilla/5.0 (Windows NT 10.0; Win64; x64) AppleWebKit/537.36 (KHTML, like Gecko) Chrome/131.0.0.0 Safari/537.36"
3.96.62.62 - - [17/Jul/2026:02:32:36 +0000] "GET /public_html/.env HTTP/1.1" 404 36254 "-" "Mozilla/5.0 (Windows NT 10.0; Win64; x64) AppleWebKit/537.36 (KHTML, like Gecko) Chrome/131.0.0.0 Safari/537.36"
3.96.62.62 - - [17/Jul/2026:02:32:39 +0000] "GET /htdocs/.env HTTP/1.1" 301 0 "-" "Mozilla/5.0 (Windows NT 10.0; Win64; x64) AppleWebKit/537.36 (KHTML, like Gecko) Chrome/131.0.0.0 Safari/537.36"
3.96.62.62 - - [17/Jul/2026:02:32:40 +0000] "GET /htdocs/.env HTTP/1.1" 404 36261 "-" "Mozilla/5.0 (Windows NT 10.0; Win64; x64) AppleWebKit/537.36 (KHTML, like Gecko) Chrome/131.0.0.0 Safari/537.36"
3.96.62.62 - - [17/Jul/2026:02:32:43 +0000] "GET /www/.env HTTP/1.1" 301 0 "-" "Mozilla/5.0 (Windows NT 10.0; Win64; x64) AppleWebKit/537.36 (KHTML, like Gecko) Chrome/131.0.0.0 Safari/537.36"
3.96.62.62 - - [17/Jul/2026:02:32:44 +0000] "GET /www/.env HTTP/1.1" 404 36261 "-" "Mozilla/5.0 (Windows NT 10.0; Win64; x64) AppleWebKit/537.36 (KHTML, like Gecko) Chrome/131.0.0.0 Safari/537.36"
3.96.62.62 - - [17/Jul/2026:02:32:46 +0000] "GET /html/.env HTTP/1.1" 301 0 "-" "Mozilla/5.0 (Windows NT 10.0; Win64; x64) AppleWebKit/537.36 (KHTML, like Gecko) Chrome/131.0.0.0 Safari/537.36"
3.96.62.62 - - [17/Jul/2026:02:32:48 +0000] "GET /html/.env HTTP/1.1" 404 36261 "-" "Mozilla/5.0 (Windows NT 10.0; Win64; x64) AppleWebKit/537.36 (KHTML, like Gecko) Chrome/131.0.0.0 Safari/537.36"
3.96.62.62 - - [17/Jul/2026:02:32:50 +0000] "GET /live/.env HTTP/1.1" 301 0 "-" "Mozilla/5.0 (Windows NT 10.0; Win64; x64) AppleWebKit/537.36 (KHTML, like Gecko) Chrome/131.0.0.0 Safari/537.36"
3.96.62.62 - - [17/Jul/2026:02:32:52 +0000] "GET /live/.env HTTP/1.1" 404 36254 "-" "Mozilla/5.0 (Windows NT 10.0; Win64; x64) AppleWebKit/537.36 (KHTML, like Gecko) Chrome/131.0.0.0 Safari/537.36"
3.96.62.62 - - [17/Jul/2026:02:32:54 +0000] "GET /prod/.env HTTP/1.1" 301 0 "-" "Mozilla/5.0 (Windows NT 10.0; Win64; x64) AppleWebKit/537.36 (KHTML, like Gecko) Chrome/131.0.0.0 Safari/537.36"
3.96.62.62 - - [17/Jul/2026:02:32:56 +0000] "GET /prod/.env HTTP/1.1" 404 36254 "-" "Mozilla/5.0 (Windows NT 10.0; Win64; x64) AppleWebKit/537.36 (KHTML, like Gecko) Chrome/131.0.0.0 Safari/537.36"
3.96.62.62 - - [17/Jul/2026:02:32:59 +0000] "GET /dev/.env HTTP/1.1" 301 0 "-" "Mozilla/5.0 (Windows NT 10.0; Win64; x64) AppleWebKit/537.36 (KHTML, like Gecko) Chrome/131.0.0.0 Safari/537.36"
65.181.116.207 - - [17/Jul/2026:02:33:06 +0000] "POST /wp-cron.php?doing_wp_cron=1784255586.0913019180297851562500 HTTP/1.1" 200 0 "-" "WordPress/7.0.1; https://www.biscofy.com"
3.96.62.62 - - [17/Jul/2026:02:33:01 +0000] "GET /dev/.env HTTP/1.1" 404 36261 "-" "Mozilla/5.0 (Windows NT 10.0; Win64; x64) AppleWebKit/537.36 (KHTML, like Gecko) Chrome/131.0.0.0 Safari/537.36"
3.96.62.62 - - [17/Jul/2026:02:33:06 +0000] "GET /staging/.env HTTP/1.1" 301 0 "-" "Mozilla/5.0 (Windows NT 10.0; Win64; x64) AppleWebKit/537.36 (KHTML, like Gecko) Chrome/131.0.0.0 Safari/537.36"
3.96.62.62 - - [17/Jul/2026:02:33:07 +0000] "GET /staging/.env HTTP/1.1" 404 36261 "-" "Mozilla/5.0 (Windows NT 10.0; Win64; x64) AppleWebKit/537.36 (KHTML, like Gecko) Chrome/131.0.0.0 Safari/537.36"
3.96.62.62 - - [17/Jul/2026:02:33:11 +0000] "GET /opt/.env HTTP/1.1" 301 0 "-" "Mozilla/5.0 (Windows NT 10.0; Win64; x64) AppleWebKit/537.36 (KHTML, like Gecko) Chrome/131.0.0.0 Safari/537.36"
3.96.62.62 - - [17/Jul/2026:02:33:13 +0000] "GET /opt/.env HTTP/1.1" 404 36261 "-" "Mozilla/5.0 (Windows NT 10.0; Win64; x64) AppleWebKit/537.36 (KHTML, like Gecko) Chrome/131.0.0.0 Safari/537.36"
3.96.62.62 - - [17/Jul/2026:02:33:16 +0000] "GET /laravel/.env HTTP/1.1" 301 0 "-" "Mozilla/5.0 (Windows NT 10.0; Win64; x64) AppleWebKit/537.36 (KHTML, like Gecko) Chrome/131.0.0.0 Safari/537.36"
3.96.62.62 - - [17/Jul/2026:02:33:18 +0000] "GET /laravel/.env HTTP/1.1" 404 36261 "-" "Mozilla/5.0 (Windows NT 10.0; Win64; x64) AppleWebKit/537.36 (KHTML, like Gecko) Chrome/131.0.0.0 Safari/537.36"
3.96.62.62 - - [17/Jul/2026:02:33:20 +0000] "GET /symfony/.env HTTP/1.1" 301 0 "-" "Mozilla/5.0 (Windows NT 10.0; Win64; x64) AppleWebKit/537.36 (KHTML, like Gecko) Chrome/131.0.0.0 Safari/537.36"
3.96.62.62 - - [17/Jul/2026:02:33:22 +0000] "GET /symfony/.env HTTP/1.1" 404 36254 "-" "Mozilla/5.0 (Windows NT 10.0; Win64; x64) AppleWebKit/537.36 (KHTML, like Gecko) Chrome/131.0.0.0 Safari/537.36"
3.96.62.62 - - [17/Jul/2026:02:33:24 +0000] "GET /wordpress/.env HTTP/1.1" 301 0 "-" "Mozilla/5.0 (Windows NT 10.0; Win64; x64) AppleWebKit/537.36 (KHTML, like Gecko) Chrome/131.0.0.0 Safari/537.36"
3.96.62.62 - - [17/Jul/2026:02:33:26 +0000] "GET /wordpress/.env HTTP/1.1" 404 36254 "-" "Mozilla/5.0 (Windows NT 10.0; Win64; x64) AppleWebKit/537.36 (KHTML, like Gecko) Chrome/131.0.0.0 Safari/537.36"
3.96.62.62 - - [17/Jul/2026:02:33:28 +0000] "GET /wp/.env HTTP/1.1" 301 0 "-" "Mozilla/5.0 (Windows NT 10.0; Win64; x64) AppleWebKit/537.36 (KHTML, like Gecko) Chrome/131.0.0.0 Safari/537.36"
3.96.62.62 - - [17/Jul/2026:02:33:29 +0000] "GET /wp/.env HTTP/1.1" 404 36261 "-" "Mozilla/5.0 (Windows NT 10.0; Win64; x64) AppleWebKit/537.36 (KHTML, like Gecko) Chrome/131.0.0.0 Safari/537.36"
3.96.62.62 - - [17/Jul/2026:02:33:32 +0000] "GET /cms/.env HTTP/1.1" 301 0 "-" "Mozilla/5.0 (Windows NT 10.0; Win64; x64) AppleWebKit/537.36 (KHTML, like Gecko) Chrome/131.0.0.0 Safari/537.36"
3.96.62.62 - - [17/Jul/2026:02:33:33 +0000] "GET /cms/.env HTTP/1.1" 404 36261 "-" "Mozilla/5.0 (Windows NT 10.0; Win64; x64) AppleWebKit/537.36 (KHTML, like Gecko) Chrome/131.0.0.0 Safari/537.36"
3.96.62.62 - - [17/Jul/2026:02:33:36 +0000] "GET /drupal/.env HTTP/1.1" 301 0 "-" "Mozilla/5.0 (Windows NT 10.0; Win64; x64) AppleWebKit/537.36 (KHTML, like Gecko) Chrome/131.0.0.0 Safari/537.36"
3.96.62.62 - - [17/Jul/2026:02:33:38 +0000] "GET /drupal/.env HTTP/1.1" 404 36254 "-" "Mozilla/5.0 (Windows NT 10.0; Win64; x64) AppleWebKit/537.36 (KHTML, like Gecko) Chrome/131.0.0.0 Safari/537.36"
3.96.62.62 - - [17/Jul/2026:02:33:41 +0000] "GET /joomla/.env HTTP/1.1" 301 0 "-" "Mozilla/5.0 (Windows NT 10.0; Win64; x64) AppleWebKit/537.36 (KHTML, like Gecko) Chrome/131.0.0.0 Safari/537.36"
3.96.62.62 - - [17/Jul/2026:02:33:43 +0000] "GET /joomla/.env HTTP/1.1" 404 36261 "-" "Mozilla/5.0 (Windows NT 10.0; Win64; x64) AppleWebKit/537.36 (KHTML, like Gecko) Chrome/131.0.0.0 Safari/537.36"
3.96.62.62 - - [17/Jul/2026:02:33:46 +0000] "GET /magento/.env HTTP/1.1" 301 0 "-" "Mozilla/5.0 (Windows NT 10.0; Win64; x64) AppleWebKit/537.36 (KHTML, like Gecko) Chrome/131.0.0.0 Safari/537.36"
3.96.62.62 - - [17/Jul/2026:02:33:48 +0000] "GET /magento/.env HTTP/1.1" 404 36261 "-" "Mozilla/5.0 (Windows NT 10.0; Win64; x64) AppleWebKit/537.36 (KHTML, like Gecko) Chrome/131.0.0.0 Safari/537.36"
3.96.62.62 - - [17/Jul/2026:02:33:50 +0000] "GET /shopify/.env HTTP/1.1" 301 0 "-" "Mozilla/5.0 (Windows NT 10.0; Win64; x64) AppleWebKit/537.36 (KHTML, like Gecko) Chrome/131.0.0.0 Safari/537.36"
3.96.62.62 - - [17/Jul/2026:02:33:52 +0000] "GET /shopify/.env HTTP/1.1" 404 36254 "-" "Mozilla/5.0 (Windows NT 10.0; Win64; x64) AppleWebKit/537.36 (KHTML, like Gecko) Chrome/131.0.0.0 Safari/537.36"
3.96.62.62 - - [17/Jul/2026:02:33:55 +0000] "GET /prestashop/.env HTTP/1.1" 301 0 "-" "Mozilla/5.0 (Windows NT 10.0; Win64; x64) AppleWebKit/537.36 (KHTML, like Gecko) Chrome/131.0.0.0 Safari/537.36"
3.96.62.62 - - [17/Jul/2026:02:33:57 +0000] "GET /prestashop/.env HTTP/1.1" 404 36261 "-" "Mozilla/5.0 (Windows NT 10.0; Win64; x64) AppleWebKit/537.36 (KHTML, like Gecko) Chrome/131.0.0.0 Safari/537.36"
3.96.62.62 - - [17/Jul/2026:02:34:00 +0000] "GET /codeigniter/.env HTTP/1.1" 301 0 "-" "Mozilla/5.0 (Windows NT 10.0; Win64; x64) AppleWebKit/537.36 (KHTML, like Gecko) Chrome/131.0.0.0 Safari/537.36"
65.181.116.207 - - [17/Jul/2026:02:34:06 +0000] "POST /wp-cron.php?doing_wp_cron=1784255646.1274890899658203125000 HTTP/1.1" 200 0 "-" "WordPress/7.0.1; https://www.biscofy.com"
3.96.62.62 - - [17/Jul/2026:02:34:01 +0000] "GET /codeigniter/.env HTTP/1.1" 404 36261 "-" "Mozilla/5.0 (Windows NT 10.0; Win64; x64) AppleWebKit/537.36 (KHTML, like Gecko) Chrome/131.0.0.0 Safari/537.36"
3.96.62.62 - - [17/Jul/2026:02:34:06 +0000] "GET /cakephp/.env HTTP/1.1" 301 0 "-" "Mozilla/5.0 (Windows NT 10.0; Win64; x64) AppleWebKit/537.36 (KHTML, like Gecko) Chrome/131.0.0.0 Safari/537.36"
3.96.62.62 - - [17/Jul/2026:02:34:07 +0000] "GET /cakephp/.env HTTP/1.1" 404 36261 "-" "Mozilla/5.0 (Windows NT 10.0; Win64; x64) AppleWebKit/537.36 (KHTML, like Gecko) Chrome/131.0.0.0 Safari/537.36"
3.96.62.62 - - [17/Jul/2026:02:34:10 +0000] "GET /zend/.env HTTP/1.1" 301 0 "-" "Mozilla/5.0 (Windows NT 10.0; Win64; x64) AppleWebKit/537.36 (KHTML, like Gecko) Chrome/131.0.0.0 Safari/537.36"
3.96.62.62 - - [17/Jul/2026:02:34:12 +0000] "GET /zend/.env HTTP/1.1" 404 36261 "-" "Mozilla/5.0 (Windows NT 10.0; Win64; x64) AppleWebKit/537.36 (KHTML, like Gecko) Chrome/131.0.0.0 Safari/537.36"
3.96.62.62 - - [17/Jul/2026:02:34:15 +0000] "GET /yii/.env HTTP/1.1" 301 0 "-" "Mozilla/5.0 (Windows NT 10.0; Win64; x64) AppleWebKit/537.36 (KHTML, like Gecko) Chrome/131.0.0.0 Safari/537.36"
3.96.62.62 - - [17/Jul/2026:02:34:18 +0000] "GET /yii/.env HTTP/1.1" 404 36261 "-" "Mozilla/5.0 (Windows NT 10.0; Win64; x64) AppleWebKit/537.36 (KHTML, like Gecko) Chrome/131.0.0.0 Safari/537.36"
3.96.62.62 - - [17/Jul/2026:02:34:22 +0000] "GET /laravel5/.env HTTP/1.1" 301 0 "-" "Mozilla/5.0 (Windows NT 10.0; Win64; x64) AppleWebKit/537.36 (KHTML, like Gecko) Chrome/131.0.0.0 Safari/537.36"
3.96.62.62 - - [17/Jul/2026:02:34:23 +0000] "GET /laravel5/.env HTTP/1.1" 404 36261 "-" "Mozilla/5.0 (Windows NT 10.0; Win64; x64) AppleWebKit/537.36 (KHTML, like Gecko) Chrome/131.0.0.0 Safari/537.36"
3.96.62.62 - - [17/Jul/2026:02:34:26 +0000] "GET /v1/.env HTTP/1.1" 301 0 "-" "Mozilla/5.0 (Windows NT 10.0; Win64; x64) AppleWebKit/537.36 (KHTML, like Gecko) Chrome/131.0.0.0 Safari/537.36"
3.96.62.62 - - [17/Jul/2026:02:34:28 +0000] "GET /v1/.env HTTP/1.1" 404 36261 "-" "Mozilla/5.0 (Windows NT 10.0; Win64; x64) AppleWebKit/537.36 (KHTML, like Gecko) Chrome/131.0.0.0 Safari/537.36"
3.96.62.62 - - [17/Jul/2026:02:34:31 +0000] "GET /v2/.env HTTP/1.1" 301 0 "-" "Mozilla/5.0 (Windows NT 10.0; Win64; x64) AppleWebKit/537.36 (KHTML, like Gecko) Chrome/131.0.0.0 Safari/537.36"
3.96.62.62 - - [17/Jul/2026:02:34:32 +0000] "GET /v2/.env HTTP/1.1" 404 36254 "-" "Mozilla/5.0 (Windows NT 10.0; Win64; x64) AppleWebKit/537.36 (KHTML, like Gecko) Chrome/131.0.0.0 Safari/537.36"
3.96.62.62 - - [17/Jul/2026:02:34:35 +0000] "GET /v3/.env HTTP/1.1" 301 0 "-" "Mozilla/5.0 (Windows NT 10.0; Win64; x64) AppleWebKit/537.36 (KHTML, like Gecko) Chrome/131.0.0.0 Safari/537.36"
3.96.62.62 - - [17/Jul/2026:02:34:36 +0000] "GET /v3/.env HTTP/1.1" 404 36254 "-" "Mozilla/5.0 (Windows NT 10.0; Win64; x64) AppleWebKit/537.36 (KHTML, like Gecko) Chrome/131.0.0.0 Safari/537.36"
3.96.62.62 - - [17/Jul/2026:02:34:39 +0000] "GET /api/v1/.env HTTP/1.1" 301 0 "-" "Mozilla/5.0 (Windows NT 10.0; Win64; x64) AppleWebKit/537.36 (KHTML, like Gecko) Chrome/131.0.0.0 Safari/537.36"
3.96.62.62 - - [17/Jul/2026:02:34:40 +0000] "GET /api/v1/.env HTTP/1.1" 404 36261 "-" "Mozilla/5.0 (Windows NT 10.0; Win64; x64) AppleWebKit/537.36 (KHTML, like Gecko) Chrome/131.0.0.0 Safari/537.36"
3.96.62.62 - - [17/Jul/2026:02:34:43 +0000] "GET /api/v2/.env HTTP/1.1" 301 0 "-" "Mozilla/5.0 (Windows NT 10.0; Win64; x64) AppleWebKit/537.36 (KHTML, like Gecko) Chrome/131.0.0.0 Safari/537.36"
3.96.62.62 - - [17/Jul/2026:02:34:44 +0000] "GET /api/v2/.env HTTP/1.1" 404 36261 "-" "Mozilla/5.0 (Windows NT 10.0; Win64; x64) AppleWebKit/537.36 (KHTML, like Gecko) Chrome/131.0.0.0 Safari/537.36"
3.96.62.62 - - [17/Jul/2026:02:34:47 +0000] "GET /rest/.env HTTP/1.1" 301 0 "-" "Mozilla/5.0 (Windows NT 10.0; Win64; x64) AppleWebKit/537.36 (KHTML, like Gecko) Chrome/131.0.0.0 Safari/537.36"
3.96.62.62 - - [17/Jul/2026:02:34:49 +0000] "GET /rest/.env HTTP/1.1" 404 36254 "-" "Mozilla/5.0 (Windows NT 10.0; Win64; x64) AppleWebKit/537.36 (KHTML, like Gecko) Chrome/131.0.0.0 Safari/537.36"
3.96.62.62 - - [17/Jul/2026:02:34:51 +0000] "GET /graphql/.env HTTP/1.1" 301 0 "-" "Mozilla/5.0 (Windows NT 10.0; Win64; x64) AppleWebKit/537.36 (KHTML, like Gecko) Chrome/131.0.0.0 Safari/537.36"
3.96.62.62 - - [17/Jul/2026:02:34:52 +0000] "GET /graphql/.env HTTP/1.1" 404 36254 "-" "Mozilla/5.0 (Windows NT 10.0; Win64; x64) AppleWebKit/537.36 (KHTML, like Gecko) Chrome/131.0.0.0 Safari/537.36"
3.96.62.62 - - [17/Jul/2026:02:34:54 +0000] "GET /gateway/.env HTTP/1.1" 301 0 "-" "Mozilla/5.0 (Windows NT 10.0; Win64; x64) AppleWebKit/537.36 (KHTML, like Gecko) Chrome/131.0.0.0 Safari/537.36"
3.96.62.62 - - [17/Jul/2026:02:34:56 +0000] "GET /gateway/.env HTTP/1.1" 404 36261 "-" "Mozilla/5.0 (Windows NT 10.0; Win64; x64) AppleWebKit/537.36 (KHTML, like Gecko) Chrome/131.0.0.0 Safari/537.36"
3.96.62.62 - - [17/Jul/2026:02:34:58 +0000] "GET /microservice/.env HTTP/1.1" 301 0 "-" "Mozilla/5.0 (Windows NT 10.0; Win64; x64) AppleWebKit/537.36 (KHTML, like Gecko) Chrome/131.0.0.0 Safari/537.36"
65.181.116.207 - - [17/Jul/2026:02:35:08 +0000] "POST /wp-cron.php?doing_wp_cron=1784255708.0853409767150878906250 HTTP/1.1" 200 0 "-" "WordPress/7.0.1; https://www.biscofy.com"
3.96.62.62 - - [17/Jul/2026:02:35:00 +0000] "GET /microservice/.env HTTP/1.1" 404 36261 "-" "Mozilla/5.0 (Windows NT 10.0; Win64; x64) AppleWebKit/537.36 (KHTML, like Gecko) Chrome/131.0.0.0 Safari/537.36"
3.96.62.62 - - [17/Jul/2026:02:35:08 +0000] "GET /service/.env HTTP/1.1" 301 0 "-" "Mozilla/5.0 (Windows NT 10.0; Win64; x64) AppleWebKit/537.36 (KHTML, like Gecko) Chrome/131.0.0.0 Safari/537.36"
3.96.62.62 - - [17/Jul/2026:02:35:10 +0000] "GET /service/.env HTTP/1.1" 404 36261 "-" "Mozilla/5.0 (Windows NT 10.0; Win64; x64) AppleWebKit/537.36 (KHTML, like Gecko) Chrome/131.0.0.0 Safari/537.36"
3.96.62.62 - - [17/Jul/2026:02:35:16 +0000] "GET /api/v3/.env HTTP/1.1" 301 0 "-" "Mozilla/5.0 (Windows NT 10.0; Win64; x64) AppleWebKit/537.36 (KHTML, like Gecko) Chrome/131.0.0.0 Safari/537.36"
3.96.62.62 - - [17/Jul/2026:02:35:19 +0000] "GET /api/v3/.env HTTP/1.1" 404 36261 "-" "Mozilla/5.0 (Windows NT 10.0; Win64; x64) AppleWebKit/537.36 (KHTML, like Gecko) Chrome/131.0.0.0 Safari/537.36"
3.96.62.62 - - [17/Jul/2026:02:35:22 +0000] "GET /api/dev/.env HTTP/1.1" 301 0 "-" "Mozilla/5.0 (Windows NT 10.0; Win64; x64) AppleWebKit/537.36 (KHTML, like Gecko) Chrome/131.0.0.0 Safari/537.36"
3.96.62.62 - - [17/Jul/2026:02:35:25 +0000] "GET /api/dev/.env HTTP/1.1" 404 36261 "-" "Mozilla/5.0 (Windows NT 10.0; Win64; x64) AppleWebKit/537.36 (KHTML, like Gecko) Chrome/131.0.0.0 Safari/537.36"
3.96.62.62 - - [17/Jul/2026:02:35:28 +0000] "GET /api/staging/.env HTTP/1.1" 301 0 "-" "Mozilla/5.0 (Windows NT 10.0; Win64; x64) AppleWebKit/537.36 (KHTML, like Gecko) Chrome/131.0.0.0 Safari/537.36"
3.96.62.62 - - [17/Jul/2026:02:35:30 +0000] "GET /api/staging/.env HTTP/1.1" 404 36254 "-" "Mozilla/5.0 (Windows NT 10.0; Win64; x64) AppleWebKit/537.36 (KHTML, like Gecko) Chrome/131.0.0.0 Safari/537.36"
3.96.62.62 - - [17/Jul/2026:02:35:33 +0000] "GET /vendor/.env HTTP/1.1" 301 0 "-" "Mozilla/5.0 (Windows NT 10.0; Win64; x64) AppleWebKit/537.36 (KHTML, like Gecko) Chrome/131.0.0.0 Safari/537.36"
3.96.62.62 - - [17/Jul/2026:02:35:36 +0000] "GET /vendor/.env HTTP/1.1" 404 36254 "-" "Mozilla/5.0 (Windows NT 10.0; Win64; x64) AppleWebKit/537.36 (KHTML, like Gecko) Chrome/131.0.0.0 Safari/537.36"
3.96.62.62 - - [17/Jul/2026:02:35:39 +0000] "GET /lib/.env HTTP/1.1" 301 0 "-" "Mozilla/5.0 (Windows NT 10.0; Win64; x64) AppleWebKit/537.36 (KHTML, like Gecko) Chrome/131.0.0.0 Safari/537.36"
3.96.62.62 - - [17/Jul/2026:02:35:41 +0000] "GET /lib/.env HTTP/1.1" 404 36254 "-" "Mozilla/5.0 (Windows NT 10.0; Win64; x64) AppleWebKit/537.36 (KHTML, like Gecko) Chrome/131.0.0.0 Safari/537.36"
3.96.62.62 - - [17/Jul/2026:02:35:45 +0000] "GET /resources/.env HTTP/1.1" 301 0 "-" "Mozilla/5.0 (Windows NT 10.0; Win64; x64) AppleWebKit/537.36 (KHTML, like Gecko) Chrome/131.0.0.0 Safari/537.36"
3.96.62.62 - - [17/Jul/2026:02:35:47 +0000] "GET /resources/.env HTTP/1.1" 404 36254 "-" "Mozilla/5.0 (Windows NT 10.0; Win64; x64) AppleWebKit/537.36 (KHTML, like Gecko) Chrome/131.0.0.0 Safari/537.36"
3.96.62.62 - - [17/Jul/2026:02:35:52 +0000] "GET /assets/.env HTTP/1.1" 301 0 "-" "Mozilla/5.0 (Windows NT 10.0; Win64; x64) AppleWebKit/537.36 (KHTML, like Gecko) Chrome/131.0.0.0 Safari/537.36"
