45.148.10.244 - - [17/Jul/2026:10:00:50 +0000] "GET / HTTP/2" 200 44732 "-" "Mozilla/5.0 (compatible; pathscan/1.0)"
65.181.116.207 - - [17/Jul/2026:10:00:54 +0000] "POST /wp-cron.php?doing_wp_cron=1784282454.2046310901641845703125 HTTP/1.1" 200 0 "-" "WordPress/7.0.1; https://www.biscofy.com"
45.148.10.244 - - [17/Jul/2026:10:00:54 +0000] "GET /1ohbjeazpsmfz1vngiuyayf46g HTTP/2" 404 36261 "-" "Mozilla/5.0 (compatible; pathscan/1.0)"
45.148.10.244 - - [17/Jul/2026:10:00:57 +0000] "GET /1bh0gbu8akk97194vjzuaa4fy7.html HTTP/2" 404 36261 "-" "Mozilla/5.0 (compatible; pathscan/1.0)"
45.148.10.244 - - [17/Jul/2026:10:00:59 +0000] "GET /w0enllnej37h52o9by2p3u33.php HTTP/2" 404 36261 "-" "Mozilla/5.0 (compatible; pathscan/1.0)"
45.148.10.244 - - [17/Jul/2026:10:01:02 +0000] "GET /backend/.env HTTP/2" 404 36261 "-" "Mozilla/5.0 (compatible; pathscan/1.0)"
65.181.116.207 - - [17/Jul/2026:10:01:05 +0000] "POST /wp-cron.php?doing_wp_cron=1784282465.0577440261840820312500 HTTP/1.1" 200 0 "-" "WordPress/7.0.1; https://www.biscofy.com"
45.148.10.244 - - [17/Jul/2026:10:01:02 +0000] "GET /.env HTTP/2" 404 36261 "-" "Mozilla/5.0 (compatible; pathscan/1.0)"
65.181.116.207 - - [17/Jul/2026:10:01:05 +0000] "POST /wp-cron.php?doing_wp_cron=1784282465.0681929588317871093750 HTTP/1.1" 200 0 "-" "WordPress/7.0.1; https://www.biscofy.com"
45.148.10.244 - - [17/Jul/2026:10:01:02 +0000] "GET /WEB-INF/web.xml HTTP/2" 404 36261 "-" "Mozilla/5.0 (compatible; pathscan/1.0)"
45.148.10.244 - - [17/Jul/2026:10:01:07 +0000] "GET /.gitlab-ci.yml HTTP/2" 403 1242 "-" "Mozilla/5.0 (compatible; pathscan/1.0)"
45.148.10.244 - - [17/Jul/2026:10:01:07 +0000] "GET /.env.production HTTP/2" 404 36261 "-" "Mozilla/5.0 (compatible; pathscan/1.0)"
45.148.10.244 - - [17/Jul/2026:10:01:08 +0000] "GET /source/.env HTTP/2" 404 36261 "-" "Mozilla/5.0 (compatible; pathscan/1.0)"
45.148.10.244 - - [17/Jul/2026:10:01:08 +0000] "GET /deploy.sh HTTP/2" 404 36261 "-" "Mozilla/5.0 (compatible; pathscan/1.0)"
45.148.10.244 - - [17/Jul/2026:10:01:12 +0000] "GET /framework/.env HTTP/2" 404 36261 "-" "Mozilla/5.0 (compatible; pathscan/1.0)"
45.148.10.244 - - [17/Jul/2026:10:01:11 +0000] "GET /config.env HTTP/2" 404 36261 "-" "Mozilla/5.0 (compatible; pathscan/1.0)"
45.148.10.244 - - [17/Jul/2026:10:01:12 +0000] "GET /ikiwiki/.env HTTP/2" 404 36261 "-" "Mozilla/5.0 (compatible; pathscan/1.0)"
45.148.10.244 - - [17/Jul/2026:10:01:17 +0000] "GET /wp-config.php.backup HTTP/2" 404 36254 "-" "Mozilla/5.0 (compatible; pathscan/1.0)"
45.148.10.244 - - [17/Jul/2026:10:01:17 +0000] "GET /system/.env HTTP/2" 404 36261 "-" "Mozilla/5.0 (compatible; pathscan/1.0)"
45.148.10.244 - - [17/Jul/2026:10:01:17 +0000] "GET /config.inc.php HTTP/2" 404 36261 "-" "Mozilla/5.0 (compatible; pathscan/1.0)"
45.148.10.244 - - [17/Jul/2026:10:01:22 +0000] "GET /.env.sample HTTP/2" 404 36261 "-" "Mozilla/5.0 (compatible; pathscan/1.0)"
45.148.10.244 - - [17/Jul/2026:10:01:22 +0000] "GET /.env.dev HTTP/2" 404 36261 "-" "Mozilla/5.0 (compatible; pathscan/1.0)"
65.181.116.207 - - [17/Jul/2026:10:01:24 +0000] "POST /wp-cron.php?doing_wp_cron=1784282484.5296680927276611328125 HTTP/1.1" 200 0 "-" "WordPress/7.0.1; https://www.biscofy.com"
45.148.10.244 - - [17/Jul/2026:10:01:22 +0000] "GET /test/ HTTP/2" 404 36261 "-" "Mozilla/5.0 (compatible; pathscan/1.0)"
130.254.112.187 - - [17/Jul/2026:10:01:26 +0000] "GET /wp-includes/krWT/nhusaK/nhusaK/index.php HTTP/1.1" 200 33 "-" "Mozilla/5.0 (Windows NT 10.0; Win64; x64) AppleWebKit/537.36 (KHTML, like Gecko) Chrome/120.0.0.0 Safari/537.36"
130.254.112.187 - - [17/Jul/2026:10:01:26 +0000] "GET /wp-content/RVNpEseC/ZBQ/ZBQ/index.php HTTP/1.1" 200 33 "-" "Mozilla/5.0 (Windows NT 10.0; Win64; x64) AppleWebKit/537.36 (KHTML, like Gecko) Chrome/120.0.0.0 Safari/537.36"
130.254.112.187 - - [17/Jul/2026:10:01:26 +0000] "GET /wp-content/plugins/softaculous-pro/main/main/index.php HTTP/1.1" 200 33 "-" "Mozilla/5.0 (Windows NT 10.0; Win64; x64) AppleWebKit/537.36 (KHTML, like Gecko) Chrome/120.0.0.0 Safari/537.36"
130.254.112.187 - - [17/Jul/2026:10:01:26 +0000] "GET /wp-includes/blocks/widget-group/widget-group/widget-group/index.php HTTP/1.1" 200 33 "-" "Mozilla/5.0 (Windows NT 10.0; Win64; x64) AppleWebKit/537.36 (KHTML, like Gecko) Chrome/120.0.0.0 Safari/537.36"
130.254.112.187 - - [17/Jul/2026:10:01:26 +0000] "GET /wp-admin/Aa/UvcbRknN/UvcbRknN/index.php HTTP/1.1" 200 33 "-" "Mozilla/5.0 (Windows NT 10.0; Win64; x64) AppleWebKit/537.36 (KHTML, like Gecko) Chrome/120.0.0.0 Safari/537.36"
130.254.112.187 - - [17/Jul/2026:10:01:26 +0000] "GET /wp-includes/blocks/post-title/post-title/index.php HTTP/1.1" 200 33 "-" "Mozilla/5.0 (Windows NT 10.0; Win64; x64) AppleWebKit/537.36 (KHTML, like Gecko) Chrome/120.0.0.0 Safari/537.36"
130.254.112.187 - - [17/Jul/2026:10:01:26 +0000] "GET /wp-includes/krWT/nhusaK/nhusaK/index.php HTTP/1.1" 200 33 "-" "Mozilla/5.0 (Windows NT 10.0; Win64; x64) AppleWebKit/537.36 (KHTML, like Gecko) Chrome/120.0.0.0 Safari/537.36"
130.254.112.187 - - [17/Jul/2026:10:01:26 +0000] "GET /wp-admin/nzAQvU/RC/RC/index.php HTTP/1.1" 200 33 "-" "Mozilla/5.0 (Windows NT 10.0; Win64; x64) AppleWebKit/537.36 (KHTML, like Gecko) Chrome/120.0.0.0 Safari/537.36"
130.254.112.187 - - [17/Jul/2026:10:01:27 +0000] "GET /image/index.php HTTP/1.1" 200 32 "-" "Mozilla/5.0 (Windows NT 10.0; Win64; x64) AppleWebKit/537.36 (KHTML, like Gecko) Chrome/120.0.0.0 Safari/537.36"
130.254.112.187 - - [17/Jul/2026:10:01:27 +0000] "GET /wp-content/plugins/elementor/data/data/index.php HTTP/1.1" 200 33 "-" "Mozilla/5.0 (Windows NT 10.0; Win64; x64) AppleWebKit/537.36 (KHTML, like Gecko) Chrome/120.0.0.0 Safari/537.36"
45.148.10.244 - - [17/Jul/2026:10:01:27 +0000] "GET /wp-content/mysql.sql HTTP/2" 200 0 "-" "Mozilla/5.0 (compatible; pathscan/1.0)"
45.148.10.244 - - [17/Jul/2026:10:01:27 +0000] "GET /.env.example HTTP/2" 404 36261 "-" "Mozilla/5.0 (compatible; pathscan/1.0)"
45.148.10.244 - - [17/Jul/2026:10:01:27 +0000] "GET /app_dev.php/_profiler/open?file=app/config/parameters.yml HTTP/2" 404 36261 "-" "Mozilla/5.0 (compatible; pathscan/1.0)"
45.148.10.244 - - [17/Jul/2026:10:01:28 +0000] "GET /.env.dev.local HTTP/2" 404 36261 "-" "Mozilla/5.0 (compatible; pathscan/1.0)"
45.148.10.244 - - [17/Jul/2026:10:01:32 +0000] "GET /php-info.php HTTP/2" 404 36261 "-" "Mozilla/5.0 (compatible; pathscan/1.0)"
45.148.10.244 - - [17/Jul/2026:10:01:33 +0000] "GET /.env.stage HTTP/2" 404 36261 "-" "Mozilla/5.0 (compatible; pathscan/1.0)"
45.148.10.244 - - [17/Jul/2026:10:01:32 +0000] "GET /.env.prod HTTP/2" 404 36261 "-" "Mozilla/5.0 (compatible; pathscan/1.0)"
45.148.10.244 - - [17/Jul/2026:10:01:38 +0000] "GET /info.php.bak HTTP/2" 404 36254 "-" "Mozilla/5.0 (compatible; pathscan/1.0)"
45.148.10.244 - - [17/Jul/2026:10:01:38 +0000] "GET /phpinfo.php.bak HTTP/2" 404 36261 "-" "Mozilla/5.0 (compatible; pathscan/1.0)"
45.148.10.244 - - [17/Jul/2026:10:01:38 +0000] "GET /.aws/credentials HTTP/2" 404 36261 "-" "Mozilla/5.0 (compatible; pathscan/1.0)"
45.148.10.244 - - [17/Jul/2026:10:01:42 +0000] "GET /env/.env HTTP/2" 404 36261 "-" "Mozilla/5.0 (compatible; pathscan/1.0)"
45.148.10.244 - - [17/Jul/2026:10:01:42 +0000] "GET /info.txt HTTP/2" 404 36261 "-" "Mozilla/5.0 (compatible; pathscan/1.0)"
45.148.10.244 - - [17/Jul/2026:10:01:43 +0000] "GET /config.json HTTP/2" 404 36261 "-" "Mozilla/5.0 (compatible; pathscan/1.0)"
45.148.10.244 - - [17/Jul/2026:10:01:48 +0000] "GET /.env_copy HTTP/2" 404 36261 "-" "Mozilla/5.0 (compatible; pathscan/1.0)"
45.148.10.244 - - [17/Jul/2026:10:01:49 +0000] "GET /config/app.php HTTP/2" 404 36261 "-" "Mozilla/5.0 (compatible; pathscan/1.0)"
65.181.116.207 - - [17/Jul/2026:10:01:50 +0000] "POST /wp-cron.php?doing_wp_cron=1784282510.7031619548797607421875 HTTP/1.1" 200 0 "-" "WordPress/7.0.1; https://www.biscofy.com"
45.148.10.244 - - [17/Jul/2026:10:01:48 +0000] "GET /src/.env HTTP/2" 404 36261 "-" "Mozilla/5.0 (compatible; pathscan/1.0)"
45.148.10.244 - - [17/Jul/2026:10:01:53 +0000] "GET /vendor/phpunit/phpunit/src/Util/PHP/eval-stdin.php HTTP/2" 404 36254 "-" "Mozilla/5.0 (compatible; pathscan/1.0)"
45.148.10.244 - - [17/Jul/2026:10:01:53 +0000] "GET /env.example HTTP/2" 404 36261 "-" "Mozilla/5.0 (compatible; pathscan/1.0)"
45.148.10.244 - - [17/Jul/2026:10:01:53 +0000] "GET /web/.env HTTP/2" 404 36261 "-" "Mozilla/5.0 (compatible; pathscan/1.0)"
45.148.10.244 - - [17/Jul/2026:10:01:58 +0000] "GET /phpinfo.php3 HTTP/2" 404 36261 "-" "Mozilla/5.0 (compatible; pathscan/1.0)"
45.148.10.244 - - [17/Jul/2026:10:01:58 +0000] "GET /env HTTP/2" 404 36261 "-" "Mozilla/5.0 (compatible; pathscan/1.0)"
45.148.10.244 - - [17/Jul/2026:10:01:57 +0000] "GET /core/.env HTTP/2" 404 36261 "-" "Mozilla/5.0 (compatible; pathscan/1.0)"
65.181.116.207 - - [17/Jul/2026:10:02:05 +0000] "POST /wp-cron.php?doing_wp_cron=1784282525.3246419429779052734375 HTTP/1.1" 200 0 "-" "WordPress/7.0.1; https://www.biscofy.com"
45.148.10.244 - - [17/Jul/2026:10:02:02 +0000] "GET /.bashrc HTTP/2" 404 36261 "-" "Mozilla/5.0 (compatible; pathscan/1.0)"
65.181.116.207 - - [17/Jul/2026:10:02:05 +0000] "POST /wp-cron.php?doing_wp_cron=1784282525.3028810024261474609375 HTTP/1.1" 200 0 "-" "WordPress/7.0.1; https://www.biscofy.com"
45.148.10.244 - - [17/Jul/2026:10:02:03 +0000] "GET /.envrc HTTP/2" 404 36261 "-" "Mozilla/5.0 (compatible; pathscan/1.0)"
45.148.10.244 - - [17/Jul/2026:10:02:03 +0000] "GET / HTTP/2" 200 44748 "-" "Mozilla/5.0 (compatible; pathscan/1.0)"
130.254.112.187 - - [17/Jul/2026:10:03:12 +0000] "POST /wp-includes/krWT/nhusaK/nhusaK/index.php?r=WyIud2VsbC1rbm93biIsImNnaS1iaW4iLCJpbWFnZSIsIndwLWFkbWluIiwid3AtY29udGVudCIsIndwLWluY2x1ZGVzIiwiLmh0YWNjZXNzIiwiLmlkeC5kYXQiLCIzUEpjcE1Gc0Q4Qi5waHAiLCJlcnJvcl9sb2ciLCJpbmRleC5waHAiLCJsaWNlbnNlLnR4dCIsInJlYWRtZS5odG1sIiwid3AtYWN0aXZhdGUucGhwIiwid3AtYmxvZy1oZWFkZXIucGhwIiwid3AtY29tbWVudHMtcG9zdC5waHAiLCJ3cC1jb25maWctc2FtcGxlLnBocCIsIndwLWNvbmZpZy5waHAiLCJ3cC1jcm9uLnBocCIsIndwLWxpbmtzLW9wbWwucGhwIiwid3AtbG9hZC5waHAiLCJ3cC1sb2dpbi5waHAiLCJ3cC1tYWlsLnBocCIsIndwLXNldHRpbmdzLnBocCIsIndwLXNpZ251cC5waHAiLCJ3cC10cmFja2JhY2sucGhwIiwieG1scnBjLnBocCJd&s=0&d=0 HTTP/1.1" 200 7 "-" "Mozilla/5.0 (Windows NT 10.0; Win64; x64) AppleWebKit/537.36 (KHTML, like Gecko) Chrome/120.0.0.0 Safari/537.36"
130.254.112.187 - - [17/Jul/2026:10:03:13 +0000] "POST /wp-includes/krWT/nhusaK/nhusaK/index.php?r=WyIud2VsbC1rbm93biIsImNnaS1iaW4iLCJpbWFnZSIsIndwLWFkbWluIiwid3AtY29udGVudCIsIndwLWluY2x1ZGVzIiwiLmh0YWNjZXNzIiwiLmlkeC5kYXQiLCIzUEpjcE1Gc0Q4Qi5waHAiLCJlcnJvcl9sb2ciLCJpbmRleC5waHAiLCJsaWNlbnNlLnR4dCIsInJlYWRtZS5odG1sIiwid3AtYWN0aXZhdGUucGhwIiwid3AtYmxvZy1oZWFkZXIucGhwIiwid3AtY29tbWVudHMtcG9zdC5waHAiLCJ3cC1jb25maWctc2FtcGxlLnBocCIsIndwLWNvbmZpZy5waHAiLCJ3cC1jcm9uLnBocCIsIndwLWxpbmtzLW9wbWwucGhwIiwid3AtbG9hZC5waHAiLCJ3cC1sb2dpbi5waHAiLCJ3cC1tYWlsLnBocCIsIndwLXNldHRpbmdzLnBocCIsIndwLXNpZ251cC5waHAiLCJ3cC10cmFja2JhY2sucGhwIiwieG1scnBjLnBocCJd&s=0&d=0 HTTP/1.1" 200 7 "-" "Mozilla/5.0 (Windows NT 10.0; Win64; x64) AppleWebKit/537.36 (KHTML, like Gecko) Chrome/120.0.0.0 Safari/537.36"
130.254.112.187 - - [17/Jul/2026:10:03:14 +0000] "POST /wp-includes/blocks/post-title/post-title/index.php?r=WyIud2VsbC1rbm93biIsImNnaS1iaW4iLCJpbWFnZSIsIndwLWFkbWluIiwid3AtY29udGVudCIsIndwLWluY2x1ZGVzIiwiLmh0YWNjZXNzIiwiLmlkeC5kYXQiLCIzUEpjcE1Gc0Q4Qi5waHAiLCJlcnJvcl9sb2ciLCJpbmRleC5waHAiLCJsaWNlbnNlLnR4dCIsInJlYWRtZS5odG1sIiwid3AtYWN0aXZhdGUucGhwIiwid3AtYmxvZy1oZWFkZXIucGhwIiwid3AtY29tbWVudHMtcG9zdC5waHAiLCJ3cC1jb25maWctc2FtcGxlLnBocCIsIndwLWNvbmZpZy5waHAiLCJ3cC1jcm9uLnBocCIsIndwLWxpbmtzLW9wbWwucGhwIiwid3AtbG9hZC5waHAiLCJ3cC1sb2dpbi5waHAiLCJ3cC1tYWlsLnBocCIsIndwLXNldHRpbmdzLnBocCIsIndwLXNpZ251cC5waHAiLCJ3cC10cmFja2JhY2sucGhwIiwieG1scnBjLnBocCJd&s=0&d=0 HTTP/1.1" 200 1231 "-" "Mozilla/5.0 (Windows NT 10.0; Win64; x64) AppleWebKit/537.36 (KHTML, like Gecko) Chrome/120.0.0.0 Safari/537.36"
130.254.112.187 - - [17/Jul/2026:10:03:19 +0000] "GET /wp-includes/blocks/home-link/home-link/api-gateway.php HTTP/1.1" 200 1671 "-" "Mozilla/5.0 (Windows NT 10.0; Win64; x64) AppleWebKit/537.36 (KHTML, like Gecko) Chrome/120.0.0.0 Safari/537.36"
130.254.112.187 - - [17/Jul/2026:10:03:19 +0000] "GET /wp-includes/blocks/site-title/site-title/class-wp-class-tag.php HTTP/1.1" 200 1679 "-" "Mozilla/5.0 (Windows NT 10.0; Win64; x64) AppleWebKit/537.36 (KHTML, like Gecko) Chrome/120.0.0.0 Safari/537.36"
130.254.112.187 - - [17/Jul/2026:10:03:19 +0000] "GET /wp-includes/blocks/gallery/gallery/class-wp-widget.php HTTP/1.1" 200 294 "-" "Mozilla/5.0 (Windows NT 10.0; Win64; x64) AppleWebKit/537.36 (KHTML, like Gecko) Chrome/120.0.0.0 Safari/537.36"
130.254.112.187 - - [17/Jul/2026:10:03:19 +0000] "GET /wp-includes/blocks/audio/audio/wp-blog-header.php HTTP/1.1" 200 217 "-" "Mozilla/5.0 (Windows NT 10.0; Win64; x64) AppleWebKit/537.36 (KHTML, like Gecko) Chrome/120.0.0.0 Safari/537.36"
130.254.112.187 - - [17/Jul/2026:10:03:19 +0000] "GET /wp-includes/sodium_compat/src/PHP52/PHP52/task-scheduler.php HTTP/1.1" 200 303 "-" "Mozilla/5.0 (Windows NT 10.0; Win64; x64) AppleWebKit/537.36 (KHTML, like Gecko) Chrome/120.0.0.0 Safari/537.36"
130.254.112.187 - - [17/Jul/2026:10:03:19 +0000] "GET /wp-includes/blocks/widget-group/widget-group/slider-manager.php HTTP/1.1" 200 217 "-" "Mozilla/5.0 (Windows NT 10.0; Win64; x64) AppleWebKit/537.36 (KHTML, like Gecko) Chrome/120.0.0.0 Safari/537.36"
130.254.112.187 - - [17/Jul/2026:10:03:19 +0000] "GET /wp-includes/php-ai-client/src/Events/Events/media-uploader.php HTTP/1.1" 200 2242 "-" "Mozilla/5.0 (Windows NT 10.0; Win64; x64) AppleWebKit/537.36 (KHTML, like Gecko) Chrome/120.0.0.0 Safari/537.36"
130.254.112.187 - - [17/Jul/2026:10:03:19 +0000] "GET /wp-includes/css/dist/editor/editor/class-wp-help.php HTTP/1.1" 200 217 "-" "Mozilla/5.0 (Windows NT 10.0; Win64; x64) AppleWebKit/537.36 (KHTML, like Gecko) Chrome/120.0.0.0 Safari/537.36"
130.254.112.187 - - [17/Jul/2026:10:03:19 +0000] "GET /wp-includes/Requests/src/Utility/Utility/live-search.php HTTP/1.1" 200 1688 "-" "Mozilla/5.0 (Windows NT 10.0; Win64; x64) AppleWebKit/537.36 (KHTML, like Gecko) Chrome/120.0.0.0 Safari/537.36"
130.254.112.187 - - [17/Jul/2026:10:03:19 +0000] "GET /wp-includes/blocks/separator/separator/seo-plugin.php HTTP/1.1" 200 1673 "-" "Mozilla/5.0 (Windows NT 10.0; Win64; x64) AppleWebKit/537.36 (KHTML, like Gecko) Chrome/120.0.0.0 Safari/537.36"
147.53.121.195 - - [17/Jul/2026:10:03:21 +0000] "GET /wp-includes/blocks/gallery/gallery/class-wp-widget.php HTTP/1.1" 200 294 "-" "Mozilla/5.0 (Windows NT 10.0; Win64; x64) AppleWebKit/537.36 (KHTML, like Gecko) Chrome/120.0.0.0 Safari/537.36"
147.53.121.195 - - [17/Jul/2026:10:03:21 +0000] "GET /wp-includes/sodium_compat/src/PHP52/PHP52/task-scheduler.php HTTP/1.1" 200 303 "-" "Mozilla/5.0 (Windows NT 10.0; Win64; x64) AppleWebKit/537.36 (KHTML, like Gecko) Chrome/120.0.0.0 Safari/537.36"
31.58.162.22 - - [17/Jul/2026:10:03:23 +0000] "GET /wp-includes/sodium_compat/src/PHP52/PHP52/task-scheduler.php HTTP/1.1" 200 303 "-" "Mozilla/5.0 (Windows NT 10.0; Win64; x64) AppleWebKit/537.36 (KHTML, like Gecko) Chrome/120.0.0.0 Safari/537.36"
31.58.162.22 - - [17/Jul/2026:10:03:23 +0000] "GET /wp-includes/blocks/gallery/gallery/class-wp-widget.php HTTP/1.1" 200 294 "-" "Mozilla/5.0 (Windows NT 10.0; Win64; x64) AppleWebKit/537.36 (KHTML, like Gecko) Chrome/120.0.0.0 Safari/537.36"
168.91.47.20 - - [17/Jul/2026:10:03:24 +0000] "GET /wp-includes/sodium_compat/src/PHP52/PHP52/task-scheduler.php HTTP/1.1" 200 303 "-" "Mozilla/5.0 (Windows NT 10.0; Win64; x64) AppleWebKit/537.36 (KHTML, like Gecko) Chrome/120.0.0.0 Safari/537.36"
168.91.47.20 - - [17/Jul/2026:10:03:24 +0000] "GET /wp-includes/blocks/gallery/gallery/class-wp-widget.php HTTP/1.1" 200 294 "-" "Mozilla/5.0 (Windows NT 10.0; Win64; x64) AppleWebKit/537.36 (KHTML, like Gecko) Chrome/120.0.0.0 Safari/537.36"
170.199.229.178 - - [17/Jul/2026:10:03:25 +0000] "GET /wp-includes/blocks/gallery/gallery/class-wp-widget.php HTTP/1.1" 200 294 "-" "Mozilla/5.0 (Windows NT 10.0; Win64; x64) AppleWebKit/537.36 (KHTML, like Gecko) Chrome/120.0.0.0 Safari/537.36"
170.199.229.178 - - [17/Jul/2026:10:03:25 +0000] "GET /wp-includes/sodium_compat/src/PHP52/PHP52/task-scheduler.php HTTP/1.1" 200 303 "-" "Mozilla/5.0 (Windows NT 10.0; Win64; x64) AppleWebKit/537.36 (KHTML, like Gecko) Chrome/120.0.0.0 Safari/537.36"
65.181.116.207 - - [17/Jul/2026:10:06:52 +0000] "POST /wp-cron.php?doing_wp_cron=1784282812.5048649311065673828125 HTTP/1.1" 200 0 "-" "WordPress/7.0.1; https://www.biscofy.com"
173.239.240.74 - - [17/Jul/2026:10:06:49 +0000] "POST /wp-login.php HTTP/1.1" 200 2226 "-" "Mozilla/5.0 (Windows NT 10.0; Win64; x64) AppleWebKit/537.36 Chrome/129.0.0.0 Safari/537.36"
119.28.89.249 - - [17/Jul/2026:10:10:19 +0000] "GET / HTTP/1.1" 200 185 "http://biscofy.com" "Mozilla/5.0 (iPhone; CPU iPhone OS 13_2_3 like Mac OS X) AppleWebKit/605.1.15 (KHTML, like Gecko) Version/13.0.3 Mobile/15E148 Safari/604.1"
130.254.112.187 - - [17/Jul/2026:10:10:54 +0000] "GET /wp-admin/nzAQvU/RC/RC/index.php HTTP/1.1" 200 33 "-" "Mozilla/5.0 (Windows NT 10.0; Win64; x64) AppleWebKit/537.36 (KHTML, like Gecko) Chrome/120.0.0.0 Safari/537.36"
130.254.112.187 - - [17/Jul/2026:10:10:54 +0000] "GET /wp-includes/krWT/nhusaK/nhusaK/index.php HTTP/1.1" 200 33 "-" "Mozilla/5.0 (Windows NT 10.0; Win64; x64) AppleWebKit/537.36 (KHTML, like Gecko) Chrome/120.0.0.0 Safari/537.36"
130.254.112.187 - - [17/Jul/2026:10:10:54 +0000] "GET /wp-includes/blocks/post-title/post-title/index.php HTTP/1.1" 200 33 "-" "Mozilla/5.0 (Windows NT 10.0; Win64; x64) AppleWebKit/537.36 (KHTML, like Gecko) Chrome/120.0.0.0 Safari/537.36"
130.254.112.187 - - [17/Jul/2026:10:10:54 +0000] "GET /wp-content/plugins/elementor/data/data/index.php HTTP/1.1" 200 33 "-" "Mozilla/5.0 (Windows NT 10.0; Win64; x64) AppleWebKit/537.36 (KHTML, like Gecko) Chrome/120.0.0.0 Safari/537.36"
130.254.112.187 - - [17/Jul/2026:10:10:54 +0000] "GET /image/index.php HTTP/1.1" 200 32 "-" "Mozilla/5.0 (Windows NT 10.0; Win64; x64) AppleWebKit/537.36 (KHTML, like Gecko) Chrome/120.0.0.0 Safari/537.36"
130.254.112.187 - - [17/Jul/2026:10:10:54 +0000] "GET /wp-content/plugins/softaculous-pro/main/main/index.php HTTP/1.1" 200 33 "-" "Mozilla/5.0 (Windows NT 10.0; Win64; x64) AppleWebKit/537.36 (KHTML, like Gecko) Chrome/120.0.0.0 Safari/537.36"
130.254.112.187 - - [17/Jul/2026:10:10:54 +0000] "GET /wp-includes/blocks/widget-group/widget-group/widget-group/index.php HTTP/1.1" 200 33 "-" "Mozilla/5.0 (Windows NT 10.0; Win64; x64) AppleWebKit/537.36 (KHTML, like Gecko) Chrome/120.0.0.0 Safari/537.36"
130.254.112.187 - - [17/Jul/2026:10:10:54 +0000] "GET /wp-content/RVNpEseC/ZBQ/ZBQ/index.php HTTP/1.1" 200 33 "-" "Mozilla/5.0 (Windows NT 10.0; Win64; x64) AppleWebKit/537.36 (KHTML, like Gecko) Chrome/120.0.0.0 Safari/537.36"
130.254.112.187 - - [17/Jul/2026:10:10:54 +0000] "GET /wp-admin/Aa/UvcbRknN/UvcbRknN/index.php HTTP/1.1" 200 33 "-" "Mozilla/5.0 (Windows NT 10.0; Win64; x64) AppleWebKit/537.36 (KHTML, like Gecko) Chrome/120.0.0.0 Safari/537.36"
130.254.112.187 - - [17/Jul/2026:10:10:54 +0000] "GET /wp-includes/krWT/nhusaK/nhusaK/index.php HTTP/1.1" 200 33 "-" "Mozilla/5.0 (Windows NT 10.0; Win64; x64) AppleWebKit/537.36 (KHTML, like Gecko) Chrome/120.0.0.0 Safari/537.36"
65.181.116.207 - - [17/Jul/2026:10:16:28 +0000] "POST /wp-cron.php?doing_wp_cron=1784283388.2355511188507080078125 HTTP/1.1" 200 0 "-" "WordPress/7.0.1; https://www.biscofy.com"
173.239.240.77 - - [17/Jul/2026:10:16:26 +0000] "POST /wp-login.php HTTP/1.1" 200 2226 "-" "Mozilla/5.0 (Windows NT 10.0; Win64; x64) AppleWebKit/537.36 Chrome/129.0.0.0 Safari/537.36"
129.212.228.43 - - [17/Jul/2026:10:16:30 +0000] "GET /license.txt HTTP/1.1" 401 53 "-" "python-requests/2.27.1"
129.212.228.43 - - [17/Jul/2026:10:16:40 +0000] "GET /license.txt HTTP/1.1" 404 3418 "-" "python-requests/2.27.1"
130.254.112.187 - - [17/Jul/2026:10:17:17 +0000] "GET /wp-includes/sodium_compat/src/PHP52/PHP52/task-scheduler.php HTTP/1.1" 200 303 "-" "Mozilla/5.0 (Windows NT 10.0; Win64; x64) AppleWebKit/537.36 (KHTML, like Gecko) Chrome/120.0.0.0 Safari/537.36"
130.254.112.187 - - [17/Jul/2026:10:17:17 +0000] "GET /wp-includes/Requests/src/Utility/Utility/live-search.php HTTP/1.1" 200 1688 "-" "Mozilla/5.0 (Windows NT 10.0; Win64; x64) AppleWebKit/537.36 (KHTML, like Gecko) Chrome/120.0.0.0 Safari/537.36"
130.254.112.187 - - [17/Jul/2026:10:17:17 +0000] "GET /wp-includes/php-ai-client/src/Events/Events/media-uploader.php HTTP/1.1" 200 2242 "-" "Mozilla/5.0 (Windows NT 10.0; Win64; x64) AppleWebKit/537.36 (KHTML, like Gecko) Chrome/120.0.0.0 Safari/537.36"
130.254.112.187 - - [17/Jul/2026:10:17:17 +0000] "GET /wp-includes/blocks/gallery/gallery/class-wp-widget.php HTTP/1.1" 200 294 "-" "Mozilla/5.0 (Windows NT 10.0; Win64; x64) AppleWebKit/537.36 (KHTML, like Gecko) Chrome/120.0.0.0 Safari/537.36"
130.254.112.187 - - [17/Jul/2026:10:17:17 +0000] "GET /wp-includes/css/dist/editor/editor/class-wp-help.php HTTP/1.1" 200 217 "-" "Mozilla/5.0 (Windows NT 10.0; Win64; x64) AppleWebKit/537.36 (KHTML, like Gecko) Chrome/120.0.0.0 Safari/537.36"
130.254.112.187 - - [17/Jul/2026:10:17:17 +0000] "GET /wp-includes/blocks/home-link/home-link/api-gateway.php HTTP/1.1" 200 1671 "-" "Mozilla/5.0 (Windows NT 10.0; Win64; x64) AppleWebKit/537.36 (KHTML, like Gecko) Chrome/120.0.0.0 Safari/537.36"
130.254.112.187 - - [17/Jul/2026:10:17:17 +0000] "GET /wp-includes/blocks/widget-group/widget-group/slider-manager.php HTTP/1.1" 200 217 "-" "Mozilla/5.0 (Windows NT 10.0; Win64; x64) AppleWebKit/537.36 (KHTML, like Gecko) Chrome/120.0.0.0 Safari/537.36"
130.254.112.187 - - [17/Jul/2026:10:17:17 +0000] "GET /wp-includes/blocks/separator/separator/seo-plugin.php HTTP/1.1" 200 1673 "-" "Mozilla/5.0 (Windows NT 10.0; Win64; x64) AppleWebKit/537.36 (KHTML, like Gecko) Chrome/120.0.0.0 Safari/537.36"
130.254.112.187 - - [17/Jul/2026:10:17:17 +0000] "GET /wp-includes/blocks/audio/audio/wp-blog-header.php HTTP/1.1" 200 217 "-" "Mozilla/5.0 (Windows NT 10.0; Win64; x64) AppleWebKit/537.36 (KHTML, like Gecko) Chrome/120.0.0.0 Safari/537.36"
130.254.112.187 - - [17/Jul/2026:10:17:17 +0000] "GET /wp-includes/blocks/site-title/site-title/class-wp-class-tag.php HTTP/1.1" 200 1679 "-" "Mozilla/5.0 (Windows NT 10.0; Win64; x64) AppleWebKit/537.36 (KHTML, like Gecko) Chrome/120.0.0.0 Safari/537.36"
147.53.121.195 - - [17/Jul/2026:10:17:17 +0000] "GET /wp-includes/sodium_compat/src/PHP52/PHP52/task-scheduler.php HTTP/1.1" 200 303 "-" "Mozilla/5.0 (Windows NT 10.0; Win64; x64) AppleWebKit/537.36 (KHTML, like Gecko) Chrome/120.0.0.0 Safari/537.36"
147.53.121.195 - - [17/Jul/2026:10:17:17 +0000] "GET /wp-includes/blocks/gallery/gallery/class-wp-widget.php HTTP/1.1" 200 294 "-" "Mozilla/5.0 (Windows NT 10.0; Win64; x64) AppleWebKit/537.36 (KHTML, like Gecko) Chrome/120.0.0.0 Safari/537.36"
31.58.162.22 - - [17/Jul/2026:10:17:18 +0000] "GET /wp-includes/sodium_compat/src/PHP52/PHP52/task-scheduler.php HTTP/1.1" 200 303 "-" "Mozilla/5.0 (Windows NT 10.0; Win64; x64) AppleWebKit/537.36 (KHTML, like Gecko) Chrome/120.0.0.0 Safari/537.36"
31.58.162.22 - - [17/Jul/2026:10:17:18 +0000] "GET /wp-includes/blocks/gallery/gallery/class-wp-widget.php HTTP/1.1" 200 294 "-" "Mozilla/5.0 (Windows NT 10.0; Win64; x64) AppleWebKit/537.36 (KHTML, like Gecko) Chrome/120.0.0.0 Safari/537.36"
168.91.47.20 - - [17/Jul/2026:10:17:20 +0000] "GET /wp-includes/sodium_compat/src/PHP52/PHP52/task-scheduler.php HTTP/1.1" 200 303 "-" "Mozilla/5.0 (Windows NT 10.0; Win64; x64) AppleWebKit/537.36 (KHTML, like Gecko) Chrome/120.0.0.0 Safari/537.36"
168.91.47.20 - - [17/Jul/2026:10:17:20 +0000] "GET /wp-includes/blocks/gallery/gallery/class-wp-widget.php HTTP/1.1" 200 294 "-" "Mozilla/5.0 (Windows NT 10.0; Win64; x64) AppleWebKit/537.36 (KHTML, like Gecko) Chrome/120.0.0.0 Safari/537.36"
170.199.229.178 - - [17/Jul/2026:10:17:21 +0000] "GET /wp-includes/blocks/gallery/gallery/class-wp-widget.php HTTP/1.1" 200 294 "-" "Mozilla/5.0 (Windows NT 10.0; Win64; x64) AppleWebKit/537.36 (KHTML, like Gecko) Chrome/120.0.0.0 Safari/537.36"
170.199.229.178 - - [17/Jul/2026:10:17:21 +0000] "GET /wp-includes/sodium_compat/src/PHP52/PHP52/task-scheduler.php HTTP/1.1" 200 303 "-" "Mozilla/5.0 (Windows NT 10.0; Win64; x64) AppleWebKit/537.36 (KHTML, like Gecko) Chrome/120.0.0.0 Safari/537.36"
130.254.112.187 - - [17/Jul/2026:10:18:10 +0000] "POST /wp-includes/krWT/nhusaK/nhusaK/index.php?r=WyIud2VsbC1rbm93biIsImNnaS1iaW4iLCJpbWFnZSIsIndwLWFkbWluIiwid3AtY29udGVudCIsIndwLWluY2x1ZGVzIiwiLmh0YWNjZXNzIiwiLmlkeC5kYXQiLCIzUEpjcE1Gc0Q4Qi5waHAiLCJlcnJvcl9sb2ciLCJpbmRleC5waHAiLCJsaWNlbnNlLnR4dCIsInJlYWRtZS5odG1sIiwid3AtYWN0aXZhdGUucGhwIiwid3AtYmxvZy1oZWFkZXIucGhwIiwid3AtY29tbWVudHMtcG9zdC5waHAiLCJ3cC1jb25maWctc2FtcGxlLnBocCIsIndwLWNvbmZpZy5waHAiLCJ3cC1jcm9uLnBocCIsIndwLWxpbmtzLW9wbWwucGhwIiwid3AtbG9hZC5waHAiLCJ3cC1sb2dpbi5waHAiLCJ3cC1tYWlsLnBocCIsIndwLXNldHRpbmdzLnBocCIsIndwLXNpZ251cC5waHAiLCJ3cC10cmFja2JhY2sucGhwIiwieG1scnBjLnBocCJd&s=0&d=0 HTTP/1.1" 200 7 "-" "Mozilla/5.0 (Windows NT 10.0; Win64; x64) AppleWebKit/537.36 (KHTML, like Gecko) Chrome/120.0.0.0 Safari/537.36"
130.254.112.187 - - [17/Jul/2026:10:18:11 +0000] "POST /wp-includes/krWT/nhusaK/nhusaK/index.php?r=WyIud2VsbC1rbm93biIsImNnaS1iaW4iLCJpbWFnZSIsIndwLWFkbWluIiwid3AtY29udGVudCIsIndwLWluY2x1ZGVzIiwiLmh0YWNjZXNzIiwiLmlkeC5kYXQiLCIzUEpjcE1Gc0Q4Qi5waHAiLCJlcnJvcl9sb2ciLCJpbmRleC5waHAiLCJsaWNlbnNlLnR4dCIsInJlYWRtZS5odG1sIiwid3AtYWN0aXZhdGUucGhwIiwid3AtYmxvZy1oZWFkZXIucGhwIiwid3AtY29tbWVudHMtcG9zdC5waHAiLCJ3cC1jb25maWctc2FtcGxlLnBocCIsIndwLWNvbmZpZy5waHAiLCJ3cC1jcm9uLnBocCIsIndwLWxpbmtzLW9wbWwucGhwIiwid3AtbG9hZC5waHAiLCJ3cC1sb2dpbi5waHAiLCJ3cC1tYWlsLnBocCIsIndwLXNldHRpbmdzLnBocCIsIndwLXNpZ251cC5waHAiLCJ3cC10cmFja2JhY2sucGhwIiwieG1scnBjLnBocCJd&s=0&d=0 HTTP/1.1" 200 7 "-" "Mozilla/5.0 (Windows NT 10.0; Win64; x64) AppleWebKit/537.36 (KHTML, like Gecko) Chrome/120.0.0.0 Safari/537.36"
130.254.112.187 - - [17/Jul/2026:10:18:11 +0000] "POST /wp-includes/blocks/widget-group/widget-group/widget-group/index.php?r=WyIud2VsbC1rbm93biIsImNnaS1iaW4iLCJpbWFnZSIsIndwLWFkbWluIiwid3AtY29udGVudCIsIndwLWluY2x1ZGVzIiwiLmh0YWNjZXNzIiwiLmlkeC5kYXQiLCIzUEpjcE1Gc0Q4Qi5waHAiLCJlcnJvcl9sb2ciLCJpbmRleC5waHAiLCJsaWNlbnNlLnR4dCIsInJlYWRtZS5odG1sIiwid3AtYWN0aXZhdGUucGhwIiwid3AtYmxvZy1oZWFkZXIucGhwIiwid3AtY29tbWVudHMtcG9zdC5waHAiLCJ3cC1jb25maWctc2FtcGxlLnBocCIsIndwLWNvbmZpZy5waHAiLCJ3cC1jcm9uLnBocCIsIndwLWxpbmtzLW9wbWwucGhwIiwid3AtbG9hZC5waHAiLCJ3cC1sb2dpbi5waHAiLCJ3cC1tYWlsLnBocCIsIndwLXNldHRpbmdzLnBocCIsIndwLXNpZ251cC5waHAiLCJ3cC10cmFja2JhY2sucGhwIiwieG1scnBjLnBocCJd&s=0&d=0 HTTP/1.1" 200 1230 "-" "Mozilla/5.0 (Windows NT 10.0; Win64; x64) AppleWebKit/537.36 (KHTML, like Gecko) Chrome/120.0.0.0 Safari/537.36"
130.254.112.187 - - [17/Jul/2026:10:21:14 +0000] "GET /wp-content/plugins/elementor/data/data/index.php HTTP/1.1" 200 33 "-" "Mozilla/5.0 (Windows NT 10.0; Win64; x64) AppleWebKit/537.36 (KHTML, like Gecko) Chrome/120.0.0.0 Safari/537.36"
130.254.112.187 - - [17/Jul/2026:10:21:14 +0000] "GET /wp-content/RVNpEseC/ZBQ/ZBQ/index.php HTTP/1.1" 200 33 "-" "Mozilla/5.0 (Windows NT 10.0; Win64; x64) AppleWebKit/537.36 (KHTML, like Gecko) Chrome/120.0.0.0 Safari/537.36"
130.254.112.187 - - [17/Jul/2026:10:21:14 +0000] "GET /wp-admin/nzAQvU/RC/RC/index.php HTTP/1.1" 200 33 "-" "Mozilla/5.0 (Windows NT 10.0; Win64; x64) AppleWebKit/537.36 (KHTML, like Gecko) Chrome/120.0.0.0 Safari/537.36"
130.254.112.187 - - [17/Jul/2026:10:21:14 +0000] "GET /wp-content/plugins/softaculous-pro/main/main/index.php HTTP/1.1" 200 33 "-" "Mozilla/5.0 (Windows NT 10.0; Win64; x64) AppleWebKit/537.36 (KHTML, like Gecko) Chrome/120.0.0.0 Safari/537.36"
130.254.112.187 - - [17/Jul/2026:10:21:14 +0000] "GET /wp-includes/krWT/nhusaK/nhusaK/index.php HTTP/1.1" 200 33 "-" "Mozilla/5.0 (Windows NT 10.0; Win64; x64) AppleWebKit/537.36 (KHTML, like Gecko) Chrome/120.0.0.0 Safari/537.36"
130.254.112.187 - - [17/Jul/2026:10:21:14 +0000] "GET /wp-includes/krWT/nhusaK/nhusaK/index.php HTTP/1.1" 200 33 "-" "Mozilla/5.0 (Windows NT 10.0; Win64; x64) AppleWebKit/537.36 (KHTML, like Gecko) Chrome/120.0.0.0 Safari/537.36"
130.254.112.187 - - [17/Jul/2026:10:21:15 +0000] "GET /wp-includes/blocks/widget-group/widget-group/widget-group/index.php HTTP/1.1" 200 33 "-" "Mozilla/5.0 (Windows NT 10.0; Win64; x64) AppleWebKit/537.36 (KHTML, like Gecko) Chrome/120.0.0.0 Safari/537.36"
130.254.112.187 - - [17/Jul/2026:10:21:15 +0000] "GET /wp-includes/blocks/post-title/post-title/index.php HTTP/1.1" 200 33 "-" "Mozilla/5.0 (Windows NT 10.0; Win64; x64) AppleWebKit/537.36 (KHTML, like Gecko) Chrome/120.0.0.0 Safari/537.36"
130.254.112.187 - - [17/Jul/2026:10:21:15 +0000] "GET /wp-admin/Aa/UvcbRknN/UvcbRknN/index.php HTTP/1.1" 200 33 "-" "Mozilla/5.0 (Windows NT 10.0; Win64; x64) AppleWebKit/537.36 (KHTML, like Gecko) Chrome/120.0.0.0 Safari/537.36"
130.254.112.187 - - [17/Jul/2026:10:21:15 +0000] "GET /image/index.php HTTP/1.1" 200 32 "-" "Mozilla/5.0 (Windows NT 10.0; Win64; x64) AppleWebKit/537.36 (KHTML, like Gecko) Chrome/120.0.0.0 Safari/537.36"
149.56.150.174 - - [17/Jul/2026:10:24:02 +0000] "GET / HTTP/2" 200 168423 "-" "Mozilla/5.0 (compatible; Dataprovider.com)"
149.56.150.174 - - [17/Jul/2026:10:24:06 +0000] "GET /robots.txt HTTP/2" 200 114 "-" "Mozilla/5.0 (compatible; Dataprovider.com)"
149.56.150.174 - - [17/Jul/2026:10:24:09 +0000] "GET /sitemaps.xml HTTP/2" 200 618 "-" "Mozilla/5.0 (compatible; Dataprovider.com)"
149.56.150.174 - - [17/Jul/2026:10:24:11 +0000] "GET / HTTP/1.1" 200 168424 "-" "Mozilla/5.0 (compatible; Dataprovider.com)"
149.56.150.174 - - [17/Jul/2026:10:24:15 +0000] "GET /contact-us/ HTTP/2" 200 126099 "-" "Mozilla/5.0 (compatible; Dataprovider.com)"
65.181.116.207 - - [17/Jul/2026:10:24:21 +0000] "POST /wp-cron.php?doing_wp_cron=1784283861.4510118961334228515625 HTTP/1.1" 200 0 "-" "WordPress/7.0.1; https://www.biscofy.com"
149.56.150.174 - - [17/Jul/2026:10:24:18 +0000] "GET /privacy-policy-2/ HTTP/2" 200 119363 "-" "Mozilla/5.0 (compatible; Dataprovider.com)"
149.56.150.174 - - [17/Jul/2026:10:24:21 +0000] "GET /terms-conditions/ HTTP/2" 200 117325 "-" "Mozilla/5.0 (compatible; Dataprovider.com)"
149.56.150.174 - - [17/Jul/2026:10:24:24 +0000] "GET /about-us/ HTTP/2" 200 115655 "-" "Mozilla/5.0 (compatible; Dataprovider.com)"
149.56.150.174 - - [17/Jul/2026:10:24:26 +0000] "GET /combining-innovation-and-design-for-digital-success/ HTTP/2" 200 119590 "-" "Mozilla/5.0 (compatible; Dataprovider.com)"
149.56.150.174 - - [17/Jul/2026:10:24:29 +0000] "GET /content-marketing-engaging-your-audience-effectively/ HTTP/2" 200 120998 "-" "Mozilla/5.0 (compatible; Dataprovider.com)"
149.56.150.174 - - [17/Jul/2026:10:24:33 +0000] "GET /the-role-of-analytics-in-modern-marketing-campaigns/ HTTP/2" 200 120258 "-" "Mozilla/5.0 (compatible; Dataprovider.com)"
149.56.150.174 - - [17/Jul/2026:10:24:35 +0000] "GET /dmca-policy/ HTTP/2" 200 119484 "-" "Mozilla/5.0 (compatible; Dataprovider.com)"
149.56.150.174 - - [17/Jul/2026:10:24:38 +0000] "GET /gdpr/ HTTP/2" 200 120135 "-" "Mozilla/5.0 (compatible; Dataprovider.com)"
149.56.150.174 - - [17/Jul/2026:10:24:41 +0000] "GET /ads.txt HTTP/2" 404 114970 "-" "Mozilla/5.0 (compatible; Dataprovider.com)"
149.56.150.174 - - [17/Jul/2026:10:24:43 +0000] "GET / HTTP/2" 200 168428 "-" "Mozilla/5.0 (Linux; Android 10; SM-G981B) AppleWebKit/537.36 (KHTML, like Gecko) Chrome/80.0.3987.162 Mobile Safari/537.36"
149.56.150.174 - - [17/Jul/2026:10:24:46 +0000] "GET /llms.txt HTTP/2" 404 114970 "-" "Mozilla/5.0 (compatible; Dataprovider.com)"
149.56.150.174 - - [17/Jul/2026:10:24:49 +0000] "GET /security.txt HTTP/2" 404 114970 "-" "Mozilla/5.0 (compatible; Dataprovider.com)"
65.181.116.207 - - [17/Jul/2026:10:24:52 +0000] "POST /wp-cron.php?doing_wp_cron=1784283892.3511779308319091796875 HTTP/1.1" 200 0 "-" "WordPress/7.0.1; https://www.biscofy.com"
149.56.150.174 - - [17/Jul/2026:10:24:52 +0000] "GET /.well-known/security.txt HTTP/2" 404 114970 "-" "Mozilla/5.0 (compatible; Dataprovider.com)"
149.56.150.174 - - [17/Jul/2026:10:24:54 +0000] "GET /humans.txt HTTP/2" 404 114970 "-" "Mozilla/5.0 (compatible; Dataprovider.com)"
149.56.150.8 - - [17/Jul/2026:10:25:06 +0000] "GET / HTTP/2" 200 40260 "-" "Mozilla/5.0 (compatible; Dataprovider.com)"
149.56.150.8 - - [17/Jul/2026:10:25:11 +0000] "GET /wp-content/plugins/cookieadmin/assets/css/consent.css?ver=1.1.1 HTTP/2" 200 2439 "https://www.biscofy.com/" "Mozilla/5.0 (compatible; Dataprovider.com)"
149.56.150.8 - - [17/Jul/2026:10:25:11 +0000] "GET /wp-content/themes/hello-elementor/assets/css/reset.css?ver=3.4.4 HTTP/2" 200 1581 "https://www.biscofy.com/" "Mozilla/5.0 (compatible; Dataprovider.com)"
149.56.150.8 - - [17/Jul/2026:10:25:11 +0000] "GET /wp-content/themes/hello-elementor/assets/css/theme.css?ver=3.4.4 HTTP/2" 200 1126 "https://www.biscofy.com/" "Mozilla/5.0 (compatible; Dataprovider.com)"
149.56.150.8 - - [17/Jul/2026:10:25:11 +0000] "GET /wp-content/themes/hello-elementor/assets/css/header-footer.css?ver=3.4.4 HTTP/2" 200 1261 "https://www.biscofy.com/" "Mozilla/5.0 (compatible; Dataprovider.com)"
149.56.150.8 - - [17/Jul/2026:10:25:11 +0000] "GET /wp-content/plugins/elementor/assets/css/frontend.min.css?ver=3.32.4 HTTP/2" 200 6537 "https://www.biscofy.com/" "Mozilla/5.0 (compatible; Dataprovider.com)"
149.56.150.8 - - [17/Jul/2026:10:25:11 +0000] "GET /wp-content/uploads/elementor/css/post-5.css?ver=1760991266 HTTP/2" 200 407 "https://www.biscofy.com/" "Mozilla/5.0 (compatible; Dataprovider.com)"
149.56.150.8 - - [17/Jul/2026:10:25:11 +0000] "GET /wp-content/plugins/elementor/assets/css/widget-icon-list.min.css?ver=3.32.4 HTTP/2" 200 961 "https://www.biscofy.com/" "Mozilla/5.0 (compatible; Dataprovider.com)"
149.56.150.8 - - [17/Jul/2026:10:25:11 +0000] "GET /wp-content/plugins/elementor-pro/assets/css/widget-search-form.min.css?ver=3.25.3 HTTP/2" 200 920 "https://www.biscofy.com/" "Mozilla/5.0 (compatible; Dataprovider.com)"
149.56.150.8 - - [17/Jul/2026:10:25:11 +0000] "GET /wp-content/plugins/elementor/assets/css/widget-image.min.css?ver=3.32.4 HTTP/2" 200 119 "https://www.biscofy.com/" "Mozilla/5.0 (compatible; Dataprovider.com)"
149.56.150.8 - - [17/Jul/2026:10:25:11 +0000] "GET /wp-content/plugins/elementor-pro/assets/css/widget-nav-menu.min.css?ver=3.25.3 HTTP/2" 200 3142 "https://www.biscofy.com/" "Mozilla/5.0 (compatible; Dataprovider.com)"
149.56.150.8 - - [17/Jul/2026:10:25:11 +0000] "GET /wp-content/plugins/elementor/assets/css/widget-heading.min.css?ver=3.32.4 HTTP/2" 200 154 "https://www.biscofy.com/" "Mozilla/5.0 (compatible; Dataprovider.com)"
149.56.150.8 - - [17/Jul/2026:10:25:11 +0000] "GET /wp-content/plugins/elementor/assets/lib/animations/styles/e-animation-sink.min.css?ver=3.32.4 HTTP/2" 200 112 "https://www.biscofy.com/" "Mozilla/5.0 (compatible; Dataprovider.com)"
149.56.150.8 - - [17/Jul/2026:10:25:11 +0000] "GET /wp-content/plugins/elementor-pro/assets/css/conditionals/popup.min.css?ver=3.25.3 HTTP/2" 200 322 "https://www.biscofy.com/" "Mozilla/5.0 (compatible; Dataprovider.com)"
149.56.150.8 - - [17/Jul/2026:10:25:11 +0000] "GET /wp-content/plugins/elementor/assets/css/widget-divider.min.css?ver=3.32.4 HTTP/2" 200 705 "https://www.biscofy.com/" "Mozilla/5.0 (compatible; Dataprovider.com)"
149.56.150.8 - - [17/Jul/2026:10:25:11 +0000] "GET /wp-content/plugins/elementor/assets/lib/animations/styles/e-animation-shrink.min.css?ver=3.32.4 HTTP/2" 200 95 "https://www.biscofy.com/" "Mozilla/5.0 (compatible; Dataprovider.com)"
149.56.150.8 - - [17/Jul/2026:10:25:11 +0000] "GET /wp-content/plugins/elementor/assets/lib/animations/styles/fadeInLeft.min.css?ver=3.32.4 HTTP/2" 200 137 "https://www.biscofy.com/" "Mozilla/5.0 (compatible; Dataprovider.com)"
149.56.150.8 - - [17/Jul/2026:10:25:11 +0000] "GET /wp-content/plugins/elementor/assets/css/widget-image-box.min.css?ver=3.32.4 HTTP/2" 200 305 "https://www.biscofy.com/" "Mozilla/5.0 (compatible; Dataprovider.com)"
149.56.150.8 - - [17/Jul/2026:10:25:11 +0000] "GET /wp-content/uploads/elementor/css/post-8.css?ver=1762730233 HTTP/2" 200 4466 "https://www.biscofy.com/" "Mozilla/5.0 (compatible; Dataprovider.com)"
149.56.150.8 - - [17/Jul/2026:10:25:11 +0000] "GET /wp-content/uploads/elementor/css/post-241.css?ver=1760995335 HTTP/2" 200 2043 "https://www.biscofy.com/" "Mozilla/5.0 (compatible; Dataprovider.com)"
149.56.150.8 - - [17/Jul/2026:10:25:11 +0000] "GET /wp-content/uploads/elementor/css/post-257.css?ver=1760994199 HTTP/2" 200 1478 "https://www.biscofy.com/" "Mozilla/5.0 (compatible; Dataprovider.com)"
149.56.150.8 - - [17/Jul/2026:10:25:11 +0000] "GET /wp-content/plugins/elementor-pro/assets/css/modules/motion-fx.min.css?ver=3.25.3 HTTP/2" 200 210 "https://www.biscofy.com/" "Mozilla/5.0 (compatible; Dataprovider.com)"
149.56.150.8 - - [17/Jul/2026:10:25:11 +0000] "GET /wp-content/plugins/elementor-pro/assets/css/modules/sticky.min.css?ver=3.25.3 HTTP/2" 200 162 "https://www.biscofy.com/" "Mozilla/5.0 (compatible; Dataprovider.com)"
149.56.150.8 - - [17/Jul/2026:10:25:11 +0000] "GET /wp-content/plugins/wpforms-lite/assets/css/frontend/modern/wpforms-full.min.css?ver=1.9.8.2 HTTP/2" 200 15371 "https://www.biscofy.com/" "Mozilla/5.0 (compatible; Dataprovider.com)"
149.56.150.8 - - [17/Jul/2026:10:25:11 +0000] "GET /wp-includes/js/jquery/jquery.min.js?ver=3.7.1 HTTP/2" 200 29744 "https://www.biscofy.com/" "Mozilla/5.0 (compatible; Dataprovider.com)"
149.56.150.8 - - [17/Jul/2026:10:25:11 +0000] "GET /wp-includes/js/jquery/jquery-migrate.min.js?ver=3.4.1 HTTP/2" 200 4678 "https://www.biscofy.com/" "Mozilla/5.0 (compatible; Dataprovider.com)"
149.56.150.8 - - [17/Jul/2026:10:25:11 +0000] "GET /wp-content/uploads/2025/10/erik-mclean-aielvGxZB0g-unsplash-scaled-1-1024x683.jpg HTTP/2" 200 53071 "https://www.biscofy.com/" "Mozilla/5.0 (compatible; Dataprovider.com)"
149.56.150.8 - - [17/Jul/2026:10:25:11 +0000] "GET /wp-content/plugins/cookieadmin/assets/js/consent.js?ver=1.1.1 HTTP/2" 200 4278 "https://www.biscofy.com/" "Mozilla/5.0 (compatible; Dataprovider.com)"
149.56.150.8 - - [17/Jul/2026:10:25:11 +0000] "GET /wp-content/themes/hello-elementor/assets/js/hello-frontend.js?ver=3.4.4 HTTP/2" 200 496 "https://www.biscofy.com/" "Mozilla/5.0 (compatible; Dataprovider.com)"
149.56.150.8 - - [17/Jul/2026:10:25:11 +0000] "GET /wp-content/plugins/elementor/assets/js/webpack.runtime.min.js?ver=3.32.4 HTTP/2" 200 2320 "https://www.biscofy.com/" "Mozilla/5.0 (compatible; Dataprovider.com)"
149.56.150.8 - - [17/Jul/2026:10:25:11 +0000] "GET /wp-content/plugins/elementor-pro/assets/lib/smartmenus/jquery.smartmenus.min.js?ver=1.2.1 HTTP/2" 200 6867 "https://www.biscofy.com/" "Mozilla/5.0 (compatible; Dataprovider.com)"
149.56.150.8 - - [17/Jul/2026:10:25:11 +0000] "GET /wp-content/plugins/elementor-pro/assets/lib/sticky/jquery.sticky.min.js?ver=3.25.3 HTTP/2" 200 1442 "https://www.biscofy.com/" "Mozilla/5.0 (compatible; Dataprovider.com)"
149.56.150.8 - - [17/Jul/2026:10:25:11 +0000] "GET /wp-content/plugins/cookieadmin-pro/assets/js/consent.js?ver=1.1.1 HTTP/2" 200 383 "https://www.biscofy.com/" "Mozilla/5.0 (compatible; Dataprovider.com)"
149.56.150.8 - - [17/Jul/2026:10:25:11 +0000] "GET /wp-content/plugins/elementor-pro/assets/js/webpack-pro.runtime.min.js?ver=3.25.3 HTTP/2" 200 2628 "https://www.biscofy.com/" "Mozilla/5.0 (compatible; Dataprovider.com)"
149.56.150.8 - - [17/Jul/2026:10:25:11 +0000] "GET /wp-includes/js/dist/hooks.min.js?ver=7496969728ca0f95732d HTTP/2" 200 1734 "https://www.biscofy.com/" "Mozilla/5.0 (compatible; Dataprovider.com)"
149.56.150.8 - - [17/Jul/2026:10:25:11 +0000] "GET /wp-includes/js/dist/i18n.min.js?ver=781d11515ad3d91786ec HTTP/2" 200 2354 "https://www.biscofy.com/" "Mozilla/5.0 (compatible; Dataprovider.com)"
149.56.150.8 - - [17/Jul/2026:10:25:11 +0000] "GET /wp-includes/js/wp-util.min.js?ver=7.0.1 HTTP/2" 200 693 "https://www.biscofy.com/" "Mozilla/5.0 (compatible; Dataprovider.com)"
149.56.150.8 - - [17/Jul/2026:10:25:11 +0000] "GET /wp-content/plugins/wpforms-lite/assets/js/integrations/elementor/frontend.min.js?ver=1.9.8.2 HTTP/2" 200 538 "https://www.biscofy.com/" "Mozilla/5.0 (compatible; Dataprovider.com)"
149.56.150.8 - - [17/Jul/2026:10:25:11 +0000] "GET /wp-content/plugins/wpforms-lite/assets/lib/jquery.validate.min.js?ver=1.21.0 HTTP/2" 200 7806 "https://www.biscofy.com/" "Mozilla/5.0 (compatible; Dataprovider.com)"
149.56.150.8 - - [17/Jul/2026:10:25:11 +0000] "GET /wp-content/plugins/wpforms-lite/assets/lib/mailcheck.min.js?ver=1.1.2 HTTP/2" 200 1615 "https://www.biscofy.com/" "Mozilla/5.0 (compatible; Dataprovider.com)"
149.56.150.8 - - [17/Jul/2026:10:25:11 +0000] "GET /wp-content/plugins/wpforms-lite/assets/lib/punycode.min.js?ver=1.0.0 HTTP/2" 200 833 "https://www.biscofy.com/" "Mozilla/5.0 (compatible; Dataprovider.com)"
149.56.150.8 - - [17/Jul/2026:10:25:11 +0000] "GET /wp-content/plugins/wpforms-lite/assets/js/share/utils.min.js?ver=1.9.8.2 HTTP/2" 200 727 "https://www.biscofy.com/" "Mozilla/5.0 (compatible; Dataprovider.com)"
149.56.150.8 - - [17/Jul/2026:10:25:11 +0000] "GET /wp-content/plugins/wpforms-lite/assets/js/frontend/wpforms-modern.min.js?ver=1.9.8.2 HTTP/2" 200 1866 "https://www.biscofy.com/" "Mozilla/5.0 (compatible; Dataprovider.com)"
149.56.150.8 - - [17/Jul/2026:10:25:11 +0000] "GET /wp-content/plugins/elementor/assets/js/frontend-modules.min.js?ver=3.32.4 HTTP/2" 200 17961 "https://www.biscofy.com/" "Mozilla/5.0 (compatible; Dataprovider.com)"
149.56.150.8 - - [17/Jul/2026:10:25:11 +0000] "GET /wp-includes/js/jquery/ui/core.min.js?ver=1.13.3 HTTP/2" 200 6812 "https://www.biscofy.com/" "Mozilla/5.0 (compatible; Dataprovider.com)"
149.56.150.8 - - [17/Jul/2026:10:25:11 +0000] "GET /wp-content/plugins/elementor/assets/js/frontend.min.js?ver=3.32.4 HTTP/2" 200 10164 "https://www.biscofy.com/" "Mozilla/5.0 (compatible; Dataprovider.com)"
149.56.150.8 - - [17/Jul/2026:10:25:11 +0000] "GET /wp-content/plugins/elementor-pro/assets/js/frontend.min.js?ver=3.25.3 HTTP/2" 200 6446 "https://www.biscofy.com/" "Mozilla/5.0 (compatible; Dataprovider.com)"
149.56.150.8 - - [17/Jul/2026:10:25:11 +0000] "GET /wp-content/plugins/elementor-pro/assets/js/elements-handlers.min.js?ver=3.25.3 HTTP/2" 200 9746 "https://www.biscofy.com/" "Mozilla/5.0 (compatible; Dataprovider.com)"
149.56.150.8 - - [17/Jul/2026:10:25:11 +0000] "GET /wp-includes/js/underscore.min.js?ver=1.13.8 HTTP/2" 200 7228 "https://www.biscofy.com/" "Mozilla/5.0 (compatible; Dataprovider.com)"
149.56.150.8 - - [17/Jul/2026:10:25:11 +0000] "GET /wp-content/plugins/wpforms-lite/assets/js/frontend/wpforms.min.js?ver=1.9.8.2 HTTP/2" 200 14050 "https://www.biscofy.com/" "Mozilla/5.0 (compatible; Dataprovider.com)"
149.56.150.8 - - [17/Jul/2026:10:25:11 +0000] "GET /wp-content/uploads/2025/10/Cream-and-Green-Modern-Hand-Tree-Logo-5.png HTTP/2" 200 23677 "https://www.biscofy.com/" "Mozilla/5.0 (compatible; Dataprovider.com)"
149.56.150.8 - - [17/Jul/2026:10:25:11 +0000] "GET /wp-content/plugins/wpforms-lite/assets/js/frontend/fields/address.min.js?ver=1.9.8.2 HTTP/2" 200 413 "https://www.biscofy.com/" "Mozilla/5.0 (compatible; Dataprovider.com)"
149.56.150.8 - - [17/Jul/2026:10:25:11 +0000] "GET /wp-content/uploads/2025/10/alexander-shatov-mr4JG4SYOF8-unsplash-scaled-1-1024x768.jpg HTTP/2" 200 51111 "https://www.biscofy.com/" "Mozilla/5.0 (compatible; Dataprovider.com)"
149.56.150.8 - - [17/Jul/2026:10:25:11 +0000] "GET /wp-content/uploads/2025/10/merakist-l5if0iQfV4c-unsplash-scaled-1-1024x768.jpg HTTP/2" 200 53127 "https://www.biscofy.com/" "Mozilla/5.0 (compatible; Dataprovider.com)"
149.56.150.8 - - [17/Jul/2026:10:25:11 +0000] "GET /wp-content/uploads/2025/10/Cream-and-Green-Modern-Hand-Tree-Logo-6.png HTTP/2" 200 19895 "https://www.biscofy.com/" "Mozilla/5.0 (compatible; Dataprovider.com)"
149.56.150.8 - - [17/Jul/2026:10:25:11 +0000] "GET /wp-content/plugins/cookieadmin/assets/images/cookieadmin_icon.svg HTTP/2" 200 293 "https://www.biscofy.com/" "Mozilla/5.0 (compatible; Dataprovider.com)"
149.56.150.8 - - [17/Jul/2026:10:25:11 +0000] "GET /wp-content/uploads/2025/10/photo-1521737711867-e3b97375f902.avif HTTP/2" 200 247894 "https://www.biscofy.com/wp-content/uploads/elementor/css/post-8.css?ver=1762730233" "Mozilla/5.0 (compatible; Dataprovider.com)"
149.56.150.8 - - [17/Jul/2026:10:25:11 +0000] "GET /wp-content/uploads/2025/10/brett-jordan-LPZy4da9aRo-unsplash-scaled-1-1024x768.jpg HTTP/2" 200 98544 "https://www.biscofy.com/" "Mozilla/5.0 (compatible; Dataprovider.com)"
149.56.150.8 - - [17/Jul/2026:10:25:11 +0000] "GET /wp-content/uploads/2025/10/campaign-creators-gMsnXqILjp4-unsplash-scaled-1.jpg HTTP/2" 200 474929 "https://www.biscofy.com/wp-content/uploads/elementor/css/post-8.css?ver=1762730233" "Mozilla/5.0 (compatible; Dataprovider.com)"
149.56.150.8 - - [17/Jul/2026:10:25:11 +0000] "GET /wp-content/plugins/elementor/assets/js/shared-frontend-handlers.4c8abccc3e268b0767b2.bundle.min.js HTTP/2" 200 2542 "https://www.biscofy.com/" "Mozilla/5.0 (compatible; Dataprovider.com)"
149.56.150.8 - - [17/Jul/2026:10:25:11 +0000] "GET /wp-content/plugins/elementor-pro/assets/js/search-form.b7065999d77832a1b764.bundle.min.js HTTP/2" 200 752 "https://www.biscofy.com/" "Mozilla/5.0 (compatible; Dataprovider.com)"
149.56.150.8 - - [17/Jul/2026:10:25:11 +0000] "GET /wp-content/plugins/elementor-pro/assets/js/nav-menu.7e665d03657d48aef483.bundle.min.js HTTP/2" 200 1766 "https://www.biscofy.com/" "Mozilla/5.0 (compatible; Dataprovider.com)"
149.56.150.8 - - [17/Jul/2026:10:25:11 +0000] "GET /wp-content/plugins/elementor/assets/js/text-editor.abc8f59c62f2820dc25a.bundle.min.js HTTP/2" 200 618 "https://www.biscofy.com/" "Mozilla/5.0 (compatible; Dataprovider.com)"
149.56.150.8 - - [17/Jul/2026:10:25:11 +0000] "GET /wp-includes/js/wp-emoji-release.min.js?ver=7.0.1 HTTP/2" 200 4974 "https://www.biscofy.com/" "Mozilla/5.0 (compatible; Dataprovider.com)"
149.56.150.8 - - [17/Jul/2026:10:25:12 +0000] "GET / HTTP/1.1" 200 40231 "-" "Mozilla/5.0 (compatible; Dataprovider.com)"
149.56.150.8 - - [17/Jul/2026:10:25:17 +0000] "GET /robots.txt HTTP/1.1" 200 98 "-" "Mozilla/5.0 (compatible; Dataprovider.com)"
65.181.116.207 - - [17/Jul/2026:10:25:21 +0000] "POST /wp-cron.php?doing_wp_cron=1784283921.3352251052856445312500 HTTP/1.1" 200 0 "-" "WordPress/7.0.1; https://www.biscofy.com"
149.56.150.8 - - [17/Jul/2026:10:25:22 +0000] "OPTIONS / HTTP/1.1" 200 40249 "-" "Mozilla/5.0 (compatible; Dataprovider.com)"
65.181.116.207 - - [17/Jul/2026:10:26:14 +0000] "POST /wp-cron.php?doing_wp_cron=1784283974.0374228954315185546875 HTTP/1.1" 200 0 "-" "WordPress/7.0.1; https://www.biscofy.com"
208.84.100.74 - - [17/Jul/2026:10:26:11 +0000] "HEAD / HTTP/1.1" 301 0 "-" "Mozilla/5.0 (Macintosh; Intel Mac OS X 15_7_5) AppleWebKit/605.1.15 (KHTML, like Gecko) Version/26.0 Safari/605.1.15"
208.84.100.74 - - [17/Jul/2026:10:26:19 +0000] "GET /.git/HEAD HTTP/1.1" 403 1242 "-" "Mozilla/5.0 (Windows NT 10.0; Win64; x64) AppleWebKit/537.36 (KHTML, like Gecko) Chrome/147.0.0.0 Safari/537.36"
208.84.100.74 - - [17/Jul/2026:10:26:17 +0000] "HEAD / HTTP/1.1" 200 0 "https://mail.biscofy.com" "Mozilla/5.0 (Macintosh; Intel Mac OS X 15_7_5) AppleWebKit/605.1.15 (KHTML, like Gecko) Version/26.0 Safari/605.1.15"
208.84.100.74 - - [17/Jul/2026:10:26:17 +0000] "HEAD / HTTP/1.1" 200 0 "http://mail.biscofy.com" "Mozilla/5.0 (Macintosh; Intel Mac OS X 15_7_5) AppleWebKit/605.1.15 (KHTML, like Gecko) Version/26.0 Safari/605.1.15"
208.84.100.74 - - [17/Jul/2026:10:26:19 +0000] "GET /.git/config HTTP/1.1" 403 1242 "-" "Mozilla/5.0 (Macintosh; Intel Mac OS X 15.7; rv:149.0) Gecko/20100101 Firefox/149.0"
35.196.130.97 - - [17/Jul/2026:10:26:23 +0000] "GET / HTTP/2" 401 53 "http://webdisk.biscofy.com" "Mozilla/5.0 (compatible; CMS-Checker/1.0; +https://example.com)"
65.181.116.207 - - [17/Jul/2026:10:26:25 +0000] "POST /wp-cron.php?doing_wp_cron=1784283985.1281199455261230468750 HTTP/1.1" 200 0 "-" "WordPress/7.0.1; https://www.biscofy.com"
173.239.240.88 - - [17/Jul/2026:10:26:23 +0000] "POST /wp-login.php HTTP/1.1" 200 2226 "-" "Mozilla/5.0 (Windows NT 10.0; Win64; x64) AppleWebKit/537.36 Chrome/129.0.0.0 Safari/537.36"
198.235.24.245 - - [17/Jul/2026:10:28:31 +0000] "GET / HTTP/1.1" 401 36 "-" "Hello from Palo Alto Networks, find out more about our scans in https://docs-cortex.paloaltonetworks.com/r/1/Cortex-Xpanse/Scanning-activity"
144.172.97.164 - - [17/Jul/2026:10:29:57 +0000] "GET /.git/config HTTP/1.1" 403 1242 "-" "Mozilla/5.0 (X11; Linux x86_64)"
130.254.112.187 - - [17/Jul/2026:10:31:17 +0000] "GET /wp-includes/blocks/post-title/post-title/index.php HTTP/1.1" 200 33 "-" "Mozilla/5.0 (Windows NT 10.0; Win64; x64) AppleWebKit/537.36 (KHTML, like Gecko) Chrome/120.0.0.0 Safari/537.36"
130.254.112.187 - - [17/Jul/2026:10:31:17 +0000] "GET /wp-includes/blocks/widget-group/widget-group/widget-group/index.php HTTP/1.1" 200 33 "-" "Mozilla/5.0 (Windows NT 10.0; Win64; x64) AppleWebKit/537.36 (KHTML, like Gecko) Chrome/120.0.0.0 Safari/537.36"
130.254.112.187 - - [17/Jul/2026:10:31:17 +0000] "GET /wp-admin/nzAQvU/RC/RC/index.php HTTP/1.1" 200 33 "-" "Mozilla/5.0 (Windows NT 10.0; Win64; x64) AppleWebKit/537.36 (KHTML, like Gecko) Chrome/120.0.0.0 Safari/537.36"
130.254.112.187 - - [17/Jul/2026:10:31:17 +0000] "GET /image/index.php HTTP/1.1" 200 32 "-" "Mozilla/5.0 (Windows NT 10.0; Win64; x64) AppleWebKit/537.36 (KHTML, like Gecko) Chrome/120.0.0.0 Safari/537.36"
130.254.112.187 - - [17/Jul/2026:10:31:17 +0000] "GET /wp-includes/krWT/nhusaK/nhusaK/index.php HTTP/1.1" 200 33 "-" "Mozilla/5.0 (Windows NT 10.0; Win64; x64) AppleWebKit/537.36 (KHTML, like Gecko) Chrome/120.0.0.0 Safari/537.36"
130.254.112.187 - - [17/Jul/2026:10:31:17 +0000] "GET /wp-content/plugins/softaculous-pro/main/main/index.php HTTP/1.1" 200 33 "-" "Mozilla/5.0 (Windows NT 10.0; Win64; x64) AppleWebKit/537.36 (KHTML, like Gecko) Chrome/120.0.0.0 Safari/537.36"
