84.233.195.158 - - [17/Jul/2026:00:54:41 +0000] "GET / HTTP/1.1" 301 21 "-" "Go-http-client/1.1"
84.233.195.154 - - [17/Jul/2026:00:54:43 +0000] "GET / HTTP/1.1" 301 21 "-" "Go-http-client/1.1"
84.233.195.152 - - [17/Jul/2026:00:54:44 +0000] "GET / HTTP/1.1" 301 21 "-" "Go-http-client/1.1"
193.32.162.211 - - [17/Jul/2026:01:09:19 +0000] "GET / HTTP/1.1" 301 21 "-" "Mozilla/5.0 (X11; Linux i686; rv:144.0) Gecko/20100101 Firefox/144.0"
193.32.162.211 - - [17/Jul/2026:01:11:52 +0000] "GET / HTTP/1.1" 301 21 "-" "Mozilla/5.0 (X11; Linux i686; rv:144.0) Gecko/20100101 Firefox/144.0"
143.244.57.82 - - [17/Jul/2026:01:18:38 +0000] "GET / HTTP/1.1" 301 21 "-" "Mozilla/5.0 (Windows NT 10.0; Win64; x64) AppleWebKit/537.36 (KHTML, like Gecko) Chrome/78.0.3904.108 Safari/537.36"
20.46.252.52 - - [17/Jul/2026:01:21:36 +0000] "GET //wp-content/plugins/fix/up.php HTTP/1.1" 404 1251 "-" "Mozilla/5.0 (Windows NT 10.0; Win64; x64) AppleWebKit/537.36 (KHTML, like Gecko) Chrome/85.0.4183.102 Safari/537.36"
43.160.241.129 - - [17/Jul/2026:01:23:41 +0000] "GET / HTTP/1.1" 301 21 "-" "Mozilla/5.0 (iPhone; CPU iPhone OS 13_2_3 like Mac OS X) AppleWebKit/605.1.15 (KHTML, like Gecko) Version/13.0.3 Mobile/15E148 Safari/604.1"
88.184.210.4 - - [17/Jul/2026:01:27:43 +0000] "GET /.git/index HTTP/1.1" 403 1242 "-" "git-dumper/1.0"
104.164.14.215 - - [17/Jul/2026:01:41:17 +0000] "GET / HTTP/1.1" 301 21 "-" "Mozilla/5.0 (compatible; Baiduspider/2.0; +http://www.baidu.com/search/spider.html)"
212.30.33.100 - - [17/Jul/2026:01:47:55 +0000] "GET /.env HTTP/1.1" 301 21 "-" "Mozilla/5.0 (Macintosh; Intel Mac OS X 10.15; rv:77.0) Gecko/20100101 Firefox/77.0"
212.30.33.213 - - [17/Jul/2026:01:47:56 +0000] "GET /.env HTTP/1.1" 404 6420 "-" "Mozilla/5.0 (Macintosh; Intel Mac OS X 10.15; rv:77.0) Gecko/20100101 Firefox/77.0"
212.30.33.58 - - [17/Jul/2026:01:47:57 +0000] "GET /wp-content/ HTTP/1.1" 200 0 "-" "Mozilla/5.0 (Macintosh; Intel Mac OS X 10.15; rv:77.0) Gecko/20100101 Firefox/77.0"
2a03:2880:24ff:45:: - - [17/Jul/2026:01:56:28 +0000] "GET /robots.txt HTTP/1.1" 200 72 "-" "facebookexternalhit/1.1 (+http://www.facebook.com/externalhit_uatext.php)"
173.208.148.34 - - [17/Jul/2026:02:58:15 +0000] "GET /index.php?params=1 HTTP/1.1" 301 34 "-" "Mozilla/5.0 (Windows NT 10.0; Win64; x64) AppleWebKit/537.36 (KHTML, like Gecko) Chrome/131.0.0.0 Safari/537.36"
65.181.116.207 - - [17/Jul/2026:03:28:03 +0000] "GET /.well-known/acme-challenge/5GBDQ6W0IVR-IE2-6YUK6LV1FDZTREF7 HTTP/1.1" 200 64 "-" "Cpanel-HTTP-Client/1.0"
65.181.116.207 - - [17/Jul/2026:03:28:05 +0000] "GET /.well-known/acme-challenge/J698X4A390X0NQCA8Z9_V8B8HGBQ4SX8 HTTP/1.1" 200 64 "-" "Cpanel-HTTP-Client/1.0"
65.181.116.207 - - [17/Jul/2026:03:28:05 +0000] "GET /.well-known/acme-challenge/Z6G8PX_QY62LZOMEZKEYBKMRFQ1SSKP- HTTP/1.1" 200 64 "-" "Cpanel-HTTP-Client/1.0"
192.144.148.122 - - [17/Jul/2026:03:28:29 +0000] "GET / HTTP/1.1" 301 21 "-" "Mozilla/5.0 (iPhone; CPU iPhone OS 13_2_3 like Mac OS X) AppleWebKit/605.1.15 (KHTML, like Gecko) Version/13.0.3 Mobile/15E148 Safari/604.1"
45.146.54.49 - - [17/Jul/2026:03:37:46 +0000] "GET /.env HTTP/1.1" 301 21 "-" "Mozilla/5.0 (Macintosh; Intel Mac OS X 10.15; rv:77.0) Gecko/20100101 Firefox/77.0"
45.146.54.80 - - [17/Jul/2026:03:37:48 +0000] "GET /.env HTTP/1.1" 404 6420 "-" "Mozilla/5.0 (Macintosh; Intel Mac OS X 10.15; rv:77.0) Gecko/20100101 Firefox/77.0"
144.48.6.42 - - [17/Jul/2026:04:21:38 +0000] "GET /wp-json/wp/v2/posts HTTP/1.1" 200 61778 "-" "Mozilla/5.0 (Windows NT 10.0; Win64; x64) AppleWebKit/537.36 (KHTML, like Gecko) Chrome/120.0.0.0 Safari/537.36"
45.95.233.88 - - [17/Jul/2026:04:21:49 +0000] "GET /wp-json/wp/v2/posts HTTP/1.1" 200 61985 "-" "Mozilla/5.0 (Windows NT 10.0; Win64; x64) AppleWebKit/537.36 (KHTML, like Gecko) Chrome/120.0.0.0 Safari/537.36"
64.89.163.68 - - [17/Jul/2026:04:45:20 +0000] "GET /wp-content/plugins/fix/up.php HTTP/1.1" 404 1251 "-" "Mozilla/5.0 (Windows NT 10.0; Win64; x64) AppleWebKit/537.36 (KHTML, like Gecko) Chrome/85.0.4183.102 Safari/537.36"
64.89.163.68 - - [17/Jul/2026:04:45:20 +0000] "GET /wp-content/themes/seotheme/db.php?u HTTP/1.1" 404 1251 "www.google.com" "Mozlila/5.0 (Linux; Android 7.0; SM-G892A Bulid/NRD90M; wv) AppleWebKit/537.36 (KHTML, like Gecko) Version/4.0 Chrome/60.0.3112.107 Moblie Safari/537.36"
64.89.163.68 - - [17/Jul/2026:04:45:20 +0000] "GET / HTTP/1.1" 301 21 "-" "Mozlila/5.0 (Linux; Android 7.0; SM-G892A Bulid/NRD90M; wv) AppleWebKit/537.36 (KHTML, like Gecko) Version/4.0 Chrome/60.0.3112.107 Moblie Safari/537.36"
64.89.163.68 - - [17/Jul/2026:04:45:20 +0000] "POST /ALFA_DATA/alfacgiapi/perl.alfa HTTP/1.1" 404 6420 "www.google.com" "Mozlila/5.0 (Linux; Android 7.0; SM-G892A Bulid/NRD90M; wv) AppleWebKit/537.36 (KHTML, like Gecko) Version/4.0 Chrome/60.0.3112.107 Moblie Safari/537.36"
64.89.163.68 - - [17/Jul/2026:04:45:20 +0000] "POST /wp-plain.php HTTP/1.1" 404 6420 "www.google.com" "Mozilla/5.0 (Linux; Android 7.0; SM-G892A Bulid/NRD90M; wv) AppleWebKit/537.36 (KHTML, like Gecko) Version/4.0 Chrome/60.0.3112.107 Moblie Safari/537.36"
64.89.163.68 - - [17/Jul/2026:04:45:21 +0000] "POST /alfacgiapi/perl.alfa HTTP/1.1" 404 6420 "www.google.com" "Mozlila/5.0 (Linux; Android 7.0; SM-G892A Bulid/NRD90M; wv) AppleWebKit/537.36 (KHTML, like Gecko) Version/4.0 Chrome/60.0.3112.107 Moblie Safari/537.36"
64.89.163.68 - - [17/Jul/2026:04:45:22 +0000] "GET /tnqwvdml.php?Fox=d3wL7 HTTP/1.1" 404 6414 "www.google.com" "Mozilla/5.0 (Linux; Android 7.0; SM-G892A Bulid/NRD90M; wv) AppleWebKit/537.36 (KHTML, like Gecko) Version/4.0 Chrome/60.0.3112.107 Moblie Safari/537.36"
2a03:2880:13ff:2:: - - [17/Jul/2026:04:52:44 +0000] "GET /robots.txt HTTP/1.1" 200 75 "-" "facebookexternalhit/1.1 (+http://www.facebook.com/externalhit_uatext.php)"
2a03:2880:15ff:55:: - - [17/Jul/2026:04:53:11 +0000] "GET /robots.txt HTTP/1.1" 200 76 "-" "facebookexternalhit/1.1 (+http://www.facebook.com/externalhit_uatext.php)"
2a03:2880:2ff:5f:: - - [17/Jul/2026:04:53:18 +0000] "GET /robots.txt HTTP/1.1" 200 72 "-" "facebookexternalhit/1.1 (+http://www.facebook.com/externalhit_uatext.php)"
158.173.3.229 - - [17/Jul/2026:04:58:27 +0000] "GET / HTTP/1.1" 301 21 "-" "Mozilla/5.0 (Macintosh; Intel Mac OS X 10_15_7) AppleWebKit/537.36 (KHTML, like Gecko) Chrome/125.0.0.0 Safari/537.36"
139.59.125.3 - - [17/Jul/2026:05:14:17 +0000] "GET /administrator/index.php HTTP/1.1" 301 21 "-" "Mozilla/5.0 (Windows NT 10.0; Win64; x64) AppleWebKit/537.36 (KHTML, like Gecko) Chrome/91.0.4472.124 Safari/537.36"
139.59.125.3 - - [17/Jul/2026:05:14:18 +0000] "GET /administrator/ HTTP/1.1" 404 6420 "-" "Mozilla/5.0 (Windows NT 10.0; Win64; x64) AppleWebKit/537.36 (KHTML, like Gecko) Chrome/91.0.4472.124 Safari/537.36"
158.173.3.211 - - [17/Jul/2026:05:34:04 +0000] "GET / HTTP/1.1" 301 21 "-" "Mozilla/5.0 (iPhone; CPU iPhone OS 17_5 like Mac OS X) AppleWebKit/605.1.15 (KHTML, like Gecko) Version/17.5 Mobile/15E148 Safari/604.1"
43.130.67.33 - - [17/Jul/2026:06:02:09 +0000] "GET / HTTP/1.1" 301 21 "-" "Mozilla/5.0 (iPhone; CPU iPhone OS 13_2_3 like Mac OS X) AppleWebKit/605.1.15 (KHTML, like Gecko) Version/13.0.3 Mobile/15E148 Safari/604.1"
104.164.156.111 - - [17/Jul/2026:06:05:08 +0000] "GET /wpx.php HTTP/1.1" 200 2154 "-" "Mozilla/5.0 (compatible; Baiduspider/2.0; +http://www.baidu.com/search/spider.html)"
104.164.14.212 - - [17/Jul/2026:06:05:51 +0000] "GET /xwbryqeq.php HTTP/1.1" 200 302 "-" "Mozilla/5.0 (compatible; Baiduspider/2.0; +http://www.baidu.com/search/spider.html)"
104.165.2.178 - - [17/Jul/2026:06:06:33 +0000] "GET /hfpgbamu.php HTTP/1.1" 200 6508 "-" "Mozilla/5.0 (compatible; Baiduspider/2.0; +http://www.baidu.com/search/spider.html)"
104.164.6.204 - - [17/Jul/2026:06:40:11 +0000] "GET /wpx.php HTTP/1.1" 200 2154 "-" "Mozilla/5.0 (compatible; Baiduspider/2.0; +http://www.baidu.com/search/spider.html)"
104.164.163.236 - - [17/Jul/2026:06:40:18 +0000] "GET /xwbryqeq.php HTTP/1.1" 200 302 "-" "Mozilla/5.0 (compatible; Baiduspider/2.0; +http://www.baidu.com/search/spider.html)"
172.120.9.48 - - [17/Jul/2026:06:40:23 +0000] "GET /hfpgbamu.php HTTP/1.1" 200 6522 "-" "Mozilla/5.0 (compatible; Baiduspider/2.0; +http://www.baidu.com/search/spider.html)"
43.166.246.180 - - [17/Jul/2026:06:59:52 +0000] "GET / HTTP/1.1" 200 5249 "-" "Mozilla/5.0 (iPhone; CPU iPhone OS 13_2_3 like Mac OS X) AppleWebKit/605.1.15 (KHTML, like Gecko) Version/13.0.3 Mobile/15E148 Safari/604.1"
45.154.98.134 - - [17/Jul/2026:08:50:41 +0000] "GET / HTTP/1.1" 200 83989 "-" "Mozilla/5.0 (Windows NT 10.0; Win64; x64) AppleWebKit/537.36 (KHTML, like Gecko) Chrome/78.0.3904.108 Safari/537.36"
45.154.98.134 - - [17/Jul/2026:08:50:43 +0000] "GET / HTTP/1.1" 200 83989 "-" "Mozilla/5.0 (Windows NT 10.0; Win64; x64) AppleWebKit/537.36 (KHTML, like Gecko) Chrome/78.0.3904.108 Safari/537.36"
45.154.98.134 - - [17/Jul/2026:08:50:43 +0000] "GET /wp-includes/wlwmanifest.xml HTTP/1.1" 404 1251 "-" "Mozilla/5.0 (Windows NT 10.0; Win64; x64) AppleWebKit/537.36 (KHTML, like Gecko) Chrome/78.0.3904.108 Safari/537.36"
45.154.98.134 - - [17/Jul/2026:08:50:44 +0000] "GET /xmlrpc.php?rsd HTTP/1.1" 403 1242 "-" "Mozilla/5.0 (Windows NT 10.0; Win64; x64) AppleWebKit/537.36 (KHTML, like Gecko) Chrome/78.0.3904.108 Safari/537.36"
45.154.98.134 - - [17/Jul/2026:08:50:44 +0000] "GET / HTTP/1.1" 200 83990 "-" "Mozilla/5.0 (Windows NT 10.0; Win64; x64) AppleWebKit/537.36 (KHTML, like Gecko) Chrome/78.0.3904.108 Safari/537.36"
45.154.98.134 - - [17/Jul/2026:08:50:44 +0000] "GET /blog/wp-includes/wlwmanifest.xml HTTP/1.1" 200 83990 "-" "Mozilla/5.0 (Windows NT 10.0; Win64; x64) AppleWebKit/537.36 (KHTML, like Gecko) Chrome/78.0.3904.108 Safari/537.36"
45.154.98.134 - - [17/Jul/2026:08:50:45 +0000] "GET /web/wp-includes/wlwmanifest.xml HTTP/1.1" 200 83989 "-" "Mozilla/5.0 (Windows NT 10.0; Win64; x64) AppleWebKit/537.36 (KHTML, like Gecko) Chrome/78.0.3904.108 Safari/537.36"
45.154.98.134 - - [17/Jul/2026:08:50:46 +0000] "GET /wordpress/wp-includes/wlwmanifest.xml HTTP/1.1" 200 83989 "-" "Mozilla/5.0 (Windows NT 10.0; Win64; x64) AppleWebKit/537.36 (KHTML, like Gecko) Chrome/78.0.3904.108 Safari/537.36"
45.154.98.134 - - [17/Jul/2026:08:50:47 +0000] "GET /website/wp-includes/wlwmanifest.xml HTTP/1.1" 200 83989 "-" "Mozilla/5.0 (Windows NT 10.0; Win64; x64) AppleWebKit/537.36 (KHTML, like Gecko) Chrome/78.0.3904.108 Safari/537.36"
45.154.98.134 - - [17/Jul/2026:08:50:47 +0000] "GET /wp/wp-includes/wlwmanifest.xml HTTP/1.1" 200 83990 "-" "Mozilla/5.0 (Windows NT 10.0; Win64; x64) AppleWebKit/537.36 (KHTML, like Gecko) Chrome/78.0.3904.108 Safari/537.36"
45.154.98.134 - - [17/Jul/2026:08:50:48 +0000] "GET /news/wp-includes/wlwmanifest.xml HTTP/1.1" 200 83989 "-" "Mozilla/5.0 (Windows NT 10.0; Win64; x64) AppleWebKit/537.36 (KHTML, like Gecko) Chrome/78.0.3904.108 Safari/537.36"
45.154.98.134 - - [17/Jul/2026:08:50:49 +0000] "GET /2018/wp-includes/wlwmanifest.xml HTTP/1.1" 200 83990 "-" "Mozilla/5.0 (Windows NT 10.0; Win64; x64) AppleWebKit/537.36 (KHTML, like Gecko) Chrome/78.0.3904.108 Safari/537.36"
45.154.98.134 - - [17/Jul/2026:08:50:49 +0000] "GET /2019/wp-includes/wlwmanifest.xml HTTP/1.1" 200 83990 "-" "Mozilla/5.0 (Windows NT 10.0; Win64; x64) AppleWebKit/537.36 (KHTML, like Gecko) Chrome/78.0.3904.108 Safari/537.36"
45.154.98.134 - - [17/Jul/2026:08:50:50 +0000] "GET /shop/wp-includes/wlwmanifest.xml HTTP/1.1" 200 83989 "-" "Mozilla/5.0 (Windows NT 10.0; Win64; x64) AppleWebKit/537.36 (KHTML, like Gecko) Chrome/78.0.3904.108 Safari/537.36"
45.154.98.134 - - [17/Jul/2026:08:50:51 +0000] "GET /wp1/wp-includes/wlwmanifest.xml HTTP/1.1" 200 83990 "-" "Mozilla/5.0 (Windows NT 10.0; Win64; x64) AppleWebKit/537.36 (KHTML, like Gecko) Chrome/78.0.3904.108 Safari/537.36"
45.154.98.134 - - [17/Jul/2026:08:50:52 +0000] "GET /test/wp-includes/wlwmanifest.xml HTTP/1.1" 200 83990 "-" "Mozilla/5.0 (Windows NT 10.0; Win64; x64) AppleWebKit/537.36 (KHTML, like Gecko) Chrome/78.0.3904.108 Safari/537.36"
45.154.98.134 - - [17/Jul/2026:08:50:52 +0000] "GET /media/wp-includes/wlwmanifest.xml HTTP/1.1" 200 83991 "-" "Mozilla/5.0 (Windows NT 10.0; Win64; x64) AppleWebKit/537.36 (KHTML, like Gecko) Chrome/78.0.3904.108 Safari/537.36"
45.154.98.134 - - [17/Jul/2026:08:50:53 +0000] "GET /wp2/wp-includes/wlwmanifest.xml HTTP/1.1" 200 83991 "-" "Mozilla/5.0 (Windows NT 10.0; Win64; x64) AppleWebKit/537.36 (KHTML, like Gecko) Chrome/78.0.3904.108 Safari/537.36"
45.154.98.134 - - [17/Jul/2026:08:50:54 +0000] "GET /site/wp-includes/wlwmanifest.xml HTTP/1.1" 200 83991 "-" "Mozilla/5.0 (Windows NT 10.0; Win64; x64) AppleWebKit/537.36 (KHTML, like Gecko) Chrome/78.0.3904.108 Safari/537.36"
45.154.98.134 - - [17/Jul/2026:08:50:55 +0000] "GET /cms/wp-includes/wlwmanifest.xml HTTP/1.1" 200 83991 "-" "Mozilla/5.0 (Windows NT 10.0; Win64; x64) AppleWebKit/537.36 (KHTML, like Gecko) Chrome/78.0.3904.108 Safari/537.36"
45.154.98.134 - - [17/Jul/2026:08:50:55 +0000] "GET /sito/wp-includes/wlwmanifest.xml HTTP/1.1" 200 83991 "-" "Mozilla/5.0 (Windows NT 10.0; Win64; x64) AppleWebKit/537.36 (KHTML, like Gecko) Chrome/78.0.3904.108 Safari/537.36"
158.173.3.229 - - [17/Jul/2026:09:10:59 +0000] "GET / HTTP/1.1" 200 5346 "-" "Mozilla/5.0 (Macintosh; Intel Mac OS X 10_15_7) AppleWebKit/537.36 (KHTML, like Gecko) Chrome/125.0.0.0 Safari/537.36"
158.173.3.229 - - [17/Jul/2026:09:10:59 +0000] "GET / HTTP/1.1" 200 5323 "-" "Mozilla/5.0 (X11; Linux x86_64) AppleWebKit/537.36 (KHTML, like Gecko) Chrome/125.0.0.0 Safari/537.36"
134.209.25.199 - - [17/Jul/2026:09:11:49 +0000] "GET / HTTP/1.1" 200 5426 "-" "Mozilla/5.0 (l9scan/2.0.4373e28353e21323e2430313; +https://leakix.net)"
2604:a880:400:d0::24fe:a001 - - [17/Jul/2026:09:11:49 +0000] "GET / HTTP/1.1" 200 5370 "-" "Mozilla/5.0 (l9scan/2.0.36734693a333433616a3a303330333a303037343a363036323; +https://leakix.net)"
157.245.113.227 - - [17/Jul/2026:09:11:49 +0000] "GET / HTTP/1.1" 200 5435 "-" "Mozilla/5.0 (l9scan/2.0.4373e28353e21323e2430313; +https://leakix.net)"
143.110.217.244 - - [17/Jul/2026:09:11:49 +0000] "GET / HTTP/1.1" 200 5352 "-" "Mozilla/5.0 (l9scan/2.0.432313e2735313e27363e2237313; +https://leakix.net)"
206.189.19.19 - - [17/Jul/2026:09:11:49 +0000] "GET / HTTP/1.1" 200 5363 "-" "Mozilla/5.0 (l9scan/2.0.432313e2735313e27363e2237313; +https://leakix.net)"
2604:a880:400:d0::2309:5001 - - [17/Jul/2026:09:11:49 +0000] "GET / HTTP/1.1" 200 5373 "-" "Mozilla/5.0 (l9scan/2.0.16431633a353138363a3a353330333a303037343a363036323; +https://leakix.net)"
2a03:b0c0:3:d0::402:d001 - - [17/Jul/2026:09:11:49 +0000] "GET / HTTP/1.1" 200 5370 "-" "Mozilla/5.0 (l9scan/2.0.16431633a353138363a3a353330333a303037343a363036323; +https://leakix.net)"
2400:6180:100:d0::97f:b001 - - [17/Jul/2026:09:11:49 +0000] "GET / HTTP/1.1" 200 5366 "-" "Mozilla/5.0 (l9scan/2.0.36734693a333433616a3a303330333a303037343a363036323; +https://leakix.net)"
134.209.25.199 - - [17/Jul/2026:09:11:50 +0000] "GET /console/ HTTP/1.1" 200 5358 "-" "Mozilla/5.0 (l9scan/2.0.4373e28353e21323e2430313; +https://leakix.net)"
157.245.113.227 - - [17/Jul/2026:09:11:50 +0000] "GET /console/ HTTP/1.1" 200 5362 "-" "Mozilla/5.0 (l9scan/2.0.4373e28353e21323e2430313; +https://leakix.net)"
206.189.19.19 - - [17/Jul/2026:09:11:50 +0000] "GET /console/ HTTP/1.1" 200 5352 "-" "Mozilla/5.0 (l9scan/2.0.432313e2735313e27363e2237313; +https://leakix.net)"
143.110.217.244 - - [17/Jul/2026:09:11:50 +0000] "GET /console/ HTTP/1.1" 200 5342 "-" "Mozilla/5.0 (l9scan/2.0.432313e2735313e27363e2237313; +https://leakix.net)"
157.245.113.227 - - [17/Jul/2026:09:11:51 +0000] "GET /server HTTP/1.1" 200 5361 "-" "Mozilla/5.0 (l9scan/2.0.4373e28353e21323e2430313; +https://leakix.net)"
134.209.25.199 - - [17/Jul/2026:09:11:51 +0000] "GET /server HTTP/1.1" 200 5353 "-" "Mozilla/5.0 (l9scan/2.0.4373e28353e21323e2430313; +https://leakix.net)"
143.110.217.244 - - [17/Jul/2026:09:11:51 +0000] "GET /server HTTP/1.1" 200 5337 "-" "Mozilla/5.0 (l9scan/2.0.432313e2735313e27363e2237313; +https://leakix.net)"
206.189.19.19 - - [17/Jul/2026:09:11:51 +0000] "GET /server HTTP/1.1" 200 5351 "-" "Mozilla/5.0 (l9scan/2.0.432313e2735313e27363e2237313; +https://leakix.net)"
134.209.25.199 - - [17/Jul/2026:09:11:52 +0000] "GET /server-status HTTP/1.1" 200 5286 "-" "Mozilla/5.0 (l9scan/2.0.4373e28353e21323e2430313; +https://leakix.net)"
157.245.113.227 - - [17/Jul/2026:09:11:52 +0000] "GET /server-status HTTP/1.1" 200 5293 "-" "Mozilla/5.0 (l9scan/2.0.4373e28353e21323e2430313; +https://leakix.net)"
143.110.217.244 - - [17/Jul/2026:09:11:52 +0000] "GET /server-status HTTP/1.1" 200 5268 "-" "Mozilla/5.0 (l9scan/2.0.432313e2735313e27363e2237313; +https://leakix.net)"
206.189.19.19 - - [17/Jul/2026:09:11:52 +0000] "GET /server-status HTTP/1.1" 200 5289 "-" "Mozilla/5.0 (l9scan/2.0.432313e2735313e27363e2237313; +https://leakix.net)"
206.189.19.19 - - [17/Jul/2026:09:11:54 +0000] "GET /about HTTP/1.1" 200 5357 "-" "Mozilla/5.0 (l9scan/2.0.432313e2735313e27363e2237313; +https://leakix.net)"
134.209.25.199 - - [17/Jul/2026:09:11:54 +0000] "GET /about HTTP/1.1" 200 5359 "-" "Mozilla/5.0 (l9scan/2.0.4373e28353e21323e2430313; +https://leakix.net)"
157.245.113.227 - - [17/Jul/2026:09:11:54 +0000] "GET /about HTTP/1.1" 200 5378 "-" "Mozilla/5.0 (l9scan/2.0.4373e28353e21323e2430313; +https://leakix.net)"
143.110.217.244 - - [17/Jul/2026:09:11:54 +0000] "GET /about HTTP/1.1" 200 5360 "-" "Mozilla/5.0 (l9scan/2.0.432313e2735313e27363e2237313; +https://leakix.net)"
206.189.19.19 - - [17/Jul/2026:09:11:54 +0000] "GET /login.action HTTP/1.1" 200 5362 "-" "Mozilla/5.0 (l9scan/2.0.432313e2735313e27363e2237313; +https://leakix.net)"
157.245.113.227 - - [17/Jul/2026:09:11:54 +0000] "GET /login.action HTTP/1.1" 200 5379 "-" "Mozilla/5.0 (l9scan/2.0.4373e28353e21323e2430313; +https://leakix.net)"
143.110.217.244 - - [17/Jul/2026:09:11:54 +0000] "GET /login.action HTTP/1.1" 200 5358 "-" "Mozilla/5.0 (l9scan/2.0.432313e2735313e27363e2237313; +https://leakix.net)"
134.209.25.199 - - [17/Jul/2026:09:11:54 +0000] "GET /login.action HTTP/1.1" 200 5370 "-" "Mozilla/5.0 (l9scan/2.0.4373e28353e21323e2430313; +https://leakix.net)"
138.68.144.227 - - [17/Jul/2026:09:11:55 +0000] "GET / HTTP/1.1" 200 83992 "-" "Mozilla/5.0 (l9scan/2.0.730323e2631313e2138313e25363; +https://leakix.net)"
157.245.113.227 - - [17/Jul/2026:09:11:55 +0000] "GET / HTTP/1.1" 200 5375 "-" "Mozilla/5.0 (l9scan/2.0.4373e28353e21323e2430313; +https://leakix.net)"
134.209.25.199 - - [17/Jul/2026:09:11:55 +0000] "GET / HTTP/1.1" 200 5367 "-" "Mozilla/5.0 (l9scan/2.0.4373e28353e21323e2430313; +https://leakix.net)"
143.110.217.244 - - [17/Jul/2026:09:11:55 +0000] "GET / HTTP/1.1" 200 5408 "-" "Mozilla/5.0 (l9scan/2.0.432313e2735313e27363e2237313; +https://leakix.net)"
206.189.19.19 - - [17/Jul/2026:09:11:55 +0000] "GET / HTTP/1.1" 200 5370 "-" "Mozilla/5.0 (l9scan/2.0.432313e2735313e27363e2237313; +https://leakix.net)"
157.245.113.227 - - [17/Jul/2026:09:11:56 +0000] "GET /___proxy_subdomain_whm/login HTTP/1.1" 200 5369 "-" "Mozilla/5.0 (l9scan/2.0.4373e28353e21323e2430313; +https://leakix.net)"
134.209.25.199 - - [17/Jul/2026:09:11:56 +0000] "GET /___proxy_subdomain_whm/login HTTP/1.1" 200 5361 "-" "Mozilla/5.0 (l9scan/2.0.4373e28353e21323e2430313; +https://leakix.net)"
143.110.217.244 - - [17/Jul/2026:09:11:56 +0000] "GET /___proxy_subdomain_whm/login HTTP/1.1" 200 5354 "-" "Mozilla/5.0 (l9scan/2.0.432313e2735313e27363e2237313; +https://leakix.net)"
206.189.19.19 - - [17/Jul/2026:09:11:56 +0000] "GET /___proxy_subdomain_whm/login HTTP/1.1" 200 5359 "-" "Mozilla/5.0 (l9scan/2.0.432313e2735313e27363e2237313; +https://leakix.net)"
138.68.144.227 - - [17/Jul/2026:09:11:56 +0000] "GET /console/ HTTP/1.1" 200 5369 "-" "Mozilla/5.0 (l9scan/2.0.730323e2631313e2138313e25363; +https://leakix.net)"
157.245.113.227 - - [17/Jul/2026:09:11:56 +0000] "GET /___proxy_subdomain_cpanel HTTP/1.1" 200 5369 "-" "Mozilla/5.0 (l9scan/2.0.4373e28353e21323e2430313; +https://leakix.net)"
143.110.217.244 - - [17/Jul/2026:09:11:56 +0000] "GET /___proxy_subdomain_cpanel HTTP/1.1" 200 5337 "-" "Mozilla/5.0 (l9scan/2.0.432313e2735313e27363e2237313; +https://leakix.net)"
134.209.25.199 - - [17/Jul/2026:09:11:56 +0000] "GET /___proxy_subdomain_cpanel HTTP/1.1" 200 5365 "-" "Mozilla/5.0 (l9scan/2.0.4373e28353e21323e2430313; +https://leakix.net)"
206.189.19.19 - - [17/Jul/2026:09:11:56 +0000] "GET /___proxy_subdomain_cpanel HTTP/1.1" 200 5363 "-" "Mozilla/5.0 (l9scan/2.0.432313e2735313e27363e2237313; +https://leakix.net)"
157.245.113.227 - - [17/Jul/2026:09:11:57 +0000] "GET /v2/_catalog HTTP/1.1" 200 5371 "-" "Mozilla/5.0 (l9scan/2.0.4373e28353e21323e2430313; +https://leakix.net)"
143.110.217.244 - - [17/Jul/2026:09:11:57 +0000] "GET /v2/_catalog HTTP/1.1" 200 5347 "-" "Mozilla/5.0 (l9scan/2.0.432313e2735313e27363e2237313; +https://leakix.net)"
134.209.25.199 - - [17/Jul/2026:09:11:57 +0000] "GET /v2/_catalog HTTP/1.1" 200 5427 "-" "Mozilla/5.0 (l9scan/2.0.4373e28353e21323e2430313; +https://leakix.net)"
138.68.144.227 - - [17/Jul/2026:09:11:57 +0000] "GET /server HTTP/1.1" 200 5370 "-" "Mozilla/5.0 (l9scan/2.0.730323e2631313e2138313e25363; +https://leakix.net)"
206.189.19.19 - - [17/Jul/2026:09:11:57 +0000] "GET /v2/_catalog HTTP/1.1" 200 5360 "-" "Mozilla/5.0 (l9scan/2.0.432313e2735313e27363e2237313; +https://leakix.net)"
157.245.113.227 - - [17/Jul/2026:09:11:58 +0000] "GET /.DS_Store HTTP/1.1" 200 5369 "-" "Mozilla/5.0 (l9scan/2.0.4373e28353e21323e2430313; +https://leakix.net)"
143.110.217.244 - - [17/Jul/2026:09:11:58 +0000] "GET /.DS_Store HTTP/1.1" 200 5346 "-" "Mozilla/5.0 (l9scan/2.0.432313e2735313e27363e2237313; +https://leakix.net)"
138.68.144.227 - - [17/Jul/2026:09:11:58 +0000] "GET /server-status HTTP/1.1" 200 5366 "-" "Mozilla/5.0 (l9scan/2.0.730323e2631313e2138313e25363; +https://leakix.net)"
134.209.25.199 - - [17/Jul/2026:09:11:58 +0000] "GET /.DS_Store HTTP/1.1" 200 5358 "-" "Mozilla/5.0 (l9scan/2.0.4373e28353e21323e2430313; +https://leakix.net)"
206.189.19.19 - - [17/Jul/2026:09:11:58 +0000] "GET /.DS_Store HTTP/1.1" 200 5356 "-" "Mozilla/5.0 (l9scan/2.0.432313e2735313e27363e2237313; +https://leakix.net)"
157.245.113.227 - - [17/Jul/2026:09:11:59 +0000] "GET /.env HTTP/1.1" 200 5369 "-" "Mozilla/5.0 (l9scan/2.0.4373e28353e21323e2430313; +https://leakix.net)"
143.110.217.244 - - [17/Jul/2026:09:11:59 +0000] "GET /.env HTTP/1.1" 200 5354 "-" "Mozilla/5.0 (l9scan/2.0.432313e2735313e27363e2237313; +https://leakix.net)"
134.209.25.199 - - [17/Jul/2026:09:11:59 +0000] "GET /.env HTTP/1.1" 200 5358 "-" "Mozilla/5.0 (l9scan/2.0.4373e28353e21323e2430313; +https://leakix.net)"
206.189.19.19 - - [17/Jul/2026:09:11:59 +0000] "GET /.env HTTP/1.1" 200 5356 "-" "Mozilla/5.0 (l9scan/2.0.432313e2735313e27363e2237313; +https://leakix.net)"
138.68.144.227 - - [17/Jul/2026:09:12:00 +0000] "GET /about HTTP/1.1" 200 5364 "-" "Mozilla/5.0 (l9scan/2.0.730323e2631313e2138313e25363; +https://leakix.net)"
138.68.144.227 - - [17/Jul/2026:09:12:00 +0000] "GET /login.action HTTP/1.1" 200 5352 "-" "Mozilla/5.0 (l9scan/2.0.730323e2631313e2138313e25363; +https://leakix.net)"
157.245.113.227 - - [17/Jul/2026:09:12:01 +0000] "GET /ecp/Current/exporttool/microsoft.exchange.ediscovery.exporttool.application HTTP/1.1" 200 5370 "-" "Mozilla/5.0 (l9scan/2.0.4373e28353e21323e2430313; +https://leakix.net)"
143.110.217.244 - - [17/Jul/2026:09:12:01 +0000] "GET /ecp/Current/exporttool/microsoft.exchange.ediscovery.exporttool.application HTTP/1.1" 200 5345 "-" "Mozilla/5.0 (l9scan/2.0.432313e2735313e27363e2237313; +https://leakix.net)"
134.209.25.199 - - [17/Jul/2026:09:12:01 +0000] "GET /ecp/Current/exporttool/microsoft.exchange.ediscovery.exporttool.application HTTP/1.1" 200 5348 "-" "Mozilla/5.0 (l9scan/2.0.4373e28353e21323e2430313; +https://leakix.net)"
206.189.19.19 - - [17/Jul/2026:09:12:01 +0000] "GET /ecp/Current/exporttool/microsoft.exchange.ediscovery.exporttool.application HTTP/1.1" 200 5345 "-" "Mozilla/5.0 (l9scan/2.0.432313e2735313e27363e2237313; +https://leakix.net)"
138.68.144.227 - - [17/Jul/2026:09:12:02 +0000] "GET / HTTP/1.1" 200 5294 "-" "Mozilla/5.0 (l9scan/2.0.730323e2631313e2138313e25363; +https://leakix.net)"
138.68.144.227 - - [17/Jul/2026:09:12:02 +0000] "GET /___proxy_subdomain_whm/login HTTP/1.1" 200 5301 "-" "Mozilla/5.0 (l9scan/2.0.730323e2631313e2138313e25363; +https://leakix.net)"
143.110.217.244 - - [17/Jul/2026:09:12:03 +0000] "GET /.git/config HTTP/1.1" 403 1242 "-" "Mozilla/5.0 (l9scan/2.0.432313e2735313e27363e2237313; +https://leakix.net)"
157.245.113.227 - - [17/Jul/2026:09:12:03 +0000] "GET /.git/config HTTP/1.1" 403 1242 "-" "Mozilla/5.0 (l9scan/2.0.4373e28353e21323e2430313; +https://leakix.net)"
134.209.25.199 - - [17/Jul/2026:09:12:03 +0000] "GET /.git/config HTTP/1.1" 403 1242 "-" "Mozilla/5.0 (l9scan/2.0.4373e28353e21323e2430313; +https://leakix.net)"
206.189.19.19 - - [17/Jul/2026:09:12:03 +0000] "GET /.git/config HTTP/1.1" 403 1242 "-" "Mozilla/5.0 (l9scan/2.0.432313e2735313e27363e2237313; +https://leakix.net)"
138.68.144.227 - - [17/Jul/2026:09:12:03 +0000] "GET /___proxy_subdomain_cpanel HTTP/1.1" 200 5372 "-" "Mozilla/5.0 (l9scan/2.0.730323e2631313e2138313e25363; +https://leakix.net)"
138.68.144.227 - - [17/Jul/2026:09:12:03 +0000] "GET /v2/_catalog HTTP/1.1" 200 5366 "-" "Mozilla/5.0 (l9scan/2.0.730323e2631313e2138313e25363; +https://leakix.net)"
157.245.113.227 - - [17/Jul/2026:09:12:04 +0000] "POST /graphql HTTP/1.1" 200 5374 "-" "Mozilla/5.0 (l9scan/2.0.4373e28353e21323e2430313; +https://leakix.net)"
143.110.217.244 - - [17/Jul/2026:09:12:04 +0000] "POST /graphql HTTP/1.1" 200 5351 "-" "Mozilla/5.0 (l9scan/2.0.432313e2735313e27363e2237313; +https://leakix.net)"
206.189.19.19 - - [17/Jul/2026:09:12:04 +0000] "POST /graphql HTTP/1.1" 200 5356 "-" "Mozilla/5.0 (l9scan/2.0.432313e2735313e27363e2237313; +https://leakix.net)"
134.209.25.199 - - [17/Jul/2026:09:12:04 +0000] "POST /graphql HTTP/1.1" 200 5360 "-" "Mozilla/5.0 (l9scan/2.0.4373e28353e21323e2430313; +https://leakix.net)"
157.245.113.227 - - [17/Jul/2026:09:12:04 +0000] "POST /api HTTP/1.1" 200 5368 "-" "Mozilla/5.0 (l9scan/2.0.4373e28353e21323e2430313; +https://leakix.net)"
143.110.217.244 - - [17/Jul/2026:09:12:04 +0000] "POST /api HTTP/1.1" 200 5345 "-" "Mozilla/5.0 (l9scan/2.0.432313e2735313e27363e2237313; +https://leakix.net)"
138.68.144.227 - - [17/Jul/2026:09:12:04 +0000] "GET /.DS_Store HTTP/1.1" 200 5363 "-" "Mozilla/5.0 (l9scan/2.0.730323e2631313e2138313e25363; +https://leakix.net)"
206.189.19.19 - - [17/Jul/2026:09:12:04 +0000] "POST /api HTTP/1.1" 200 5425 "-" "Mozilla/5.0 (l9scan/2.0.432313e2735313e27363e2237313; +https://leakix.net)"
134.209.25.199 - - [17/Jul/2026:09:12:04 +0000] "POST /api HTTP/1.1" 200 5355 "-" "Mozilla/5.0 (l9scan/2.0.4373e28353e21323e2430313; +https://leakix.net)"
143.110.217.244 - - [17/Jul/2026:09:12:05 +0000] "POST /api/graphql HTTP/1.1" 200 5355 "-" "Mozilla/5.0 (l9scan/2.0.432313e2735313e27363e2237313; +https://leakix.net)"
157.245.113.227 - - [17/Jul/2026:09:12:05 +0000] "POST /api/graphql HTTP/1.1" 200 5442 "-" "Mozilla/5.0 (l9scan/2.0.4373e28353e21323e2430313; +https://leakix.net)"
134.209.25.199 - - [17/Jul/2026:09:12:05 +0000] "POST /api/graphql HTTP/1.1" 200 5358 "-" "Mozilla/5.0 (l9scan/2.0.4373e28353e21323e2430313; +https://leakix.net)"
143.110.217.244 - - [17/Jul/2026:09:12:05 +0000] "POST /graphql/api HTTP/1.1" 200 5346 "-" "Mozilla/5.0 (l9scan/2.0.432313e2735313e27363e2237313; +https://leakix.net)"
206.189.19.19 - - [17/Jul/2026:09:12:05 +0000] "POST /api/graphql HTTP/1.1" 200 5359 "-" "Mozilla/5.0 (l9scan/2.0.432313e2735313e27363e2237313; +https://leakix.net)"
157.245.113.227 - - [17/Jul/2026:09:12:05 +0000] "POST /graphql/api HTTP/1.1" 200 5383 "-" "Mozilla/5.0 (l9scan/2.0.4373e28353e21323e2430313; +https://leakix.net)"
138.68.144.227 - - [17/Jul/2026:09:12:05 +0000] "GET /.env HTTP/1.1" 200 5382 "-" "Mozilla/5.0 (l9scan/2.0.730323e2631313e2138313e25363; +https://leakix.net)"
143.110.217.244 - - [17/Jul/2026:09:12:05 +0000] "POST /api/gql HTTP/1.1" 200 5358 "-" "Mozilla/5.0 (l9scan/2.0.432313e2735313e27363e2237313; +https://leakix.net)"
134.209.25.199 - - [17/Jul/2026:09:12:05 +0000] "POST /graphql/api HTTP/1.1" 200 5371 "-" "Mozilla/5.0 (l9scan/2.0.4373e28353e21323e2430313; +https://leakix.net)"
206.189.19.19 - - [17/Jul/2026:09:12:06 +0000] "POST /graphql/api HTTP/1.1" 200 5369 "-" "Mozilla/5.0 (l9scan/2.0.432313e2735313e27363e2237313; +https://leakix.net)"
143.110.217.244 - - [17/Jul/2026:09:12:06 +0000] "GET /s/432313e2735313e27363e2237313/_/;/META-INF/maven/com.atlassian.jira/jira-webapp-dist/pom.properties HTTP/1.1" 200 5358 "-" "Mozilla/5.0 (l9scan/2.0.432313e2735313e27363e2237313; +https://leakix.net)"
157.245.113.227 - - [17/Jul/2026:09:12:06 +0000] "POST /api/gql HTTP/1.1" 200 5376 "-" "Mozilla/5.0 (l9scan/2.0.4373e28353e21323e2430313; +https://leakix.net)"
134.209.25.199 - - [17/Jul/2026:09:12:06 +0000] "POST /api/gql HTTP/1.1" 200 5371 "-" "Mozilla/5.0 (l9scan/2.0.4373e28353e21323e2430313; +https://leakix.net)"
157.245.113.227 - - [17/Jul/2026:09:12:06 +0000] "GET /s/4373e28353e21323e2430313/_/;/META-INF/maven/com.atlassian.jira/jira-webapp-dist/pom.properties HTTP/1.1" 200 5386 "-" "Mozilla/5.0 (l9scan/2.0.4373e28353e21323e2430313; +https://leakix.net)"
206.189.19.19 - - [17/Jul/2026:09:12:06 +0000] "POST /api/gql HTTP/1.1" 200 5373 "-" "Mozilla/5.0 (l9scan/2.0.432313e2735313e27363e2237313; +https://leakix.net)"
134.209.25.199 - - [17/Jul/2026:09:12:06 +0000] "GET /s/4373e28353e21323e2430313/_/;/META-INF/maven/com.atlassian.jira/jira-webapp-dist/pom.properties HTTP/1.1" 200 5372 "-" "Mozilla/5.0 (l9scan/2.0.4373e28353e21323e2430313; +https://leakix.net)"
206.189.19.19 - - [17/Jul/2026:09:12:07 +0000] "GET /s/432313e2735313e27363e2237313/_/;/META-INF/maven/com.atlassian.jira/jira-webapp-dist/pom.properties HTTP/1.1" 200 5376 "-" "Mozilla/5.0 (l9scan/2.0.432313e2735313e27363e2237313; +https://leakix.net)"
143.110.217.244 - - [17/Jul/2026:09:12:07 +0000] "GET /config.json HTTP/1.1" 200 5355 "-" "Mozilla/5.0 (l9scan/2.0.432313e2735313e27363e2237313; +https://leakix.net)"
157.245.113.227 - - [17/Jul/2026:09:12:07 +0000] "GET /config.json HTTP/1.1" 200 5374 "-" "Mozilla/5.0 (l9scan/2.0.4373e28353e21323e2430313; +https://leakix.net)"
134.209.25.199 - - [17/Jul/2026:09:12:07 +0000] "GET /config.json HTTP/1.1" 200 5355 "-" "Mozilla/5.0 (l9scan/2.0.4373e28353e21323e2430313; +https://leakix.net)"
138.68.144.227 - - [17/Jul/2026:09:12:08 +0000] "GET /ecp/Current/exporttool/microsoft.exchange.ediscovery.exporttool.application HTTP/1.1" 200 5372 "-" "Mozilla/5.0 (l9scan/2.0.730323e2631313e2138313e25363; +https://leakix.net)"
143.110.217.244 - - [17/Jul/2026:09:12:08 +0000] "GET /telescope/requests HTTP/1.1" 200 5352 "-" "Mozilla/5.0 (l9scan/2.0.432313e2735313e27363e2237313; +https://leakix.net)"
206.189.19.19 - - [17/Jul/2026:09:12:08 +0000] "GET /config.json HTTP/1.1" 200 5358 "-" "Mozilla/5.0 (l9scan/2.0.432313e2735313e27363e2237313; +https://leakix.net)"
157.245.113.227 - - [17/Jul/2026:09:12:08 +0000] "GET /telescope/requests HTTP/1.1" 200 5371 "-" "Mozilla/5.0 (l9scan/2.0.4373e28353e21323e2430313; +https://leakix.net)"
134.209.25.199 - - [17/Jul/2026:09:12:08 +0000] "GET /telescope/requests HTTP/1.1" 200 5361 "-" "Mozilla/5.0 (l9scan/2.0.4373e28353e21323e2430313; +https://leakix.net)"
206.189.19.19 - - [17/Jul/2026:09:12:09 +0000] "GET /telescope/requests HTTP/1.1" 200 5361 "-" "Mozilla/5.0 (l9scan/2.0.432313e2735313e27363e2237313; +https://leakix.net)"
143.110.217.244 - - [17/Jul/2026:09:12:09 +0000] "GET /info.php HTTP/1.1" 200 5353 "-" "Mozilla/5.0 (l9scan/2.0.432313e2735313e27363e2237313; +https://leakix.net)"
138.68.144.227 - - [17/Jul/2026:09:12:09 +0000] "GET /.git/config HTTP/1.1" 403 1242 "-" "Mozilla/5.0 (l9scan/2.0.730323e2631313e2138313e25363; +https://leakix.net)"
157.245.113.227 - - [17/Jul/2026:09:12:09 +0000] "GET /info.php HTTP/1.1" 200 5370 "-" "Mozilla/5.0 (l9scan/2.0.4373e28353e21323e2430313; +https://leakix.net)"
134.209.25.199 - - [17/Jul/2026:09:12:09 +0000] "GET /info.php HTTP/1.1" 200 5355 "-" "Mozilla/5.0 (l9scan/2.0.4373e28353e21323e2430313; +https://leakix.net)"
206.189.19.19 - - [17/Jul/2026:09:12:10 +0000] "GET /info.php HTTP/1.1" 200 5363 "-" "Mozilla/5.0 (l9scan/2.0.432313e2735313e27363e2237313; +https://leakix.net)"
143.110.217.244 - - [17/Jul/2026:09:12:10 +0000] "GET /.well-known/security.txt HTTP/1.1" 200 5345 "-" "Mozilla/5.0 (l9scan/2.0.432313e2735313e27363e2237313; +https://leakix.net)"
157.245.113.227 - - [17/Jul/2026:09:12:10 +0000] "GET /.well-known/security.txt HTTP/1.1" 200 5377 "-" "Mozilla/5.0 (l9scan/2.0.4373e28353e21323e2430313; +https://leakix.net)"
138.68.144.227 - - [17/Jul/2026:09:12:10 +0000] "POST /graphql HTTP/1.1" 200 5370 "-" "Mozilla/5.0 (l9scan/2.0.730323e2631313e2138313e25363; +https://leakix.net)"
134.209.25.199 - - [17/Jul/2026:09:12:10 +0000] "GET /.well-known/security.txt HTTP/1.1" 200 5365 "-" "Mozilla/5.0 (l9scan/2.0.4373e28353e21323e2430313; +https://leakix.net)"
206.189.19.19 - - [17/Jul/2026:09:12:11 +0000] "GET /.well-known/security.txt HTTP/1.1" 200 5363 "-" "Mozilla/5.0 (l9scan/2.0.432313e2735313e27363e2237313; +https://leakix.net)"
143.110.217.244 - - [17/Jul/2026:09:12:11 +0000] "GET /actuator/env HTTP/1.1" 200 5351 "-" "Mozilla/5.0 (l9scan/2.0.432313e2735313e27363e2237313; +https://leakix.net)"
138.68.144.227 - - [17/Jul/2026:09:12:11 +0000] "POST /api HTTP/1.1" 200 5373 "-" "Mozilla/5.0 (l9scan/2.0.730323e2631313e2138313e25363; +https://leakix.net)"
157.245.113.227 - - [17/Jul/2026:09:12:11 +0000] "GET /actuator/env HTTP/1.1" 200 5294 "-" "Mozilla/5.0 (l9scan/2.0.4373e28353e21323e2430313; +https://leakix.net)"
134.209.25.199 - - [17/Jul/2026:09:12:11 +0000] "GET /actuator/env HTTP/1.1" 200 5282 "-" "Mozilla/5.0 (l9scan/2.0.4373e28353e21323e2430313; +https://leakix.net)"
138.68.144.227 - - [17/Jul/2026:09:12:12 +0000] "POST /api/graphql HTTP/1.1" 200 5294 "-" "Mozilla/5.0 (l9scan/2.0.730323e2631313e2138313e25363; +https://leakix.net)"
206.189.19.19 - - [17/Jul/2026:09:12:12 +0000] "GET /actuator/env HTTP/1.1" 200 5285 "-" "Mozilla/5.0 (l9scan/2.0.432313e2735313e27363e2237313; +https://leakix.net)"
143.110.217.244 - - [17/Jul/2026:09:12:12 +0000] "GET /trace.axd HTTP/1.1" 200 5262 "-" "Mozilla/5.0 (l9scan/2.0.432313e2735313e27363e2237313; +https://leakix.net)"
138.68.144.227 - - [17/Jul/2026:09:12:12 +0000] "POST /graphql/api HTTP/1.1" 200 5292 "-" "Mozilla/5.0 (l9scan/2.0.730323e2631313e2138313e25363; +https://leakix.net)"
157.245.113.227 - - [17/Jul/2026:09:12:12 +0000] "GET /trace.axd HTTP/1.1" 200 5364 "-" "Mozilla/5.0 (l9scan/2.0.4373e28353e21323e2430313; +https://leakix.net)"
134.209.25.199 - - [17/Jul/2026:09:12:12 +0000] "GET /trace.axd HTTP/1.1" 200 5357 "-" "Mozilla/5.0 (l9scan/2.0.4373e28353e21323e2430313; +https://leakix.net)"
138.68.144.227 - - [17/Jul/2026:09:12:13 +0000] "POST /api/gql HTTP/1.1" 200 5368 "-" "Mozilla/5.0 (l9scan/2.0.730323e2631313e2138313e25363; +https://leakix.net)"
143.110.217.244 - - [17/Jul/2026:09:12:13 +0000] "GET /@vite/env HTTP/1.1" 200 5408 "-" "Mozilla/5.0 (l9scan/2.0.432313e2735313e27363e2237313; +https://leakix.net)"
206.189.19.19 - - [17/Jul/2026:09:12:13 +0000] "GET /trace.axd HTTP/1.1" 200 5351 "-" "Mozilla/5.0 (l9scan/2.0.432313e2735313e27363e2237313; +https://leakix.net)"
157.245.113.227 - - [17/Jul/2026:09:12:13 +0000] "GET /@vite/env HTTP/1.1" 200 5376 "-" "Mozilla/5.0 (l9scan/2.0.4373e28353e21323e2430313; +https://leakix.net)"
138.68.144.227 - - [17/Jul/2026:09:12:13 +0000] "GET /s/730323e2631313e2138313e25363/_/;/META-INF/maven/com.atlassian.jira/jira-webapp-dist/pom.properties HTTP/1.1" 200 5382 "-" "Mozilla/5.0 (l9scan/2.0.730323e2631313e2138313e25363; +https://leakix.net)"
134.209.25.199 - - [17/Jul/2026:09:12:13 +0000] "GET /@vite/env HTTP/1.1" 200 5363 "-" "Mozilla/5.0 (l9scan/2.0.4373e28353e21323e2430313; +https://leakix.net)"
206.189.19.19 - - [17/Jul/2026:09:12:14 +0000] "GET /@vite/env HTTP/1.1" 200 5374 "-" "Mozilla/5.0 (l9scan/2.0.432313e2735313e27363e2237313; +https://leakix.net)"
143.110.217.244 - - [17/Jul/2026:09:12:14 +0000] "GET /.vscode/sftp.json HTTP/1.1" 200 5369 "-" "Mozilla/5.0 (l9scan/2.0.432313e2735313e27363e2237313; +https://leakix.net)"
157.245.113.227 - - [17/Jul/2026:09:12:14 +0000] "GET /.vscode/sftp.json HTTP/1.1" 200 5382 "-" "Mozilla/5.0 (l9scan/2.0.4373e28353e21323e2430313; +https://leakix.net)"
138.68.144.227 - - [17/Jul/2026:09:12:14 +0000] "GET /config.json HTTP/1.1" 200 5368 "-" "Mozilla/5.0 (l9scan/2.0.730323e2631313e2138313e25363; +https://leakix.net)"
134.209.25.199 - - [17/Jul/2026:09:12:14 +0000] "GET /.vscode/sftp.json HTTP/1.1" 200 5368 "-" "Mozilla/5.0 (l9scan/2.0.4373e28353e21323e2430313; +https://leakix.net)"
143.110.217.244 - - [17/Jul/2026:09:12:15 +0000] "OPTIONS / HTTP/1.1" 200 5355 "-" "Mozilla/5.0 (l9scan/2.0.432313e2735313e27363e2237313; +https://leakix.net)"
206.189.19.19 - - [17/Jul/2026:09:12:15 +0000] "GET /.vscode/sftp.json HTTP/1.1" 200 5369 "-" "Mozilla/5.0 (l9scan/2.0.432313e2735313e27363e2237313; +https://leakix.net)"
157.245.113.227 - - [17/Jul/2026:09:12:15 +0000] "OPTIONS / HTTP/1.1" 200 5369 "-" "Mozilla/5.0 (l9scan/2.0.4373e28353e21323e2430313; +https://leakix.net)"
138.68.144.227 - - [17/Jul/2026:09:12:15 +0000] "GET /telescope/requests HTTP/1.1" 200 5368 "-" "Mozilla/5.0 (l9scan/2.0.730323e2631313e2138313e25363; +https://leakix.net)"
134.209.25.199 - - [17/Jul/2026:09:12:15 +0000] "OPTIONS / HTTP/1.1" 200 5367 "-" "Mozilla/5.0 (l9scan/2.0.4373e28353e21323e2430313; +https://leakix.net)"
206.189.19.19 - - [17/Jul/2026:09:12:16 +0000] "OPTIONS / HTTP/1.1" 200 5367 "-" "Mozilla/5.0 (l9scan/2.0.432313e2735313e27363e2237313; +https://leakix.net)"
143.110.217.244 - - [17/Jul/2026:09:12:16 +0000] "GET /?rest_route=/wp/v2/users/ HTTP/1.1" 200 5353 "-" "Mozilla/5.0 (l9scan/2.0.432313e2735313e27363e2237313; +https://leakix.net)"
157.245.113.227 - - [17/Jul/2026:09:12:16 +0000] "GET /?rest_route=/wp/v2/users/ HTTP/1.1" 200 5377 "-" "Mozilla/5.0 (l9scan/2.0.4373e28353e21323e2430313; +https://leakix.net)"
138.68.144.227 - - [17/Jul/2026:09:12:16 +0000] "GET /info.php HTTP/1.1" 200 5369 "-" "Mozilla/5.0 (l9scan/2.0.730323e2631313e2138313e25363; +https://leakix.net)"
134.209.25.199 - - [17/Jul/2026:09:12:17 +0000] "GET /?rest_route=/wp/v2/users/ HTTP/1.1" 200 5365 "-" "Mozilla/5.0 (l9scan/2.0.4373e28353e21323e2430313; +https://leakix.net)"
206.189.19.19 - - [17/Jul/2026:09:12:17 +0000] "GET /?rest_route=/wp/v2/users/ HTTP/1.1" 200 5365 "-" "Mozilla/5.0 (l9scan/2.0.432313e2735313e27363e2237313; +https://leakix.net)"
143.110.217.244 - - [17/Jul/2026:09:12:17 +0000] "GET /debug/default/view?panel=config HTTP/1.1" 200 5346 "-" "Mozilla/5.0 (l9scan/2.0.432313e2735313e27363e2237313; +https://leakix.net)"
157.245.113.227 - - [17/Jul/2026:09:12:17 +0000] "GET /debug/default/view?panel=config HTTP/1.1" 200 5371 "-" "Mozilla/5.0 (l9scan/2.0.4373e28353e21323e2430313; +https://leakix.net)"
138.68.144.227 - - [17/Jul/2026:09:12:17 +0000] "GET /actuator/env HTTP/1.1" 200 5158 "-" "Mozilla/5.0 (l9scan/2.0.730323e2631313e2138313e25363; +https://leakix.net)"
134.209.25.199 - - [17/Jul/2026:09:12:17 +0000] "GET /debug/default/view?panel=config HTTP/1.1" 200 5150 "-" "Mozilla/5.0 (l9scan/2.0.4373e28353e21323e2430313; +https://leakix.net)"
206.189.19.19 - - [17/Jul/2026:09:12:18 +0000] "GET /debug/default/view?panel=config HTTP/1.1" 200 5148 "-" "Mozilla/5.0 (l9scan/2.0.432313e2735313e27363e2237313; +https://leakix.net)"
138.68.144.227 - - [17/Jul/2026:09:12:18 +0000] "GET /trace.axd HTTP/1.1" 200 5159 "-" "Mozilla/5.0 (l9scan/2.0.730323e2631313e2138313e25363; +https://leakix.net)"
138.68.144.227 - - [17/Jul/2026:09:12:19 +0000] "GET /@vite/env HTTP/1.1" 200 5368 "-" "Mozilla/5.0 (l9scan/2.0.730323e2631313e2138313e25363; +https://leakix.net)"
138.68.144.227 - - [17/Jul/2026:09:12:20 +0000] "GET /.vscode/sftp.json HTTP/1.1" 200 5366 "-" "Mozilla/5.0 (l9scan/2.0.730323e2631313e2138313e25363; +https://leakix.net)"
138.68.144.227 - - [17/Jul/2026:09:12:21 +0000] "OPTIONS / HTTP/1.1" 200 5366 "-" "Mozilla/5.0 (l9scan/2.0.730323e2631313e2138313e25363; +https://leakix.net)"
138.68.144.227 - - [17/Jul/2026:09:12:22 +0000] "GET /?rest_route=/wp/v2/users/ HTTP/1.1" 200 5369 "-" "Mozilla/5.0 (l9scan/2.0.730323e2631313e2138313e25363; +https://leakix.net)"
138.68.144.227 - - [17/Jul/2026:09:12:23 +0000] "GET /debug/default/view?panel=config HTTP/1.1" 200 5365 "-" "Mozilla/5.0 (l9scan/2.0.730323e2631313e2138313e25363; +https://leakix.net)"
124.222.230.178 - - [17/Jul/2026:09:14:57 +0000] "GET / HTTP/1.1" 200 5358 "-" "Mozilla/5.0 (iPhone; CPU iPhone OS 13_2_3 like Mac OS X) AppleWebKit/605.1.15 (KHTML, like Gecko) Version/13.0.3 Mobile/15E148 Safari/604.1"
195.178.110.211 - - [17/Jul/2026:09:38:36 +0000] "GET /wp-json/gravitysmtp/v1/tests/mock-data?page=gravitysmtp-settings HTTP/1.1" 200 5361 "-" "Mozilla/5.0 (compatible; SecurityResearch/1.0; )"
120.24.202.132 - - [17/Jul/2026:09:48:11 +0000] "GET /wp-json/wp/v2/posts HTTP/1.1" 200 5367 "-" "Mozilla/5.0 (Windows NT 10.0; Win64; x64) AppleWebKit/537.36 (KHTML, like Gecko) Chrome/120.0.0.0 Safari/537.36"
43.153.12.58 - - [17/Jul/2026:10:17:47 +0000] "GET /?lokasie=/home/snownico/anywhere-iptv.com/wp-comments-post.php&loknya=/home/snownico/anywhere-iptv.com HTTP/1.1" 200 2805 "-" "Mozilla/5.0 (iPhone; CPU iPhone OS 13_2_3 like Mac OS X) AppleWebKit/605.1.15 (KHTML, like Gecko) Version/13.0.3 Mobile/15E148 Safari/604.1"
129.212.228.43 - - [17/Jul/2026:10:37:14 +0000] "GET /license.txt HTTP/1.1" 200 7276 "-" "python-requests/2.27.1"
162.62.213.165 - - [17/Jul/2026:10:49:43 +0000] "GET / HTTP/1.1" 200 5370 "-" "Mozilla/5.0 (iPhone; CPU iPhone OS 13_2_3 like Mac OS X) AppleWebKit/605.1.15 (KHTML, like Gecko) Version/13.0.3 Mobile/15E148 Safari/604.1"
101.32.49.171 - - [17/Jul/2026:11:18:45 +0000] "GET /?loknya=/home HTTP/1.1" 200 2059 "-" "Mozilla/5.0 (iPhone; CPU iPhone OS 13_2_3 like Mac OS X) AppleWebKit/605.1.15 (KHTML, like Gecko) Version/13.0.3 Mobile/15E148 Safari/604.1"