187.245.101.213 - - [16/Jul/2026:20:14:45 +0000] "GET /wp-content/plugins/elementor/assets/js/webpack.runtime.min.js?ver=3.27.7 HTTP/2" 200 2241 "https://www.ampiwork.com/" "Mozilla/5.0 (Windows NT 6.1; Win64; x64) AppleWebKit/537.36 (KHTML, like Gecko) Chrome/97.0.4692.71 Safari/537.36"
187.245.101.213 - - [16/Jul/2026:20:14:45 +0000] "GET /wp-content/plugins/elementor/assets/js/frontend-modules.min.js?ver=3.27.7 HTTP/2" 200 17104 "https://www.ampiwork.com/" "Mozilla/5.0 (Windows NT 6.1; Win64; x64) AppleWebKit/537.36 (KHTML, like Gecko) Chrome/97.0.4692.71 Safari/537.36"
187.245.101.213 - - [16/Jul/2026:20:14:45 +0000] "GET /wp-includes/js/dist/hooks.min.js?ver=7496969728ca0f95732d HTTP/2" 200 1734 "https://www.ampiwork.com/" "Mozilla/5.0 (Windows NT 6.1; Win64; x64) AppleWebKit/537.36 (KHTML, like Gecko) Chrome/97.0.4692.71 Safari/537.36"
187.245.101.213 - - [16/Jul/2026:20:14:45 +0000] "GET /wp-includes/js/jquery/ui/core.min.js?ver=1.13.3 HTTP/2" 200 6812 "https://www.ampiwork.com/" "Mozilla/5.0 (Windows NT 6.1; Win64; x64) AppleWebKit/537.36 (KHTML, like Gecko) Chrome/97.0.4692.71 Safari/537.36"
187.245.101.213 - - [16/Jul/2026:20:14:45 +0000] "GET /wp-includes/js/dist/i18n.min.js?ver=781d11515ad3d91786ec HTTP/2" 200 2354 "https://www.ampiwork.com/" "Mozilla/5.0 (Windows NT 6.1; Win64; x64) AppleWebKit/537.36 (KHTML, like Gecko) Chrome/97.0.4692.71 Safari/537.36"
187.245.101.213 - - [16/Jul/2026:20:14:45 +0000] "GET /wp-content/plugins/elementor-pro/assets/js/frontend.min.js?ver=3.20.1 HTTP/2" 200 6470 "https://www.ampiwork.com/" "Mozilla/5.0 (Windows NT 6.1; Win64; x64) AppleWebKit/537.36 (KHTML, like Gecko) Chrome/97.0.4692.71 Safari/537.36"
187.245.101.213 - - [16/Jul/2026:20:14:45 +0000] "GET /wp-content/plugins/elementor/assets/js/frontend.min.js?ver=3.27.7 HTTP/2" 200 13108 "https://www.ampiwork.com/" "Mozilla/5.0 (Windows NT 6.1; Win64; x64) AppleWebKit/537.36 (KHTML, like Gecko) Chrome/97.0.4692.71 Safari/537.36"
187.245.101.213 - - [16/Jul/2026:20:14:45 +0000] "GET /wp-content/plugins/elementor-pro/assets/js/preloaded-elements-handlers.min.js?ver=3.20.1 HTTP/2" 200 52333 "https://www.ampiwork.com/" "Mozilla/5.0 (Windows NT 6.1; Win64; x64) AppleWebKit/537.36 (KHTML, like Gecko) Chrome/97.0.4692.71 Safari/537.36"
187.245.101.213 - - [16/Jul/2026:20:14:45 +0000] "GET /wp-content/uploads/2025/03/AMPIWORK-996-x-423-px.webp HTTP/2" 200 14148 "https://www.ampiwork.com/" "Mozilla/5.0 (Windows NT 6.1; Win64; x64) AppleWebKit/537.36 (KHTML, like Gecko) Chrome/97.0.4692.71 Safari/537.36"
187.245.101.213 - - [16/Jul/2026:20:14:45 +0000] "GET /wp-content/uploads/2025/03/20d4ac8ff5.jpg HTTP/2" 200 277310 "https://www.ampiwork.com/" "Mozilla/5.0 (Windows NT 6.1; Win64; x64) AppleWebKit/537.36 (KHTML, like Gecko) Chrome/97.0.4692.71 Safari/537.36"
187.245.101.213 - - [16/Jul/2026:20:14:45 +0000] "GET /wp-content/uploads/2025/03/right-1-1024x908.webp HTTP/2" 200 95052 "https://www.ampiwork.com/" "Mozilla/5.0 (Windows NT 6.1; Win64; x64) AppleWebKit/537.36 (KHTML, like Gecko) Chrome/97.0.4692.71 Safari/537.36"
187.245.101.213 - - [16/Jul/2026:20:14:45 +0000] "GET /wp-content/uploads/2025/03/c17e121053.jpg HTTP/2" 200 448067 "https://www.ampiwork.com/" "Mozilla/5.0 (Windows NT 6.1; Win64; x64) AppleWebKit/537.36 (KHTML, like Gecko) Chrome/97.0.4692.71 Safari/537.36"
187.245.101.213 - - [16/Jul/2026:20:14:45 +0000] "GET /wp-content/uploads/2025/03/fc8c56a03d.jpg HTTP/2" 200 728666 "https://www.ampiwork.com/" "Mozilla/5.0 (Windows NT 6.1; Win64; x64) AppleWebKit/537.36 (KHTML, like Gecko) Chrome/97.0.4692.71 Safari/537.36"
65.181.116.207 - - [16/Jul/2026:20:16:58 +0000] "POST /wp-cron.php?doing_wp_cron=1784233018.7724990844726562500000 HTTP/2" 200 0 "-" "WordPress/7.0.1; https://www.ampiwork.com"
65.181.116.207 - - [16/Jul/2026:20:17:35 +0000] "POST /wp-cron.php?doing_wp_cron=1784233054.9639840126037597656250 HTTP/2" 200 0 "-" "WordPress/7.0.1; https://www.ampiwork.com"
170.106.15.3 - - [16/Jul/2026:20:17:30 +0000] "GET /wp-json/oembed/1.0/embed?url=https%3A%2F%2Fwww.ampiwork.com%2F2025%2F03%2F14%2Fage-legal-casino-australia%2F HTTP/2" 200 1041 "-" "Mozilla/5.0 (iPhone; CPU iPhone OS 13_2_3 like Mac OS X) AppleWebKit/605.1.15 (KHTML, like Gecko) Version/13.0.3 Mobile/15E148 Safari/604.1"
187.245.101.213 - - [16/Jul/2026:20:14:45 +0000] "GET /wp-content/uploads/2025/03/left-2-1-1024x1004.webp HTTP/2" 200 82970 "https://www.ampiwork.com/" "Mozilla/5.0 (Windows NT 6.1; Win64; x64) AppleWebKit/537.36 (KHTML, like Gecko) Chrome/97.0.4692.71 Safari/537.36"
187.245.101.213 - - [16/Jul/2026:20:14:45 +0000] "GET /wp-content/uploads/2025/03/dd8c2280b5.jpg HTTP/2" 200 296203 "https://www.ampiwork.com/" "Mozilla/5.0 (Windows NT 6.1; Win64; x64) AppleWebKit/537.36 (KHTML, like Gecko) Chrome/97.0.4692.71 Safari/537.36"
187.245.101.213 - - [16/Jul/2026:20:14:45 +0000] "GET /wp-content/uploads/2025/03/2_Home_Online_Training-Testimonials_1.jpg HTTP/2" 200 13511 "https://www.ampiwork.com/" "Mozilla/5.0 (Windows NT 6.1; Win64; x64) AppleWebKit/537.36 (KHTML, like Gecko) Chrome/97.0.4692.71 Safari/537.36"
187.245.101.213 - - [16/Jul/2026:20:14:45 +0000] "GET /wp-content/uploads/2025/03/a1f79c793f.jpg HTTP/2" 200 451158 "https://www.ampiwork.com/" "Mozilla/5.0 (Windows NT 6.1; Win64; x64) AppleWebKit/537.36 (KHTML, like Gecko) Chrome/97.0.4692.71 Safari/537.36"
187.245.101.213 - - [16/Jul/2026:20:14:45 +0000] "GET /wp-content/uploads/2025/03/2_Home_Online_Training-Testimonials_2.jpg HTTP/2" 200 9691 "https://www.ampiwork.com/" "Mozilla/5.0 (Windows NT 6.1; Win64; x64) AppleWebKit/537.36 (KHTML, like Gecko) Chrome/97.0.4692.71 Safari/537.36"
187.245.101.213 - - [16/Jul/2026:20:14:45 +0000] "GET /wp-content/uploads/2025/03/2_Home_Online_Training-Testimonials_3.jpg HTTP/2" 200 11732 "https://www.ampiwork.com/" "Mozilla/5.0 (Windows NT 6.1; Win64; x64) AppleWebKit/537.36 (KHTML, like Gecko) Chrome/97.0.4692.71 Safari/537.36"
187.245.101.213 - - [16/Jul/2026:20:14:45 +0000] "GET /wp-content/uploads/2025/03/e593f7c526.jpg HTTP/2" 200 353229 "https://www.ampiwork.com/" "Mozilla/5.0 (Windows NT 6.1; Win64; x64) AppleWebKit/537.36 (KHTML, like Gecko) Chrome/97.0.4692.71 Safari/537.36"
65.181.116.207 - - [16/Jul/2026:20:15:27 +0000] "POST /wp-cron.php?doing_wp_cron=1784232927.0899488925933837890625 HTTP/2" 200 0 "-" "WordPress/7.0.1; https://www.ampiwork.com"
2a03:2880:f800:4:: - - [16/Jul/2026:20:15:20 +0000] "GET /2025/03/14/slots-free-spins-no-deposit-no-wagering/ HTTP/2" 200 14747 "-" "Mozilla/5.0 (Windows NT 10.0; Win64; x64) AppleWebKit/537.36 (KHTML, like Gecko) Chrome/145.0.0.0 Safari/537.36 (compatible; meta-externalagent/1.1 (+https://developers.facebook.com/docs/sharing/webmasters/crawler))"
40.77.167.19 - - [16/Jul/2026:20:16:49 +0000] "GET /post-sitemap10.xml HTTP/2" 200 3268 "-" "Mozilla/5.0 AppleWebKit/537.36 (KHTML, like Gecko; compatible; bingbot/2.0; +http://www.bing.com/bingbot.htm) Chrome/116.0.1938.76 Safari/537.36"
65.181.116.207 - - [16/Jul/2026:20:18:32 +0000] "POST /wp-cron.php?doing_wp_cron=1784233112.4027180671691894531250 HTTP/2" 200 0 "-" "WordPress/7.0.1; https://www.ampiwork.com"
185.223.152.92 - - [16/Jul/2026:20:18:29 +0000] "POST /wp-login.php HTTP/2" 200 2047 "-" "Mozilla/5.0 (Windows; U; Windows NT 5.2; en-US) AppleWebKit/532.1 (KHTML, like Gecko) Chrome/4.0.219.5 Safari/532.1"
65.181.116.207 - - [16/Jul/2026:20:19:10 +0000] "POST /wp-cron.php?doing_wp_cron=1784233150.3697009086608886718750 HTTP/2" 200 0 "-" "WordPress/7.0.1; https://www.ampiwork.com"
2a03:2880:f800:: - - [16/Jul/2026:20:19:00 +0000] "GET /2025/03/14/all-slots-online-canada-casino/ HTTP/2" 200 14891 "-" "Mozilla/5.0 (Windows NT 10.0; Win64; x64) AppleWebKit/537.36 (KHTML, like Gecko) Chrome/145.0.0.0 Safari/537.36 (compatible; meta-externalagent/1.1 (+https://developers.facebook.com/docs/sharing/webmasters/crawler))"
212.80.9.235 - - [16/Jul/2026:20:19:16 +0000] "GET /wp-login.php HTTP/2" 200 1914 "-" "Mozilla/5.0 (Macintosh; Intel Mac OS X 10_15_7) AppleWebKit/605.1.15 (KHTML, like Gecko) Version/18.0 Safari/605.1.15"
162.19.246.208 - - [16/Jul/2026:20:19:18 +0000] "GET /wp-login.php HTTP/2" 200 1914 "-" "Mozilla/5.0 (Windows NT 10.0; Win64; x64) AppleWebKit/537.36 (KHTML, like Gecko) Chrome/147.0.0.0 Safari/537.36"
212.80.9.235 - - [16/Jul/2026:20:19:29 +0000] "POST /wp-login.php HTTP/2" 200 2049 "https://ampiwork.com/wp-login.php" "Mozilla/5.0 (Macintosh; Intel Mac OS X 10_15_7) AppleWebKit/605.1.15 (KHTML, like Gecko) Version/18.0 Safari/605.1.15"
162.19.246.208 - - [16/Jul/2026:20:19:28 +0000] "POST /wp-login.php HTTP/2" 200 2049 "https://ampiwork.com/wp-login.php" "Mozilla/5.0 (Windows NT 10.0; Win64; x64) AppleWebKit/537.36 (KHTML, like Gecko) Chrome/147.0.0.0 Safari/537.36"
2a03:2880:f800:8:: - - [16/Jul/2026:20:19:49 +0000] "GET /2025/03/14/list-of-new-zealand-casino/ HTTP/2" 200 14825 "-" "Mozilla/5.0 (Macintosh; Intel Mac OS X 10_15_7) AppleWebKit/537.36 (KHTML, like Gecko) Chrome/145.0.0.0 Safari/537.36 (compatible; meta-externalagent/1.1 (+https://developers.facebook.com/docs/sharing/webmasters/crawler))"
65.181.116.207 - - [16/Jul/2026:20:20:16 +0000] "POST /wp-cron.php?doing_wp_cron=1784233216.7047948837280273437500 HTTP/2" 200 0 "-" "WordPress/7.0.1; https://www.ampiwork.com"
2a03:2880:f800:14:: - - [16/Jul/2026:20:20:08 +0000] "GET /2025/03/14/playtech-slots-free-play-canada/ HTTP/2" 200 14693 "-" "Mozilla/5.0 (Macintosh; Intel Mac OS X 10_15_7) AppleWebKit/537.36 (KHTML, like Gecko) Chrome/145.0.0.0 Safari/537.36 (compatible; meta-externalagent/1.1 (+https://developers.facebook.com/docs/sharing/webmasters/crawler))"
2a03:2880:f800:28:: - - [16/Jul/2026:20:20:33 +0000] "GET /2025/03/14/double-casino-review-and-free-chips-bonus/ HTTP/2" 200 15062 "-" "Mozilla/5.0 (Windows NT 10.0; Win64; x64) AppleWebKit/537.36 (KHTML, like Gecko) Chrome/145.0.0.0 Safari/537.36 (compatible; meta-externalagent/1.1 (+https://developers.facebook.com/docs/sharing/webmasters/crawler))"
65.181.116.207 - - [16/Jul/2026:20:21:32 +0000] "POST /wp-cron.php?doing_wp_cron=1784233292.1632549762725830078125 HTTP/2" 200 0 "-" "WordPress/7.0.1; https://www.ampiwork.com"
2a03:2880:f800:29:: - - [16/Jul/2026:20:21:25 +0000] "GET /2025/03/14/slot-more-fresh-fruits-by-endorphina-demo-free-play/ HTTP/2" 200 14984 "-" "Mozilla/5.0 (X11; Linux x86_64) AppleWebKit/537.36 (KHTML, like Gecko) Chrome/145.0.0.0 Safari/537.36 (compatible; meta-externalagent/1.1 (+https://developers.facebook.com/docs/sharing/webmasters/crawler))"
2a03:2880:f800:18:: - - [16/Jul/2026:20:21:36 +0000] "GET /2025/03/14/casino-rules-blackjack-uk/ HTTP/2" 200 14611 "-" "Mozilla/5.0 (Windows NT 10.0; Win64; x64) AppleWebKit/537.36 (KHTML, like Gecko) Chrome/145.0.0.0 Safari/537.36 (compatible; meta-externalagent/1.1 (+https://developers.facebook.com/docs/sharing/webmasters/crawler))"
188.164.197.230 - - [16/Jul/2026:20:22:40 +0000] "GET /wp-login.php HTTP/2" 200 1914 "-" "Mozilla/5.0 (Macintosh; Intel Mac OS X 10_15_7) AppleWebKit/605.1.15 (KHTML, like Gecko) Version/18.0 Safari/605.1.15"
65.181.116.207 - - [16/Jul/2026:20:22:42 +0000] "POST /wp-cron.php?doing_wp_cron=1784233362.5882198810577392578125 HTTP/2" 200 0 "-" "WordPress/7.0.1; https://www.ampiwork.com"
160.187.68.132 - - [16/Jul/2026:20:22:39 +0000] "GET /wp-login.php HTTP/2" 200 1914 "-" "Mozilla/5.0 (X11; Linux x86_64) AppleWebKit/537.36 (KHTML, like Gecko) Chrome/146.0.0.0 Safari/537.36"
188.164.197.230 - - [16/Jul/2026:20:22:44 +0000] "POST /wp-login.php HTTP/2" 200 2049 "https://ampiwork.com/wp-login.php" "Mozilla/5.0 (Macintosh; Intel Mac OS X 10_15_7) AppleWebKit/605.1.15 (KHTML, like Gecko) Version/18.0 Safari/605.1.15"
160.187.68.132 - - [16/Jul/2026:20:22:45 +0000] "POST /wp-login.php HTTP/2" 200 2049 "https://ampiwork.com/wp-login.php" "Mozilla/5.0 (X11; Linux x86_64) AppleWebKit/537.36 (KHTML, like Gecko) Chrome/146.0.0.0 Safari/537.36"
65.181.116.207 - - [16/Jul/2026:20:23:03 +0000] "POST /wp-cron.php?doing_wp_cron=1784233383.5312299728393554687500 HTTP/2" 200 0 "-" "WordPress/7.0.1; https://www.ampiwork.com"
2a03:2880:f800:4:: - - [16/Jul/2026:20:22:59 +0000] "GET /2025/03/14/-3-deposit-casino/ HTTP/2" 404 0 "-" "Mozilla/5.0 (Macintosh; Intel Mac OS X 10_15_7) AppleWebKit/537.36 (KHTML, like Gecko) Chrome/145.0.0.0 Safari/537.36 (compatible; meta-externalagent/1.1 (+https://developers.facebook.com/docs/sharing/webmasters/crawler))"
65.181.116.207 - - [16/Jul/2026:20:23:08 +0000] "POST /wp-cron.php?doing_wp_cron=1784233388.8992149829864501953125 HTTP/2" 200 0 "-" "WordPress/7.0.1; https://www.ampiwork.com"
2a03:2880:f800:2f:: - - [16/Jul/2026:20:23:02 +0000] "GET /2025/03/14/slot-zeus-god-of-thunder-by-wms-gaming-demo-free-play/ HTTP/2" 200 14902 "-" "Mozilla/5.0 (Windows NT 10.0; Win64; x64) AppleWebKit/537.36 (KHTML, like Gecko) Chrome/145.0.0.0 Safari/537.36 (compatible; meta-externalagent/1.1 (+https://developers.facebook.com/docs/sharing/webmasters/crawler))"
2a03:2880:f800:29:: - - [16/Jul/2026:20:23:13 +0000] "GET /2025/03/14/best-gambling-machines/ HTTP/2" 200 14790 "-" "Mozilla/5.0 (Macintosh; Intel Mac OS X 10_15_7) AppleWebKit/537.36 (KHTML, like Gecko) Chrome/145.0.0.0 Safari/537.36 (compatible; meta-externalagent/1.1 (+https://developers.facebook.com/docs/sharing/webmasters/crawler))"
2a03:2880:f800:11:: - - [16/Jul/2026:20:23:35 +0000] "GET /2025/03/14/free-online-slot-machine-new-zealand/ HTTP/2" 200 15073 "-" "Mozilla/5.0 (Windows NT 10.0; Win64; x64) AppleWebKit/537.36 (KHTML, like Gecko) Chrome/145.0.0.0 Safari/537.36 (compatible; meta-externalagent/1.1 (+https://developers.facebook.com/docs/sharing/webmasters/crawler))"
2a03:2880:f800:44:: - - [16/Jul/2026:20:23:41 +0000] "GET /2025/03/14/online-united-kingdom-roulette-panda/ HTTP/2" 200 14684 "-" "Mozilla/5.0 (Macintosh; Intel Mac OS X 10_15_7) AppleWebKit/537.36 (KHTML, like Gecko) Chrome/145.0.0.0 Safari/537.36 (compatible; meta-externalagent/1.1 (+https://developers.facebook.com/docs/sharing/webmasters/crawler))"
2a03:2880:f800:2f:: - - [16/Jul/2026:20:23:51 +0000] "GET /2025/03/14/fruit-machine-ireland/ HTTP/2" 200 14763 "-" "Mozilla/5.0 (Windows NT 10.0; Win64; x64) AppleWebKit/537.36 (KHTML, like Gecko) Chrome/145.0.0.0 Safari/537.36 (compatible; meta-externalagent/1.1 (+https://developers.facebook.com/docs/sharing/webmasters/crawler))"
116.50.240.2 - - [16/Jul/2026:20:24:09 +0000] "POST /xmlrpc.php HTTP/2" 403 1242 "-" "Mozilla/5.0 (Linux; Android 10; x64) AppleWebKit/537.36 (KHTML, like Gecko) Edge/96.0.0.0 Safari/537.36"
65.181.116.207 - - [16/Jul/2026:20:24:36 +0000] "POST /wp-cron.php?doing_wp_cron=1784233476.4234509468078613281250 HTTP/2" 200 0 "-" "WordPress/7.0.1; https://www.ampiwork.com"
2a03:2880:f800:18:: - - [16/Jul/2026:20:24:29 +0000] "GET /2025/03/14/mobile-phone-deposit-casino/ HTTP/2" 200 14720 "-" "Mozilla/5.0 (Windows NT 10.0; Win64; x64) AppleWebKit/537.36 (KHTML, like Gecko) Chrome/145.0.0.0 Safari/537.36 (compatible; meta-externalagent/1.1 (+https://developers.facebook.com/docs/sharing/webmasters/crawler))"
2a03:2880:f800:44:: - - [16/Jul/2026:20:24:47 +0000] "GET /2025/03/14/online-slot-win/ HTTP/2" 200 14987 "-" "Mozilla/5.0 (Windows NT 10.0; Win64; x64) AppleWebKit/537.36 (KHTML, like Gecko) Chrome/145.0.0.0 Safari/537.36 Edg/145.0.0.0 (compatible; meta-externalagent/1.1 (+https://developers.facebook.com/docs/sharing/webmasters/crawler))"
65.181.116.207 - - [16/Jul/2026:20:25:46 +0000] "POST /wp-cron.php?doing_wp_cron=1784233545.9735369682312011718750 HTTP/2" 200 0 "-" "WordPress/7.0.1; https://www.ampiwork.com"
2a03:2880:f800:4:: - - [16/Jul/2026:20:25:38 +0000] "GET /2025/03/14/bill-pass-for-slots-in-canada/ HTTP/2" 200 14924 "-" "Mozilla/5.0 (Windows NT 10.0; Win64; x64) AppleWebKit/537.36 (KHTML, like Gecko) Chrome/145.0.0.0 Safari/537.36 (compatible; meta-externalagent/1.1 (+https://developers.facebook.com/docs/sharing/webmasters/crawler))"
65.181.116.207 - - [16/Jul/2026:20:26:45 +0000] "POST /wp-cron.php?doing_wp_cron=1784233605.0220310688018798828125 HTTP/2" 200 0 "-" "WordPress/7.0.1; https://www.ampiwork.com"
2a03:2880:f800:22:: - - [16/Jul/2026:20:26:36 +0000] "GET /2025/03/14/keno-card-game-online-canada/ HTTP/2" 200 14966 "-" "Mozilla/5.0 (Macintosh; Intel Mac OS X 10_15_7) AppleWebKit/537.36 (KHTML, like Gecko) Chrome/145.0.0.0 Safari/537.36 (compatible; meta-externalagent/1.1 (+https://developers.facebook.com/docs/sharing/webmasters/crawler))"
65.181.116.207 - - [16/Jul/2026:20:27:18 +0000] "POST /wp-cron.php?doing_wp_cron=1784233638.4045789241790771484375 HTTP/2" 200 0 "-" "WordPress/7.0.1; https://www.ampiwork.com"
2a03:2880:f800:36:: - - [16/Jul/2026:20:27:09 +0000] "GET /2025/03/14/tsi-casino-login-app-sign-up/ HTTP/2" 200 15128 "-" "Mozilla/5.0 (Windows NT 10.0; Win64; x64) AppleWebKit/537.36 (KHTML, like Gecko) Chrome/145.0.0.0 Safari/537.36 (compatible; meta-externalagent/1.1 (+https://developers.facebook.com/docs/sharing/webmasters/crawler))"
65.181.116.207 - - [16/Jul/2026:20:28:35 +0000] "POST /wp-cron.php?doing_wp_cron=1784233715.1562769412994384765625 HTTP/2" 200 0 "-" "WordPress/7.0.1; https://www.ampiwork.com"
2a03:2880:f800:13:: - - [16/Jul/2026:20:28:27 +0000] "GET /2025/03/14/casino-games-online-real-money/ HTTP/2" 200 14872 "-" "Mozilla/5.0 (Windows NT 10.0; Win64; x64) AppleWebKit/537.36 (KHTML, like Gecko) Chrome/145.0.0.0 Safari/537.36 (compatible; meta-externalagent/1.1 (+https://developers.facebook.com/docs/sharing/webmasters/crawler))"
43.167.236.228 - - [16/Jul/2026:20:28:32 +0000] "GET /2025/03/14/age-legal-casino-australia/ HTTP/2" 200 15023 "-" "Mozilla/5.0 (iPhone; CPU iPhone OS 13_2_3 like Mac OS X) AppleWebKit/605.1.15 (KHTML, like Gecko) Version/13.0.3 Mobile/15E148 Safari/604.1"
2a03:2880:f800:1f:: - - [16/Jul/2026:20:28:39 +0000] "GET /2025/03/14/free-bonus-bets-no-deposit-united-kingdom/ HTTP/2" 200 15059 "-" "Mozilla/5.0 (X11; Linux x86_64) AppleWebKit/537.36 (KHTML, like Gecko) Chrome/145.0.0.0 Safari/537.36 (compatible; meta-externalagent/1.1 (+https://developers.facebook.com/docs/sharing/webmasters/crawler))"
2a03:2880:f800:2:: - - [16/Jul/2026:20:28:49 +0000] "GET /2025/03/14/crown-casino-no-deposit-bonus-100-free-spins/ HTTP/2" 200 14853 "-" "Mozilla/5.0 (Windows NT 10.0; Win64; x64) AppleWebKit/537.36 (KHTML, like Gecko) Chrome/145.0.0.0 Safari/537.36 (compatible; meta-externalagent/1.1 (+https://developers.facebook.com/docs/sharing/webmasters/crawler))"
65.181.116.207 - - [16/Jul/2026:20:29:23 +0000] "POST /wp-cron.php?doing_wp_cron=1784233763.6954689025878906250000 HTTP/2" 200 0 "-" "WordPress/7.0.1; https://www.ampiwork.com"
52.167.144.206 - - [16/Jul/2026:20:28:50 +0000] "GET /post-sitemap8.xml HTTP/2" 200 12821 "-" "Mozilla/5.0 AppleWebKit/537.36 (KHTML, like Gecko; compatible; bingbot/2.0; +http://www.bing.com/bingbot.htm) Chrome/116.0.1938.76 Safari/537.36"
2a03:2880:f800:33:: - - [16/Jul/2026:20:29:51 +0000] "GET /2025/03/14/best-united-kingdom-no-deposit-casino-bonus/ HTTP/2" 200 14829 "-" "Mozilla/5.0 (Macintosh; Intel Mac OS X 10_15_7) AppleWebKit/537.36 (KHTML, like Gecko) Chrome/145.0.0.0 Safari/537.36 (compatible; meta-externalagent/1.1 (+https://developers.facebook.com/docs/sharing/webmasters/crawler))"
65.181.116.207 - - [16/Jul/2026:20:30:20 +0000] "POST /wp-cron.php?doing_wp_cron=1784233820.1960968971252441406250 HTTP/2" 200 0 "-" "WordPress/7.0.1; https://www.ampiwork.com"
2a03:2880:f800:25:: - - [16/Jul/2026:20:30:08 +0000] "GET /2025/03/14/bingo-games-slots-canada/ HTTP/2" 200 15185 "-" "Mozilla/5.0 (Windows NT 10.0; Win64; x64) AppleWebKit/537.36 (KHTML, like Gecko) Chrome/145.0.0.0 Safari/537.36 (compatible; meta-externalagent/1.1 (+https://developers.facebook.com/docs/sharing/webmasters/crawler))"
65.181.116.207 - - [16/Jul/2026:20:31:12 +0000] "POST /wp-cron.php?doing_wp_cron=1784233872.6898190975189208984375 HTTP/2" 200 0 "-" "WordPress/7.0.1; https://www.ampiwork.com"
2a03:2880:f800:a:: - - [16/Jul/2026:20:31:04 +0000] "GET /2025/03/14/keno-casino-login-app/ HTTP/2" 200 14991 "-" "Mozilla/5.0 (Windows NT 10.0; Win64; x64) AppleWebKit/537.36 (KHTML, like Gecko) Chrome/145.0.0.0 Safari/537.36 (compatible; meta-externalagent/1.1 (+https://developers.facebook.com/docs/sharing/webmasters/crawler))"
65.181.116.207 - - [16/Jul/2026:20:31:40 +0000] "POST /wp-cron.php?doing_wp_cron=1784233900.3095879554748535156250 HTTP/2" 200 0 "-" "WordPress/7.0.1; https://www.ampiwork.com"
2a03:2880:f800:47:: - - [16/Jul/2026:20:31:33 +0000] "GET /2025/03/14/play-online-slot-machines-for-free/ HTTP/2" 200 14791 "-" "Mozilla/5.0 (Windows NT 10.0; Win64; x64) AppleWebKit/537.36 (KHTML, like Gecko) Chrome/145.0.0.0 Safari/537.36 (compatible; meta-externalagent/1.1 (+https://developers.facebook.com/docs/sharing/webmasters/crawler))"
65.181.116.207 - - [16/Jul/2026:20:32:18 +0000] "POST /wp-cron.php?doing_wp_cron=1784233938.3518779277801513671875 HTTP/2" 200 0 "-" "WordPress/7.0.1; https://www.ampiwork.com"
2a03:2880:f800:21:: - - [16/Jul/2026:20:32:09 +0000] "GET /2025/03/14/new-blackjack-casino/ HTTP/2" 200 14690 "-" "Mozilla/5.0 (Macintosh; Intel Mac OS X 10_15_7) AppleWebKit/537.36 (KHTML, like Gecko) Chrome/145.0.0.0 Safari/537.36 (compatible; meta-externalagent/1.1 (+https://developers.facebook.com/docs/sharing/webmasters/crawler))"
2a03:2880:f800:47:: - - [16/Jul/2026:20:32:20 +0000] "GET /2025/03/14/new-blackjack-casino/ HTTP/2" 200 14690 "-" "Mozilla/5.0 (Macintosh; Intel Mac OS X 10_15_7) AppleWebKit/537.36 (KHTML, like Gecko) Chrome/145.0.0.0 Safari/537.36 (compatible; meta-externalagent/1.1 (+https://developers.facebook.com/docs/sharing/webmasters/crawler))"
2a03:2880:f800:19:: - - [16/Jul/2026:20:32:21 +0000] "GET /2025/03/14/casinos-not-blocked-by-gamstop/ HTTP/2" 200 14852 "-" "Mozilla/5.0 (X11; Linux x86_64) AppleWebKit/537.36 (KHTML, like Gecko) Chrome/145.0.0.0 Safari/537.36 (compatible; meta-externalagent/1.1 (+https://developers.facebook.com/docs/sharing/webmasters/crawler))"
2a03:2880:f800:3c:: - - [16/Jul/2026:20:32:33 +0000] "GET /2025/03/14/casino-no-deposit-bonus-australia/ HTTP/2" 200 15117 "-" "Mozilla/5.0 (Windows NT 10.0; Win64; x64) AppleWebKit/537.36 (KHTML, like Gecko) Chrome/145.0.0.0 Safari/537.36 (compatible; meta-externalagent/1.1 (+https://developers.facebook.com/docs/sharing/webmasters/crawler))"
2a03:2880:f800:17:: - - [16/Jul/2026:20:32:42 +0000] "GET /2025/03/14/nearest-casino-in-australia/ HTTP/2" 200 14765 "-" "Mozilla/5.0 (Macintosh; Intel Mac OS X 10_15_7) AppleWebKit/537.36 (KHTML, like Gecko) Chrome/145.0.0.0 Safari/537.36 (compatible; meta-externalagent/1.1 (+https://developers.facebook.com/docs/sharing/webmasters/crawler))"
2a03:2880:f800:16:: - - [16/Jul/2026:20:32:47 +0000] "GET /2025/03/14/casino-southampton-ireland/ HTTP/2" 200 14509 "-" "Mozilla/5.0 (X11; Linux x86_64) AppleWebKit/537.36 (KHTML, like Gecko) Chrome/145.0.0.0 Safari/537.36 (compatible; meta-externalagent/1.1 (+https://developers.facebook.com/docs/sharing/webmasters/crawler))"
2a03:2880:f800:2c:: - - [16/Jul/2026:20:32:51 +0000] "GET /2025/03/14/casino-no-deposit-10-free/ HTTP/2" 200 14674 "-" "Mozilla/5.0 (X11; Linux x86_64) AppleWebKit/537.36 (KHTML, like Gecko) Chrome/145.0.0.0 Safari/537.36 (compatible; meta-externalagent/1.1 (+https://developers.facebook.com/docs/sharing/webmasters/crawler))"
65.181.116.207 - - [16/Jul/2026:20:33:19 +0000] "POST /wp-cron.php?doing_wp_cron=1784233999.7063100337982177734375 HTTP/2" 200 0 "-" "WordPress/7.0.1; https://www.ampiwork.com"
2a03:2880:f800:33:: - - [16/Jul/2026:20:33:10 +0000] "GET /2025/03/14/slot-online-real-money/ HTTP/2" 200 14934 "-" "Mozilla/5.0 (X11; Linux x86_64) AppleWebKit/537.36 (KHTML, like Gecko) Chrome/145.0.0.0 Safari/537.36 (compatible; meta-externalagent/1.1 (+https://developers.facebook.com/docs/sharing/webmasters/crawler))"
65.181.116.207 - - [16/Jul/2026:20:34:12 +0000] "POST /wp-cron.php?doing_wp_cron=1784234052.7638280391693115234375 HTTP/2" 200 0 "-" "WordPress/7.0.1; https://www.ampiwork.com"
2a03:2880:f800:42:: - - [16/Jul/2026:20:34:04 +0000] "GET /2025/03/14/online-casinos-uk-gambling/ HTTP/2" 200 14698 "-" "Mozilla/5.0 (Windows NT 10.0; Win64; x64) AppleWebKit/537.36 (KHTML, like Gecko) Chrome/145.0.0.0 Safari/537.36 (compatible; meta-externalagent/1.1 (+https://developers.facebook.com/docs/sharing/webmasters/crawler))"
91.92.241.196 - - [16/Jul/2026:20:35:23 +0000] "GET /.env HTTP/2" 400 52 "-" "Mozilla/5.0 (Windows NT 10.0; Win64; x64) AppleWebKit/537.36"
91.92.241.196 - - [16/Jul/2026:20:35:25 +0000] "GET /.env.production HTTP/2" 400 52 "-" "Mozilla/5.0 (Windows NT 10.0; Win64; x64) AppleWebKit/537.36"
91.92.241.196 - - [16/Jul/2026:20:35:25 +0000] "GET /api/.env HTTP/2" 400 52 "-" "Mozilla/5.0 (Windows NT 10.0; Win64; x64) AppleWebKit/537.36"
91.92.241.196 - - [16/Jul/2026:20:35:26 +0000] "GET /.aws/credentials HTTP/2" 400 52 "-" "Mozilla/5.0 (Windows NT 10.0; Win64; x64) AppleWebKit/537.36"
65.181.116.207 - - [16/Jul/2026:20:36:41 +0000] "POST /wp-cron.php?doing_wp_cron=1784234200.8839468955993652343750 HTTP/2" 200 0 "-" "WordPress/7.0.1; https://www.ampiwork.com"
2a03:2880:f800:21:: - - [16/Jul/2026:20:36:34 +0000] "GET /2025/03/14/casino-sites-with-free-signup-bonus-no-deposit-required/ HTTP/2" 200 15094 "-" "Mozilla/5.0 (Windows NT 10.0; Win64; x64) AppleWebKit/537.36 (KHTML, like Gecko) Chrome/145.0.0.0 Safari/537.36 (compatible; meta-externalagent/1.1 (+https://developers.facebook.com/docs/sharing/webmasters/crawler))"
2a03:2880:f800:10:: - - [16/Jul/2026:20:36:48 +0000] "GET /2025/03/14/canada-mobile-casino-bonus-codes/ HTTP/2" 200 14916 "-" "Mozilla/5.0 (Windows NT 10.0; Win64; x64) AppleWebKit/537.36 (KHTML, like Gecko) Chrome/145.0.0.0 Safari/537.36 (compatible; meta-externalagent/1.1 (+https://developers.facebook.com/docs/sharing/webmasters/crawler))"
2a03:2880:f800:32:: - - [16/Jul/2026:20:37:25 +0000] "GET /2025/03/14/free-slots-no-deposit-win-real-cash/ HTTP/2" 200 14983 "-" "Mozilla/5.0 (Macintosh; Intel Mac OS X 10_15_7) AppleWebKit/537.36 (KHTML, like Gecko) Chrome/145.0.0.0 Safari/537.36 (compatible; meta-externalagent/1.1 (+https://developers.facebook.com/docs/sharing/webmasters/crawler))"
65.181.116.207 - - [16/Jul/2026:20:37:31 +0000] "POST /wp-cron.php?doing_wp_cron=1784234250.9047520160675048828125 HTTP/2" 200 0 "-" "WordPress/7.0.1; https://www.ampiwork.com"
2a03:2880:f800:: - - [16/Jul/2026:20:37:35 +0000] "GET /2025/03/14/casino-games-free-spins/ HTTP/2" 200 14673 "-" "Mozilla/5.0 (Windows NT 10.0; Win64; x64) AppleWebKit/537.36 (KHTML, like Gecko) Chrome/145.0.0.0 Safari/537.36 (compatible; meta-externalagent/1.1 (+https://developers.facebook.com/docs/sharing/webmasters/crawler))"
65.181.116.207 - - [16/Jul/2026:20:38:13 +0000] "POST /wp-cron.php?doing_wp_cron=1784234293.4349191188812255859375 HTTP/2" 200 0 "-" "WordPress/7.0.1; https://www.ampiwork.com"
65.181.116.207 - - [16/Jul/2026:20:38:13 +0000] "POST /wp-cron.php?doing_wp_cron=1784234293.4290239810943603515625 HTTP/2" 200 0 "-" "WordPress/7.0.1; https://www.ampiwork.com"
2a03:2880:f800:2b:: - - [16/Jul/2026:20:38:07 +0000] "GET /2025/03/14/play-gun-lake-casino-100-free-spins-bonus-2025/ HTTP/2" 200 15016 "-" "Mozilla/5.0 (Macintosh; Intel Mac OS X 10_15_7) AppleWebKit/537.36 (KHTML, like Gecko) Chrome/145.0.0.0 Safari/537.36 (compatible; meta-externalagent/1.1 (+https://developers.facebook.com/docs/sharing/webmasters/crawler))"
2a03:2880:f800:2c:: - - [16/Jul/2026:20:38:08 +0000] "GET /2025/03/14/best-bingo-games-online-uk/ HTTP/2" 200 15057 "-" "Mozilla/5.0 (Windows NT 10.0; Win64; x64) AppleWebKit/537.36 (KHTML, like Gecko) Chrome/145.0.0.0 Safari/537.36 (compatible; meta-externalagent/1.1 (+https://developers.facebook.com/docs/sharing/webmasters/crawler))"
2a03:2880:f800:26:: - - [16/Jul/2026:20:38:28 +0000] "GET /2025/03/14/rubyfortune-casino-new-zealand/ HTTP/2" 200 14956 "-" "Mozilla/5.0 (Windows NT 10.0; Win64; x64) AppleWebKit/537.36 (KHTML, like Gecko) Chrome/145.0.0.0 Safari/537.36 (compatible; meta-externalagent/1.1 (+https://developers.facebook.com/docs/sharing/webmasters/crawler))"
2a03:2880:f800:42:: - - [16/Jul/2026:20:38:44 +0000] "GET /2025/03/14/wager-free-casinos/ HTTP/2" 200 14579 "-" "Mozilla/5.0 (Windows NT 10.0; Win64; x64) AppleWebKit/537.36 (KHTML, like Gecko) Chrome/145.0.0.0 Safari/537.36 Edg/145.0.0.0 (compatible; meta-externalagent/1.1 (+https://developers.facebook.com/docs/sharing/webmasters/crawler))"
2a03:2880:f800:3d:: - - [16/Jul/2026:20:40:12 +0000] "GET /2025/03/14/good-gambling-games/ HTTP/2" 200 14633 "-" "Mozilla/5.0 (Macintosh; Intel Mac OS X 10_15_7) AppleWebKit/537.36 (KHTML, like Gecko) Chrome/145.0.0.0 Safari/537.36 (compatible; meta-externalagent/1.1 (+https://developers.facebook.com/docs/sharing/webmasters/crawler))"
65.181.116.207 - - [16/Jul/2026:20:40:28 +0000] "POST /wp-cron.php?doing_wp_cron=1784234428.1607398986816406250000 HTTP/2" 200 0 "-" "WordPress/7.0.1; https://www.ampiwork.com"
2a03:2880:f800:4:: - - [16/Jul/2026:20:40:22 +0000] "GET /2025/03/14/100-free-no-deposit-uk/ HTTP/2" 200 14681 "-" "Mozilla/5.0 (Windows NT 10.0; Win64; x64) AppleWebKit/537.36 (KHTML, like Gecko) Chrome/145.0.0.0 Safari/537.36 (compatible; meta-externalagent/1.1 (+https://developers.facebook.com/docs/sharing/webmasters/crawler))"
43.130.16.212 - - [16/Jul/2026:20:40:26 +0000] "GET /2025/03/14/applepay-casino-login-app-sign-up/ HTTP/2" 200 14891 "-" "Mozilla/5.0 (iPhone; CPU iPhone OS 13_2_3 like Mac OS X) AppleWebKit/605.1.15 (KHTML, like Gecko) Version/13.0.3 Mobile/15E148 Safari/604.1"
51.68.247.196 - - [16/Jul/2026:20:41:06 +0000] "GET /sitemap.rss HTTP/2" 200 2335 "-" "Mozilla/5.0 (compatible; AhrefsBot/7.0; +http://ahrefs.com/robot/)"
65.181.116.207 - - [16/Jul/2026:20:41:21 +0000] "POST /wp-cron.php?doing_wp_cron=1784234481.2654900550842285156250 HTTP/2" 200 0 "-" "WordPress/7.0.1; https://www.ampiwork.com"
20.197.192.193 - - [16/Jul/2026:20:41:41 +0000] "GET /wp-content/plugins/hellopress/wp_filemanager.php HTTP/2" 401 53 "-" "-"
20.197.192.193 - - [16/Jul/2026:20:41:41 +0000] "GET /this_is_a_new_hello_world.php HTTP/2" 401 53 "-" "-"
20.197.192.193 - - [16/Jul/2026:20:41:42 +0000] "GET /blue.php HTTP/2" 401 53 "-" "-"
20.197.192.193 - - [16/Jul/2026:20:41:42 +0000] "GET /num.php HTTP/2" 401 53 "-" "-"
20.197.192.193 - - [16/Jul/2026:20:41:43 +0000] "GET /rh.php HTTP/2" 401 53 "-" "-"
20.197.192.193 - - [16/Jul/2026:20:41:44 +0000] "GET /sh.php HTTP/2" 401 53 "-" "-"
20.197.192.193 - - [16/Jul/2026:20:41:44 +0000] "GET /css.php HTTP/2" 401 53 "-" "-"
20.197.192.193 - - [16/Jul/2026:20:41:44 +0000] "GET /thai.php HTTP/2" 401 53 "-" "-"
20.197.192.193 - - [16/Jul/2026:20:41:45 +0000] "GET /filei.php HTTP/2" 401 53 "-" "-"
20.197.192.193 - - [16/Jul/2026:20:41:46 +0000] "GET /v2.php HTTP/2" 401 53 "-" "-"
20.197.192.193 - - [16/Jul/2026:20:41:46 +0000] "GET /3.php HTTP/2" 401 53 "-" "-"
20.197.192.193 - - [16/Jul/2026:20:41:47 +0000] "GET /10.php HTTP/2" 401 53 "-" "-"
20.197.192.193 - - [16/Jul/2026:20:41:47 +0000] "GET /.well-known/info.php HTTP/2" 401 53 "-" "-"
20.197.192.193 - - [16/Jul/2026:20:41:47 +0000] "GET /ee.php HTTP/2" 401 53 "-" "-"
20.197.192.193 - - [16/Jul/2026:20:41:48 +0000] "GET /rsnu.php HTTP/2" 401 53 "-" "-"
20.197.192.193 - - [16/Jul/2026:20:41:48 +0000] "GET /x4.php HTTP/2" 401 53 "-" "-"
20.197.192.193 - - [16/Jul/2026:20:41:49 +0000] "GET /kk.php HTTP/2" 401 53 "-" "-"
20.197.192.193 - - [16/Jul/2026:20:41:49 +0000] "GET /bless3.php HTTP/2" 401 53 "-" "-"
20.197.192.193 - - [16/Jul/2026:20:41:49 +0000] "GET /456.php HTTP/2" 401 53 "-" "-"
20.197.192.193 - - [16/Jul/2026:20:41:50 +0000] "GET /z.php HTTP/2" 401 53 "-" "-"
20.197.192.193 - - [16/Jul/2026:20:41:50 +0000] "GET /Sanskrit.php HTTP/2" 401 53 "-" "-"
20.197.192.193 - - [16/Jul/2026:20:41:51 +0000] "GET /naxc.php HTTP/2" 401 53 "-" "-"
20.197.192.193 - - [16/Jul/2026:20:41:51 +0000] "GET /asasx.php HTTP/2" 401 53 "-" "-"
20.197.192.193 - - [16/Jul/2026:20:41:52 +0000] "GET /lc.php HTTP/2" 401 53 "-" "-"
20.197.192.193 - - [16/Jul/2026:20:41:52 +0000] "GET /mo.php HTTP/2" 401 53 "-" "-"
20.197.192.193 - - [16/Jul/2026:20:41:53 +0000] "GET /nij.php HTTP/2" 401 53 "-" "-"
20.197.192.193 - - [16/Jul/2026:20:41:53 +0000] "GET /gfile.php HTTP/2" 401 53 "-" "-"
20.197.192.193 - - [16/Jul/2026:20:41:54 +0000] "GET /xpas2.php HTTP/2" 401 53 "-" "-"
20.197.192.193 - - [16/Jul/2026:20:41:54 +0000] "GET /x.php HTTP/2" 401 53 "-" "-"
20.197.192.193 - - [16/Jul/2026:20:41:55 +0000] "GET /asd67.php HTTP/2" 401 53 "-" "-"
20.197.192.193 - - [16/Jul/2026:20:41:55 +0000] "GET /alam.php HTTP/2" 401 53 "-" "-"
20.197.192.193 - - [16/Jul/2026:20:41:56 +0000] "GET /700.php HTTP/2" 401 53 "-" "-"
20.197.192.193 - - [16/Jul/2026:20:41:56 +0000] "GET /fifi.php HTTP/2" 401 53 "-" "-"
20.197.192.193 - - [16/Jul/2026:20:41:57 +0000] "GET /wp-signup.php HTTP/2" 401 53 "-" "-"
20.197.192.193 - - [16/Jul/2026:20:41:57 +0000] "GET /gold.php HTTP/2" 401 53 "-" "-"
20.197.192.193 - - [16/Jul/2026:20:41:58 +0000] "GET /blurbs8.php HTTP/2" 401 53 "-" "-"
20.197.192.193 - - [16/Jul/2026:20:41:58 +0000] "GET /sid.php HTTP/2" 401 53 "-" "-"
20.197.192.193 - - [16/Jul/2026:20:41:58 +0000] "GET /tinyfilemanager.php HTTP/2" 401 53 "-" "-"
20.197.192.193 - - [16/Jul/2026:20:41:59 +0000] "GET /unity.php HTTP/2" 401 53 "-" "-"
20.197.192.193 - - [16/Jul/2026:20:41:59 +0000] "GET /cf.php HTTP/2" 401 53 "-" "-"
20.197.192.193 - - [16/Jul/2026:20:42:00 +0000] "GET /get.php HTTP/2" 401 53 "-" "-"
20.197.192.193 - - [16/Jul/2026:20:42:00 +0000] "GET /v3.php HTTP/2" 401 53 "-" "-"
20.197.192.193 - - [16/Jul/2026:20:42:01 +0000] "GET /.well-known/ws.php HTTP/2" 401 53 "-" "-"
20.197.192.193 - - [16/Jul/2026:20:42:01 +0000] "GET /wteed.php HTTP/2" 401 53 "-" "-"
20.197.192.193 - - [16/Jul/2026:20:42:01 +0000] "GET /nc4.php HTTP/2" 401 53 "-" "-"
20.197.192.193 - - [16/Jul/2026:20:42:02 +0000] "GET /ntgn.php HTTP/2" 401 53 "-" "-"
20.197.192.193 - - [16/Jul/2026:20:42:02 +0000] "GET /ioxi-o.php HTTP/2" 401 53 "-" "-"
20.197.192.193 - - [16/Jul/2026:20:42:04 +0000] "GET /ws.php HTTP/2" 401 53 "-" "-"
20.197.192.193 - - [16/Jul/2026:20:42:04 +0000] "GET /7h.php HTTP/2" 401 53 "-" "-"
20.197.192.193 - - [16/Jul/2026:20:42:04 +0000] "GET /gg.php HTTP/2" 401 53 "-" "-"
20.197.192.193 - - [16/Jul/2026:20:42:05 +0000] "GET /co.php HTTP/2" 401 53 "-" "-"
20.197.192.193 - - [16/Jul/2026:20:42:05 +0000] "GET /mjq.php HTTP/2" 401 53 "-" "-"
20.197.192.193 - - [16/Jul/2026:20:42:06 +0000] "GET /rdfe.php HTTP/2" 401 53 "-" "-"
20.197.192.193 - - [16/Jul/2026:20:42:06 +0000] "GET /xojryvch.php HTTP/2" 401 53 "-" "-"
65.181.116.207 - - [16/Jul/2026:20:42:07 +0000] "POST /wp-cron.php?doing_wp_cron=1784234527.0611910820007324218750 HTTP/2" 200 0 "-" "WordPress/7.0.1; https://www.ampiwork.com"
2a03:2880:f800:2e:: - - [16/Jul/2026:20:41:57 +0000] "GET /2025/03/14/crypto-blackjack-casino/ HTTP/2" 200 14776 "-" "Mozilla/5.0 (Windows NT 10.0; Win64; x64) AppleWebKit/537.36 (KHTML, like Gecko) Chrome/145.0.0.0 Safari/537.36 (compatible; meta-externalagent/1.1 (+https://developers.facebook.com/docs/sharing/webmasters/crawler))"
20.197.192.193 - - [16/Jul/2026:20:42:08 +0000] "GET /reyna.php HTTP/2" 401 53 "-" "-"
20.197.192.193 - - [16/Jul/2026:20:42:08 +0000] "GET /css/index.php HTTP/2" 401 53 "-" "-"
20.197.192.193 - - [16/Jul/2026:20:42:08 +0000] "GET /unzip.php HTTP/2" 401 53 "-" "-"
20.197.192.193 - - [16/Jul/2026:20:42:09 +0000] "GET /cool.php HTTP/2" 401 53 "-" "-"
20.197.192.193 - - [16/Jul/2026:20:42:09 +0000] "GET /.well-known/xin1.php HTTP/2" 401 53 "-" "-"
2a03:2880:f800:42:: - - [16/Jul/2026:20:42:03 +0000] "GET /2025/03/14/5-minimum-deposit-casino/ HTTP/2" 200 14723 "-" "Mozilla/5.0 (Macintosh; Intel Mac OS X 10_15_7) AppleWebKit/537.36 (KHTML, like Gecko) Chrome/145.0.0.0 Safari/537.36 (compatible; meta-externalagent/1.1 (+https://developers.facebook.com/docs/sharing/webmasters/crawler))"
20.197.192.193 - - [16/Jul/2026:20:42:09 +0000] "GET /axx.php HTTP/2" 401 53 "-" "-"
20.197.192.193 - - [16/Jul/2026:20:42:10 +0000] "GET /w3llstore.php HTTP/2" 401 53 "-" "-"
20.197.192.193 - - [16/Jul/2026:20:42:10 +0000] "GET /aua.php HTTP/2" 401 53 "-" "-"
20.197.192.193 - - [16/Jul/2026:20:42:11 +0000] "GET /c4.php HTTP/2" 401 53 "-" "-"
20.197.192.193 - - [16/Jul/2026:20:42:11 +0000] "GET /bu5.php HTTP/2" 401 53 "-" "-"
20.197.192.193 - - [16/Jul/2026:20:42:12 +0000] "GET /lhh2.php HTTP/2" 401 53 "-" "-"
20.197.192.193 - - [16/Jul/2026:20:42:12 +0000] "GET /an.php HTTP/2" 401 53 "-" "-"
20.197.192.193 - - [16/Jul/2026:20:42:13 +0000] "GET /aw.php HTTP/2" 401 53 "-" "-"
20.197.192.193 - - [16/Jul/2026:20:42:14 +0000] "GET /as.php HTTP/2" 401 53 "-" "-"
20.197.192.193 - - [16/Jul/2026:20:42:15 +0000] "GET /new.php HTTP/2" 401 53 "-" "-"
20.197.192.193 - - [16/Jul/2026:20:42:15 +0000] "GET /Okxob.php HTTP/2" 401 53 "-" "-"
20.197.192.193 - - [16/Jul/2026:20:42:16 +0000] "GET /ahax.php HTTP/2" 401 53 "-" "-"
20.197.192.193 - - [16/Jul/2026:20:42:16 +0000] "GET /cache.php HTTP/2" 401 53 "-" "-"
20.197.192.193 - - [16/Jul/2026:20:42:17 +0000] "GET /ffile.php HTTP/2" 401 53 "-" "-"
20.197.192.193 - - [16/Jul/2026:20:42:17 +0000] "GET /nxac.php HTTP/2" 401 53 "-" "-"
20.197.192.193 - - [16/Jul/2026:20:42:18 +0000] "GET /thh.php HTTP/2" 401 53 "-" "-"
20.197.192.193 - - [16/Jul/2026:20:42:18 +0000] "GET /wp-includes/buy.php HTTP/2" 401 53 "-" "-"
20.197.192.193 - - [16/Jul/2026:20:42:19 +0000] "GET /baxa1.phP8 HTTP/2" 401 53 "-" "-"
20.197.192.193 - - [16/Jul/2026:20:42:19 +0000] "GET /lo.php HTTP/2" 401 53 "-" "-"
20.197.192.193 - - [16/Jul/2026:20:42:19 +0000] "GET /fb.php HTTP/2" 401 53 "-" "-"
20.197.192.193 - - [16/Jul/2026:20:42:20 +0000] "GET /wp-update.php HTTP/2" 401 53 "-" "-"
20.197.192.193 - - [16/Jul/2026:20:42:20 +0000] "GET /slo.php HTTP/2" 401 53 "-" "-"
20.197.192.193 - - [16/Jul/2026:20:42:20 +0000] "GET /dropdown.php HTTP/2" 401 53 "-" "-"
20.197.192.193 - - [16/Jul/2026:20:42:21 +0000] "GET /pp.php HTTP/2" 401 53 "-" "-"
20.197.192.193 - - [16/Jul/2026:20:42:21 +0000] "GET /wp-content/themes/pridmag/db.php HTTP/2" 401 53 "-" "-"
20.197.192.193 - - [16/Jul/2026:20:42:22 +0000] "GET /bqcheck.php HTTP/2" 401 53 "-" "-"
20.197.192.193 - - [16/Jul/2026:20:42:22 +0000] "GET /13k.php HTTP/2" 401 53 "-" "-"
20.197.192.193 - - [16/Jul/2026:20:42:23 +0000] "GET /ar.php HTTP/2" 401 53 "-" "-"
20.197.192.193 - - [16/Jul/2026:20:42:23 +0000] "GET /bv3.php HTTP/2" 401 53 "-" "-"
20.197.192.193 - - [16/Jul/2026:20:42:23 +0000] "GET /aa.php HTTP/2" 401 53 "-" "-"
20.197.192.193 - - [16/Jul/2026:20:42:24 +0000] "GET /racs3.php HTTP/2" 401 53 "-" "-"
20.197.192.193 - - [16/Jul/2026:20:42:24 +0000] "GET /content.php HTTP/2" 401 53 "-" "-"
185.223.152.116 - - [16/Jul/2026:20:42:19 +0000] "POST /wp-login.php HTTP/2" 200 2047 "-" "Mozilla/5.0 (Linux; Android 9; SM-G950U) AppleWebKit/537.36 (KHTML, like Gecko) Chrome/84.0.4147.105 Mobile Safari/537.36"
20.197.192.193 - - [16/Jul/2026:20:42:25 +0000] "GET /lufix.php HTTP/2" 401 53 "-" "-"
20.197.192.193 - - [16/Jul/2026:20:42:25 +0000] "GET /bluejackets.php HTTP/2" 401 53 "-" "-"
20.197.192.193 - - [16/Jul/2026:20:42:26 +0000] "GET /zt2.php HTTP/2" 401 53 "-" "-"
20.197.192.193 - - [16/Jul/2026:20:42:26 +0000] "GET /f35.php HTTP/2" 401 53 "-" "-"
20.197.192.193 - - [16/Jul/2026:20:42:27 +0000] "GET /wp-mn.php HTTP/2" 401 53 "-" "-"
20.197.192.193 - - [16/Jul/2026:20:42:27 +0000] "GET /aa8.php HTTP/2" 401 53 "-" "-"
20.197.192.193 - - [16/Jul/2026:20:42:27 +0000] "GET /xl.php HTTP/2" 401 53 "-" "-"
20.197.192.193 - - [16/Jul/2026:20:42:28 +0000] "GET /r4f_1.php HTTP/2" 401 53 "-" "-"
20.197.192.193 - - [16/Jul/2026:20:42:28 +0000] "GET /sarang.php HTTP/2" 401 53 "-" "-"
20.197.192.193 - - [16/Jul/2026:20:42:29 +0000] "GET /6.php HTTP/2" 401 53 "-" "-"
20.197.192.193 - - [16/Jul/2026:20:42:29 +0000] "GET /xo.php HTTP/2" 401 53 "-" "-"
20.197.192.193 - - [16/Jul/2026:20:42:30 +0000] "GET /ggs.php HTTP/2" 401 53 "-" "-"
20.197.192.193 - - [16/Jul/2026:20:42:30 +0000] "GET /wsr2.php HTTP/2" 401 53 "-" "-"
20.197.192.193 - - [16/Jul/2026:20:42:30 +0000] "GET /class9.php HTTP/2" 401 53 "-" "-"
20.197.192.193 - - [16/Jul/2026:20:42:31 +0000] "GET /public/wsr2.php HTTP/2" 401 53 "-" "-"
20.197.192.193 - - [16/Jul/2026:20:42:32 +0000] "GET /tcp.php HTTP/2" 401 53 "-" "-"
20.197.192.193 - - [16/Jul/2026:20:42:33 +0000] "GET /witmm.php HTTP/2" 401 53 "-" "-"
20.197.192.193 - - [16/Jul/2026:20:42:33 +0000] "GET /jga.php HTTP/2" 401 53 "-" "-"
20.197.192.193 - - [16/Jul/2026:20:42:33 +0000] "GET /nxx.php HTTP/2" 401 53 "-" "-"
20.197.192.193 - - [16/Jul/2026:20:42:34 +0000] "GET /aaaa.php HTTP/2" 401 53 "-" "-"
20.197.192.193 - - [16/Jul/2026:20:42:34 +0000] "GET /2.php HTTP/2" 401 53 "-" "-"
20.197.192.193 - - [16/Jul/2026:20:42:35 +0000] "GET /ss.php HTTP/2" 401 53 "-" "-"
20.197.192.193 - - [16/Jul/2026:20:42:35 +0000] "GET /zc.php HTTP/2" 401 53 "-" "-"
20.197.192.193 - - [16/Jul/2026:20:42:35 +0000] "GET /dex.php HTTP/2" 401 53 "-" "-"
20.197.192.193 - - [16/Jul/2026:20:42:36 +0000] "GET /sad.php HTTP/2" 401 53 "-" "-"
20.197.192.193 - - [16/Jul/2026:20:42:36 +0000] "GET /wp.php HTTP/2" 401 53 "-" "-"
20.197.192.193 - - [16/Jul/2026:20:42:36 +0000] "GET /wp-gr.php HTTP/2" 401 53 "-" "-"
20.197.192.193 - - [16/Jul/2026:20:42:37 +0000] "GET /cfile.php HTTP/2" 401 53 "-" "-"
20.197.192.193 - - [16/Jul/2026:20:42:37 +0000] "GET /sder52u.php HTTP/2" 401 53 "-" "-"
20.197.192.193 - - [16/Jul/2026:20:42:37 +0000] "GET /asserter.php HTTP/2" 401 53 "-" "-"
20.197.192.193 - - [16/Jul/2026:20:42:38 +0000] "GET /ol.php HTTP/2" 401 53 "-" "-"
20.197.192.193 - - [16/Jul/2026:20:42:38 +0000] "GET /pass.php HTTP/2" 401 53 "-" "-"
20.197.192.193 - - [16/Jul/2026:20:42:39 +0000] "GET /l.php HTTP/2" 401 53 "-" "-"
20.197.192.193 - - [16/Jul/2026:20:42:39 +0000] "GET /ot.php HTTP/2" 401 53 "-" "-"
17.22.237.242 - - [16/Jul/2026:20:42:33 +0000] "GET /2025/03/14/play-slots-online-free-bonus/ HTTP/2" 200 14804 "-" "Mozilla/5.0 (Macintosh; Intel Mac OS X 10_15_7) AppleWebKit/605.1.15 (KHTML, like Gecko) Version/17.4 Safari/605.1.15 (Applebot/0.1; +http://www.apple.com/go/applebot)"
20.197.192.193 - - [16/Jul/2026:20:42:40 +0000] "GET /wp-rss4.php HTTP/2" 401 53 "-" "-"
20.197.192.193 - - [16/Jul/2026:20:42:41 +0000] "GET /dev.php HTTP/2" 401 53 "-" "-"
20.197.192.193 - - [16/Jul/2026:20:42:41 +0000] "GET /bin.php HTTP/2" 401 53 "-" "-"
20.197.192.193 - - [16/Jul/2026:20:42:42 +0000] "GET /yee.php HTTP/2" 401 53 "-" "-"
20.197.192.193 - - [16/Jul/2026:20:42:42 +0000] "GET /epinyins.php HTTP/2" 401 53 "-" "-"
20.197.192.193 - - [16/Jul/2026:20:42:43 +0000] "GET /aa17.php HTTP/2" 401 53 "-" "-"
20.197.192.193 - - [16/Jul/2026:20:42:43 +0000] "GET /winkel.php HTTP/2" 401 53 "-" "-"
20.197.192.193 - - [16/Jul/2026:20:42:43 +0000] "GET /ef.php HTTP/2" 401 53 "-" "-"
20.197.192.193 - - [16/Jul/2026:20:42:44 +0000] "GET /gifclass4.php HTTP/2" 401 53 "-" "-"
20.197.192.193 - - [16/Jul/2026:20:42:44 +0000] "GET /667.php HTTP/2" 401 53 "-" "-"
20.197.192.193 - - [16/Jul/2026:20:42:45 +0000] "GET /we.php HTTP/2" 401 53 "-" "-"
20.197.192.193 - - [16/Jul/2026:20:42:45 +0000] "GET /wp-su.php HTTP/2" 401 53 "-" "-"
20.197.192.193 - - [16/Jul/2026:20:42:45 +0000] "GET /t3x.php HTTP/2" 401 53 "-" "-"
20.197.192.193 - - [16/Jul/2026:20:42:46 +0000] "GET /13.php HTTP/2" 401 53 "-" "-"
20.197.192.193 - - [16/Jul/2026:20:42:47 +0000] "GET /yasnu.php HTTP/2" 401 53 "-" "-"
20.197.192.193 - - [16/Jul/2026:20:42:47 +0000] "GET /trd.php HTTP/2" 401 53 "-" "-"
20.197.192.193 - - [16/Jul/2026:20:42:47 +0000] "GET /oiepfuav.php HTTP/2" 401 53 "-" "-"
20.197.192.193 - - [16/Jul/2026:20:42:48 +0000] "GET /02.php HTTP/2" 401 53 "-" "-"
20.197.192.193 - - [16/Jul/2026:20:42:48 +0000] "GET /file2.php HTTP/2" 401 53 "-" "-"
20.197.192.193 - - [16/Jul/2026:20:42:49 +0000] "GET /makeasmtp.php HTTP/2" 401 53 "-" "-"
20.197.192.193 - - [16/Jul/2026:20:42:49 +0000] "GET /btufulhs.php HTTP/2" 401 53 "-" "-"
20.197.192.193 - - [16/Jul/2026:20:42:50 +0000] "GET /ant.php HTTP/2" 401 53 "-" "-"
20.197.192.193 - - [16/Jul/2026:20:42:50 +0000] "GET /bb5.php HTTP/2" 401 53 "-" "-"
20.197.192.193 - - [16/Jul/2026:20:42:51 +0000] "GET /akc.php HTTP/2" 401 53 "-" "-"
20.197.192.193 - - [16/Jul/2026:20:42:51 +0000] "GET /wefile.php HTTP/2" 401 53 "-" "-"
20.197.192.193 - - [16/Jul/2026:20:42:51 +0000] "GET /s.php HTTP/2" 401 53 "-" "-"
20.197.192.193 - - [16/Jul/2026:20:42:52 +0000] "GET /yzkvrell.php HTTP/2" 401 53 "-" "-"
20.197.192.193 - - [16/Jul/2026:20:42:52 +0000] "GET /gmo.php HTTP/2" 401 53 "-" "-"
20.197.192.193 - - [16/Jul/2026:20:42:53 +0000] "GET /zc-749.php HTTP/2" 401 53 "-" "-"
20.197.192.193 - - [16/Jul/2026:20:42:53 +0000] "GET /.well-known/fm.php HTTP/2" 401 53 "-" "-"
20.197.192.193 - - [16/Jul/2026:20:42:53 +0000] "GET /ava.php HTTP/2" 401 53 "-" "-"
2a03:2880:f800:7:: - - [16/Jul/2026:20:42:47 +0000] "GET /2025/03/14/online-gambling-sites-paybymobile/ HTTP/2" 200 14660 "-" "Mozilla/5.0 (Macintosh; Intel Mac OS X 10_15_7) AppleWebKit/537.36 (KHTML, like Gecko) Chrome/145.0.0.0 Safari/537.36 (compatible; meta-externalagent/1.1 (+https://developers.facebook.com/docs/sharing/webmasters/crawler))"
20.197.192.193 - - [16/Jul/2026:20:42:54 +0000] "GET /nqsa.php HTTP/2" 401 53 "-" "-"
20.197.192.193 - - [16/Jul/2026:20:42:54 +0000] "GET /2020.php HTTP/2" 401 53 "-" "-"
20.197.192.193 - - [16/Jul/2026:20:42:55 +0000] "GET /rak.php HTTP/2" 401 53 "-" "-"
20.197.192.193 - - [16/Jul/2026:20:42:55 +0000] "GET /bypass.php HTTP/2" 401 53 "-" "-"
20.197.192.193 - - [16/Jul/2026:20:42:55 +0000] "GET /zr.php HTTP/2" 401 53 "-" "-"
20.197.192.193 - - [16/Jul/2026:20:42:56 +0000] "GET /wander.php HTTP/2" 401 53 "-" "-"
20.197.192.193 - - [16/Jul/2026:20:42:56 +0000] "GET /lock360.php HTTP/2" 401 53 "-" "-"
20.197.192.193 - - [16/Jul/2026:20:42:57 +0000] "GET /great.php HTTP/2" 401 53 "-" "-"
20.197.192.193 - - [16/Jul/2026:20:42:57 +0000] "GET /fifii.php HTTP/2" 401 53 "-" "-"
20.197.192.193 - - [16/Jul/2026:20:42:58 +0000] "GET /12.php HTTP/2" 401 53 "-" "-"
20.197.192.193 - - [16/Jul/2026:20:42:58 +0000] "GET /efile.php HTTP/2" 401 53 "-" "-"
20.197.192.193 - - [16/Jul/2026:20:42:58 +0000] "GET /past1.php HTTP/2" 401 53 "-" "-"
20.197.192.193 - - [16/Jul/2026:20:42:59 +0000] "GET /7.php HTTP/2" 401 53 "-" "-"
20.197.192.193 - - [16/Jul/2026:20:42:59 +0000] "GET /4563.php HTTP/2" 401 53 "-" "-"
20.197.192.193 - - [16/Jul/2026:20:42:59 +0000] "GET /re.php HTTP/2" 401 53 "-" "-"
20.197.192.193 - - [16/Jul/2026:20:43:00 +0000] "GET /up.php HTTP/2" 401 53 "-" "-"
20.197.192.193 - - [16/Jul/2026:20:43:00 +0000] "GET /35.php HTTP/2" 401 53 "-" "-"
20.197.192.193 - - [16/Jul/2026:20:43:00 +0000] "GET /witm.php HTTP/2" 401 53 "-" "-"
20.197.192.193 - - [16/Jul/2026:20:43:01 +0000] "GET /atomlib.php HTTP/2" 401 53 "-" "-"
20.197.192.193 - - [16/Jul/2026:20:43:01 +0000] "GET /bless2.php HTTP/2" 401 53 "-" "-"
20.197.192.193 - - [16/Jul/2026:20:43:02 +0000] "GET /new4.php HTTP/2" 401 53 "-" "-"
20.197.192.193 - - [16/Jul/2026:20:43:02 +0000] "GET /wsr2.php HTTP/2" 401 53 "-" "-"
20.197.192.193 - - [16/Jul/2026:20:43:03 +0000] "GET /shlo.php HTTP/2" 401 53 "-" "-"
20.197.192.193 - - [16/Jul/2026:20:43:03 +0000] "GET /CLA.php HTTP/2" 401 53 "-" "-"
20.197.192.193 - - [16/Jul/2026:20:43:03 +0000] "GET /kill-9-1.php HTTP/2" 401 53 "-" "-"
2a03:2880:f800:18:: - - [16/Jul/2026:20:42:58 +0000] "GET /2025/03/14/australia-online-gambling-statistics/ HTTP/2" 200 14574 "-" "Mozilla/5.0 (Macintosh; Intel Mac OS X 10_15_7) AppleWebKit/537.36 (KHTML, like Gecko) Chrome/145.0.0.0 Safari/537.36 (compatible; meta-externalagent/1.1 (+https://developers.facebook.com/docs/sharing/webmasters/crawler))"
65.181.116.207 - - [16/Jul/2026:20:43:07 +0000] "POST /wp-cron.php?doing_wp_cron=1784234586.9826099872589111328125 HTTP/2" 200 0 "-" "WordPress/7.0.1; https://www.ampiwork.com"
65.181.116.207 - - [16/Jul/2026:20:44:19 +0000] "POST /wp-cron.php?doing_wp_cron=1784234659.2647609710693359375000 HTTP/2" 200 0 "-" "WordPress/7.0.1; https://www.ampiwork.com"
2a03:2880:f800:4:: - - [16/Jul/2026:20:44:10 +0000] "GET /2025/03/14/vegas-kings-casino-no-deposit-bonus-codes-for-free-spins-2025/ HTTP/2" 200 15129 "-" "Mozilla/5.0 (Windows NT 10.0; Win64; x64) AppleWebKit/537.36 (KHTML, like Gecko) Chrome/145.0.0.0 Safari/537.36 (compatible; meta-externalagent/1.1 (+https://developers.facebook.com/docs/sharing/webmasters/crawler))"
2a03:2880:f800:21:: - - [16/Jul/2026:20:44:40 +0000] "GET /2025/03/14/free-casino-slots-pc-games/ HTTP/2" 200 14629 "-" "Mozilla/5.0 (Windows NT 10.0; Win64; x64) AppleWebKit/537.36 (KHTML, like Gecko) Chrome/145.0.0.0 Safari/537.36 (compatible; meta-externalagent/1.1 (+https://developers.facebook.com/docs/sharing/webmasters/crawler))"
65.181.116.207 - - [16/Jul/2026:20:47:12 +0000] "POST /wp-cron.php?doing_wp_cron=1784234832.2178239822387695312500 HTTP/2" 200 0 "-" "WordPress/7.0.1; https://www.ampiwork.com"
37.59.204.129 - - [16/Jul/2026:20:47:07 +0000] "GET /sitemap.xml HTTP/2" 200 454 "-" "Mozilla/5.0 (compatible; AhrefsBot/7.0; +http://ahrefs.com/robot/)"
92.222.108.103 - - [16/Jul/2026:20:47:13 +0000] "GET /post-sitemap.xml HTTP/2" 200 13160 "-" "Mozilla/5.0 (compatible; AhrefsBot/7.0; +http://ahrefs.com/robot/)"
40.77.167.123 - - [16/Jul/2026:20:47:24 +0000] "GET /post-sitemap2.xml HTTP/2" 200 13252 "-" "Mozilla/5.0 AppleWebKit/537.36 (KHTML, like Gecko; compatible; bingbot/2.0; +http://www.bing.com/bingbot.htm) Chrome/116.0.1938.76 Safari/537.36"
65.181.116.207 - - [16/Jul/2026:20:48:10 +0000] "POST /wp-cron.php?doing_wp_cron=1784234890.3239350318908691406250 HTTP/2" 200 0 "-" "WordPress/7.0.1; https://www.ampiwork.com"
92.222.108.116 - - [16/Jul/2026:20:47:43 +0000] "GET /post-sitemap2.xml HTTP/2" 200 12762 "-" "Mozilla/5.0 (compatible; AhrefsBot/7.0; +http://ahrefs.com/robot/)"
65.181.116.207 - - [16/Jul/2026:20:48:15 +0000] "POST /wp-cron.php?doing_wp_cron=1784234895.1497159004211425781250 HTTP/2" 200 0 "-" "WordPress/7.0.1; https://www.ampiwork.com"
