64.227.32.66 - - [17/Jul/2026:05:35:16 +0000] "GET /.vscode/sftp.json HTTP/2" 400 52 "-" "Mozilla/5.0 (l9scan/2.0.33e27393e2431313e2838313; +https://leakix.net)"
159.223.132.86 - - [17/Jul/2026:05:35:16 +0000] "OPTIONS / HTTP/2" 401 53 "-" "Mozilla/5.0 (l9scan/2.0.33e27393e2431313e2838313; +https://leakix.net)"
167.172.232.142 - - [17/Jul/2026:05:35:16 +0000] "GET /info.php HTTP/2" 404 3415 "-" "Mozilla/5.0 (l9scan/2.0.33e27393e2431313e2838313; +https://leakix.net)"
206.81.24.227 - - [17/Jul/2026:05:35:16 +0000] "GET /.well-known/security.txt HTTP/2" 403 1242 "-" "Mozilla/5.0 (l9scan/2.0.33e27393e2431313e2838313; +https://leakix.net)"
167.71.175.236 - - [17/Jul/2026:05:35:16 +0000] "OPTIONS / HTTP/2" 200 283 "-" "Mozilla/5.0 (l9scan/2.0.33e27393e2431313e2838313; +https://leakix.net)"
157.245.113.227 - - [17/Jul/2026:05:35:17 +0000] "OPTIONS / HTTP/2" 200 12492 "-" "Mozilla/5.0 (l9scan/2.0.33e27393e2431313e2838313; +https://leakix.net)"
167.172.232.142 - - [17/Jul/2026:05:35:17 +0000] "GET /actuator/env HTTP/2" 401 53 "-" "Mozilla/5.0 (l9scan/2.0.33e27393e2431313e2838313; +https://leakix.net)"
139.59.143.102 - - [17/Jul/2026:05:35:17 +0000] "GET /actuator/env HTTP/2" 401 53 "-" "Mozilla/5.0 (l9scan/2.0.33e27393e2431313e2838313; +https://leakix.net)"
64.227.32.66 - - [17/Jul/2026:05:35:17 +0000] "OPTIONS / HTTP/2" 400 52 "-" "Mozilla/5.0 (l9scan/2.0.33e27393e2431313e2838313; +https://leakix.net)"
167.172.232.142 - - [17/Jul/2026:05:35:17 +0000] "GET /.well-known/security.txt HTTP/2" 404 3415 "-" "Mozilla/5.0 (l9scan/2.0.33e27393e2431313e2838313; +https://leakix.net)"
159.223.132.86 - - [17/Jul/2026:05:35:17 +0000] "GET /?rest_route=/wp/v2/users/ HTTP/2" 401 53 "-" "Mozilla/5.0 (l9scan/2.0.33e27393e2431313e2838313; +https://leakix.net)"
139.59.143.102 - - [17/Jul/2026:05:35:17 +0000] "GET /trace.axd HTTP/2" 401 53 "-" "Mozilla/5.0 (l9scan/2.0.33e27393e2431313e2838313; +https://leakix.net)"
167.71.175.236 - - [17/Jul/2026:05:35:18 +0000] "GET /?rest_route=/wp/v2/users/ HTTP/2" 200 283 "-" "Mozilla/5.0 (l9scan/2.0.33e27393e2431313e2838313; +https://leakix.net)"
157.245.113.227 - - [17/Jul/2026:05:35:18 +0000] "GET /?rest_route=/wp/v2/users/ HTTP/2" 200 12494 "-" "Mozilla/5.0 (l9scan/2.0.33e27393e2431313e2838313; +https://leakix.net)"
206.81.24.227 - - [17/Jul/2026:05:35:18 +0000] "GET /actuator/env HTTP/2" 403 1242 "-" "Mozilla/5.0 (l9scan/2.0.33e27393e2431313e2838313; +https://leakix.net)"
167.172.232.142 - - [17/Jul/2026:05:35:18 +0000] "GET /trace.axd HTTP/2" 403 1242 "-" "Mozilla/5.0 (l9scan/2.0.33e27393e2431313e2838313; +https://leakix.net)"
159.223.132.86 - - [17/Jul/2026:05:35:18 +0000] "GET /debug/default/view?panel=config HTTP/2" 401 53 "-" "Mozilla/5.0 (l9scan/2.0.33e27393e2431313e2838313; +https://leakix.net)"
64.227.32.66 - - [17/Jul/2026:05:35:18 +0000] "GET /?rest_route=/wp/v2/users/ HTTP/2" 400 52 "-" "Mozilla/5.0 (l9scan/2.0.33e27393e2431313e2838313; +https://leakix.net)"
167.172.232.142 - - [17/Jul/2026:05:35:18 +0000] "GET /actuator/env HTTP/2" 403 1242 "-" "Mozilla/5.0 (l9scan/2.0.33e27393e2431313e2838313; +https://leakix.net)"
206.81.24.227 - - [17/Jul/2026:05:35:18 +0000] "GET /trace.axd HTTP/2" 403 1242 "-" "Mozilla/5.0 (l9scan/2.0.33e27393e2431313e2838313; +https://leakix.net)"
157.245.113.227 - - [17/Jul/2026:05:35:19 +0000] "GET /debug/default/view?panel=config HTTP/2" 404 3418 "-" "Mozilla/5.0 (l9scan/2.0.33e27393e2431313e2838313; +https://leakix.net)"
167.71.175.236 - - [17/Jul/2026:05:35:19 +0000] "GET /debug/default/view?panel=config HTTP/2" 200 283 "-" "Mozilla/5.0 (l9scan/2.0.33e27393e2431313e2838313; +https://leakix.net)"
167.172.232.142 - - [17/Jul/2026:05:35:19 +0000] "GET /@vite/env HTTP/2" 401 53 "-" "Mozilla/5.0 (l9scan/2.0.33e27393e2431313e2838313; +https://leakix.net)"
139.59.143.102 - - [17/Jul/2026:05:35:19 +0000] "GET /@vite/env HTTP/2" 401 53 "-" "Mozilla/5.0 (l9scan/2.0.33e27393e2431313e2838313; +https://leakix.net)"
64.227.32.66 - - [17/Jul/2026:05:35:19 +0000] "GET /debug/default/view?panel=config HTTP/2" 400 52 "-" "Mozilla/5.0 (l9scan/2.0.33e27393e2431313e2838313; +https://leakix.net)"
167.172.232.142 - - [17/Jul/2026:05:35:19 +0000] "GET /trace.axd HTTP/2" 404 3415 "-" "Mozilla/5.0 (l9scan/2.0.33e27393e2431313e2838313; +https://leakix.net)"
139.59.143.102 - - [17/Jul/2026:05:35:20 +0000] "GET /.vscode/sftp.json HTTP/2" 401 53 "-" "Mozilla/5.0 (l9scan/2.0.33e27393e2431313e2838313; +https://leakix.net)"
206.81.24.227 - - [17/Jul/2026:05:35:20 +0000] "GET /@vite/env HTTP/2" 403 1242 "-" "Mozilla/5.0 (l9scan/2.0.33e27393e2431313e2838313; +https://leakix.net)"
167.172.232.142 - - [17/Jul/2026:05:35:20 +0000] "GET /.vscode/sftp.json HTTP/2" 403 1242 "-" "Mozilla/5.0 (l9scan/2.0.33e27393e2431313e2838313; +https://leakix.net)"
167.172.232.142 - - [17/Jul/2026:05:35:20 +0000] "GET /@vite/env HTTP/2" 403 1242 "-" "Mozilla/5.0 (l9scan/2.0.33e27393e2431313e2838313; +https://leakix.net)"
206.81.24.227 - - [17/Jul/2026:05:35:20 +0000] "GET /.vscode/sftp.json HTTP/2" 403 1242 "-" "Mozilla/5.0 (l9scan/2.0.33e27393e2431313e2838313; +https://leakix.net)"
167.172.232.142 - - [17/Jul/2026:05:35:21 +0000] "OPTIONS / HTTP/2" 200 20 "-" "Mozilla/5.0 (l9scan/2.0.33e27393e2431313e2838313; +https://leakix.net)"
167.172.232.142 - - [17/Jul/2026:05:35:21 +0000] "PROPFIND / HTTP/2" 401 53 "-" "Mozilla/5.0 (l9scan/2.0.33e27393e2431313e2838313; +https://leakix.net)"
139.59.143.102 - - [17/Jul/2026:05:35:21 +0000] "OPTIONS / HTTP/2" 401 53 "-" "Mozilla/5.0 (l9scan/2.0.33e27393e2431313e2838313; +https://leakix.net)"
167.172.232.142 - - [17/Jul/2026:05:35:21 +0000] "GET /.vscode/sftp.json HTTP/2" 404 3415 "-" "Mozilla/5.0 (l9scan/2.0.33e27393e2431313e2838313; +https://leakix.net)"
206.81.24.227 - - [17/Jul/2026:05:35:21 +0000] "OPTIONS / HTTP/2" 403 1242 "-" "Mozilla/5.0 (l9scan/2.0.33e27393e2431313e2838313; +https://leakix.net)"
167.172.232.142 - - [17/Jul/2026:05:35:22 +0000] "GET /?rest_route=/wp/v2/users/ HTTP/2" 401 53 "-" "Mozilla/5.0 (l9scan/2.0.33e27393e2431313e2838313; +https://leakix.net)"
139.59.143.102 - - [17/Jul/2026:05:35:22 +0000] "GET /?rest_route=/wp/v2/users/ HTTP/2" 401 53 "-" "Mozilla/5.0 (l9scan/2.0.33e27393e2431313e2838313; +https://leakix.net)"
167.172.232.142 - - [17/Jul/2026:05:35:22 +0000] "OPTIONS / HTTP/2" 404 3415 "-" "Mozilla/5.0 (l9scan/2.0.33e27393e2431313e2838313; +https://leakix.net)"
143.110.217.244 - - [17/Jul/2026:05:35:00 +0000] "GET /server HTTP/2" 301 0 "-" "Mozilla/5.0 (l9scan/2.0.33e27393e2431313e2838313; +https://leakix.net)"
138.68.144.227 - - [17/Jul/2026:05:34:59 +0000] "GET /console/ HTTP/2" 404 0 "-" "Mozilla/5.0 (l9scan/2.0.33e27393e2431313e2838313; +https://leakix.net)"
167.172.232.142 - - [17/Jul/2026:05:35:23 +0000] "GET /debug/default/view?panel=config HTTP/2" 401 53 "-" "Mozilla/5.0 (l9scan/2.0.33e27393e2431313e2838313; +https://leakix.net)"
206.81.24.227 - - [17/Jul/2026:05:35:23 +0000] "GET /?rest_route=/wp/v2/users/ HTTP/2" 403 1242 "-" "Mozilla/5.0 (l9scan/2.0.33e27393e2431313e2838313; +https://leakix.net)"
139.59.143.102 - - [17/Jul/2026:05:35:23 +0000] "GET /debug/default/view?panel=config HTTP/2" 401 53 "-" "Mozilla/5.0 (l9scan/2.0.33e27393e2431313e2838313; +https://leakix.net)"
167.172.232.142 - - [17/Jul/2026:05:35:23 +0000] "GET /?rest_route=/wp/v2/users/ HTTP/2" 403 1242 "-" "Mozilla/5.0 (l9scan/2.0.33e27393e2431313e2838313; +https://leakix.net)"
206.81.24.227 - - [17/Jul/2026:05:35:23 +0000] "GET /debug/default/view?panel=config HTTP/2" 403 1242 "-" "Mozilla/5.0 (l9scan/2.0.33e27393e2431313e2838313; +https://leakix.net)"
138.68.144.227 - - [17/Jul/2026:05:35:02 +0000] "GET /server HTTP/2" 404 0 "-" "Mozilla/5.0 (l9scan/2.0.33e27393e2431313e2838313; +https://leakix.net)"
167.172.232.142 - - [17/Jul/2026:05:35:24 +0000] "GET /debug/default/view?panel=config HTTP/2" 404 3415 "-" "Mozilla/5.0 (l9scan/2.0.33e27393e2431313e2838313; +https://leakix.net)"
143.110.217.244 - - [17/Jul/2026:05:35:03 +0000] "GET /server-status HTTP/2" 301 0 "-" "Mozilla/5.0 (l9scan/2.0.33e27393e2431313e2838313; +https://leakix.net)"
138.68.144.227 - - [17/Jul/2026:05:35:05 +0000] "GET /server-status HTTP/2" 404 0 "-" "Mozilla/5.0 (l9scan/2.0.33e27393e2431313e2838313; +https://leakix.net)"
143.110.217.244 - - [17/Jul/2026:05:35:06 +0000] "GET /about HTTP/2" 301 0 "-" "Mozilla/5.0 (l9scan/2.0.33e27393e2431313e2838313; +https://leakix.net)"
138.68.144.227 - - [17/Jul/2026:05:35:08 +0000] "GET /about HTTP/2" 301 0 "-" "Mozilla/5.0 (l9scan/2.0.33e27393e2431313e2838313; +https://leakix.net)"
143.110.217.244 - - [17/Jul/2026:05:35:09 +0000] "GET /login.action HTTP/2" 301 0 "-" "Mozilla/5.0 (l9scan/2.0.33e27393e2431313e2838313; +https://leakix.net)"
143.110.217.244 - - [17/Jul/2026:05:35:35 +0000] "GET /.git/config HTTP/2" 403 1242 "-" "Mozilla/5.0 (l9scan/2.0.33e27393e2431313e2838313; +https://leakix.net)"
138.68.144.227 - - [17/Jul/2026:05:35:37 +0000] "GET /.git/config HTTP/2" 403 1242 "-" "Mozilla/5.0 (l9scan/2.0.33e27393e2431313e2838313; +https://leakix.net)"
143.110.217.244 - - [17/Jul/2026:05:35:12 +0000] "GET / HTTP/2" 301 0 "-" "Mozilla/5.0 (l9scan/2.0.33e27393e2431313e2838313; +https://leakix.net)"
138.68.144.227 - - [17/Jul/2026:05:35:11 +0000] "GET /login.action HTTP/2" 404 0 "-" "Mozilla/5.0 (l9scan/2.0.33e27393e2431313e2838313; +https://leakix.net)"
138.68.144.227 - - [17/Jul/2026:05:35:14 +0000] "GET / HTTP/2" 200 20766 "-" "Mozilla/5.0 (l9scan/2.0.33e27393e2431313e2838313; +https://leakix.net)"
143.110.217.244 - - [17/Jul/2026:05:35:15 +0000] "GET /___proxy_subdomain_whm/login HTTP/2" 301 0 "-" "Mozilla/5.0 (l9scan/2.0.33e27393e2431313e2838313; +https://leakix.net)"
138.68.144.227 - - [17/Jul/2026:05:35:17 +0000] "GET /___proxy_subdomain_whm/login HTTP/2" 404 0 "-" "Mozilla/5.0 (l9scan/2.0.33e27393e2431313e2838313; +https://leakix.net)"
143.110.217.244 - - [17/Jul/2026:05:35:18 +0000] "GET /___proxy_subdomain_cpanel HTTP/2" 301 0 "-" "Mozilla/5.0 (l9scan/2.0.33e27393e2431313e2838313; +https://leakix.net)"
138.68.144.227 - - [17/Jul/2026:05:35:20 +0000] "GET /___proxy_subdomain_cpanel HTTP/2" 404 0 "-" "Mozilla/5.0 (l9scan/2.0.33e27393e2431313e2838313; +https://leakix.net)"
143.110.217.244 - - [17/Jul/2026:05:35:21 +0000] "GET /v2/_catalog HTTP/2" 301 0 "-" "Mozilla/5.0 (l9scan/2.0.33e27393e2431313e2838313; +https://leakix.net)"
138.68.144.227 - - [17/Jul/2026:05:35:23 +0000] "GET /v2/_catalog HTTP/2" 404 0 "-" "Mozilla/5.0 (l9scan/2.0.33e27393e2431313e2838313; +https://leakix.net)"
143.110.217.244 - - [17/Jul/2026:05:35:24 +0000] "GET /.DS_Store HTTP/2" 301 0 "-" "Mozilla/5.0 (l9scan/2.0.33e27393e2431313e2838313; +https://leakix.net)"
138.68.144.227 - - [17/Jul/2026:05:35:26 +0000] "GET /.DS_Store HTTP/2" 404 0 "-" "Mozilla/5.0 (l9scan/2.0.33e27393e2431313e2838313; +https://leakix.net)"
143.110.217.244 - - [17/Jul/2026:05:35:27 +0000] "GET /.env HTTP/2" 301 0 "-" "Mozilla/5.0 (l9scan/2.0.33e27393e2431313e2838313; +https://leakix.net)"
138.68.144.227 - - [17/Jul/2026:05:35:29 +0000] "GET /.env HTTP/2" 404 0 "-" "Mozilla/5.0 (l9scan/2.0.33e27393e2431313e2838313; +https://leakix.net)"
143.110.217.244 - - [17/Jul/2026:05:35:31 +0000] "GET /ecp/Current/exporttool/microsoft.exchange.ediscovery.exporttool.application HTTP/2" 301 0 "-" "Mozilla/5.0 (l9scan/2.0.33e27393e2431313e2838313; +https://leakix.net)"
138.68.144.227 - - [17/Jul/2026:05:35:33 +0000] "GET /ecp/Current/exporttool/microsoft.exchange.ediscovery.exporttool.application HTTP/2" 404 0 "-" "Mozilla/5.0 (l9scan/2.0.33e27393e2431313e2838313; +https://leakix.net)"
143.110.217.244 - - [17/Jul/2026:05:35:36 +0000] "POST /graphql HTTP/2" 404 0 "-" "Mozilla/5.0 (l9scan/2.0.33e27393e2431313e2838313; +https://leakix.net)"
138.68.144.227 - - [17/Jul/2026:05:35:38 +0000] "POST /graphql HTTP/2" 404 0 "-" "Mozilla/5.0 (l9scan/2.0.33e27393e2431313e2838313; +https://leakix.net)"
143.110.217.244 - - [17/Jul/2026:05:35:39 +0000] "POST /api HTTP/2" 404 0 "-" "Mozilla/5.0 (l9scan/2.0.33e27393e2431313e2838313; +https://leakix.net)"
143.110.217.244 - - [17/Jul/2026:05:35:42 +0000] "POST /api/graphql HTTP/2" 404 0 "-" "Mozilla/5.0 (l9scan/2.0.33e27393e2431313e2838313; +https://leakix.net)"
138.68.144.227 - - [17/Jul/2026:05:35:41 +0000] "POST /api HTTP/2" 404 0 "-" "Mozilla/5.0 (l9scan/2.0.33e27393e2431313e2838313; +https://leakix.net)"
138.68.144.227 - - [17/Jul/2026:05:35:44 +0000] "POST /api/graphql HTTP/2" 404 0 "-" "Mozilla/5.0 (l9scan/2.0.33e27393e2431313e2838313; +https://leakix.net)"
143.110.217.244 - - [17/Jul/2026:05:35:45 +0000] "POST /graphql/api HTTP/2" 404 0 "-" "Mozilla/5.0 (l9scan/2.0.33e27393e2431313e2838313; +https://leakix.net)"
143.110.217.244 - - [17/Jul/2026:05:35:48 +0000] "POST /api/gql HTTP/2" 404 0 "-" "Mozilla/5.0 (l9scan/2.0.33e27393e2431313e2838313; +https://leakix.net)"
138.68.144.227 - - [17/Jul/2026:05:35:47 +0000] "POST /graphql/api HTTP/2" 404 0 "-" "Mozilla/5.0 (l9scan/2.0.33e27393e2431313e2838313; +https://leakix.net)"
138.68.144.227 - - [17/Jul/2026:05:35:50 +0000] "POST /api/gql HTTP/2" 404 0 "-" "Mozilla/5.0 (l9scan/2.0.33e27393e2431313e2838313; +https://leakix.net)"
143.110.217.244 - - [17/Jul/2026:05:35:51 +0000] "GET /s/33e27393e2431313e2838313/_/;/META-INF/maven/com.atlassian.jira/jira-webapp-dist/pom.properties HTTP/2" 301 0 "-" "Mozilla/5.0 (l9scan/2.0.33e27393e2431313e2838313; +https://leakix.net)"
138.68.144.227 - - [17/Jul/2026:05:35:53 +0000] "GET /s/33e27393e2431313e2838313/_/;/META-INF/maven/com.atlassian.jira/jira-webapp-dist/pom.properties HTTP/2" 404 0 "-" "Mozilla/5.0 (l9scan/2.0.33e27393e2431313e2838313; +https://leakix.net)"
143.110.217.244 - - [17/Jul/2026:05:35:54 +0000] "GET /config.json HTTP/2" 301 0 "-" "Mozilla/5.0 (l9scan/2.0.33e27393e2431313e2838313; +https://leakix.net)"
143.110.217.244 - - [17/Jul/2026:05:35:57 +0000] "GET /telescope/requests HTTP/2" 301 0 "-" "Mozilla/5.0 (l9scan/2.0.33e27393e2431313e2838313; +https://leakix.net)"
138.68.144.227 - - [17/Jul/2026:05:35:56 +0000] "GET /config.json HTTP/2" 404 0 "-" "Mozilla/5.0 (l9scan/2.0.33e27393e2431313e2838313; +https://leakix.net)"
138.68.144.227 - - [17/Jul/2026:05:35:59 +0000] "GET /telescope/requests HTTP/2" 404 0 "-" "Mozilla/5.0 (l9scan/2.0.33e27393e2431313e2838313; +https://leakix.net)"
143.110.217.244 - - [17/Jul/2026:05:36:00 +0000] "GET /info.php HTTP/2" 301 0 "-" "Mozilla/5.0 (l9scan/2.0.33e27393e2431313e2838313; +https://leakix.net)"
138.68.144.227 - - [17/Jul/2026:05:36:02 +0000] "GET /info.php HTTP/2" 404 0 "-" "Mozilla/5.0 (l9scan/2.0.33e27393e2431313e2838313; +https://leakix.net)"
143.110.217.244 - - [17/Jul/2026:05:36:03 +0000] "GET /.well-known/security.txt HTTP/2" 301 0 "-" "Mozilla/5.0 (l9scan/2.0.33e27393e2431313e2838313; +https://leakix.net)"
138.68.144.227 - - [17/Jul/2026:05:36:05 +0000] "GET /.well-known/security.txt HTTP/2" 404 0 "-" "Mozilla/5.0 (l9scan/2.0.33e27393e2431313e2838313; +https://leakix.net)"
143.110.217.244 - - [17/Jul/2026:05:36:06 +0000] "GET /actuator/env HTTP/2" 301 0 "-" "Mozilla/5.0 (l9scan/2.0.33e27393e2431313e2838313; +https://leakix.net)"
138.68.144.227 - - [17/Jul/2026:05:36:08 +0000] "GET /actuator/env HTTP/2" 404 0 "-" "Mozilla/5.0 (l9scan/2.0.33e27393e2431313e2838313; +https://leakix.net)"
143.110.217.244 - - [17/Jul/2026:05:36:09 +0000] "GET /trace.axd HTTP/2" 301 0 "-" "Mozilla/5.0 (l9scan/2.0.33e27393e2431313e2838313; +https://leakix.net)"
138.68.144.227 - - [17/Jul/2026:05:36:11 +0000] "GET /trace.axd HTTP/2" 404 0 "-" "Mozilla/5.0 (l9scan/2.0.33e27393e2431313e2838313; +https://leakix.net)"
143.110.217.244 - - [17/Jul/2026:05:36:12 +0000] "GET /@vite/env HTTP/2" 301 0 "-" "Mozilla/5.0 (l9scan/2.0.33e27393e2431313e2838313; +https://leakix.net)"
138.68.144.227 - - [17/Jul/2026:05:36:14 +0000] "GET /@vite/env HTTP/2" 404 0 "-" "Mozilla/5.0 (l9scan/2.0.33e27393e2431313e2838313; +https://leakix.net)"
143.110.217.244 - - [17/Jul/2026:05:36:15 +0000] "GET /.vscode/sftp.json HTTP/2" 301 0 "-" "Mozilla/5.0 (l9scan/2.0.33e27393e2431313e2838313; +https://leakix.net)"
138.68.144.227 - - [17/Jul/2026:05:36:17 +0000] "GET /.vscode/sftp.json HTTP/2" 404 0 "-" "Mozilla/5.0 (l9scan/2.0.33e27393e2431313e2838313; +https://leakix.net)"
143.110.217.244 - - [17/Jul/2026:05:36:18 +0000] "OPTIONS / HTTP/2" 200 20000 "-" "Mozilla/5.0 (l9scan/2.0.33e27393e2431313e2838313; +https://leakix.net)"
143.110.217.244 - - [17/Jul/2026:05:36:21 +0000] "GET /?rest_route=/wp/v2/users/ HTTP/2" 200 411 "-" "Mozilla/5.0 (l9scan/2.0.33e27393e2431313e2838313; +https://leakix.net)"
138.68.144.227 - - [17/Jul/2026:05:36:20 +0000] "OPTIONS / HTTP/2" 200 20766 "-" "Mozilla/5.0 (l9scan/2.0.33e27393e2431313e2838313; +https://leakix.net)"
143.110.217.244 - - [17/Jul/2026:05:36:24 +0000] "GET /debug/default/view?panel=config HTTP/2" 301 0 "-" "Mozilla/5.0 (l9scan/2.0.33e27393e2431313e2838313; +https://leakix.net)"
138.68.144.227 - - [17/Jul/2026:05:36:23 +0000] "GET /?rest_route=/wp/v2/users/ HTTP/2" 200 411 "-" "Mozilla/5.0 (l9scan/2.0.33e27393e2431313e2838313; +https://leakix.net)"
138.68.144.227 - - [17/Jul/2026:05:36:26 +0000] "GET /debug/default/view?panel=config HTTP/2" 404 0 "-" "Mozilla/5.0 (l9scan/2.0.33e27393e2431313e2838313; +https://leakix.net)"
65.181.116.207 - - [17/Jul/2026:05:37:04 +0000] "POST /wp-cron.php?doing_wp_cron=1784266624.3500719070434570312500 HTTP/2" 200 0 "-" "WordPress/7.0.1; https://www.ampiwork.com"
65.181.116.207 - - [17/Jul/2026:05:37:05 +0000] "POST /wp-cron.php?doing_wp_cron=1784266624.8252129554748535156250 HTTP/2" 200 0 "-" "WordPress/7.0.1; https://www.ampiwork.com"
2a03:2880:f800:45:: - - [17/Jul/2026:05:37:29 +0000] "GET /2025/03/14/7-regal-casino-10-free/ HTTP/2" 200 15158 "-" "Mozilla/5.0 (Macintosh; Intel Mac OS X 10_15_7) AppleWebKit/537.36 (KHTML, like Gecko) Chrome/145.0.0.0 Safari/537.36 (compatible; meta-externalagent/1.1 (+https://developers.facebook.com/docs/sharing/webmasters/crawler))"
65.181.116.207 - - [17/Jul/2026:05:38:05 +0000] "POST /wp-cron.php?doing_wp_cron=1784266685.7772190570831298828125 HTTP/2" 200 0 "-" "WordPress/7.0.1; https://www.ampiwork.com"
2a03:2880:f800:25:: - - [17/Jul/2026:05:38:50 +0000] "GET /2025/03/14/live-blackjack-casino-canada/ HTTP/2" 200 14803 "-" "Mozilla/5.0 (Macintosh; Intel Mac OS X 10_15_7) AppleWebKit/537.36 (KHTML, like Gecko) Chrome/145.0.0.0 Safari/537.36 (compatible; meta-externalagent/1.1 (+https://developers.facebook.com/docs/sharing/webmasters/crawler))"
65.181.116.207 - - [17/Jul/2026:05:41:26 +0000] "POST /wp-cron.php?doing_wp_cron=1784266886.1754798889160156250000 HTTP/2" 200 0 "-" "WordPress/7.0.1; https://www.ampiwork.com"
2a03:2880:f800:3:: - - [17/Jul/2026:05:41:16 +0000] "GET /2025/03/14/best-online-casino-uk-no-deposit/ HTTP/2" 200 14641 "-" "Mozilla/5.0 (Windows NT 10.0; Win64; x64) AppleWebKit/537.36 (KHTML, like Gecko) Chrome/145.0.0.0 Safari/537.36 (compatible; meta-externalagent/1.1 (+https://developers.facebook.com/docs/sharing/webmasters/crawler))"
65.181.116.207 - - [17/Jul/2026:05:42:14 +0000] "POST /wp-cron.php?doing_wp_cron=1784266934.1269559860229492187500 HTTP/2" 200 0 "-" "WordPress/7.0.1; https://www.ampiwork.com"
2a03:2880:f800:3:: - - [17/Jul/2026:05:42:05 +0000] "GET /2025/03/14/free-daily-bonus-casino-no-deposit-bonus/ HTTP/2" 200 14721 "-" "Mozilla/5.0 (Macintosh; Intel Mac OS X 10_15_7) AppleWebKit/537.36 (KHTML, like Gecko) Chrome/145.0.0.0 Safari/537.36 (compatible; meta-externalagent/1.1 (+https://developers.facebook.com/docs/sharing/webmasters/crawler))"
2a03:2880:f800:22:: - - [17/Jul/2026:05:42:09 +0000] "GET /2025/03/14/best-graphics-online-slots-free/ HTTP/2" 200 15060 "-" "Mozilla/5.0 (Macintosh; Intel Mac OS X 10_15_7) AppleWebKit/537.36 (KHTML, like Gecko) Chrome/145.0.0.0 Safari/537.36 (compatible; meta-externalagent/1.1 (+https://developers.facebook.com/docs/sharing/webmasters/crawler))"
2a03:2880:f800:4:: - - [17/Jul/2026:05:42:38 +0000] "GET /2025/03/14/best-casino-welcome-offer/ HTTP/2" 200 15021 "-" "Mozilla/5.0 (Macintosh; Intel Mac OS X 10_15_7) AppleWebKit/537.36 (KHTML, like Gecko) Chrome/145.0.0.0 Safari/537.36 (compatible; meta-externalagent/1.1 (+https://developers.facebook.com/docs/sharing/webmasters/crawler))"
2a03:2880:f800:b:: - - [17/Jul/2026:05:42:44 +0000] "GET /2025/03/14/slot-fortune-cats-golden-stacks-by-thunderkick-demo-free-play/ HTTP/2" 200 15093 "-" "Mozilla/5.0 (Windows NT 10.0; Win64; x64) AppleWebKit/537.36 (KHTML, like Gecko) Chrome/145.0.0.0 Safari/537.36 (compatible; meta-externalagent/1.1 (+https://developers.facebook.com/docs/sharing/webmasters/crawler))"
65.181.116.207 - - [17/Jul/2026:05:43:30 +0000] "POST /wp-cron.php?doing_wp_cron=1784267010.2861330509185791015625 HTTP/2" 200 0 "-" "WordPress/7.0.1; https://www.ampiwork.com"
142.44.220.136 - - [17/Jul/2026:05:43:24 +0000] "GET /sitemap.rss HTTP/2" 200 2333 "-" "Mozilla/5.0 (compatible; AhrefsBot/7.0; +http://ahrefs.com/robot/)"
65.181.116.207 - - [17/Jul/2026:05:44:04 +0000] "POST /wp-cron.php?doing_wp_cron=1784267044.6499960422515869140625 HTTP/2" 200 0 "-" "WordPress/7.0.1; https://www.ampiwork.com"
2a03:2880:f800:22:: - - [17/Jul/2026:05:43:54 +0000] "GET /2025/03/14/are-revolut-cards-free/ HTTP/2" 200 15035 "-" "Mozilla/5.0 (Windows NT 10.0; Win64; x64) AppleWebKit/537.36 (KHTML, like Gecko) Chrome/145.0.0.0 Safari/537.36 (compatible; meta-externalagent/1.1 (+https://developers.facebook.com/docs/sharing/webmasters/crawler))"
2a03:2880:f800:3c:: - - [17/Jul/2026:05:45:03 +0000] "GET /2025/03/14/free-spins-daily-uk/ HTTP/2" 200 14462 "-" "Mozilla/5.0 (X11; Linux x86_64) AppleWebKit/537.36 (KHTML, like Gecko) Chrome/145.0.0.0 Safari/537.36 (compatible; meta-externalagent/1.1 (+https://developers.facebook.com/docs/sharing/webmasters/crawler))"
65.181.116.207 - - [17/Jul/2026:05:45:19 +0000] "POST /wp-cron.php?doing_wp_cron=1784267119.4198861122131347656250 HTTP/2" 200 0 "-" "WordPress/7.0.1; https://www.ampiwork.com"
2a03:2880:f800:17:: - - [17/Jul/2026:05:45:18 +0000] "GET /2025/03/14/casino-online-for-real-money/ HTTP/2" 200 15061 "-" "Mozilla/5.0 (Windows NT 10.0; Win64; x64) AppleWebKit/537.36 (KHTML, like Gecko) Chrome/145.0.0.0 Safari/537.36 (compatible; meta-externalagent/1.1 (+https://developers.facebook.com/docs/sharing/webmasters/crawler))"
103.221.220.62 - - [17/Jul/2026:05:46:05 +0000] "GET /member/.env HTTP/2" 301 0 "-" "Mozilla/5.0 (Macintosh; Intel Mac OS X 10_15_7) AppleWebKit/537.36 (KHTML, like Gecko) Chrome/91.0.4472.124 Safari/537.36"
103.221.220.62 - - [17/Jul/2026:05:46:05 +0000] "GET /new/.env HTTP/2" 301 0 "-" "Mozilla/5.0 (Macintosh; Intel Mac OS X 10_15_7) AppleWebKit/537.36 (KHTML, like Gecko) Chrome/91.0.4472.124 Safari/537.36"
103.221.220.62 - - [17/Jul/2026:05:46:05 +0000] "GET /admin/.env HTTP/2" 301 0 "-" "Mozilla/5.0 (Macintosh; Intel Mac OS X 10_15_7) AppleWebKit/537.36 (KHTML, like Gecko) Chrome/91.0.4472.124 Safari/537.36"
103.221.220.62 - - [17/Jul/2026:05:46:05 +0000] "GET /core/.env HTTP/2" 301 0 "-" "Mozilla/5.0 (Macintosh; Intel Mac OS X 10_15_7) AppleWebKit/537.36 (KHTML, like Gecko) Chrome/91.0.4472.124 Safari/537.36"
103.221.220.62 - - [17/Jul/2026:05:46:06 +0000] "GET /api/.env HTTP/2" 301 0 "-" "Mozilla/5.0 (Macintosh; Intel Mac OS X 10_15_7) AppleWebKit/537.36 (KHTML, like Gecko) Chrome/91.0.4472.124 Safari/537.36"
103.221.220.62 - - [17/Jul/2026:05:46:05 +0000] "GET /.env HTTP/2" 301 0 "-" "Mozilla/5.0 (Macintosh; Intel Mac OS X 10_15_7) AppleWebKit/537.36 (KHTML, like Gecko) Chrome/91.0.4472.124 Safari/537.36"
103.221.220.62 - - [17/Jul/2026:05:46:05 +0000] "GET /app/.env HTTP/2" 301 0 "-" "Mozilla/5.0 (Macintosh; Intel Mac OS X 10_15_7) AppleWebKit/537.36 (KHTML, like Gecko) Chrome/91.0.4472.124 Safari/537.36"
65.181.116.207 - - [17/Jul/2026:05:46:08 +0000] "POST /wp-cron.php?doing_wp_cron=1784267168.4220728874206542968750 HTTP/2" 200 0 "-" "WordPress/7.0.1; https://www.ampiwork.com"
103.221.220.62 - - [17/Jul/2026:05:46:07 +0000] "GET /backend/.env HTTP/2" 301 0 "-" "Mozilla/5.0 (Macintosh; Intel Mac OS X 10_15_7) AppleWebKit/537.36 (KHTML, like Gecko) Chrome/91.0.4472.124 Safari/537.36"
103.221.220.62 - - [17/Jul/2026:05:46:06 +0000] "GET /bank/.env HTTP/2" 301 0 "-" "Mozilla/5.0 (Macintosh; Intel Mac OS X 10_15_7) AppleWebKit/537.36 (KHTML, like Gecko) Chrome/91.0.4472.124 Safari/537.36"
2a03:2880:f800:18:: - - [17/Jul/2026:05:46:10 +0000] "GET /2025/03/14/best-penny-slots-in-uk/ HTTP/2" 200 14507 "-" "Mozilla/5.0 (Windows NT 10.0; Win64; x64) AppleWebKit/537.36 (KHTML, like Gecko) Chrome/145.0.0.0 Safari/537.36 Edg/145.0.0.0 (compatible; meta-externalagent/1.1 (+https://developers.facebook.com/docs/sharing/webmasters/crawler))"
2a03:2880:f800:12:: - - [17/Jul/2026:05:46:49 +0000] "GET /2025/03/14/win-real-money-online-slots-canada/ HTTP/2" 200 14969 "-" "Mozilla/5.0 (Macintosh; Intel Mac OS X 10_15_7) AppleWebKit/537.36 (KHTML, like Gecko) Chrome/145.0.0.0 Safari/537.36 (compatible; meta-externalagent/1.1 (+https://developers.facebook.com/docs/sharing/webmasters/crawler))"
65.181.116.207 - - [17/Jul/2026:05:47:58 +0000] "POST /wp-cron.php?doing_wp_cron=1784267278.7462708950042724609375 HTTP/2" 200 0 "-" "WordPress/7.0.1; https://www.ampiwork.com"
2a03:2880:f800:11:: - - [17/Jul/2026:05:47:49 +0000] "GET /2025/03/14/magicred-casino-no-deposit-bonus-codes-for-free-spins-2025/ HTTP/2" 200 14971 "-" "Mozilla/5.0 (Windows NT 10.0; Win64; x64) AppleWebKit/537.36 (KHTML, like Gecko) Chrome/145.0.0.0 Safari/537.36 (compatible; meta-externalagent/1.1 (+https://developers.facebook.com/docs/sharing/webmasters/crawler))"
2a03:2880:f800:34:: - - [17/Jul/2026:05:48:08 +0000] "GET /2025/03/14/doxxbet-casino-no-deposit-bonus-100-free-spins/ HTTP/2" 200 15269 "-" "Mozilla/5.0 (Windows NT 10.0; Win64; x64) AppleWebKit/537.36 (KHTML, like Gecko) Chrome/145.0.0.0 Safari/537.36 (compatible; meta-externalagent/1.1 (+https://developers.facebook.com/docs/sharing/webmasters/crawler))"
2a03:2880:f800:44:: - - [17/Jul/2026:05:48:06 +0000] "GET /2025/03/14/free-casino-games-for-android-mobile/ HTTP/2" 200 15033 "-" "Mozilla/5.0 (Windows NT 10.0; Win64; x64) AppleWebKit/537.36 (KHTML, like Gecko) Chrome/145.0.0.0 Safari/537.36 (compatible; meta-externalagent/1.1 (+https://developers.facebook.com/docs/sharing/webmasters/crawler))"
2a03:2880:f800:26:: - - [17/Jul/2026:05:48:10 +0000] "GET /2025/03/14/bingo-slot-machines-games-ireland/ HTTP/2" 200 14976 "-" "Mozilla/5.0 (Windows NT 10.0; Win64; x64) AppleWebKit/537.36 (KHTML, like Gecko) Chrome/145.0.0.0 Safari/537.36 (compatible; meta-externalagent/1.1 (+https://developers.facebook.com/docs/sharing/webmasters/crawler))"
142.44.220.254 - - [17/Jul/2026:05:48:18 +0000] "GET /sitemap.xml HTTP/2" 200 454 "-" "Mozilla/5.0 (compatible; AhrefsBot/7.0; +http://ahrefs.com/robot/)"
2a03:2880:f800:2a:: - - [17/Jul/2026:05:48:25 +0000] "GET /2025/03/14/online-casino-instant-withdrawal/ HTTP/2" 200 14894 "-" "Mozilla/5.0 (Macintosh; Intel Mac OS X 10_15_7) AppleWebKit/537.36 (KHTML, like Gecko) Chrome/145.0.0.0 Safari/537.36 (compatible; meta-externalagent/1.1 (+https://developers.facebook.com/docs/sharing/webmasters/crawler))"
2a03:2880:f800:1d:: - - [17/Jul/2026:05:48:39 +0000] "GET /2025/03/14/online-bitcoin-gambling/ HTTP/2" 200 14879 "-" "Mozilla/5.0 (Windows NT 10.0; Win64; x64) AppleWebKit/537.36 (KHTML, like Gecko) Chrome/145.0.0.0 Safari/537.36 (compatible; meta-externalagent/1.1 (+https://developers.facebook.com/docs/sharing/webmasters/crawler))"
54.39.136.235 - - [17/Jul/2026:05:48:25 +0000] "GET /post-sitemap.xml HTTP/2" 200 13086 "-" "Mozilla/5.0 (compatible; AhrefsBot/7.0; +http://ahrefs.com/robot/)"
65.181.116.207 - - [17/Jul/2026:05:49:10 +0000] "POST /wp-cron.php?doing_wp_cron=1784267350.4528319835662841796875 HTTP/2" 200 0 "-" "WordPress/7.0.1; https://www.ampiwork.com"
138.246.253.24 - - [17/Jul/2026:05:49:18 +0000] "GET /robots.txt HTTP/2" 200 151 "-" "Mozilla/5.0 (Windows NT 10.0; Win64; x64) AppleWebKit/537.36 (KHTML, like Gecko) Chrome/103.0.5060.134 Safari/537.36"
142.44.233.148 - - [17/Jul/2026:05:48:57 +0000] "GET /post-sitemap2.xml HTTP/2" 200 13017 "-" "Mozilla/5.0 (compatible; AhrefsBot/7.0; +http://ahrefs.com/robot/)"
65.181.116.207 - - [17/Jul/2026:05:49:50 +0000] "POST /wp-cron.php?doing_wp_cron=1784267390.5803599357604980468750 HTTP/2" 200 0 "-" "WordPress/7.0.1; https://www.ampiwork.com"
167.114.139.131 - - [17/Jul/2026:05:49:28 +0000] "GET /post-sitemap3.xml HTTP/2" 200 13384 "-" "Mozilla/5.0 (compatible; AhrefsBot/7.0; +http://ahrefs.com/robot/)"
2a03:2880:f800:2e:: - - [17/Jul/2026:05:50:30 +0000] "GET /2025/03/14/do-estoril-casino-review-and-free-chips-bonus/ HTTP/2" 200 14842 "-" "Mozilla/5.0 (Macintosh; Intel Mac OS X 10_15_7) AppleWebKit/537.36 (KHTML, like Gecko) Chrome/145.0.0.0 Safari/537.36 (compatible; meta-externalagent/1.1 (+https://developers.facebook.com/docs/sharing/webmasters/crawler))"
54.39.136.125 - - [17/Jul/2026:05:49:59 +0000] "GET /post-sitemap4.xml HTTP/2" 200 13113 "-" "Mozilla/5.0 (compatible; AhrefsBot/7.0; +http://ahrefs.com/robot/)"
65.181.116.207 - - [17/Jul/2026:05:51:11 +0000] "POST /wp-cron.php?doing_wp_cron=1784267470.8967220783233642578125 HTTP/2" 200 0 "-" "WordPress/7.0.1; https://www.ampiwork.com"
2a03:2880:f800:1d:: - - [17/Jul/2026:05:51:03 +0000] "GET /2025/03/14/20-no-deposit-spins/ HTTP/2" 200 14791 "-" "Mozilla/5.0 (Windows NT 10.0; Win64; x64) AppleWebKit/537.36 (KHTML, like Gecko) Chrome/145.0.0.0 Safari/537.36 (compatible; meta-externalagent/1.1 (+https://developers.facebook.com/docs/sharing/webmasters/crawler))"
142.44.220.160 - - [17/Jul/2026:05:50:30 +0000] "GET /post-sitemap5.xml HTTP/2" 200 10687 "-" "Mozilla/5.0 (compatible; AhrefsBot/7.0; +http://ahrefs.com/robot/)"
51.161.65.164 - - [17/Jul/2026:05:51:01 +0000] "GET /post-sitemap6.xml HTTP/2" 200 13144 "-" "Mozilla/5.0 (compatible; AhrefsBot/7.0; +http://ahrefs.com/robot/)"
65.181.116.207 - - [17/Jul/2026:05:51:53 +0000] "POST /wp-cron.php?doing_wp_cron=1784267513.3266379833221435546875 HTTP/2" 200 0 "-" "WordPress/7.0.1; https://www.ampiwork.com"
51.161.65.199 - - [17/Jul/2026:05:51:32 +0000] "GET /post-sitemap7.xml HTTP/2" 200 12471 "-" "Mozilla/5.0 (compatible; AhrefsBot/7.0; +http://ahrefs.com/robot/)"
65.181.116.207 - - [17/Jul/2026:05:52:19 +0000] "POST /wp-cron.php?doing_wp_cron=1784267539.1809608936309814453125 HTTP/2" 200 0 "-" "WordPress/7.0.1; https://www.ampiwork.com"
65.181.116.207 - - [17/Jul/2026:05:52:29 +0000] "POST /wp-cron.php?doing_wp_cron=1784267549.2673680782318115234375 HTTP/2" 200 0 "-" "WordPress/7.0.1; https://www.ampiwork.com"
2a03:2880:f800:2a:: - - [17/Jul/2026:05:52:24 +0000] "GET /2025/03/14/free-slots-no-deposit-no-download-uk/ HTTP/2" 200 14722 "-" "Mozilla/5.0 (Macintosh; Intel Mac OS X 10_15_7) AppleWebKit/537.36 (KHTML, like Gecko) Chrome/145.0.0.0 Safari/537.36 (compatible; meta-externalagent/1.1 (+https://developers.facebook.com/docs/sharing/webmasters/crawler))"
15.235.27.132 - - [17/Jul/2026:05:52:41 +0000] "GET /post-sitemap8.xml HTTP/2" 200 13380 "-" "Mozilla/5.0 (compatible; AhrefsBot/7.0; +http://ahrefs.com/robot/)"
65.181.116.207 - - [17/Jul/2026:05:53:17 +0000] "POST /wp-cron.php?doing_wp_cron=1784267597.0893049240112304687500 HTTP/2" 200 0 "-" "WordPress/7.0.1; https://www.ampiwork.com"
2a03:2880:f800:7:: - - [17/Jul/2026:05:53:44 +0000] "GET /2025/03/14/skrill-gambling-block/ HTTP/2" 200 14831 "-" "Mozilla/5.0 (Windows NT 10.0; Win64; x64) AppleWebKit/537.36 (KHTML, like Gecko) Chrome/145.0.0.0 Safari/537.36 (compatible; meta-externalagent/1.1 (+https://developers.facebook.com/docs/sharing/webmasters/crawler))"
15.235.27.231 - - [17/Jul/2026:05:53:12 +0000] "GET /post-sitemap9.xml HTTP/2" 200 11968 "-" "Mozilla/5.0 (compatible; AhrefsBot/7.0; +http://ahrefs.com/robot/)"
65.181.116.207 - - [17/Jul/2026:05:53:53 +0000] "POST /wp-cron.php?doing_wp_cron=1784267633.8122379779815673828125 HTTP/2" 200 0 "-" "WordPress/7.0.1; https://www.ampiwork.com"
142.44.220.26 - - [17/Jul/2026:05:53:43 +0000] "GET /post-sitemap10.xml HTTP/2" 200 3037 "-" "Mozilla/5.0 (compatible; AhrefsBot/7.0; +http://ahrefs.com/robot/)"
54.39.203.11 - - [17/Jul/2026:05:53:55 +0000] "GET /page-sitemap.xml HTTP/2" 200 834 "-" "Mozilla/5.0 (compatible; AhrefsBot/7.0; +http://ahrefs.com/robot/)"
54.39.89.238 - - [17/Jul/2026:05:53:59 +0000] "GET /product-sitemap.xml HTTP/2" 200 386 "-" "Mozilla/5.0 (compatible; AhrefsBot/7.0; +http://ahrefs.com/robot/)"
142.44.220.98 - - [17/Jul/2026:05:54:02 +0000] "GET /cartflows_flow-sitemap.xml HTTP/2" 200 403 "-" "Mozilla/5.0 (compatible; AhrefsBot/7.0; +http://ahrefs.com/robot/)"
167.114.139.12 - - [17/Jul/2026:05:54:07 +0000] "GET /cartflows_step-sitemap.xml HTTP/2" 200 430 "-" "Mozilla/5.0 (compatible; AhrefsBot/7.0; +http://ahrefs.com/robot/)"
54.39.0.242 - - [17/Jul/2026:05:54:11 +0000] "GET /category-sitemap.xml HTTP/2" 200 389 "-" "Mozilla/5.0 (compatible; AhrefsBot/7.0; +http://ahrefs.com/robot/)"
15.235.27.208 - - [17/Jul/2026:05:54:15 +0000] "GET /product_cat-sitemap.xml HTTP/2" 200 396 "-" "Mozilla/5.0 (compatible; AhrefsBot/7.0; +http://ahrefs.com/robot/)"
2a03:2880:f800:19:: - - [17/Jul/2026:05:54:14 +0000] "GET /2025/03/14/slots-casino-online-free/ HTTP/2" 200 14912 "-" "Mozilla/5.0 (Windows NT 10.0; Win64; x64) AppleWebKit/537.36 (KHTML, like Gecko) Chrome/145.0.0.0 Safari/537.36 (compatible; meta-externalagent/1.1 (+https://developers.facebook.com/docs/sharing/webmasters/crawler))"
65.181.116.207 - - [17/Jul/2026:05:55:52 +0000] "POST /wp-cron.php?doing_wp_cron=1784267751.8985319137573242187500 HTTP/2" 200 0 "-" "WordPress/7.0.1; https://www.ampiwork.com"
2a03:2880:f800:7:: - - [17/Jul/2026:05:55:42 +0000] "GET /2025/03/14/are-slot-machines-and-video-poker-legal-in-canada/ HTTP/2" 200 15037 "-" "Mozilla/5.0 (Windows NT 10.0; Win64; x64) AppleWebKit/537.36 (KHTML, like Gecko) Chrome/145.0.0.0 Safari/537.36 (compatible; meta-externalagent/1.1 (+https://developers.facebook.com/docs/sharing/webmasters/crawler))"
2a03:2880:f800:11:: - - [17/Jul/2026:05:56:06 +0000] "GET /2025/03/14/what-roulette-number-hits-the-most-new-zealand/ HTTP/2" 200 15024 "-" "Mozilla/5.0 (Windows NT 10.0; Win64; x64) AppleWebKit/537.36 (KHTML, like Gecko) Chrome/145.0.0.0 Safari/537.36 (compatible; meta-externalagent/1.1 (+https://developers.facebook.com/docs/sharing/webmasters/crawler))"
65.181.116.207 - - [17/Jul/2026:05:56:16 +0000] "POST /wp-cron.php?doing_wp_cron=1784267776.3116190433502197265625 HTTP/2" 200 0 "-" "WordPress/7.0.1; https://www.ampiwork.com"
2a03:2880:f800:28:: - - [17/Jul/2026:05:56:21 +0000] "GET /2025/03/14/australia-casino-free-10/ HTTP/2" 200 15038 "-" "Mozilla/5.0 (Windows NT 10.0; Win64; x64) AppleWebKit/537.36 (KHTML, like Gecko) Chrome/145.0.0.0 Safari/537.36 (compatible; meta-externalagent/1.1 (+https://developers.facebook.com/docs/sharing/webmasters/crawler))"
2a03:2880:f800:2f:: - - [17/Jul/2026:05:56:40 +0000] "GET /2025/03/14/free-uk-online-casino/ HTTP/2" 200 15206 "-" "Mozilla/5.0 (Windows NT 10.0; Win64; x64) AppleWebKit/537.36 (KHTML, like Gecko) Chrome/145.0.0.0 Safari/537.36 Edg/145.0.0.0 (compatible; meta-externalagent/1.1 (+https://developers.facebook.com/docs/sharing/webmasters/crawler))"
65.181.116.207 - - [17/Jul/2026:05:57:14 +0000] "POST /wp-cron.php?doing_wp_cron=1784267834.4804511070251464843750 HTTP/2" 200 0 "-" "WordPress/7.0.1; https://www.ampiwork.com"
216.73.216.206 - - [17/Jul/2026:05:57:10 +0000] "GET /robots.txt HTTP/2" 200 151 "-" "Mozilla/5.0 AppleWebKit/537.36 (KHTML, like Gecko; compatible; ClaudeBot/1.0; [email protected])"
216.73.216.206 - - [17/Jul/2026:05:57:14 +0000] "GET /sitemap.xml HTTP/2" 200 454 "-" "Mozilla/5.0 AppleWebKit/537.36 (KHTML, like Gecko; compatible; ClaudeBot/1.0; [email protected])"
94.154.43.178 - - [17/Jul/2026:05:57:25 +0000] "GET /.env HTTP/2" 200 283 "-" "Mozilla/5.0 (Windows NT 10.0; Win64; x64) AppleWebKit/537.36 (KHTML, like Gecko) Chrome/147.0.0.0 Safari/537.36"
216.73.216.206 - - [17/Jul/2026:05:57:37 +0000] "GET /sitemap.rss HTTP/2" 200 2334 "-" "Mozilla/5.0 AppleWebKit/537.36 (KHTML, like Gecko; compatible; ClaudeBot/1.0; [email protected])"
2a03:2880:f800:30:: - - [17/Jul/2026:05:57:34 +0000] "GET /2025/03/14/minimum-5-dollar-deposit-casino/ HTTP/2" 200 14904 "-" "Mozilla/5.0 (Macintosh; Intel Mac OS X 10_15_7) AppleWebKit/537.36 (KHTML, like Gecko) Chrome/145.0.0.0 Safari/537.36 (compatible; meta-externalagent/1.1 (+https://developers.facebook.com/docs/sharing/webmasters/crawler))"
2a03:2880:f800:4:: - - [17/Jul/2026:05:57:51 +0000] "GET /2025/03/14/bojiulai-casino-no-deposit-bonus-100-free-spins/ HTTP/2" 200 15045 "-" "Mozilla/5.0 (Windows NT 10.0; Win64; x64) AppleWebKit/537.36 (KHTML, like Gecko) Chrome/145.0.0.0 Safari/537.36 (compatible; meta-externalagent/1.1 (+https://developers.facebook.com/docs/sharing/webmasters/crawler))"
65.181.116.207 - - [17/Jul/2026:05:59:59 +0000] "POST /wp-cron.php?doing_wp_cron=1784267999.7258799076080322265625 HTTP/2" 200 0 "-" "WordPress/7.0.1; https://www.ampiwork.com"
2a03:2880:f800:31:: - - [17/Jul/2026:05:59:53 +0000] "GET /2025/03/14/paysafecard-deposit-casino-ireland/ HTTP/2" 200 14721 "-" "Mozilla/5.0 (Macintosh; Intel Mac OS X 10_15_7) AppleWebKit/537.36 (KHTML, like Gecko) Chrome/145.0.0.0 Safari/537.36 (compatible; meta-externalagent/1.1 (+https://developers.facebook.com/docs/sharing/webmasters/crawler))"
2a03:2880:f800:7:: - - [17/Jul/2026:06:00:09 +0000] "GET /2025/03/14/roulette-for-fun/ HTTP/2" 200 15029 "-" "Mozilla/5.0 (Macintosh; Intel Mac OS X 10_15_7) AppleWebKit/537.36 (KHTML, like Gecko) Chrome/145.0.0.0 Safari/537.36 (compatible; meta-externalagent/1.1 (+https://developers.facebook.com/docs/sharing/webmasters/crawler))"
2a03:2880:f800:23:: - - [17/Jul/2026:06:00:19 +0000] "GET /2025/03/14/black-magic-casino-bonus-codes-2025/ HTTP/2" 200 14882 "-" "Mozilla/5.0 (Windows NT 10.0; Win64; x64) AppleWebKit/537.36 (KHTML, like Gecko) Chrome/145.0.0.0 Safari/537.36 (compatible; meta-externalagent/1.1 (+https://developers.facebook.com/docs/sharing/webmasters/crawler))"
65.181.116.207 - - [17/Jul/2026:06:02:16 +0000] "POST /wp-cron.php?doing_wp_cron=1784268136.2563569545745849609375 HTTP/2" 200 0 "-" "WordPress/7.0.1; https://www.ampiwork.com"
2a03:2880:f800:23:: - - [17/Jul/2026:06:02:06 +0000] "GET /2025/03/14/rules-of-blackjack-dealer-canada/ HTTP/2" 200 14833 "-" "Mozilla/5.0 (Windows NT 10.0; Win64; x64) AppleWebKit/537.36 (KHTML, like Gecko) Chrome/145.0.0.0 Safari/537.36 (compatible; meta-externalagent/1.1 (+https://developers.facebook.com/docs/sharing/webmasters/crawler))"
2a03:2880:f800:14:: - - [17/Jul/2026:06:02:12 +0000] "GET /2025/03/14/free-spins-upon-registration-2025-australia/ HTTP/2" 200 14795 "-" "Mozilla/5.0 (Windows NT 10.0; Win64; x64) AppleWebKit/537.36 (KHTML, like Gecko) Chrome/145.0.0.0 Safari/537.36 (compatible; meta-externalagent/1.1 (+https://developers.facebook.com/docs/sharing/webmasters/crawler))"
65.181.116.207 - - [17/Jul/2026:06:03:10 +0000] "POST /wp-cron.php?doing_wp_cron=1784268189.8877649307250976562500 HTTP/2" 200 0 "-" "WordPress/7.0.1; https://www.ampiwork.com"
2a03:2880:f800:22:: - - [17/Jul/2026:06:03:00 +0000] "GET /2025/03/14/top-paying-online-slots/ HTTP/2" 200 14997 "-" "Mozilla/5.0 (Macintosh; Intel Mac OS X 10_15_7) AppleWebKit/537.36 (KHTML, like Gecko) Chrome/145.0.0.0 Safari/537.36 (compatible; meta-externalagent/1.1 (+https://developers.facebook.com/docs/sharing/webmasters/crawler))"
2a03:2880:f800:a:: - - [17/Jul/2026:06:03:22 +0000] "GET /2025/03/14/cresus-casino-bonus-codes-2025/ HTTP/2" 200 14731 "-" "Mozilla/5.0 (Windows NT 10.0; Win64; x64) AppleWebKit/537.36 (KHTML, like Gecko) Chrome/145.0.0.0 Safari/537.36 (compatible; meta-externalagent/1.1 (+https://developers.facebook.com/docs/sharing/webmasters/crawler))"
2a03:2880:f800:1f:: - - [17/Jul/2026:06:03:37 +0000] "GET /2025/03/14/casino-online-news-live/ HTTP/2" 200 14480 "-" "Mozilla/5.0 (Windows NT 10.0; Win64; x64) AppleWebKit/537.36 (KHTML, like Gecko) Chrome/145.0.0.0 Safari/537.36 (compatible; meta-externalagent/1.1 (+https://developers.facebook.com/docs/sharing/webmasters/crawler))"
2a03:2880:f800:42:: - - [17/Jul/2026:06:03:44 +0000] "GET /2025/03/14/online-casinos-legal-australia/ HTTP/2" 200 14671 "-" "Mozilla/5.0 (Macintosh; Intel Mac OS X 10_15_7) AppleWebKit/537.36 (KHTML, like Gecko) Chrome/145.0.0.0 Safari/537.36 (compatible; meta-externalagent/1.1 (+https://developers.facebook.com/docs/sharing/webmasters/crawler))"
65.181.116.207 - - [17/Jul/2026:06:04:34 +0000] "POST /wp-cron.php?doing_wp_cron=1784268274.3344581127166748046875 HTTP/2" 200 0 "-" "WordPress/7.0.1; https://www.ampiwork.com"
2a03:2880:f800:7:: - - [17/Jul/2026:06:04:26 +0000] "GET /2025/03/14/cards-heart-diamond-spades/ HTTP/2" 200 15120 "-" "Mozilla/5.0 (Windows NT 10.0; Win64; x64) AppleWebKit/537.36 (KHTML, like Gecko) Chrome/145.0.0.0 Safari/537.36 (compatible; meta-externalagent/1.1 (+https://developers.facebook.com/docs/sharing/webmasters/crawler))"
65.181.116.207 - - [17/Jul/2026:06:05:15 +0000] "POST /wp-cron.php?doing_wp_cron=1784268314.9313209056854248046875 HTTP/2" 200 0 "-" "WordPress/7.0.1; https://www.ampiwork.com"
2a03:2880:f800:: - - [17/Jul/2026:06:05:07 +0000] "GET /2025/03/14/casino-reels-video-slot-review/ HTTP/2" 200 14815 "-" "Mozilla/5.0 (Windows NT 10.0; Win64; x64) AppleWebKit/537.36 (KHTML, like Gecko) Chrome/145.0.0.0 Safari/537.36 (compatible; meta-externalagent/1.1 (+https://developers.facebook.com/docs/sharing/webmasters/crawler))"
2a03:2880:f800:5:: - - [17/Jul/2026:06:05:32 +0000] "GET /2025/03/14/glimmer-casino-bonus-codes-2025/ HTTP/2" 200 14715 "-" "Mozilla/5.0 (Windows NT 10.0; Win64; x64) AppleWebKit/537.36 (KHTML, like Gecko) Chrome/145.0.0.0 Safari/537.36 (compatible; meta-externalagent/1.1 (+https://developers.facebook.com/docs/sharing/webmasters/crawler))"
65.181.116.207 - - [17/Jul/2026:06:06:28 +0000] "POST /wp-cron.php?doing_wp_cron=1784268388.7683990001678466796875 HTTP/2" 200 0 "-" "WordPress/7.0.1; https://www.ampiwork.com"
2a03:2880:f800:16:: - - [17/Jul/2026:06:06:20 +0000] "GET /2025/03/14/casino-free-bonus-no-deposit-2025-uk/ HTTP/2" 200 14577 "-" "Mozilla/5.0 (Windows NT 10.0; Win64; x64) AppleWebKit/537.36 (KHTML, like Gecko) Chrome/145.0.0.0 Safari/537.36 (compatible; meta-externalagent/1.1 (+https://developers.facebook.com/docs/sharing/webmasters/crawler))"
2a03:2880:f800:28:: - - [17/Jul/2026:06:06:38 +0000] "GET /2025/03/14/mansion-casino-new-zealand/ HTTP/2" 200 14733 "-" "Mozilla/5.0 (Windows NT 10.0; Win64; x64) AppleWebKit/537.36 (KHTML, like Gecko) Chrome/145.0.0.0 Safari/537.36 (compatible; meta-externalagent/1.1 (+https://developers.facebook.com/docs/sharing/webmasters/crawler))"
2a03:2880:f800:32:: - - [17/Jul/2026:06:06:43 +0000] "GET /2025/03/14/pay-and-play-casino-no-deposit-bonus-100-free-spins/ HTTP/2" 200 15047 "-" "Mozilla/5.0 (X11; Linux x86_64) AppleWebKit/537.36 (KHTML, like Gecko) Chrome/145.0.0.0 Safari/537.36 (compatible; meta-externalagent/1.1 (+https://developers.facebook.com/docs/sharing/webmasters/crawler))"
65.181.116.207 - - [17/Jul/2026:06:07:29 +0000] "POST /wp-cron.php?doing_wp_cron=1784268449.7402811050415039062500 HTTP/2" 200 0 "-" "WordPress/7.0.1; https://www.ampiwork.com"
2a03:2880:f800:7:: - - [17/Jul/2026:06:07:21 +0000] "GET /2025/03/14/how-to-place-casino-bet-online/ HTTP/2" 200 14719 "-" "Mozilla/5.0 (Macintosh; Intel Mac OS X 10_15_7) AppleWebKit/537.36 (KHTML, like Gecko) Chrome/145.0.0.0 Safari/537.36 (compatible; meta-externalagent/1.1 (+https://developers.facebook.com/docs/sharing/webmasters/crawler))"
2a03:2880:f800:45:: - - [17/Jul/2026:06:07:38 +0000] "GET /2025/03/14/difference-between-american-and-european-roulette/ HTTP/2" 200 14977 "-" "Mozilla/5.0 (Macintosh; Intel Mac OS X 10_15_7) AppleWebKit/537.36 (KHTML, like Gecko) Chrome/145.0.0.0 Safari/537.36 (compatible; meta-externalagent/1.1 (+https://developers.facebook.com/docs/sharing/webmasters/crawler))"
65.181.116.207 - - [17/Jul/2026:06:08:29 +0000] "POST /wp-cron.php?doing_wp_cron=1784268509.2445170879364013671875 HTTP/2" 200 0 "-" "WordPress/7.0.1; https://www.ampiwork.com"
2a03:2880:f800:47:: - - [17/Jul/2026:06:08:21 +0000] "GET /2025/03/14/ninja-casino-no-deposit-bonus-100-free-spins/ HTTP/2" 200 15042 "-" "Mozilla/5.0 (Windows NT 10.0; Win64; x64) AppleWebKit/537.36 (KHTML, like Gecko) Chrome/145.0.0.0 Safari/537.36 (compatible; meta-externalagent/1.1 (+https://developers.facebook.com/docs/sharing/webmasters/crawler))"
2a03:2880:f800:31:: - - [17/Jul/2026:06:08:30 +0000] "GET /2025/03/14/3-reel-slots-free-play/ HTTP/2" 200 14931 "-" "Mozilla/5.0 (Macintosh; Intel Mac OS X 10_15_7) AppleWebKit/537.36 (KHTML, like Gecko) Chrome/145.0.0.0 Safari/537.36 (compatible; meta-externalagent/1.1 (+https://developers.facebook.com/docs/sharing/webmasters/crawler))"
65.181.116.207 - - [17/Jul/2026:06:08:34 +0000] "POST /wp-cron.php?doing_wp_cron=1784268514.3282599449157714843750 HTTP/2" 200 0 "-" "WordPress/7.0.1; https://www.ampiwork.com"
2a03:2880:f800:c:: - - [17/Jul/2026:06:08:28 +0000] "GET /2025/03/14/canada-real-roulette-online/ HTTP/2" 200 14761 "-" "Mozilla/5.0 (Windows NT 10.0; Win64; x64) AppleWebKit/537.36 (KHTML, like Gecko) Chrome/145.0.0.0 Safari/537.36 (compatible; meta-externalagent/1.1 (+https://developers.facebook.com/docs/sharing/webmasters/crawler))"
2a03:2880:f800:19:: - - [17/Jul/2026:06:08:31 +0000] "GET /2025/03/14/casino-bonuses-free-spins-new-zealand/ HTTP/2" 200 14724 "-" "Mozilla/5.0 (Macintosh; Intel Mac OS X 10_15_7) AppleWebKit/537.36 (KHTML, like Gecko) Chrome/145.0.0.0 Safari/537.36 (compatible; meta-externalagent/1.1 (+https://developers.facebook.com/docs/sharing/webmasters/crawler))"
65.181.116.207 - - [17/Jul/2026:06:09:39 +0000] "POST /wp-cron.php?doing_wp_cron=1784268578.9946200847625732421875 HTTP/2" 200 0 "-" "WordPress/7.0.1; https://www.ampiwork.com"
2a03:2880:f800:10:: - - [17/Jul/2026:06:09:32 +0000] "GET /2025/03/14/slots-without-gamstop-uk/ HTTP/2" 200 14719 "-" "Mozilla/5.0 (Windows NT 10.0; Win64; x64) AppleWebKit/537.36 (KHTML, like Gecko) Chrome/145.0.0.0 Safari/537.36 (compatible; meta-externalagent/1.1 (+https://developers.facebook.com/docs/sharing/webmasters/crawler))"
65.181.116.207 - - [17/Jul/2026:06:10:37 +0000] "POST /wp-cron.php?doing_wp_cron=1784268637.3157489299774169921875 HTTP/2" 200 0 "-" "WordPress/7.0.1; https://www.ampiwork.com"
2a03:2880:f800:1d:: - - [17/Jul/2026:06:10:30 +0000] "GET /2025/03/14/gob88-casino-no-deposit-bonus-100-free-spins/ HTTP/2" 200 14875 "-" "Mozilla/5.0 (X11; Linux x86_64) AppleWebKit/537.36 (KHTML, like Gecko) Chrome/145.0.0.0 Safari/537.36 (compatible; meta-externalagent/1.1 (+https://developers.facebook.com/docs/sharing/webmasters/crawler))"
2a03:2880:f800:2e:: - - [17/Jul/2026:06:10:34 +0000] "GET /2025/03/14/machine-slot-games/ HTTP/2" 200 14830 "-" "Mozilla/5.0 (Windows NT 10.0; Win64; x64) AppleWebKit/537.36 (KHTML, like Gecko) Chrome/145.0.0.0 Safari/537.36 (compatible; meta-externalagent/1.1 (+https://developers.facebook.com/docs/sharing/webmasters/crawler))"
65.181.116.207 - - [17/Jul/2026:06:11:26 +0000] "POST /wp-cron.php?doing_wp_cron=1784268686.6425180435180664062500 HTTP/2" 200 0 "-" "WordPress/7.0.1; https://www.ampiwork.com"
2a03:2880:f800:12:: - - [17/Jul/2026:06:11:21 +0000] "GET /2025/03/14/bingo-slots-ireland/ HTTP/2" 200 15008 "-" "Mozilla/5.0 (Windows NT 10.0; Win64; x64) AppleWebKit/537.36 (KHTML, like Gecko) Chrome/145.0.0.0 Safari/537.36 Edg/145.0.0.0 (compatible; meta-externalagent/1.1 (+https://developers.facebook.com/docs/sharing/webmasters/crawler))"
2a03:2880:f800:28:: - - [17/Jul/2026:06:11:41 +0000] "GET /2025/03/14/online-casinos-australia-no-deposit/ HTTP/2" 200 14905 "-" "Mozilla/5.0 (Windows NT 10.0; Win64; x64) AppleWebKit/537.36 (KHTML, like Gecko) Chrome/145.0.0.0 Safari/537.36 (compatible; meta-externalagent/1.1 (+https://developers.facebook.com/docs/sharing/webmasters/crawler))"
177.154.168.150 - - [17/Jul/2026:06:11:48 +0000] "GET /2025/03/14/0-roulette-wheel/ HTTP/2" 200 14701 "-" "Mozilla/5.0 (X11; Linux x86_64) AppleWebKit/537.36 (KHTML, like Gecko) Chrome/150.0.0.0 Safari/537.36"
2a03:2880:f800:26:: - - [17/Jul/2026:06:11:50 +0000] "GET /2025/03/14/eu-casino-new-zealand-players/ HTTP/2" 200 14653 "-" "Mozilla/5.0 (Windows NT 10.0; Win64; x64) AppleWebKit/537.36 (KHTML, like Gecko) Chrome/145.0.0.0 Safari/537.36 (compatible; meta-externalagent/1.1 (+https://developers.facebook.com/docs/sharing/webmasters/crawler))"
177.154.168.150 - - [17/Jul/2026:06:11:57 +0000] "GET /wp-content/themes/hello-elementor/assets/js/hello-frontend.min.js?ver=3.3.0 HTTP/2" 200 548 "https://www.ampiwork.com/2025/03/14/0-roulette-wheel/" "Mozilla/5.0 (X11; Linux x86_64) AppleWebKit/537.36 (KHTML, like Gecko) Chrome/150.0.0.0 Safari/537.36"
177.154.168.150 - - [17/Jul/2026:06:11:57 +0000] "GET /wp-includes/js/jquery/jquery.min.js?ver=3.7.1 HTTP/2" 200 29744 "https://www.ampiwork.com/2025/03/14/0-roulette-wheel/" "Mozilla/5.0 (X11; Linux x86_64) AppleWebKit/537.36 (KHTML, like Gecko) Chrome/150.0.0.0 Safari/537.36"
177.154.168.150 - - [17/Jul/2026:06:11:57 +0000] "GET /wp-includes/js/jquery/jquery-migrate.min.js?ver=3.4.1 HTTP/2" 200 4678 "https://www.ampiwork.com/2025/03/14/0-roulette-wheel/" "Mozilla/5.0 (X11; Linux x86_64) AppleWebKit/537.36 (KHTML, like Gecko) Chrome/150.0.0.0 Safari/537.36"
177.154.168.150 - - [17/Jul/2026:06:12:00 +0000] "GET /wp-content/plugins/woocommerce/assets/js/sourcebuster/sourcebuster.min.js?ver=10.1.0 HTTP/2" 200 4609 "https://www.ampiwork.com/2025/03/14/0-roulette-wheel/" "Mozilla/5.0 (X11; Linux x86_64) AppleWebKit/537.36 (KHTML, like Gecko) Chrome/150.0.0.0 Safari/537.36"
65.181.116.207 - - [17/Jul/2026:06:12:14 +0000] "POST /wp-cron.php?doing_wp_cron=1784268734.5624060630798339843750 HTTP/2" 200 0 "-" "WordPress/7.0.1; https://www.ampiwork.com"
2a03:2880:f800:4:: - - [17/Jul/2026:06:12:07 +0000] "GET /2025/03/14/australia-express-online-slots/ HTTP/2" 200 14994 "-" "Mozilla/5.0 (Windows NT 10.0; Win64; x64) AppleWebKit/537.36 (KHTML, like Gecko) Chrome/145.0.0.0 Safari/537.36 (compatible; meta-externalagent/1.1 (+https://developers.facebook.com/docs/sharing/webmasters/crawler))"
