20.63.63.128 - - [16/Jul/2026:22:42:12 +0000] "GET /wp-fileesx-449.php HTTP/2" 404 3415 "-" "-"
20.63.63.128 - - [16/Jul/2026:22:42:12 +0000] "GET /wp-good.php HTTP/2" 404 3415 "-" "-"
20.63.63.128 - - [16/Jul/2026:22:42:12 +0000] "GET /shx.php HTTP/2" 404 3415 "-" "-"
20.63.63.128 - - [16/Jul/2026:22:42:13 +0000] "GET /dropdown.php HTTP/2" 404 3415 "-" "-"
20.63.63.128 - - [16/Jul/2026:22:42:13 +0000] "GET /revealability.php HTTP/2" 404 3415 "-" "-"
20.63.63.128 - - [16/Jul/2026:22:42:13 +0000] "GET /wp.php HTTP/2" 404 3415 "-" "-"
20.63.63.128 - - [16/Jul/2026:22:42:13 +0000] "GET /wp-wz.php HTTP/2" 404 3415 "-" "-"
20.63.63.128 - - [16/Jul/2026:22:42:13 +0000] "GET /06.php HTTP/2" 404 3415 "-" "-"
20.63.63.128 - - [16/Jul/2026:22:42:13 +0000] "GET /chomu.php HTTP/2" 404 3415 "-" "-"
20.63.63.128 - - [16/Jul/2026:22:42:13 +0000] "GET /ff.php HTTP/2" 404 3415 "-" "-"
20.63.63.128 - - [16/Jul/2026:22:42:13 +0000] "GET /xex.php HTTP/2" 404 3415 "-" "-"
20.63.63.128 - - [16/Jul/2026:22:42:13 +0000] "GET /wp-sing.php HTTP/2" 404 3415 "-" "-"
20.63.63.128 - - [16/Jul/2026:22:42:13 +0000] "GET /txets.php HTTP/2" 404 3415 "-" "-"
20.63.63.128 - - [16/Jul/2026:22:42:14 +0000] "GET /xml.php HTTP/2" 404 3415 "-" "-"
20.63.63.128 - - [16/Jul/2026:22:42:14 +0000] "GET /bgymj.php HTTP/2" 404 3415 "-" "-"
20.63.63.128 - - [16/Jul/2026:22:42:14 +0000] "GET /t.php HTTP/2" 404 3415 "-" "-"
20.63.63.128 - - [16/Jul/2026:22:42:14 +0000] "GET /wp.php HTTP/2" 404 3415 "-" "-"
20.63.63.128 - - [16/Jul/2026:22:42:14 +0000] "GET /mini.php HTTP/2" 404 3415 "-" "-"
20.63.63.128 - - [16/Jul/2026:22:42:14 +0000] "GET /19.php HTTP/2" 404 3415 "-" "-"
20.63.63.128 - - [16/Jul/2026:22:42:14 +0000] "GET /db.php HTTP/2" 404 3415 "-" "-"
20.63.63.128 - - [16/Jul/2026:22:42:14 +0000] "GET /wmore1.php HTTP/2" 404 3415 "-" "-"
20.63.63.128 - - [16/Jul/2026:22:42:14 +0000] "GET /amax.php HTTP/2" 404 3415 "-" "-"
20.63.63.128 - - [16/Jul/2026:22:42:15 +0000] "GET /wp-admin/index.php HTTP/2" 404 3415 "-" "-"
20.63.63.128 - - [16/Jul/2026:22:42:15 +0000] "GET /b.php HTTP/2" 404 3415 "-" "-"
20.63.63.128 - - [16/Jul/2026:22:42:15 +0000] "GET /8.php HTTP/2" 404 3415 "-" "-"
20.63.63.128 - - [16/Jul/2026:22:42:15 +0000] "GET /wp-is.php HTTP/2" 404 3415 "-" "-"
20.63.63.128 - - [16/Jul/2026:22:42:15 +0000] "GET /yanz.php HTTP/2" 404 3415 "-" "-"
20.63.63.128 - - [16/Jul/2026:22:42:15 +0000] "GET /term.php HTTP/2" 404 3415 "-" "-"
20.63.63.128 - - [16/Jul/2026:22:42:15 +0000] "GET /wp-block.php HTTP/2" 404 3415 "-" "-"
20.63.63.128 - - [16/Jul/2026:22:42:15 +0000] "GET /file88.php HTTP/2" 404 3415 "-" "-"
20.63.63.128 - - [16/Jul/2026:22:42:15 +0000] "GET /wp-content/uploads/admin.php HTTP/2" 404 3415 "-" "-"
20.63.63.128 - - [16/Jul/2026:22:42:16 +0000] "GET /sid3.php HTTP/2" 404 3415 "-" "-"
20.63.63.128 - - [16/Jul/2026:22:42:16 +0000] "GET /wp-blink.php HTTP/2" 404 3415 "-" "-"
20.63.63.128 - - [16/Jul/2026:22:42:16 +0000] "GET /i.php HTTP/2" 404 3415 "-" "-"
20.63.63.128 - - [16/Jul/2026:22:42:16 +0000] "GET /wp-admin/zoko.php HTTP/2" 404 3415 "-" "-"
20.63.63.128 - - [16/Jul/2026:22:42:16 +0000] "GET /wp-tivate.php HTTP/2" 404 3415 "-" "-"
20.63.63.128 - - [16/Jul/2026:22:42:16 +0000] "GET /shell.php HTTP/2" 404 3415 "-" "-"
20.63.63.128 - - [16/Jul/2026:22:42:16 +0000] "GET /new.php HTTP/2" 404 3415 "-" "-"
20.63.63.128 - - [16/Jul/2026:22:42:16 +0000] "GET /lp6.php HTTP/2" 404 3415 "-" "-"
20.63.63.128 - - [16/Jul/2026:22:42:16 +0000] "GET /dex.php HTTP/2" 404 3415 "-" "-"
20.63.63.128 - - [16/Jul/2026:22:42:17 +0000] "GET /wp-term.php HTTP/2" 404 3415 "-" "-"
20.63.63.128 - - [16/Jul/2026:22:42:17 +0000] "GET /wp-xx.php HTTP/2" 404 3415 "-" "-"
20.63.63.128 - - [16/Jul/2026:22:42:17 +0000] "GET /cilus.php HTTP/2" 404 3415 "-" "-"
20.63.63.128 - - [16/Jul/2026:22:42:17 +0000] "GET /ccou.php HTTP/2" 404 3415 "-" "-"
20.63.63.128 - - [16/Jul/2026:22:42:17 +0000] "GET /edit.php HTTP/2" 404 3415 "-" "-"
20.63.63.128 - - [16/Jul/2026:22:42:17 +0000] "GET /shell20211028.php HTTP/2" 404 3415 "-" "-"
20.63.63.128 - - [16/Jul/2026:22:42:17 +0000] "GET /ccc.php HTTP/2" 404 3415 "-" "-"
20.63.63.128 - - [16/Jul/2026:22:42:17 +0000] "GET /wp-links-opml.php HTTP/2" 404 3415 "-" "-"
20.63.63.128 - - [16/Jul/2026:22:42:17 +0000] "GET /atkno.php HTTP/2" 404 3415 "-" "-"
20.63.63.128 - - [16/Jul/2026:22:42:18 +0000] "GET /1.php HTTP/2" 404 3415 "-" "-"
20.63.63.128 - - [16/Jul/2026:22:42:18 +0000] "GET /sql.php HTTP/2" 404 3415 "-" "-"
20.63.63.128 - - [16/Jul/2026:22:42:18 +0000] "GET /xxx.php HTTP/2" 404 3415 "-" "-"
20.63.63.128 - - [16/Jul/2026:22:42:18 +0000] "GET /shell.php HTTP/2" 404 3415 "-" "-"
20.63.63.128 - - [16/Jul/2026:22:42:18 +0000] "GET /r.php HTTP/2" 404 3415 "-" "-"
20.63.63.128 - - [16/Jul/2026:22:42:18 +0000] "GET /wso.php HTTP/2" 404 3415 "-" "-"
20.63.63.128 - - [16/Jul/2026:22:42:18 +0000] "GET /wp-ws68.php HTTP/2" 404 3415 "-" "-"
20.63.63.128 - - [16/Jul/2026:22:42:18 +0000] "GET /x.php HTTP/2" 404 3415 "-" "-"
20.63.63.128 - - [16/Jul/2026:22:42:18 +0000] "GET /v2.php HTTP/2" 404 3415 "-" "-"
20.63.63.128 - - [16/Jul/2026:22:42:18 +0000] "GET /atomlib.php HTTP/2" 404 3415 "-" "-"
20.63.63.128 - - [16/Jul/2026:22:42:19 +0000] "GET /wp-ver.php HTTP/2" 404 3415 "-" "-"
20.63.63.128 - - [16/Jul/2026:22:42:19 +0000] "GET /z.php HTTP/2" 404 3415 "-" "-"
20.63.63.128 - - [16/Jul/2026:22:42:19 +0000] "GET /thoms.php HTTP/2" 404 3415 "-" "-"
20.63.63.128 - - [16/Jul/2026:22:42:19 +0000] "GET /bthil.php HTTP/2" 404 3415 "-" "-"
20.63.63.128 - - [16/Jul/2026:22:42:19 +0000] "GET /crgio.php HTTP/2" 404 3415 "-" "-"
20.63.63.128 - - [16/Jul/2026:22:42:19 +0000] "GET /file11.php HTTP/2" 404 3415 "-" "-"
2a03:2880:f800:25:: - - [16/Jul/2026:22:42:42 +0000] "GET /2025/03/14/free-play-casino-ireland/ HTTP/2" 200 14961 "-" "Mozilla/5.0 (Windows NT 10.0; Win64; x64) AppleWebKit/537.36 (KHTML, like Gecko) Chrome/145.0.0.0 Safari/537.36 (compatible; meta-externalagent/1.1 (+https://developers.facebook.com/docs/sharing/webmasters/crawler))"
65.181.116.207 - - [16/Jul/2026:22:42:49 +0000] "POST /wp-cron.php?doing_wp_cron=1784241769.1866900920867919921875 HTTP/2" 200 0 "-" "WordPress/7.0.1; https://www.ampiwork.com"
2a03:2880:f800:2d:: - - [16/Jul/2026:22:42:44 +0000] "GET /2025/03/14/stakelogic-blackjack-side-bets/ HTTP/2" 200 14618 "-" "Mozilla/5.0 (Windows NT 10.0; Win64; x64) AppleWebKit/537.36 (KHTML, like Gecko) Chrome/145.0.0.0 Safari/537.36 (compatible; meta-externalagent/1.1 (+https://developers.facebook.com/docs/sharing/webmasters/crawler))"
65.181.116.207 - - [16/Jul/2026:22:43:19 +0000] "POST /wp-cron.php?doing_wp_cron=1784241799.2794339656829833984375 HTTP/2" 200 0 "-" "WordPress/7.0.1; https://www.ampiwork.com"
2a03:2880:f800:7:: - - [16/Jul/2026:22:43:11 +0000] "GET /2025/03/14/slot-thors-lightning-by-red-tiger-gaming-demo-free-play/ HTTP/2" 200 15037 "-" "Mozilla/5.0 (Windows NT 10.0; Win64; x64) AppleWebKit/537.36 (KHTML, like Gecko) Chrome/145.0.0.0 Safari/537.36 (compatible; meta-externalagent/1.1 (+https://developers.facebook.com/docs/sharing/webmasters/crawler))"
2a03:2880:f800:19:: - - [16/Jul/2026:22:43:30 +0000] "GET /2025/03/14/online-casino-license-canada/ HTTP/2" 200 14892 "-" "Mozilla/5.0 (Windows NT 10.0; Win64; x64) AppleWebKit/537.36 (KHTML, like Gecko) Chrome/145.0.0.0 Safari/537.36 (compatible; meta-externalagent/1.1 (+https://developers.facebook.com/docs/sharing/webmasters/crawler))"
2a03:2880:f800:16:: - - [16/Jul/2026:22:43:51 +0000] "GET /2025/03/14/games-casino-new-zealand/ HTTP/2" 200 14761 "-" "Mozilla/5.0 (Macintosh; Intel Mac OS X 10_15_7) AppleWebKit/537.36 (KHTML, like Gecko) Chrome/145.0.0.0 Safari/537.36 (compatible; meta-externalagent/1.1 (+https://developers.facebook.com/docs/sharing/webmasters/crawler))"
43.157.150.69 - - [16/Jul/2026:22:43:51 +0000] "GET /2025/03/14/jack998-casino-100-free-spins-bonus-2025/ HTTP/2" 200 14582 "-" "Mozilla/5.0 (iPhone; CPU iPhone OS 13_2_3 like Mac OS X) AppleWebKit/605.1.15 (KHTML, like Gecko) Version/13.0.3 Mobile/15E148 Safari/604.1"
65.181.116.207 - - [16/Jul/2026:22:44:54 +0000] "POST /wp-cron.php?doing_wp_cron=1784241894.0680789947509765625000 HTTP/2" 200 0 "-" "WordPress/7.0.1; https://www.ampiwork.com"
2a03:2880:f800:1a:: - - [16/Jul/2026:22:44:47 +0000] "GET /2025/03/14/wpt-global-casino-no-deposit-bonus-codes-for-free-spins-2025/ HTTP/2" 200 15175 "-" "Mozilla/5.0 (Windows NT 10.0; Win64; x64) AppleWebKit/537.36 (KHTML, like Gecko) Chrome/145.0.0.0 Safari/537.36 (compatible; meta-externalagent/1.1 (+https://developers.facebook.com/docs/sharing/webmasters/crawler))"
65.181.116.207 - - [16/Jul/2026:22:45:20 +0000] "POST /wp-cron.php?doing_wp_cron=1784241920.1474781036376953125000 HTTP/2" 200 0 "-" "WordPress/7.0.1; https://www.ampiwork.com"
2a03:2880:f800:3d:: - - [16/Jul/2026:22:45:10 +0000] "GET /2025/03/14/casino-no-deposit-bonus-code-2025/ HTTP/2" 200 14874 "-" "Mozilla/5.0 (Windows NT 10.0; Win64; x64) AppleWebKit/537.36 (KHTML, like Gecko) Chrome/145.0.0.0 Safari/537.36 (compatible; meta-externalagent/1.1 (+https://developers.facebook.com/docs/sharing/webmasters/crawler))"
2a03:2880:f800:34:: - - [16/Jul/2026:22:45:53 +0000] "GET /2025/03/14/native-gaming-casino-no-deposit-bonus-100-free-spins/ HTTP/2" 200 14759 "-" "Mozilla/5.0 (Windows NT 10.0; Win64; x64) AppleWebKit/537.36 (KHTML, like Gecko) Chrome/145.0.0.0 Safari/537.36 (compatible; meta-externalagent/1.1 (+https://developers.facebook.com/docs/sharing/webmasters/crawler))"
2a03:2880:f800:a:: - - [16/Jul/2026:22:45:51 +0000] "GET /2025/03/14/american-roulette-wheel-double-zero/ HTTP/2" 200 14970 "-" "Mozilla/5.0 (X11; Linux x86_64) AppleWebKit/537.36 (KHTML, like Gecko) Chrome/145.0.0.0 Safari/537.36 (compatible; meta-externalagent/1.1 (+https://developers.facebook.com/docs/sharing/webmasters/crawler))"
65.181.116.207 - - [16/Jul/2026:22:47:04 +0000] "POST /wp-cron.php?doing_wp_cron=1784242024.6769809722900390625000 HTTP/2" 200 0 "-" "WordPress/7.0.1; https://www.ampiwork.com"
2a03:2880:f800:25:: - - [16/Jul/2026:22:46:58 +0000] "GET /2025/03/14/optibet-casino-no-deposit-bonus-codes-for-free-spins-2025/ HTTP/2" 200 15068 "-" "Mozilla/5.0 (Windows NT 10.0; Win64; x64) AppleWebKit/537.36 (KHTML, like Gecko) Chrome/145.0.0.0 Safari/537.36 (compatible; meta-externalagent/1.1 (+https://developers.facebook.com/docs/sharing/webmasters/crawler))"
2a03:2880:f800:2a:: - - [16/Jul/2026:22:47:17 +0000] "GET /2025/03/14/free-online-slots-and-casino-games/ HTTP/2" 200 14971 "-" "Mozilla/5.0 (Windows NT 10.0; Win64; x64) AppleWebKit/537.36 (KHTML, like Gecko) Chrome/145.0.0.0 Safari/537.36 (compatible; meta-externalagent/1.1 (+https://developers.facebook.com/docs/sharing/webmasters/crawler))"
2a03:2880:f800:2d:: - - [16/Jul/2026:22:48:29 +0000] "GET /2025/03/14/best-free-slots-game-new-zealand/ HTTP/2" 200 14956 "-" "Mozilla/5.0 (Windows NT 10.0; Win64; x64) AppleWebKit/537.36 (KHTML, like Gecko) Chrome/145.0.0.0 Safari/537.36 (compatible; meta-externalagent/1.1 (+https://developers.facebook.com/docs/sharing/webmasters/crawler))"
65.181.116.207 - - [16/Jul/2026:22:48:34 +0000] "POST /wp-cron.php?doing_wp_cron=1784242114.6812779903411865234375 HTTP/2" 200 0 "-" "WordPress/7.0.1; https://www.ampiwork.com"
2a03:2880:f800:45:: - - [16/Jul/2026:22:48:28 +0000] "GET /2025/03/14/live-roulette-canada-online-real-money/ HTTP/2" 200 15051 "-" "Mozilla/5.0 (Macintosh; Intel Mac OS X 10_15_7) AppleWebKit/537.36 (KHTML, like Gecko) Chrome/145.0.0.0 Safari/537.36 (compatible; meta-externalagent/1.1 (+https://developers.facebook.com/docs/sharing/webmasters/crawler))"
2a03:2880:f800:3c:: - - [16/Jul/2026:22:48:38 +0000] "GET /2025/03/14/slot-triple-gold-by-igt-demo-free-play/ HTTP/2" 200 14993 "-" "Mozilla/5.0 (Macintosh; Intel Mac OS X 10_15_7) AppleWebKit/537.36 (KHTML, like Gecko) Chrome/145.0.0.0 Safari/537.36 (compatible; meta-externalagent/1.1 (+https://developers.facebook.com/docs/sharing/webmasters/crawler))"
2a03:2880:f800:: - - [16/Jul/2026:22:48:48 +0000] "GET /2025/03/14/casino-slots-apps/ HTTP/2" 200 14892 "-" "Mozilla/5.0 (Windows NT 10.0; Win64; x64) AppleWebKit/537.36 (KHTML, like Gecko) Chrome/145.0.0.0 Safari/537.36 (compatible; meta-externalagent/1.1 (+https://developers.facebook.com/docs/sharing/webmasters/crawler))"
65.181.116.207 - - [16/Jul/2026:22:49:20 +0000] "POST /wp-cron.php?doing_wp_cron=1784242160.7601189613342285156250 HTTP/2" 200 0 "-" "WordPress/7.0.1; https://www.ampiwork.com"
2a03:2880:f800:27:: - - [16/Jul/2026:22:49:11 +0000] "GET /2025/03/14/best-slot-canada/ HTTP/2" 200 14720 "-" "Mozilla/5.0 (Windows NT 10.0; Win64; x64) AppleWebKit/537.36 (KHTML, like Gecko) Chrome/145.0.0.0 Safari/537.36 (compatible; meta-externalagent/1.1 (+https://developers.facebook.com/docs/sharing/webmasters/crawler))"
2a03:2880:f800:3c:: - - [16/Jul/2026:22:49:31 +0000] "GET /2025/03/14/gambling-software-providers/ HTTP/2" 200 14976 "-" "Mozilla/5.0 (Windows NT 10.0; Win64; x64) AppleWebKit/537.36 (KHTML, like Gecko) Chrome/145.0.0.0 Safari/537.36 (compatible; meta-externalagent/1.1 (+https://developers.facebook.com/docs/sharing/webmasters/crawler))"
2a03:2880:f800:f:: - - [16/Jul/2026:22:49:46 +0000] "GET /2025/03/14/best-online-casinos-that-accept-ewallets-deposits/ HTTP/2" 200 15131 "-" "Mozilla/5.0 (Windows NT 10.0; Win64; x64) AppleWebKit/537.36 (KHTML, like Gecko) Chrome/145.0.0.0 Safari/537.36 (compatible; meta-externalagent/1.1 (+https://developers.facebook.com/docs/sharing/webmasters/crawler))"
65.181.116.207 - - [16/Jul/2026:22:50:20 +0000] "POST /wp-cron.php?doing_wp_cron=1784242220.1367130279541015625000 HTTP/2" 200 0 "-" "WordPress/7.0.1; https://www.ampiwork.com"
2a03:2880:f800:31:: - - [16/Jul/2026:22:50:12 +0000] "GET /2025/03/14/american-roulette-wheel-strategy/ HTTP/2" 200 15048 "-" "Mozilla/5.0 (Windows NT 10.0; Win64; x64) AppleWebKit/537.36 (KHTML, like Gecko) Chrome/145.0.0.0 Safari/537.36 (compatible; meta-externalagent/1.1 (+https://developers.facebook.com/docs/sharing/webmasters/crawler))"
2a03:2880:f800:a:: - - [16/Jul/2026:22:50:38 +0000] "GET /2025/03/14/blackjack-aces-rules-australia/ HTTP/2" 200 14820 "-" "Mozilla/5.0 (Macintosh; Intel Mac OS X 10_15_7) AppleWebKit/537.36 (KHTML, like Gecko) Chrome/145.0.0.0 Safari/537.36 (compatible; meta-externalagent/1.1 (+https://developers.facebook.com/docs/sharing/webmasters/crawler))"
65.181.116.207 - - [16/Jul/2026:22:51:26 +0000] "POST /wp-cron.php?doing_wp_cron=1784242286.1503839492797851562500 HTTP/2" 200 0 "-" "WordPress/7.0.1; https://www.ampiwork.com"
2a03:2880:f800:4:: - - [16/Jul/2026:22:51:19 +0000] "GET /2025/03/14/best-online-roulette-sites-australia/ HTTP/2" 200 14657 "-" "Mozilla/5.0 (Macintosh; Intel Mac OS X 10_15_7) AppleWebKit/537.36 (KHTML, like Gecko) Chrome/145.0.0.0 Safari/537.36 (compatible; meta-externalagent/1.1 (+https://developers.facebook.com/docs/sharing/webmasters/crawler))"
2a03:2880:f800:33:: - - [16/Jul/2026:22:51:36 +0000] "GET /2025/03/14/slot-shields-of-rome-by-playtech-demo-free-play/ HTTP/2" 200 14787 "-" "Mozilla/5.0 (Windows NT 10.0; Win64; x64) AppleWebKit/537.36 (KHTML, like Gecko) Chrome/145.0.0.0 Safari/537.36 (compatible; meta-externalagent/1.1 (+https://developers.facebook.com/docs/sharing/webmasters/crawler))"
2a03:2880:f800:44:: - - [16/Jul/2026:22:52:04 +0000] "GET /2025/03/14/are-any-casinos-open-in-australia/ HTTP/2" 200 14729 "-" "Mozilla/5.0 (Windows NT 10.0; Win64; x64) AppleWebKit/537.36 (KHTML, like Gecko) Chrome/145.0.0.0 Safari/537.36 (compatible; meta-externalagent/1.1 (+https://developers.facebook.com/docs/sharing/webmasters/crawler))"
65.181.116.207 - - [16/Jul/2026:22:52:11 +0000] "POST /wp-cron.php?doing_wp_cron=1784242331.7718698978424072265625 HTTP/2" 200 0 "-" "WordPress/7.0.1; https://www.ampiwork.com"
2a03:2880:f800:29:: - - [16/Jul/2026:22:52:08 +0000] "GET /2025/03/14/bingo-weymouth/ HTTP/2" 200 14556 "-" "Mozilla/5.0 (Windows NT 10.0; Win64; x64) AppleWebKit/537.36 (KHTML, like Gecko) Chrome/145.0.0.0 Safari/537.36 (compatible; meta-externalagent/1.1 (+https://developers.facebook.com/docs/sharing/webmasters/crawler))"
2a03:2880:f800:1d:: - - [16/Jul/2026:22:52:39 +0000] "GET /2025/03/14/casino-games-like-blackjack/ HTTP/2" 200 14985 "-" "Mozilla/5.0 (Windows NT 10.0; Win64; x64) AppleWebKit/537.36 (KHTML, like Gecko) Chrome/141.0.0.0 Safari/537.36 Edg/141.0.0.0 (compatible; meta-externalagent/1.1 (+https://developers.facebook.com/docs/sharing/webmasters/crawler))"
2a03:2880:f800:6:: - - [16/Jul/2026:22:52:43 +0000] "GET /2025/03/14/fansbet-uk-casino-no-deposit-bonus-100-free-spins/ HTTP/2" 200 14722 "-" "Mozilla/5.0 (X11; Linux x86_64) AppleWebKit/537.36 (KHTML, like Gecko) Chrome/145.0.0.0 Safari/537.36 (compatible; meta-externalagent/1.1 (+https://developers.facebook.com/docs/sharing/webmasters/crawler))"
65.181.116.207 - - [16/Jul/2026:22:53:36 +0000] "POST /wp-cron.php?doing_wp_cron=1784242416.5053019523620605468750 HTTP/2" 200 0 "-" "WordPress/7.0.1; https://www.ampiwork.com"
2a03:2880:f800:1a:: - - [16/Jul/2026:22:53:31 +0000] "GET /2025/03/14/uk-no-deposit-free-spins-2025/ HTTP/2" 200 14782 "-" "Mozilla/5.0 (Windows NT 10.0; Win64; x64) AppleWebKit/537.36 (KHTML, like Gecko) Chrome/145.0.0.0 Safari/537.36 (compatible; meta-externalagent/1.1 (+https://developers.facebook.com/docs/sharing/webmasters/crawler))"
2a03:2880:f800:a:: - - [16/Jul/2026:22:53:41 +0000] "GET /2025/03/14/can-you-card-count-in-online-blackjack/ HTTP/2" 200 15143 "-" "Mozilla/5.0 (Windows NT 10.0; Win64; x64) AppleWebKit/537.36 (KHTML, like Gecko) Chrome/145.0.0.0 Safari/537.36 Edg/145.0.0.0 (compatible; meta-externalagent/1.1 (+https://developers.facebook.com/docs/sharing/webmasters/crawler))"
65.181.116.207 - - [16/Jul/2026:22:54:19 +0000] "POST /wp-cron.php?doing_wp_cron=1784242459.6863210201263427734375 HTTP/2" 200 0 "-" "WordPress/7.0.1; https://www.ampiwork.com"
43.157.148.38 - - [16/Jul/2026:22:54:15 +0000] "GET /wp-json/oembed/1.0/embed?url=https%3A%2F%2Fwww.ampiwork.com%2F2025%2F03%2F14%2Fjack998-casino-100-free-spins-bonus-2025%2F HTTP/2" 200 1064 "-" "Mozilla/5.0 (iPhone; CPU iPhone OS 13_2_3 like Mac OS X) AppleWebKit/605.1.15 (KHTML, like Gecko) Version/13.0.3 Mobile/15E148 Safari/604.1"
2a03:2880:f800:18:: - - [16/Jul/2026:22:54:23 +0000] "GET /2025/03/14/fenibet-casino-login-app-sign-up/ HTTP/2" 200 14726 "-" "Mozilla/5.0 (Macintosh; Intel Mac OS X 10_15_7) AppleWebKit/537.36 (KHTML, like Gecko) Chrome/145.0.0.0 Safari/537.36 (compatible; meta-externalagent/1.1 (+https://developers.facebook.com/docs/sharing/webmasters/crawler))"
2a03:2880:f800:23:: - - [16/Jul/2026:22:54:27 +0000] "GET /2025/03/14/absolute-fun-casino-bournemouth/ HTTP/2" 200 14935 "-" "Mozilla/5.0 (Windows NT 10.0; Win64; x64) AppleWebKit/537.36 (KHTML, like Gecko) Chrome/145.0.0.0 Safari/537.36 (compatible; meta-externalagent/1.1 (+https://developers.facebook.com/docs/sharing/webmasters/crawler))"
2a03:2880:f800:47:: - - [16/Jul/2026:22:54:33 +0000] "GET /2025/03/14/slot-flame-busters-by-thunderkick-demo-free-play/ HTTP/2" 200 14865 "-" "Mozilla/5.0 (Windows NT 10.0; Win64; x64) AppleWebKit/537.36 (KHTML, like Gecko) Chrome/145.0.0.0 Safari/537.36 (compatible; meta-externalagent/1.1 (+https://developers.facebook.com/docs/sharing/webmasters/crawler))"
65.181.116.207 - - [16/Jul/2026:22:55:47 +0000] "POST /wp-cron.php?doing_wp_cron=1784242546.9631628990173339843750 HTTP/2" 200 0 "-" "WordPress/7.0.1; https://www.ampiwork.com"
2a03:2880:f800:11:: - - [16/Jul/2026:22:55:38 +0000] "GET /2025/03/14/5-deposit-casino-uk/ HTTP/2" 200 15049 "-" "Mozilla/5.0 (Windows NT 10.0; Win64; x64) AppleWebKit/537.36 (KHTML, like Gecko) Chrome/145.0.0.0 Safari/537.36 (compatible; meta-externalagent/1.1 (+https://developers.facebook.com/docs/sharing/webmasters/crawler))"
2a03:2880:f800:f:: - - [16/Jul/2026:22:55:50 +0000] "GET /2025/03/14/best-new-paypal-casino/ HTTP/2" 200 15002 "-" "Mozilla/5.0 (Windows NT 10.0; Win64; x64) AppleWebKit/537.36 (KHTML, like Gecko) Chrome/145.0.0.0 Safari/537.36 Edg/145.0.0.0 (compatible; meta-externalagent/1.1 (+https://developers.facebook.com/docs/sharing/webmasters/crawler))"
65.181.116.207 - - [16/Jul/2026:22:56:46 +0000] "POST /wp-cron.php?doing_wp_cron=1784242606.6869049072265625000000 HTTP/2" 200 0 "-" "WordPress/7.0.1; https://www.ampiwork.com"
185.223.152.101 - - [16/Jul/2026:22:56:42 +0000] "POST /wp-login.php HTTP/2" 200 2047 "-" "Mozilla/5.0 (Windows; U; Windows NT 5.2; zh-CN; rv:1.9.1.5) Gecko/Firefox/3.5.5"
65.181.116.207 - - [16/Jul/2026:22:57:44 +0000] "POST /wp-cron.php?doing_wp_cron=1784242664.3826360702514648437500 HTTP/2" 200 0 "-" "WordPress/7.0.1; https://www.ampiwork.com"
2a03:2880:f800:1b:: - - [16/Jul/2026:22:57:36 +0000] "GET /2025/03/14/online-casinos-for-real/ HTTP/2" 200 14938 "-" "Mozilla/5.0 (Windows NT 10.0; Win64; x64) AppleWebKit/537.36 (KHTML, like Gecko) Chrome/145.0.0.0 Safari/537.36 (compatible; meta-externalagent/1.1 (+https://developers.facebook.com/docs/sharing/webmasters/crawler))"
65.181.116.207 - - [16/Jul/2026:22:58:42 +0000] "POST /wp-cron.php?doing_wp_cron=1784242722.6640450954437255859375 HTTP/2" 200 0 "-" "WordPress/7.0.1; https://www.ampiwork.com"
2a03:2880:f800:47:: - - [16/Jul/2026:22:58:37 +0000] "GET /2025/03/14/uk-casino-gambling-sites/ HTTP/2" 200 14674 "-" "Mozilla/5.0 (Windows NT 10.0; Win64; x64) AppleWebKit/537.36 (KHTML, like Gecko) Chrome/145.0.0.0 Safari/537.36 (compatible; meta-externalagent/1.1 (+https://developers.facebook.com/docs/sharing/webmasters/crawler))"
65.181.116.207 - - [16/Jul/2026:22:59:20 +0000] "POST /wp-cron.php?doing_wp_cron=1784242760.4718720912933349609375 HTTP/2" 200 0 "-" "WordPress/7.0.1; https://www.ampiwork.com"
2a03:2880:f800:c:: - - [16/Jul/2026:22:59:14 +0000] "GET /2025/03/14/live-casino-blackjack-single-hand/ HTTP/2" 200 14996 "-" "Mozilla/5.0 (Windows NT 10.0; Win64; x64) AppleWebKit/537.36 (KHTML, like Gecko) Chrome/145.0.0.0 Safari/537.36 (compatible; meta-externalagent/1.1 (+https://developers.facebook.com/docs/sharing/webmasters/crawler))"
2a03:2880:f800:2b:: - - [16/Jul/2026:22:59:47 +0000] "GET /2025/03/14/cirrus-casino-review-and-free-chips-bonus/ HTTP/2" 200 14977 "-" "Mozilla/5.0 (Macintosh; Intel Mac OS X 10_15_7) AppleWebKit/537.36 (KHTML, like Gecko) Chrome/145.0.0.0 Safari/537.36 (compatible; meta-externalagent/1.1 (+https://developers.facebook.com/docs/sharing/webmasters/crawler))"
65.181.116.207 - - [16/Jul/2026:23:00:30 +0000] "POST /wp-cron.php?doing_wp_cron=1784242830.7518079280853271484375 HTTP/2" 200 0 "-" "WordPress/7.0.1; https://www.ampiwork.com"
2a03:2880:f800:1d:: - - [16/Jul/2026:23:00:20 +0000] "GET /2025/03/14/no-deposit-welcome-bonus-casino-uk-2025/ HTTP/2" 200 14955 "-" "Mozilla/5.0 (Macintosh; Intel Mac OS X 10_15_7) AppleWebKit/537.36 (KHTML, like Gecko) Chrome/145.0.0.0 Safari/537.36 (compatible; meta-externalagent/1.1 (+https://developers.facebook.com/docs/sharing/webmasters/crawler))"
65.181.116.207 - - [16/Jul/2026:23:01:14 +0000] "POST /wp-cron.php?doing_wp_cron=1784242874.4200270175933837890625 HTTP/2" 200 0 "-" "WordPress/7.0.1; https://www.ampiwork.com"
2a03:2880:f800:35:: - - [16/Jul/2026:23:01:03 +0000] "GET /2025/03/14/real-casino-real-money-australia/ HTTP/2" 200 15086 "-" "Mozilla/5.0 (X11; Linux x86_64) AppleWebKit/537.36 (KHTML, like Gecko) Chrome/145.0.0.0 Safari/537.36 (compatible; meta-externalagent/1.1 (+https://developers.facebook.com/docs/sharing/webmasters/crawler))"
2a03:2880:f800:16:: - - [16/Jul/2026:23:01:24 +0000] "GET /2025/03/14/rio-all-suite-casino-100-free-spins-bonus-2025/ HTTP/2" 200 14736 "-" "Mozilla/5.0 (Windows NT 10.0; Win64; x64) AppleWebKit/537.36 (KHTML, like Gecko) Chrome/145.0.0.0 Safari/537.36 (compatible; meta-externalagent/1.1 (+https://developers.facebook.com/docs/sharing/webmasters/crawler))"
65.181.116.207 - - [16/Jul/2026:23:02:44 +0000] "POST /wp-cron.php?doing_wp_cron=1784242964.6251149177551269531250 HTTP/2" 200 0 "-" "WordPress/7.0.1; https://www.ampiwork.com"
2a03:2880:f800:19:: - - [16/Jul/2026:23:02:37 +0000] "GET /2025/03/14/australia-gambling-licence/ HTTP/2" 200 14794 "-" "Mozilla/5.0 (Macintosh; Intel Mac OS X 10_15_7) AppleWebKit/537.36 (KHTML, like Gecko) Chrome/145.0.0.0 Safari/537.36 (compatible; meta-externalagent/1.1 (+https://developers.facebook.com/docs/sharing/webmasters/crawler))"
65.181.116.207 - - [16/Jul/2026:23:03:04 +0000] "POST /wp-cron.php?doing_wp_cron=1784242984.7425940036773681640625 HTTP/2" 200 0 "-" "WordPress/7.0.1; https://www.ampiwork.com"
2a03:2880:f800:6:: - - [16/Jul/2026:23:02:55 +0000] "GET /2025/03/14/caesar-casino-login-app-sign-up/ HTTP/2" 200 14603 "-" "Mozilla/5.0 (Windows NT 10.0; Win64; x64) AppleWebKit/537.36 (KHTML, like Gecko) Chrome/145.0.0.0 Safari/537.36 (compatible; meta-externalagent/1.1 (+https://developers.facebook.com/docs/sharing/webmasters/crawler))"
2a03:2880:f800:8:: - - [16/Jul/2026:23:03:35 +0000] "GET /2025/03/14/casino-uk-gambling-in-state/ HTTP/2" 200 14948 "-" "Mozilla/5.0 (Windows NT 10.0; Win64; x64) AppleWebKit/537.36 (KHTML, like Gecko) Chrome/145.0.0.0 Safari/537.36 (compatible; meta-externalagent/1.1 (+https://developers.facebook.com/docs/sharing/webmasters/crawler))"
65.181.116.207 - - [16/Jul/2026:23:04:22 +0000] "POST /wp-cron.php?doing_wp_cron=1784243062.3801069259643554687500 HTTP/2" 200 0 "-" "WordPress/7.0.1; https://www.ampiwork.com"
2a03:2880:f800:35:: - - [16/Jul/2026:23:04:15 +0000] "GET /2025/03/14/best-litecoin-casino-online/ HTTP/2" 200 14904 "-" "Mozilla/5.0 (Windows NT 10.0; Win64; x64) AppleWebKit/537.36 (KHTML, like Gecko) Chrome/145.0.0.0 Safari/537.36 (compatible; meta-externalagent/1.1 (+https://developers.facebook.com/docs/sharing/webmasters/crawler))"
65.181.116.207 - - [16/Jul/2026:23:05:33 +0000] "POST /wp-cron.php?doing_wp_cron=1784243132.8013699054718017578125 HTTP/2" 200 0 "-" "WordPress/7.0.1; https://www.ampiwork.com"
43.159.144.16 - - [16/Jul/2026:23:05:27 +0000] "GET /wp-json/wp/v2/posts/5541 HTTP/2" 200 2209 "-" "Mozilla/5.0 (iPhone; CPU iPhone OS 13_2_3 like Mac OS X) AppleWebKit/605.1.15 (KHTML, like Gecko) Version/13.0.3 Mobile/15E148 Safari/604.1"
2a03:2880:f800:30:: - - [16/Jul/2026:23:05:50 +0000] "GET /2025/03/14/gambling-act-uk/ HTTP/2" 200 15039 "-" "Mozilla/5.0 (Windows NT 10.0; Win64; x64) AppleWebKit/537.36 (KHTML, like Gecko) Chrome/145.0.0.0 Safari/537.36 (compatible; meta-externalagent/1.1 (+https://developers.facebook.com/docs/sharing/webmasters/crawler))"
65.181.116.207 - - [16/Jul/2026:23:06:25 +0000] "POST /wp-cron.php?doing_wp_cron=1784243185.5744071006774902343750 HTTP/2" 200 0 "-" "WordPress/7.0.1; https://www.ampiwork.com"
2a03:2880:f800:45:: - - [16/Jul/2026:23:06:19 +0000] "GET /2025/03/14/roulette-wheel-system-australia/ HTTP/2" 200 14953 "-" "Mozilla/5.0 (Windows NT 10.0; Win64; x64) AppleWebKit/537.36 (KHTML, like Gecko) Chrome/145.0.0.0 Safari/537.36 (compatible; meta-externalagent/1.1 (+https://developers.facebook.com/docs/sharing/webmasters/crawler))"
2a03:2880:f800:25:: - - [16/Jul/2026:23:06:32 +0000] "GET /2025/03/14/online-slot-machines-real-money/ HTTP/2" 200 14840 "-" "Mozilla/5.0 (Windows NT 10.0; Win64; x64) AppleWebKit/537.36 (KHTML, like Gecko) Chrome/145.0.0.0 Safari/537.36 (compatible; meta-externalagent/1.1 (+https://developers.facebook.com/docs/sharing/webmasters/crawler))"
65.181.116.207 - - [16/Jul/2026:23:07:54 +0000] "POST /wp-cron.php?doing_wp_cron=1784243274.5275959968566894531250 HTTP/2" 200 0 "-" "WordPress/7.0.1; https://www.ampiwork.com"
2a03:2880:f800:22:: - - [16/Jul/2026:23:07:47 +0000] "GET /2025/03/14/most-popular-pragmatic-play-slots/ HTTP/2" 200 14912 "-" "Mozilla/5.0 (Windows NT 10.0; Win64; x64) AppleWebKit/537.36 (KHTML, like Gecko) Chrome/145.0.0.0 Safari/537.36 (compatible; meta-externalagent/1.1 (+https://developers.facebook.com/docs/sharing/webmasters/crawler))"
65.181.116.207 - - [16/Jul/2026:23:08:07 +0000] "POST /wp-cron.php?doing_wp_cron=1784243287.8283510208129882812500 HTTP/2" 200 0 "-" "WordPress/7.0.1; https://www.ampiwork.com"
2a03:2880:f800:1d:: - - [16/Jul/2026:23:08:00 +0000] "GET /2025/03/14/the-best-sites-to-play-slots/ HTTP/2" 200 14751 "-" "Mozilla/5.0 (Windows NT 10.0; Win64; x64) AppleWebKit/537.36 (KHTML, like Gecko) Chrome/145.0.0.0 Safari/537.36 (compatible; meta-externalagent/1.1 (+https://developers.facebook.com/docs/sharing/webmasters/crawler))"
2a03:2880:f800:28:: - - [16/Jul/2026:23:08:32 +0000] "GET /2025/03/14/list-all-casinos-in-united-kingdom/ HTTP/2" 200 14697 "-" "Mozilla/5.0 (Windows NT 10.0; Win64; x64) AppleWebKit/537.36 (KHTML, like Gecko) Chrome/145.0.0.0 Safari/537.36 (compatible; meta-externalagent/1.1 (+https://developers.facebook.com/docs/sharing/webmasters/crawler))"
65.181.116.207 - - [16/Jul/2026:23:09:21 +0000] "POST /wp-cron.php?doing_wp_cron=1784243361.1566538810729980468750 HTTP/2" 200 0 "-" "WordPress/7.0.1; https://www.ampiwork.com"
2a03:2880:f800:2:: - - [16/Jul/2026:23:09:14 +0000] "GET /2025/03/14/cards-game-online-free-rummy/ HTTP/2" 200 15008 "-" "Mozilla/5.0 (Windows NT 10.0; Win64; x64) AppleWebKit/537.36 (KHTML, like Gecko) Chrome/145.0.0.0 Safari/537.36 (compatible; meta-externalagent/1.1 (+https://developers.facebook.com/docs/sharing/webmasters/crawler))"
2a03:2880:f800:30:: - - [16/Jul/2026:23:09:31 +0000] "GET /2025/03/14/real-money-free-spins-no-deposit/ HTTP/2" 200 15092 "-" "Mozilla/5.0 (Windows NT 10.0; Win64; x64) AppleWebKit/537.36 (KHTML, like Gecko) Chrome/145.0.0.0 Safari/537.36 (compatible; meta-externalagent/1.1 (+https://developers.facebook.com/docs/sharing/webmasters/crawler))"
65.181.116.207 - - [16/Jul/2026:23:11:19 +0000] "POST /wp-cron.php?doing_wp_cron=1784243479.1708779335021972656250 HTTP/2" 200 0 "-" "WordPress/7.0.1; https://www.ampiwork.com"
2a03:2880:f800:2a:: - - [16/Jul/2026:23:11:11 +0000] "GET /2025/03/14/best-free-online-casino-no-deposit/ HTTP/2" 200 15056 "-" "Mozilla/5.0 (Macintosh; Intel Mac OS X 10_15_7) AppleWebKit/537.36 (KHTML, like Gecko) Chrome/145.0.0.0 Safari/537.36 (compatible; meta-externalagent/1.1 (+https://developers.facebook.com/docs/sharing/webmasters/crawler))"
103.75.185.95 - - [16/Jul/2026:23:11:22 +0000] "GET /wp-login.php HTTP/2" 200 1914 "-" "Mozilla/5.0 (iPhone; CPU iPhone OS 26_4_2 like Mac OS X) AppleWebKit/605.1.15 (KHTML, like Gecko) CriOS/148.0.7778.47 Mobile/15E148 Safari/604.1"
2a03:2880:f800:a:: - - [16/Jul/2026:23:11:23 +0000] "GET /2025/03/14/free-online-slingo-games-new-zealand/ HTTP/2" 200 15174 "-" "Mozilla/5.0 (Macintosh; Intel Mac OS X 10_15_7) AppleWebKit/537.36 (KHTML, like Gecko) Chrome/145.0.0.0 Safari/537.36 (compatible; meta-externalagent/1.1 (+https://developers.facebook.com/docs/sharing/webmasters/crawler))"
103.75.185.95 - - [16/Jul/2026:23:11:30 +0000] "POST /wp-login.php HTTP/2" 200 2049 "https://ampiwork.com/wp-login.php" "Mozilla/5.0 (iPhone; CPU iPhone OS 26_4_2 like Mac OS X) AppleWebKit/605.1.15 (KHTML, like Gecko) CriOS/148.0.7778.47 Mobile/15E148 Safari/604.1"
17.241.75.158 - - [16/Jul/2026:23:11:53 +0000] "GET /2025/03/14/slot-game-for-free-ireland/ HTTP/2" 200 14954 "-" "Mozilla/5.0 (Macintosh; Intel Mac OS X 10_15_7) AppleWebKit/605.1.15 (KHTML, like Gecko) Version/17.4 Safari/605.1.15 (Applebot/0.1; +http://www.apple.com/go/applebot)"
65.181.116.207 - - [16/Jul/2026:23:13:01 +0000] "POST /wp-cron.php?doing_wp_cron=1784243581.4771211147308349609375 HTTP/2" 200 0 "-" "WordPress/7.0.1; https://www.ampiwork.com"
2a03:2880:f800:29:: - - [16/Jul/2026:23:12:54 +0000] "GET /2025/03/14/min-bet-casinos-slots/ HTTP/2" 200 15044 "-" "Mozilla/5.0 (Macintosh; Intel Mac OS X 10_15_7) AppleWebKit/537.36 (KHTML, like Gecko) Chrome/145.0.0.0 Safari/537.36 (compatible; meta-externalagent/1.1 (+https://developers.facebook.com/docs/sharing/webmasters/crawler))"
65.181.116.207 - - [16/Jul/2026:23:16:35 +0000] "POST /wp-cron.php?doing_wp_cron=1784243795.4316101074218750000000 HTTP/2" 200 0 "-" "WordPress/7.0.1; https://www.ampiwork.com"
43.135.144.126 - - [16/Jul/2026:23:16:31 +0000] "GET /?p=5541 HTTP/2" 301 0 "-" "Mozilla/5.0 (iPhone; CPU iPhone OS 13_2_3 like Mac OS X) AppleWebKit/605.1.15 (KHTML, like Gecko) Version/13.0.3 Mobile/15E148 Safari/604.1"
43.135.144.126 - - [16/Jul/2026:23:16:36 +0000] "GET /2025/03/14/bet-slot-australia/ HTTP/2" 200 14926 "https://www.ampiwork.com/?p=5541" "Mozilla/5.0 (iPhone; CPU iPhone OS 13_2_3 like Mac OS X) AppleWebKit/605.1.15 (KHTML, like Gecko) Version/13.0.3 Mobile/15E148 Safari/604.1"
65.181.116.207 - - [16/Jul/2026:23:17:20 +0000] "POST /wp-cron.php?doing_wp_cron=1784243840.2204499244689941406250 HTTP/2" 200 0 "-" "WordPress/7.0.1; https://www.ampiwork.com"
2a03:2880:f800:21:: - - [16/Jul/2026:23:17:12 +0000] "GET /2025/03/14/slot-luxor-gold-hold-and-win-by-playson-demo-free-play/ HTTP/2" 200 14931 "-" "Mozilla/5.0 (Macintosh; Intel Mac OS X 10_15_7) AppleWebKit/537.36 (KHTML, like Gecko) Chrome/145.0.0.0 Safari/537.36 (compatible; meta-externalagent/1.1 (+https://developers.facebook.com/docs/sharing/webmasters/crawler))"
2a03:2880:f800:2c:: - - [16/Jul/2026:23:18:14 +0000] "GET /2025/03/14/canada-casinos-without-deposit/ HTTP/2" 200 15015 "-" "Mozilla/5.0 (Windows NT 10.0; Win64; x64) AppleWebKit/537.36 (KHTML, like Gecko) Chrome/145.0.0.0 Safari/537.36 (compatible; meta-externalagent/1.1 (+https://developers.facebook.com/docs/sharing/webmasters/crawler))"
65.181.116.207 - - [16/Jul/2026:23:18:17 +0000] "POST /wp-cron.php?doing_wp_cron=1784243897.3958818912506103515625 HTTP/2" 200 0 "-" "WordPress/7.0.1; https://www.ampiwork.com"
2a03:2880:f800:5:: - - [16/Jul/2026:23:18:11 +0000] "GET /2025/03/14/gambling-games-online-real-money/ HTTP/2" 200 14760 "-" "Mozilla/5.0 (Windows NT 10.0; Win64; x64) AppleWebKit/537.36 (KHTML, like Gecko) Chrome/145.0.0.0 Safari/537.36 (compatible; meta-externalagent/1.1 (+https://developers.facebook.com/docs/sharing/webmasters/crawler))"
65.181.116.207 - - [16/Jul/2026:23:18:17 +0000] "POST /wp-cron.php?doing_wp_cron=1784243897.3364400863647460937500 HTTP/2" 200 0 "-" "WordPress/7.0.1; https://www.ampiwork.com"
2a03:2880:f800:1b:: - - [16/Jul/2026:23:18:12 +0000] "GET /2025/03/14/roulette-free-to-play/ HTTP/2" 200 14735 "-" "Mozilla/5.0 (Windows NT 10.0; Win64; x64) AppleWebKit/537.36 (KHTML, like Gecko) Chrome/145.0.0.0 Safari/537.36 (compatible; meta-externalagent/1.1 (+https://developers.facebook.com/docs/sharing/webmasters/crawler))"
2a03:2880:f800:8:: - - [16/Jul/2026:23:18:25 +0000] "GET /2025/03/14/free-spins-slingo-new-zealand/ HTTP/2" 200 14529 "-" "Mozilla/5.0 (Macintosh; Intel Mac OS X 10_15_7) AppleWebKit/537.36 (KHTML, like Gecko) Chrome/145.0.0.0 Safari/537.36 (compatible; meta-externalagent/1.1 (+https://developers.facebook.com/docs/sharing/webmasters/crawler))"
2a03:2880:f800:27:: - - [16/Jul/2026:23:18:41 +0000] "GET /2025/03/14/best-bingo-deals-australia/ HTTP/2" 200 14685 "-" "Mozilla/5.0 (Windows NT 10.0; Win64; x64) AppleWebKit/537.36 (KHTML, like Gecko) Chrome/145.0.0.0 Safari/537.36 (compatible; meta-externalagent/1.1 (+https://developers.facebook.com/docs/sharing/webmasters/crawler))"
65.181.116.207 - - [16/Jul/2026:23:19:06 +0000] "POST /wp-cron.php?doing_wp_cron=1784243946.8012120723724365234375 HTTP/2" 200 0 "-" "WordPress/7.0.1; https://www.ampiwork.com"
2a03:2880:f800:2c:: - - [16/Jul/2026:23:19:03 +0000] "GET /product_cat-sitemap.xml HTTP/2" 200 396 "-" "Mozilla/5.0 (Windows NT 10.0; Win64; x64) AppleWebKit/537.36 (KHTML, like Gecko) Chrome/145.0.0.0 Safari/537.36 (compatible; meta-externalagent/1.1 (+https://developers.facebook.com/docs/sharing/webmasters/crawler))"
2a03:2880:f800:2f:: - - [16/Jul/2026:23:19:32 +0000] "GET /2025/03/14/online-casino-without-deposit-ireland/ HTTP/2" 200 14623 "-" "Mozilla/5.0 (Windows NT 10.0; Win64; x64) AppleWebKit/537.36 (KHTML, like Gecko) Chrome/145.0.0.0 Safari/537.36 (compatible; meta-externalagent/1.1 (+https://developers.facebook.com/docs/sharing/webmasters/crawler))"
2a03:2880:f800:1d:: - - [16/Jul/2026:23:19:51 +0000] "GET /2025/03/14/roulette-sequence-of-numbers-new-zealand/ HTTP/2" 200 15062 "-" "Mozilla/5.0 (Macintosh; Intel Mac OS X 10_15_7) AppleWebKit/537.36 (KHTML, like Gecko) Chrome/145.0.0.0 Safari/537.36 (compatible; meta-externalagent/1.1 (+https://developers.facebook.com/docs/sharing/webmasters/crawler))"
65.181.116.207 - - [16/Jul/2026:23:20:27 +0000] "POST /wp-cron.php?doing_wp_cron=1784244027.0193579196929931640625 HTTP/2" 200 0 "-" "WordPress/7.0.1; https://www.ampiwork.com"
2a03:2880:f800:44:: - - [16/Jul/2026:23:20:21 +0000] "GET /2025/03/14/online-casino-cardiff/ HTTP/2" 200 14929 "-" "Mozilla/5.0 (Windows NT 10.0; Win64; x64) AppleWebKit/537.36 (KHTML, like Gecko) Chrome/145.0.0.0 Safari/537.36 (compatible; meta-externalagent/1.1 (+https://developers.facebook.com/docs/sharing/webmasters/crawler))"
65.181.116.207 - - [16/Jul/2026:23:21:37 +0000] "POST /wp-cron.php?doing_wp_cron=1784244097.0386478900909423828125 HTTP/2" 200 0 "-" "WordPress/7.0.1; https://www.ampiwork.com"
2a03:2880:f800:10:: - - [16/Jul/2026:23:21:30 +0000] "GET /2025/03/14/new-gambling-laws-canada/ HTTP/2" 200 14871 "-" "Mozilla/5.0 (Windows NT 10.0; Win64; x64) AppleWebKit/537.36 (KHTML, like Gecko) Chrome/145.0.0.0 Safari/537.36 (compatible; meta-externalagent/1.1 (+https://developers.facebook.com/docs/sharing/webmasters/crawler))"
65.181.116.207 - - [16/Jul/2026:23:22:29 +0000] "POST /wp-cron.php?doing_wp_cron=1784244149.2232000827789306640625 HTTP/2" 200 0 "-" "WordPress/7.0.1; https://www.ampiwork.com"
2a03:2880:f800:f:: - - [16/Jul/2026:23:22:24 +0000] "GET /2025/03/14/united-kingdom-online-casino-no-deposit/ HTTP/2" 200 14623 "-" "Mozilla/5.0 (Windows NT 10.0; Win64; x64) AppleWebKit/537.36 (KHTML, like Gecko) Chrome/145.0.0.0 Safari/537.36 (compatible; meta-externalagent/1.1 (+https://developers.facebook.com/docs/sharing/webmasters/crawler))"
2a03:2880:f800:2:: - - [16/Jul/2026:23:22:43 +0000] "GET /2025/03/14/all-australia-on-line-casinos/ HTTP/2" 200 14600 "-" "Mozilla/5.0 (Macintosh; Intel Mac OS X 10_15_7) AppleWebKit/537.36 (KHTML, like Gecko) Chrome/145.0.0.0 Safari/537.36 (compatible; meta-externalagent/1.1 (+https://developers.facebook.com/docs/sharing/webmasters/crawler))"
65.181.116.207 - - [16/Jul/2026:23:24:41 +0000] "POST /wp-cron.php?doing_wp_cron=1784244281.3132810592651367187500 HTTP/2" 200 0 "-" "WordPress/7.0.1; https://www.ampiwork.com"
14.232.79.93 - - [16/Jul/2026:23:24:37 +0000] "GET /2025/03/14/-1-free-spins-casino/ HTTP/2" 404 0 "-" "Mozilla/5.0 (X11; Linux x86_64) AppleWebKit/537.36 (KHTML, like Gecko) Chrome/150.0.0.0 Safari/537.36"
65.181.116.207 - - [16/Jul/2026:23:25:20 +0000] "POST /wp-cron.php?doing_wp_cron=1784244320.3988819122314453125000 HTTP/2" 200 0 "-" "WordPress/7.0.1; https://www.ampiwork.com"
43.155.27.244 - - [16/Jul/2026:23:25:16 +0000] "GET /wp-json/oembed/1.0/embed?url=https%3A%2F%2Fwww.ampiwork.com%2F2025%2F03%2F14%2Fcasino-free-slots-games-online%2F&format=xml HTTP/2" 200 1074 "-" "Mozilla/5.0 (iPhone; CPU iPhone OS 13_2_3 like Mac OS X) AppleWebKit/605.1.15 (KHTML, like Gecko) Version/13.0.3 Mobile/15E148 Safari/604.1"
65.181.116.207 - - [16/Jul/2026:23:26:27 +0000] "POST /wp-cron.php?doing_wp_cron=1784244387.4829208850860595703125 HTTP/2" 200 0 "-" "WordPress/7.0.1; https://www.ampiwork.com"
2a03:2880:f800:2a:: - - [16/Jul/2026:23:26:22 +0000] "GET /2025/03/14/richard-casino-review-and-free-chips-bonus/ HTTP/2" 200 15176 "-" "Mozilla/5.0 (X11; Linux x86_64) AppleWebKit/537.36 (KHTML, like Gecko) Chrome/145.0.0.0 Safari/537.36 (compatible; meta-externalagent/1.1 (+https://developers.facebook.com/docs/sharing/webmasters/crawler))"
2a03:2880:f800:47:: - - [16/Jul/2026:23:26:37 +0000] "GET /2025/03/14/coin-master-free-spins-canada-2025/ HTTP/2" 200 14926 "-" "Mozilla/5.0 (Windows NT 10.0; Win64; x64) AppleWebKit/537.36 (KHTML, like Gecko) Chrome/145.0.0.0 Safari/537.36 (compatible; meta-externalagent/1.1 (+https://developers.facebook.com/docs/sharing/webmasters/crawler))"
2a03:2880:f800:18:: - - [16/Jul/2026:23:26:48 +0000] "GET /2025/03/14/new-online-slots-free-spins/ HTTP/2" 200 15012 "-" "Mozilla/5.0 (X11; Ubuntu; Linux x86_64; rv:147.0) Gecko/20100101 Firefox/147.0 (compatible; meta-externalagent/1.1 (+https://developers.facebook.com/docs/sharing/webmasters/crawler))"
65.181.116.207 - - [16/Jul/2026:23:27:55 +0000] "POST /wp-cron.php?doing_wp_cron=1784244475.6725630760192871093750 HTTP/2" 200 0 "-" "WordPress/7.0.1; https://www.ampiwork.com"
2a03:2880:f800:11:: - - [16/Jul/2026:23:27:50 +0000] "GET /2025/03/14/slot-bronco-spirit-by-pragmatic-play-demo-free-play/ HTTP/2" 200 15159 "-" "Mozilla/5.0 (Macintosh; Intel Mac OS X 10_15_7) AppleWebKit/537.36 (KHTML, like Gecko) Chrome/145.0.0.0 Safari/537.36 (compatible; meta-externalagent/1.1 (+https://developers.facebook.com/docs/sharing/webmasters/crawler))"
65.181.116.207 - - [16/Jul/2026:23:28:13 +0000] "POST /wp-cron.php?doing_wp_cron=1784244493.6416990756988525390625 HTTP/2" 200 0 "-" "WordPress/7.0.1; https://www.ampiwork.com"
2a03:2880:f800:22:: - - [16/Jul/2026:23:28:07 +0000] "GET /2025/03/14/can-you-check-numbers-online/ HTTP/2" 200 15011 "-" "Mozilla/5.0 (Windows NT 10.0; Win64; x64) AppleWebKit/537.36 (KHTML, like Gecko) Chrome/145.0.0.0 Safari/537.36 (compatible; meta-externalagent/1.1 (+https://developers.facebook.com/docs/sharing/webmasters/crawler))"
65.181.116.207 - - [16/Jul/2026:23:29:24 +0000] "POST /wp-cron.php?doing_wp_cron=1784244563.9392371177673339843750 HTTP/2" 200 0 "-" "WordPress/7.0.1; https://www.ampiwork.com"
2a03:2880:f800:f:: - - [16/Jul/2026:23:29:18 +0000] "GET /2025/03/14/prank-casino-100-free-spins-bonus-2025/ HTTP/2" 200 15081 "-" "Mozilla/5.0 (Windows NT 10.0; Win64; x64) AppleWebKit/537.36 (KHTML, like Gecko) Chrome/145.0.0.0 Safari/537.36 (compatible; meta-externalagent/1.1 (+https://developers.facebook.com/docs/sharing/webmasters/crawler))"
2a03:2880:f800:32:: - - [16/Jul/2026:23:29:49 +0000] "GET /2025/03/14/can-you-gamble-in-australia/ HTTP/2" 200 14932 "-" "Mozilla/5.0 (Windows NT 10.0; Win64; x64) AppleWebKit/537.36 (KHTML, like Gecko) Chrome/145.0.0.0 Safari/537.36 Edg/145.0.0.0 (compatible; meta-externalagent/1.1 (+https://developers.facebook.com/docs/sharing/webmasters/crawler))"
65.181.116.207 - - [16/Jul/2026:23:30:20 +0000] "POST /wp-cron.php?doing_wp_cron=1784244619.9535300731658935546875 HTTP/2" 200 0 "-" "WordPress/7.0.1; https://www.ampiwork.com"
2a03:2880:f800:11:: - - [16/Jul/2026:23:30:09 +0000] "GET /2025/03/14/deposit-phone-bill/ HTTP/2" 200 14670 "-" "Mozilla/5.0 (Macintosh; Intel Mac OS X 10_15_7) AppleWebKit/537.36 (KHTML, like Gecko) Chrome/145.0.0.0 Safari/537.36 (compatible; meta-externalagent/1.1 (+https://developers.facebook.com/docs/sharing/webmasters/crawler))"
216.73.216.206 - - [16/Jul/2026:23:30:31 +0000] "GET /sitemap.rss HTTP/2" 200 2339 "-" "Mozilla/5.0 AppleWebKit/537.36 (KHTML, like Gecko; compatible; ClaudeBot/1.0; [email protected])"
2a03:2880:f800:5:: - - [16/Jul/2026:23:30:48 +0000] "GET /2025/03/14/500-casino-no-deposit-bonus-100-free-spins/ HTTP/2" 200 14852 "-" "Mozilla/5.0 (Windows NT 10.0; Win64; x64) AppleWebKit/537.36 (KHTML, like Gecko) Chrome/145.0.0.0 Safari/537.36 (compatible; meta-externalagent/1.1 (+https://developers.facebook.com/docs/sharing/webmasters/crawler))"
65.181.116.207 - - [16/Jul/2026:23:32:06 +0000] "POST /wp-cron.php?doing_wp_cron=1784244726.0371780395507812500000 HTTP/2" 200 0 "-" "WordPress/7.0.1; https://www.ampiwork.com"
2a03:2880:f800:19:: - - [16/Jul/2026:23:31:59 +0000] "GET /2025/03/14/jackpot-capital-casino-login-app/ HTTP/2" 200 14993 "-" "Mozilla/5.0 (Windows NT 10.0; Win64; x64) AppleWebKit/537.36 (KHTML, like Gecko) Chrome/145.0.0.0 Safari/537.36 (compatible; meta-externalagent/1.1 (+https://developers.facebook.com/docs/sharing/webmasters/crawler))"
2a03:2880:f800:2e:: - - [16/Jul/2026:23:32:09 +0000] "GET /2025/03/14/free-slots-no-deposit-2025-new-zealand/ HTTP/2" 200 14694 "-" "Mozilla/5.0 (Macintosh; Intel Mac OS X 10_15_7) AppleWebKit/537.36 (KHTML, like Gecko) Chrome/145.0.0.0 Safari/537.36 (compatible; meta-externalagent/1.1 (+https://developers.facebook.com/docs/sharing/webmasters/crawler))"
216.73.216.206 - - [16/Jul/2026:23:32:27 +0000] "GET /sitemap.xml HTTP/2" 200 456 "-" "Mozilla/5.0 AppleWebKit/537.36 (KHTML, like Gecko; compatible; ClaudeBot/1.0; [email protected])"
2a03:2880:f800:2f:: - - [16/Jul/2026:23:32:42 +0000] "GET /2025/03/14/free-casino-slots-no-wifi/ HTTP/2" 200 14680 "-" "Mozilla/5.0 (Windows NT 10.0; Win64; x64) AppleWebKit/537.36 (KHTML, like Gecko) Chrome/145.0.0.0 Safari/537.36 (compatible; meta-externalagent/1.1 (+https://developers.facebook.com/docs/sharing/webmasters/crawler))"
65.181.116.207 - - [16/Jul/2026:23:37:07 +0000] "POST /wp-cron.php?doing_wp_cron=1784245027.2373569011688232421875 HTTP/2" 200 0 "-" "WordPress/7.0.1; https://www.ampiwork.com"
124.156.206.145 - - [16/Jul/2026:23:37:02 +0000] "GET /wp-json/oembed/1.0/embed?url=https%3A%2F%2Fwww.ampiwork.com%2F2025%2F03%2F14%2Funited-kingdom-casinos-online-2025%2F HTTP/2" 200 1038 "-" "Mozilla/5.0 (iPhone; CPU iPhone OS 13_2_3 like Mac OS X) AppleWebKit/605.1.15 (KHTML, like Gecko) Version/13.0.3 Mobile/15E148 Safari/604.1"
2a03:2880:f800:36:: - - [16/Jul/2026:23:37:42 +0000] "GET /2025/03/14/free-demo-slots-games-online-australia/ HTTP/2" 200 14909 "-" "Mozilla/5.0 (Macintosh; Intel Mac OS X 10_15_7) AppleWebKit/537.36 (KHTML, like Gecko) Chrome/145.0.0.0 Safari/537.36 (compatible; meta-externalagent/1.1 (+https://developers.facebook.com/docs/sharing/webmasters/crawler))"
65.181.116.207 - - [16/Jul/2026:23:39:08 +0000] "POST /wp-cron.php?doing_wp_cron=1784245148.5773820877075195312500 HTTP/2" 200 0 "-" "WordPress/7.0.1; https://www.ampiwork.com"
2a03:2880:f800:16:: - - [16/Jul/2026:23:39:00 +0000] "GET /2025/03/14/london-style-blackjack/ HTTP/2" 200 14607 "-" "Mozilla/5.0 (Windows NT 10.0; Win64; x64) AppleWebKit/537.36 (KHTML, like Gecko) Chrome/145.0.0.0 Safari/537.36 (compatible; meta-externalagent/1.1 (+https://developers.facebook.com/docs/sharing/webmasters/crawler))"
2a03:2880:f800:5:: - - [16/Jul/2026:23:39:44 +0000] "GET /2025/03/14/stake-casino-review-and-free-chips-bonus/ HTTP/2" 200 15036 "-" "Mozilla/5.0 (Windows NT 10.0; Win64; x64) AppleWebKit/537.36 (KHTML, like Gecko) Chrome/145.0.0.0 Safari/537.36 (compatible; meta-externalagent/1.1 (+https://developers.facebook.com/docs/sharing/webmasters/crawler))"
65.181.116.207 - - [16/Jul/2026:23:41:54 +0000] "POST /wp-cron.php?doing_wp_cron=1784245314.2077279090881347656250 HTTP/2" 200 0 "-" "WordPress/7.0.1; https://www.ampiwork.com"
2a03:2880:f800:2c:: - - [16/Jul/2026:23:41:49 +0000] "GET /2025/03/14/slot-legend-of-cleopatra-megaways-by-playson-demo-free-play/ HTTP/2" 200 15169 "-" "Mozilla/5.0 (Windows NT 10.0; Win64; x64) AppleWebKit/537.36 (KHTML, like Gecko) Chrome/145.0.0.0 Safari/537.36 (compatible; meta-externalagent/1.1 (+https://developers.facebook.com/docs/sharing/webmasters/crawler))"
65.181.116.207 - - [16/Jul/2026:23:42:16 +0000] "POST /wp-cron.php?doing_wp_cron=1784245336.1826260089874267578125 HTTP/2" 200 0 "-" "WordPress/7.0.1; https://www.ampiwork.com"
15.235.27.154 - - [16/Jul/2026:23:42:11 +0000] "GET /sitemap.rss HTTP/2" 200 2338 "-" "Mozilla/5.0 (compatible; AhrefsBot/7.0; +http://ahrefs.com/robot/)"
65.181.116.207 - - [16/Jul/2026:23:44:28 +0000] "POST /wp-cron.php?doing_wp_cron=1784245468.0470769405364990234375 HTTP/2" 200 0 "-" "WordPress/7.0.1; https://www.ampiwork.com"
2a03:2880:f800:30:: - - [16/Jul/2026:23:44:21 +0000] "GET /2025/03/14/deposit-bonus-codes-united-kingdom-2025/ HTTP/2" 200 14642 "-" "Mozilla/5.0 (Windows NT 10.0; Win64; x64) AppleWebKit/537.36 (KHTML, like Gecko) Chrome/145.0.0.0 Safari/537.36 (compatible; meta-externalagent/1.1 (+https://developers.facebook.com/docs/sharing/webmasters/crawler))"
2a03:2880:f800:36:: - - [16/Jul/2026:23:44:43 +0000] "GET /2025/03/14/td-canada-trust-gambling/ HTTP/2" 200 14504 "-" "Mozilla/5.0 (Windows NT 10.0; Win64; x64) AppleWebKit/537.36 (KHTML, like Gecko) Chrome/145.0.0.0 Safari/537.36 (compatible; meta-externalagent/1.1 (+https://developers.facebook.com/docs/sharing/webmasters/crawler))"
65.181.116.207 - - [16/Jul/2026:23:45:28 +0000] "POST /wp-cron.php?doing_wp_cron=1784245528.6653659343719482421875 HTTP/2" 200 0 "-" "WordPress/7.0.1; https://www.ampiwork.com"
47.254.47.156 - - [16/Jul/2026:23:45:21 +0000] "GET /2025/03/14/jack998-casino-100-free-spins-bonus-2025/ HTTP/2" 200 14582 "-" "Mozilla/5.0 (iPhone; CPU iPhone OS 13_2_3 like Mac OS X) AppleWebKit/605.1.15 (KHTML, like Gecko) Version/13.0.3 Mobile/15E148 Safari/604.1"
65.181.116.207 - - [16/Jul/2026:23:46:13 +0000] "POST /wp-cron.php?doing_wp_cron=1784245573.6806640625000000000000 HTTP/2" 200 0 "-" "WordPress/7.0.1; https://www.ampiwork.com"
2a03:2880:f800:4:: - - [16/Jul/2026:23:46:09 +0000] "GET /2025/03/14/-10-deposit-casino-300-free-spins/ HTTP/2" 404 0 "-" "Mozilla/5.0 (Windows NT 10.0; Win64; x64) AppleWebKit/537.36 (KHTML, like Gecko) Chrome/145.0.0.0 Safari/537.36 (compatible; meta-externalagent/1.1 (+https://developers.facebook.com/docs/sharing/webmasters/crawler))"
65.181.116.207 - - [16/Jul/2026:23:47:51 +0000] "POST /wp-cron.php?doing_wp_cron=1784245671.8763399124145507812500 HTTP/2" 200 0 "-" "WordPress/7.0.1; https://www.ampiwork.com"
54.39.136.65 - - [16/Jul/2026:23:47:48 +0000] "GET /sitemap.xml HTTP/2" 200 457 "-" "Mozilla/5.0 (compatible; AhrefsBot/7.0; +http://ahrefs.com/robot/)"
2a03:2880:f800:47:: - - [16/Jul/2026:23:47:48 +0000] "GET /2025/03/14/honest-online-casinos-for-uk-players/ HTTP/2" 200 15187 "-" "Mozilla/5.0 (Macintosh; Intel Mac OS X 10_15_7) AppleWebKit/537.36 (KHTML, like Gecko) Chrome/145.0.0.0 Safari/537.36 (compatible; meta-externalagent/1.1 (+https://developers.facebook.com/docs/sharing/webmasters/crawler))"
51.161.37.235 - - [16/Jul/2026:23:47:53 +0000] "GET /post-sitemap.xml HTTP/2" 200 13019 "-" "Mozilla/5.0 (compatible; AhrefsBot/7.0; +http://ahrefs.com/robot/)"
65.181.116.207 - - [16/Jul/2026:23:48:46 +0000] "POST /wp-cron.php?doing_wp_cron=1784245726.6729609966278076171875 HTTP/2" 200 0 "-" "WordPress/7.0.1; https://www.ampiwork.com"
