43.167.239.66 - - [16/Jul/2026:19:26:06 +0000] "GET /2025/03/14/age-legal-casino-australia/ HTTP/2" 200 15066 "-" "Mozilla/5.0 (iPhone; CPU iPhone OS 13_2_3 like Mac OS X) AppleWebKit/605.1.15 (KHTML, like Gecko) Version/13.0.3 Mobile/15E148 Safari/604.1"
2a03:2880:f800:25:: - - [16/Jul/2026:19:26:20 +0000] "GET /2025/03/14/bitplay-club-casino-no-deposit-bonus-100-free-spins/ HTTP/2" 200 15163 "-" "Mozilla/5.0 (Windows NT 10.0; Win64; x64) AppleWebKit/537.36 (KHTML, like Gecko) Chrome/145.0.0.0 Safari/537.36 (compatible; meta-externalagent/1.1 (+https://developers.facebook.com/docs/sharing/webmasters/crawler))"
2a03:2880:f800:1b:: - - [16/Jul/2026:19:26:47 +0000] "GET /2025/03/14/200-casino-deposit-bonus/ HTTP/2" 200 14621 "-" "Mozilla/5.0 (Windows NT 10.0; Win64; x64) AppleWebKit/537.36 (KHTML, like Gecko) Chrome/145.0.0.0 Safari/537.36 (compatible; meta-externalagent/1.1 (+https://developers.facebook.com/docs/sharing/webmasters/crawler))"
65.181.116.207 - - [16/Jul/2026:19:27:47 +0000] "POST /wp-cron.php?doing_wp_cron=1784230067.4199600219726562500000 HTTP/2" 200 0 "-" "WordPress/7.0.1; https://www.ampiwork.com"
2a03:2880:f800:12:: - - [16/Jul/2026:19:27:44 +0000] "GET /2025/03/14/web-casino-games/ HTTP/2" 200 15232 "-" "Mozilla/5.0 (Windows NT 10.0; Win64; x64) AppleWebKit/537.36 (KHTML, like Gecko) Chrome/145.0.0.0 Safari/537.36 (compatible; meta-externalagent/1.1 (+https://developers.facebook.com/docs/sharing/webmasters/crawler))"
65.181.116.207 - - [16/Jul/2026:19:28:20 +0000] "POST /wp-cron.php?doing_wp_cron=1784230100.2748079299926757812500 HTTP/2" 200 0 "-" "WordPress/7.0.1; https://www.ampiwork.com"
2a03:2880:f800:3d:: - - [16/Jul/2026:19:28:18 +0000] "GET /2025/03/14/are-online-slots-legal/ HTTP/2" 200 15031 "-" "Mozilla/5.0 (Macintosh; Intel Mac OS X 10_15_7) AppleWebKit/537.36 (KHTML, like Gecko) Chrome/145.0.0.0 Safari/537.36 (compatible; meta-externalagent/1.1 (+https://developers.facebook.com/docs/sharing/webmasters/crawler))"
2a03:2880:f800:3c:: - - [16/Jul/2026:19:28:27 +0000] "GET /news_sitemap.xml HTTP/2" 301 0 "-" "Mozilla/5.0 (Windows NT 10.0; Win64; x64) AppleWebKit/537.36 (KHTML, like Gecko) Chrome/145.0.0.0 Safari/537.36 (compatible; meta-externalagent/1.1 (+https://developers.facebook.com/docs/sharing/webmasters/crawler))"
65.181.116.207 - - [16/Jul/2026:19:30:49 +0000] "POST /wp-cron.php?doing_wp_cron=1784230249.5837619304656982421875 HTTP/2" 200 0 "-" "WordPress/7.0.1; https://www.ampiwork.com"
2a03:2880:f800:10:: - - [16/Jul/2026:19:30:47 +0000] "GET /2025/03/14/1p-slots-ireland/ HTTP/2" 200 14926 "-" "Mozilla/5.0 (Windows NT 10.0; Win64; x64) AppleWebKit/537.36 (KHTML, like Gecko) Chrome/145.0.0.0 Safari/537.36 (compatible; meta-externalagent/1.1 (+https://developers.facebook.com/docs/sharing/webmasters/crawler))"
65.181.116.207 - - [16/Jul/2026:19:32:13 +0000] "POST /wp-cron.php?doing_wp_cron=1784230332.9417738914489746093750 HTTP/2" 200 0 "-" "WordPress/7.0.1; https://www.ampiwork.com"
2a03:2880:f800:: - - [16/Jul/2026:19:32:10 +0000] "GET /2025/03/14/issues-on-online-gambling-canada/ HTTP/2" 200 14504 "-" "Mozilla/5.0 (Windows NT 10.0; Win64; x64) AppleWebKit/537.36 (KHTML, like Gecko) Chrome/145.0.0.0 Safari/537.36 (compatible; meta-externalagent/1.1 (+https://developers.facebook.com/docs/sharing/webmasters/crawler))"
2a03:2880:f800:e:: - - [16/Jul/2026:19:32:53 +0000] "GET /2025/03/14/how-many-slot-machines-in-united-kingdom-casino/ HTTP/2" 200 14995 "-" "Mozilla/5.0 (Macintosh; Intel Mac OS X 10_15_7) AppleWebKit/537.36 (KHTML, like Gecko) Chrome/145.0.0.0 Safari/537.36 (compatible; meta-externalagent/1.1 (+https://developers.facebook.com/docs/sharing/webmasters/crawler))"
65.181.116.207 - - [16/Jul/2026:19:37:36 +0000] "POST /wp-cron.php?doing_wp_cron=1784230656.4202609062194824218750 HTTP/2" 200 0 "-" "WordPress/7.0.1; https://www.ampiwork.com"
2a03:2880:f800:19:: - - [16/Jul/2026:19:37:29 +0000] "GET /2025/03/14/casino-deposit-10-play-with-60/ HTTP/2" 200 14581 "-" "Mozilla/5.0 (Windows NT 10.0; Win64; x64) AppleWebKit/537.36 (KHTML, like Gecko) Chrome/145.0.0.0 Safari/537.36 (compatible; meta-externalagent/1.1 (+https://developers.facebook.com/docs/sharing/webmasters/crawler))"
2a03:2880:f800:2d:: - - [16/Jul/2026:19:38:03 +0000] "GET /sitemap-index.xml HTTP/2" 302 0 "-" "Mozilla/5.0 (Windows NT 10.0; Win64; x64) AppleWebKit/537.36 (KHTML, like Gecko) Chrome/145.0.0.0 Safari/537.36 (compatible; meta-externalagent/1.1 (+https://developers.facebook.com/docs/sharing/webmasters/crawler))"
65.181.116.207 - - [16/Jul/2026:19:38:07 +0000] "POST /wp-cron.php?doing_wp_cron=1784230686.8773000240325927734375 HTTP/2" 200 0 "-" "WordPress/7.0.1; https://www.ampiwork.com"
2a03:2880:f800:35:: - - [16/Jul/2026:19:38:21 +0000] "GET /2025/03/14/the-alter-ego-slots-free-spins-no-deposit/ HTTP/2" 200 15098 "-" "Mozilla/5.0 (Windows NT 10.0; Win64; x64) AppleWebKit/537.36 (KHTML, like Gecko) Chrome/145.0.0.0 Safari/537.36 (compatible; meta-externalagent/1.1 (+https://developers.facebook.com/docs/sharing/webmasters/crawler))"
65.181.116.207 - - [16/Jul/2026:19:39:15 +0000] "POST /wp-cron.php?doing_wp_cron=1784230755.5285151004791259765625 HTTP/2" 200 0 "-" "WordPress/7.0.1; https://www.ampiwork.com"
2a03:2880:f800:2c:: - - [16/Jul/2026:19:39:13 +0000] "GET /2025/03/14/free-gambling-games-online-uk/ HTTP/2" 200 15039 "-" "Mozilla/5.0 (Windows NT 10.0; Win64; x64) AppleWebKit/537.36 (KHTML, like Gecko) Chrome/145.0.0.0 Safari/537.36 (compatible; meta-externalagent/1.1 (+https://developers.facebook.com/docs/sharing/webmasters/crawler))"
185.223.152.113 - - [16/Jul/2026:19:39:17 +0000] "POST /wp-login.php HTTP/2" 200 2047 "-" "mac|Mozilla/5.0 (Macintosh; Intel Mac OS X 7_8_0) Gecko/20100101 Firefox/51.6"
65.181.116.207 - - [16/Jul/2026:19:40:12 +0000] "POST /wp-cron.php?doing_wp_cron=1784230812.3837521076202392578125 HTTP/2" 200 0 "-" "WordPress/7.0.1; https://www.ampiwork.com"
2a03:2880:f800:27:: - - [16/Jul/2026:19:40:06 +0000] "GET /2025/03/14/fanduel-casino-login-app-sign-up/ HTTP/2" 200 14935 "-" "Mozilla/5.0 (Macintosh; Intel Mac OS X 10_15_7) AppleWebKit/537.36 (KHTML, like Gecko) Chrome/145.0.0.0 Safari/537.36 (compatible; meta-externalagent/1.1 (+https://developers.facebook.com/docs/sharing/webmasters/crawler))"
65.181.116.207 - - [16/Jul/2026:19:40:12 +0000] "POST /wp-cron.php?doing_wp_cron=1784230812.4682788848876953125000 HTTP/2" 200 0 "-" "WordPress/7.0.1; https://www.ampiwork.com"
2a03:2880:f800:3d:: - - [16/Jul/2026:19:40:09 +0000] "GET /2025/03/14/bitnity-casino-no-deposit-bonus-100-free-spins/ HTTP/2" 200 15056 "-" "Mozilla/5.0 (Macintosh; Intel Mac OS X 10_15_7) AppleWebKit/537.36 (KHTML, like Gecko) Chrome/145.0.0.0 Safari/537.36 (compatible; meta-externalagent/1.1 (+https://developers.facebook.com/docs/sharing/webmasters/crawler))"
65.181.116.207 - - [16/Jul/2026:19:41:16 +0000] "POST /wp-cron.php?doing_wp_cron=1784230876.3880689144134521484375 HTTP/2" 200 0 "-" "WordPress/7.0.1; https://www.ampiwork.com"
2a03:2880:f800:a:: - - [16/Jul/2026:19:41:12 +0000] "GET /2025/03/14/blackjack-casinos-in-canada/ HTTP/2" 200 14712 "-" "Mozilla/5.0 (Macintosh; Intel Mac OS X 10_15_7) AppleWebKit/537.36 (KHTML, like Gecko) Chrome/145.0.0.0 Safari/537.36 (compatible; meta-externalagent/1.1 (+https://developers.facebook.com/docs/sharing/webmasters/crawler))"
136.243.228.198 - - [16/Jul/2026:19:41:38 +0000] "GET /2025/03/14/slot-machine-game-names-ireland/ HTTP/2" 200 15138 "-" "Mozilla/5.0 (compatible; DataForSeoBot/1.0; +https://dataforseo.com/dataforseo-bot)"
2a03:2880:f800:23:: - - [16/Jul/2026:19:41:46 +0000] "GET /2025/03/14/casino-slot-500-canada/ HTTP/2" 200 15113 "-" "Mozilla/5.0 (Macintosh; Intel Mac OS X 10_15_7) AppleWebKit/537.36 (KHTML, like Gecko) Chrome/145.0.0.0 Safari/537.36 (compatible; meta-externalagent/1.1 (+https://developers.facebook.com/docs/sharing/webmasters/crawler))"
65.181.116.207 - - [16/Jul/2026:19:33:59 +0000] "POST /wp-cron.php?doing_wp_cron=1784230439.4620630741119384765625 HTTP/2" 200 0 "-" "WordPress/7.0.1; https://www.ampiwork.com"
2a03:2880:f800:2a:: - - [16/Jul/2026:19:33:56 +0000] "GET /2025/03/14/5-free-no-deposit-slots/ HTTP/2" 200 14778 "-" "Mozilla/5.0 (Windows NT 10.0; Win64; x64) AppleWebKit/537.36 (KHTML, like Gecko) Chrome/145.0.0.0 Safari/537.36 (compatible; meta-externalagent/1.1 (+https://developers.facebook.com/docs/sharing/webmasters/crawler))"
65.181.116.207 - - [16/Jul/2026:19:34:24 +0000] "POST /wp-cron.php?doing_wp_cron=1784230464.1526770591735839843750 HTTP/2" 200 0 "-" "WordPress/7.0.1; https://www.ampiwork.com"
2a03:2880:f800:25:: - - [16/Jul/2026:19:34:20 +0000] "GET /2025/03/14/free-casino-bonus-no-credit-card-details/ HTTP/2" 200 15177 "-" "Mozilla/5.0 (Windows NT 10.0; Win64; x64) AppleWebKit/537.36 (KHTML, like Gecko) Chrome/145.0.0.0 Safari/537.36 Edg/145.0.0.0 (compatible; meta-externalagent/1.1 (+https://developers.facebook.com/docs/sharing/webmasters/crawler))"
65.181.116.207 - - [16/Jul/2026:19:35:19 +0000] "POST /wp-cron.php?doing_wp_cron=1784230518.9290668964385986328125 HTTP/2" 200 0 "-" "WordPress/7.0.1; https://www.ampiwork.com"
2a03:2880:f800:42:: - - [16/Jul/2026:19:35:12 +0000] "GET /2025/03/14/joker-casino-no-deposit-bonus-codes-for-free-spins-2025/ HTTP/2" 200 15164 "-" "Mozilla/5.0 (Windows NT 10.0; Win64; x64) AppleWebKit/537.36 (KHTML, like Gecko) Chrome/145.0.0.0 Safari/537.36 (compatible; meta-externalagent/1.1 (+https://developers.facebook.com/docs/sharing/webmasters/crawler))"
49.51.141.76 - - [16/Jul/2026:19:35:46 +0000] "GET /?p=1 HTTP/2" 301 0 "-" "Mozilla/5.0 (iPhone; CPU iPhone OS 13_2_3 like Mac OS X) AppleWebKit/605.1.15 (KHTML, like Gecko) Version/13.0.3 Mobile/15E148 Safari/604.1"
2a03:2880:f800:e:: - - [16/Jul/2026:19:35:47 +0000] "GET /2025/03/14/best-play-n-go-casino-canada/ HTTP/2" 200 15018 "-" "Mozilla/5.0 (Windows NT 10.0; Win64; x64) AppleWebKit/537.36 (KHTML, like Gecko) Chrome/145.0.0.0 Safari/537.36 Edg/145.0.0.0 (compatible; meta-externalagent/1.1 (+https://developers.facebook.com/docs/sharing/webmasters/crawler))"
49.51.141.76 - - [16/Jul/2026:19:35:50 +0000] "GET /2025/03/08/hello-world/ HTTP/2" 200 16109 "https://www.ampiwork.com/?p=1" "Mozilla/5.0 (iPhone; CPU iPhone OS 13_2_3 like Mac OS X) AppleWebKit/605.1.15 (KHTML, like Gecko) Version/13.0.3 Mobile/15E148 Safari/604.1"
65.181.116.207 - - [16/Jul/2026:19:36:08 +0000] "POST /wp-cron.php?doing_wp_cron=1784230568.0819818973541259765625 HTTP/2" 200 0 "-" "WordPress/7.0.1; https://www.ampiwork.com"
2a03:2880:f800:22:: - - [16/Jul/2026:19:36:05 +0000] "GET /2025/03/14/new-casinos-online-2025/ HTTP/2" 200 14814 "-" "Mozilla/5.0 (Windows NT 10.0; Win64; x64) AppleWebKit/537.36 (KHTML, like Gecko) Chrome/145.0.0.0 Safari/537.36 (compatible; meta-externalagent/1.1 (+https://developers.facebook.com/docs/sharing/webmasters/crawler))"
2a03:2880:f800:14:: - - [16/Jul/2026:19:36:50 +0000] "GET /2025/03/14/free-slot-machine-games/ HTTP/2" 200 14231 "-" "Mozilla/5.0 (X11; Linux x86_64) AppleWebKit/537.36 (KHTML, like Gecko) Chrome/145.0.0.0 Safari/537.36 (compatible; meta-externalagent/1.1 (+https://developers.facebook.com/docs/sharing/webmasters/crawler))"
65.181.116.207 - - [16/Jul/2026:19:42:19 +0000] "POST /wp-cron.php?doing_wp_cron=1784230938.8494539260864257812500 HTTP/2" 200 0 "-" "WordPress/7.0.1; https://www.ampiwork.com"
216.73.216.206 - - [16/Jul/2026:19:42:16 +0000] "GET /sitemap.rss HTTP/2" 200 2333 "-" "Mozilla/5.0 AppleWebKit/537.36 (KHTML, like Gecko; compatible; ClaudeBot/1.0; [email protected])"
2a03:2880:f800:27:: - - [16/Jul/2026:19:42:24 +0000] "GET /2025/03/14/7sultans-casino-no-deposit-bonus-100-free-spins/ HTTP/2" 200 14861 "-" "Mozilla/5.0 (Windows NT 10.0; Win64; x64) AppleWebKit/537.36 (KHTML, like Gecko) Chrome/145.0.0.0 Safari/537.36 (compatible; meta-externalagent/1.1 (+https://developers.facebook.com/docs/sharing/webmasters/crawler))"
2a03:2880:f800:7:: - - [16/Jul/2026:19:42:27 +0000] "GET /2025/03/14/online-casino-table-games-for-real-money/ HTTP/2" 200 14552 "-" "Mozilla/5.0 (Windows NT 10.0; Win64; x64) AppleWebKit/537.36 (KHTML, like Gecko) Chrome/145.0.0.0 Safari/537.36 (compatible; meta-externalagent/1.1 (+https://developers.facebook.com/docs/sharing/webmasters/crawler))"
65.181.116.207 - - [16/Jul/2026:19:43:18 +0000] "POST /wp-cron.php?doing_wp_cron=1784230998.2905390262603759765625 HTTP/2" 200 0 "-" "WordPress/7.0.1; https://www.ampiwork.com"
2a03:2880:f800:2a:: - - [16/Jul/2026:19:43:12 +0000] "GET /2025/03/14/europa-casino-australia-news/ HTTP/2" 200 14472 "-" "Mozilla/5.0 (Windows NT 10.0; Win64; x64) AppleWebKit/537.36 (KHTML, like Gecko) Chrome/145.0.0.0 Safari/537.36 (compatible; meta-externalagent/1.1 (+https://developers.facebook.com/docs/sharing/webmasters/crawler))"
2a03:2880:f800:23:: - - [16/Jul/2026:19:43:30 +0000] "GET /2025/03/14/casinos-in-middlesbrough/ HTTP/2" 200 14815 "-" "Mozilla/5.0 (Windows NT 10.0; Win64; x64) AppleWebKit/537.36 (KHTML, like Gecko) Chrome/145.0.0.0 Safari/537.36 (compatible; meta-externalagent/1.1 (+https://developers.facebook.com/docs/sharing/webmasters/crawler))"
65.181.116.207 - - [16/Jul/2026:19:44:24 +0000] "POST /wp-cron.php?doing_wp_cron=1784231064.6227109432220458984375 HTTP/2" 200 0 "-" "WordPress/7.0.1; https://www.ampiwork.com"
2a03:2880:f800:e:: - - [16/Jul/2026:19:44:20 +0000] "GET /2025/03/14/free-real-cash-casino/ HTTP/2" 200 14820 "-" "Mozilla/5.0 (Macintosh; Intel Mac OS X 10_15_7) AppleWebKit/537.36 (KHTML, like Gecko) Chrome/145.0.0.0 Safari/537.36 (compatible; meta-externalagent/1.1 (+https://developers.facebook.com/docs/sharing/webmasters/crawler))"
216.73.216.206 - - [16/Jul/2026:19:44:24 +0000] "GET /sitemap.xml HTTP/2" 200 454 "-" "Mozilla/5.0 AppleWebKit/537.36 (KHTML, like Gecko; compatible; ClaudeBot/1.0; [email protected])"
2a03:2880:f800:7:: - - [16/Jul/2026:19:44:53 +0000] "GET /2025/03/14/bit-starz-casino-100-free-spins-bonus-2025/ HTTP/2" 200 14719 "-" "Mozilla/5.0 (Macintosh; Intel Mac OS X 10_15_7) AppleWebKit/537.36 (KHTML, like Gecko) Chrome/145.0.0.0 Safari/537.36 (compatible; meta-externalagent/1.1 (+https://developers.facebook.com/docs/sharing/webmasters/crawler))"
65.181.116.207 - - [16/Jul/2026:19:45:34 +0000] "POST /wp-cron.php?doing_wp_cron=1784231134.6817269325256347656250 HTTP/2" 200 0 "-" "WordPress/7.0.1; https://www.ampiwork.com"
2a03:2880:f800:2c:: - - [16/Jul/2026:19:45:30 +0000] "GET /2025/03/14/free-no-deposit-slot-games-australia/ HTTP/2" 200 14979 "-" "Mozilla/5.0 (Macintosh; Intel Mac OS X 10_15_7) AppleWebKit/537.36 (KHTML, like Gecko) Chrome/145.0.0.0 Safari/537.36 (compatible; meta-externalagent/1.1 (+https://developers.facebook.com/docs/sharing/webmasters/crawler))"
65.181.116.207 - - [16/Jul/2026:19:47:38 +0000] "POST /wp-cron.php?doing_wp_cron=1784231258.7073009014129638671875 HTTP/2" 200 0 "-" "WordPress/7.0.1; https://www.ampiwork.com"
43.135.186.135 - - [16/Jul/2026:19:47:33 +0000] "GET /cart/embed/ HTTP/2" 200 36591 "-" "Mozilla/5.0 (iPhone; CPU iPhone OS 13_2_3 like Mac OS X) AppleWebKit/605.1.15 (KHTML, like Gecko) Version/13.0.3 Mobile/15E148 Safari/604.1"
65.181.116.207 - - [16/Jul/2026:19:48:15 +0000] "POST /wp-cron.php?doing_wp_cron=1784231295.8368039131164550781250 HTTP/2" 200 0 "-" "WordPress/7.0.1; https://www.ampiwork.com"
2a03:2880:f800:6:: - - [16/Jul/2026:19:48:10 +0000] "GET /2025/03/14/chancer-casino-no-deposit-bonus-100-free-spins/ HTTP/2" 200 14888 "-" "Mozilla/5.0 (Windows NT 10.0; Win64; x64) AppleWebKit/537.36 (KHTML, like Gecko) Chrome/145.0.0.0 Safari/537.36 (compatible; meta-externalagent/1.1 (+https://developers.facebook.com/docs/sharing/webmasters/crawler))"
17.22.237.58 - - [16/Jul/2026:19:48:17 +0000] "GET /2025/03/14/blackjack-odds-single-deck-vs-multi-deck/ HTTP/2" 200 14808 "-" "Mozilla/5.0 (Macintosh; Intel Mac OS X 10_15_7) AppleWebKit/605.1.15 (KHTML, like Gecko) Version/17.4 Safari/605.1.15 (Applebot/0.1; +http://www.apple.com/go/applebot)"
2a03:2880:f800:f:: - - [16/Jul/2026:19:48:47 +0000] "GET /2025/03/14/casino-money-online-uk-win/ HTTP/2" 200 14856 "-" "Mozilla/5.0 (Windows NT 10.0; Win64; x64) AppleWebKit/537.36 (KHTML, like Gecko) Chrome/145.0.0.0 Safari/537.36 (compatible; meta-externalagent/1.1 (+https://developers.facebook.com/docs/sharing/webmasters/crawler))"
65.181.116.207 - - [16/Jul/2026:19:49:15 +0000] "POST /wp-cron.php?doing_wp_cron=1784231355.6680378913879394531250 HTTP/2" 200 0 "-" "WordPress/7.0.1; https://www.ampiwork.com"
2a03:2880:f800:11:: - - [16/Jul/2026:19:49:08 +0000] "GET /2025/03/14/uk-no-deposit-mobile-casino/ HTTP/2" 200 14658 "-" "Mozilla/5.0 (Windows NT 10.0; Win64; x64) AppleWebKit/537.36 (KHTML, like Gecko) Chrome/145.0.0.0 Safari/537.36 (compatible; meta-externalagent/1.1 (+https://developers.facebook.com/docs/sharing/webmasters/crawler))"
65.181.116.207 - - [16/Jul/2026:19:50:15 +0000] "POST /wp-cron.php?doing_wp_cron=1784231415.7683579921722412109375 HTTP/2" 200 0 "-" "WordPress/7.0.1; https://www.ampiwork.com"
2a03:2880:f800:8:: - - [16/Jul/2026:19:50:10 +0000] "GET /2025/03/14/gambling-ad-australia/ HTTP/2" 200 14776 "-" "Mozilla/5.0 (Macintosh; Intel Mac OS X 10_15_7) AppleWebKit/537.36 (KHTML, like Gecko) Chrome/145.0.0.0 Safari/537.36 (compatible; meta-externalagent/1.1 (+https://developers.facebook.com/docs/sharing/webmasters/crawler))"
2a03:2880:f800:42:: - - [16/Jul/2026:19:50:31 +0000] "GET /2025/03/14/slotwhales-casino-100-free-spins-bonus-2025/ HTTP/2" 200 14978 "-" "Mozilla/5.0 (Macintosh; Intel Mac OS X 10_15_7) AppleWebKit/537.36 (KHTML, like Gecko) Chrome/145.0.0.0 Safari/537.36 (compatible; meta-externalagent/1.1 (+https://developers.facebook.com/docs/sharing/webmasters/crawler))"
207.46.13.51 - - [16/Jul/2026:19:50:19 +0000] "GET /post-sitemap6.xml HTTP/2" 200 12683 "-" "Mozilla/5.0 AppleWebKit/537.36 (KHTML, like Gecko; compatible; bingbot/2.0; +http://www.bing.com/bingbot.htm) Chrome/116.0.1938.76 Safari/537.36"
65.181.116.207 - - [16/Jul/2026:19:51:57 +0000] "POST /wp-cron.php?doing_wp_cron=1784231517.4734079837799072265625 HTTP/2" 200 0 "-" "WordPress/7.0.1; https://www.ampiwork.com"
2a03:2880:f800:2c:: - - [16/Jul/2026:19:51:54 +0000] "GET /2025/03/14/bingo-extra-casino-no-deposit-bonus-100-free-spins/ HTTP/2" 200 14887 "-" "Mozilla/5.0 (Macintosh; Intel Mac OS X 10_15_7) AppleWebKit/537.36 (KHTML, like Gecko) Chrome/145.0.0.0 Safari/537.36 (compatible; meta-externalagent/1.1 (+https://developers.facebook.com/docs/sharing/webmasters/crawler))"
65.181.116.207 - - [16/Jul/2026:19:51:57 +0000] "POST /wp-cron.php?doing_wp_cron=1784231517.4741170406341552734375 HTTP/2" 200 0 "-" "WordPress/7.0.1; https://www.ampiwork.com"
2a03:2880:f800:23:: - - [16/Jul/2026:19:51:55 +0000] "GET /2025/03/14/online-blackjack-real-money-australia/ HTTP/2" 200 15086 "-" "Mozilla/5.0 (Macintosh; Intel Mac OS X 10_15_7) AppleWebKit/537.36 (KHTML, like Gecko) Chrome/145.0.0.0 Safari/537.36 (compatible; meta-externalagent/1.1 (+https://developers.facebook.com/docs/sharing/webmasters/crawler))"
65.181.116.207 - - [16/Jul/2026:19:52:10 +0000] "POST /wp-cron.php?doing_wp_cron=1784231530.6112220287322998046875 HTTP/2" 200 0 "-" "WordPress/7.0.1; https://www.ampiwork.com"
2a03:2880:f800:3:: - - [16/Jul/2026:19:52:05 +0000] "GET /2025/03/14/fruit-machine-games-free-online-australia/ HTTP/2" 200 14767 "-" "Mozilla/5.0 (Windows NT 10.0; Win64; x64) AppleWebKit/537.36 (KHTML, like Gecko) Chrome/145.0.0.0 Safari/537.36 (compatible; meta-externalagent/1.1 (+https://developers.facebook.com/docs/sharing/webmasters/crawler))"
2a03:2880:f800:13:: - - [16/Jul/2026:19:52:21 +0000] "GET /2025/03/14/low-stakes-online-gambling/ HTTP/2" 200 14923 "-" "Mozilla/5.0 (X11; Linux x86_64) AppleWebKit/537.36 (KHTML, like Gecko) Chrome/145.0.0.0 Safari/537.36 (compatible; meta-externalagent/1.1 (+https://developers.facebook.com/docs/sharing/webmasters/crawler))"
65.181.116.207 - - [16/Jul/2026:19:54:24 +0000] "POST /wp-cron.php?doing_wp_cron=1784231664.6431040763854980468750 HTTP/2" 200 0 "-" "WordPress/7.0.1; https://www.ampiwork.com"
2a03:2880:f800:21:: - - [16/Jul/2026:19:54:21 +0000] "GET /2025/03/14/crown-europe-casino-bonus-codes-2025/ HTTP/2" 200 14846 "-" "Mozilla/5.0 (Windows NT 10.0; Win64; x64) AppleWebKit/537.36 (KHTML, like Gecko) Chrome/145.0.0.0 Safari/537.36 (compatible; meta-externalagent/1.1 (+https://developers.facebook.com/docs/sharing/webmasters/crawler))"
43.157.22.109 - - [16/Jul/2026:19:54:27 +0000] "GET /privacy-policy-2/ HTTP/2" 200 15261 "-" "Mozilla/5.0 (iPhone; CPU iPhone OS 13_2_3 like Mac OS X) AppleWebKit/605.1.15 (KHTML, like Gecko) Version/13.0.3 Mobile/15E148 Safari/604.1"
2a03:2880:f800:17:: - - [16/Jul/2026:19:54:33 +0000] "GET /2025/03/14/free-sign-on-bonus-casino/ HTTP/2" 200 14926 "-" "Mozilla/5.0 (Windows NT 10.0; Win64; x64) AppleWebKit/537.36 (KHTML, like Gecko) Chrome/145.0.0.0 Safari/537.36 (compatible; meta-externalagent/1.1 (+https://developers.facebook.com/docs/sharing/webmasters/crawler))"
2a03:2880:f800:2f:: - - [16/Jul/2026:19:54:54 +0000] "GET /2025/03/14/slots-sites-no-deposit-canada/ HTTP/2" 200 15162 "-" "Mozilla/5.0 (Macintosh; Intel Mac OS X 10_15_7) AppleWebKit/537.36 (KHTML, like Gecko) Chrome/145.0.0.0 Safari/537.36 (compatible; meta-externalagent/1.1 (+https://developers.facebook.com/docs/sharing/webmasters/crawler))"
65.181.116.207 - - [16/Jul/2026:19:55:25 +0000] "POST /wp-cron.php?doing_wp_cron=1784231725.0174720287322998046875 HTTP/2" 200 0 "-" "WordPress/7.0.1; https://www.ampiwork.com"
2a03:2880:f800:23:: - - [16/Jul/2026:19:55:20 +0000] "GET /2025/03/14/free-bingo-no-deposit-keep-winnings/ HTTP/2" 200 15105 "-" "Mozilla/5.0 (Macintosh; Intel Mac OS X 10_15_7) AppleWebKit/537.36 (KHTML, like Gecko) Chrome/145.0.0.0 Safari/537.36 (compatible; meta-externalagent/1.1 (+https://developers.facebook.com/docs/sharing/webmasters/crawler))"
65.181.116.207 - - [16/Jul/2026:19:56:10 +0000] "POST /wp-cron.php?doing_wp_cron=1784231770.0143539905548095703125 HTTP/2" 200 0 "-" "WordPress/7.0.1; https://www.ampiwork.com"
65.181.116.207 - - [16/Jul/2026:20:01:24 +0000] "POST /wp-cron.php?doing_wp_cron=1784232084.6955780982971191406250 HTTP/2" 200 0 "-" "WordPress/7.0.1; https://www.ampiwork.com"
2a03:2880:f800:16:: - - [16/Jul/2026:20:01:19 +0000] "GET /2025/03/14/slots-scatter-uk/ HTTP/2" 200 14777 "-" "Mozilla/5.0 (Windows NT 10.0; Win64; x64) AppleWebKit/537.36 (KHTML, like Gecko) Chrome/145.0.0.0 Safari/537.36 (compatible; meta-externalagent/1.1 (+https://developers.facebook.com/docs/sharing/webmasters/crawler))"
2a03:2880:f800:2:: - - [16/Jul/2026:20:01:41 +0000] "GET /2025/03/14/best-apps-for-online-casino/ HTTP/2" 200 14798 "-" "Mozilla/5.0 (Windows NT 10.0; Win64; x64) AppleWebKit/537.36 (KHTML, like Gecko) Chrome/145.0.0.0 Safari/537.36 (compatible; meta-externalagent/1.1 (+https://developers.facebook.com/docs/sharing/webmasters/crawler))"
65.181.116.207 - - [16/Jul/2026:20:02:31 +0000] "POST /wp-cron.php?doing_wp_cron=1784232151.1597499847412109375000 HTTP/2" 200 0 "-" "WordPress/7.0.1; https://www.ampiwork.com"
17.246.23.33 - - [16/Jul/2026:20:02:25 +0000] "GET /2025/03/14/free-spins-demo-australia/ HTTP/2" 200 14921 "-" "Mozilla/5.0 (Macintosh; Intel Mac OS X 10_15_7) AppleWebKit/605.1.15 (KHTML, like Gecko) Version/17.4 Safari/605.1.15 (Applebot/0.1; +http://www.apple.com/go/applebot)"
65.181.116.207 - - [16/Jul/2026:20:03:18 +0000] "POST /wp-cron.php?doing_wp_cron=1784232198.1253490447998046875000 HTTP/2" 200 0 "-" "WordPress/7.0.1; https://www.ampiwork.com"
2a03:2880:f800:19:: - - [16/Jul/2026:20:03:12 +0000] "GET /2025/03/14/stakers-casino-review-and-free-chips-bonus/ HTTP/2" 200 14910 "-" "Mozilla/5.0 (Windows NT 10.0; Win64; x64) AppleWebKit/537.36 (KHTML, like Gecko) Chrome/145.0.0.0 Safari/537.36 (compatible; meta-externalagent/1.1 (+https://developers.facebook.com/docs/sharing/webmasters/crawler))"
2a03:2880:f800:31:: - - [16/Jul/2026:20:03:51 +0000] "GET /2025/03/14/american-roulette-strategy/ HTTP/2" 200 14913 "-" "Mozilla/5.0 (Windows NT 10.0; Win64; x64) AppleWebKit/537.36 (KHTML, like Gecko) Chrome/145.0.0.0 Safari/537.36 (compatible; meta-externalagent/1.1 (+https://developers.facebook.com/docs/sharing/webmasters/crawler))"
91.92.241.196 - - [16/Jul/2026:20:04:40 +0000] "GET /.env HTTP/2" 200 283 "-" "Mozilla/5.0 (Windows NT 10.0; Win64; x64) AppleWebKit/537.36"
91.92.241.196 - - [16/Jul/2026:20:04:41 +0000] "GET /.env.production HTTP/2" 200 283 "-" "Mozilla/5.0 (Windows NT 10.0; Win64; x64) AppleWebKit/537.36"
91.92.241.196 - - [16/Jul/2026:20:04:42 +0000] "GET /api/.env HTTP/2" 200 283 "-" "Mozilla/5.0 (Windows NT 10.0; Win64; x64) AppleWebKit/537.36"
91.92.241.196 - - [16/Jul/2026:20:04:43 +0000] "GET /.aws/credentials HTTP/2" 200 283 "-" "Mozilla/5.0 (Windows NT 10.0; Win64; x64) AppleWebKit/537.36"
65.181.116.207 - - [16/Jul/2026:20:05:33 +0000] "POST /wp-cron.php?doing_wp_cron=1784232333.2627909183502197265625 HTTP/2" 200 0 "-" "WordPress/7.0.1; https://www.ampiwork.com"
2a03:2880:f800:30:: - - [16/Jul/2026:20:05:28 +0000] "GET /2025/03/14/best-casino-slot-app/ HTTP/2" 200 14732 "-" "Mozilla/5.0 (Windows NT 10.0; Win64; x64) AppleWebKit/537.36 (KHTML, like Gecko) Chrome/145.0.0.0 Safari/537.36 (compatible; meta-externalagent/1.1 (+https://developers.facebook.com/docs/sharing/webmasters/crawler))"
2a03:2880:f800:26:: - - [16/Jul/2026:20:05:36 +0000] "GET /2025/03/14/fair-go-casino-no-deposit-bonus-united-kingdom/ HTTP/2" 200 14803 "-" "Mozilla/5.0 (Windows NT 10.0; Win64; x64) AppleWebKit/537.36 (KHTML, like Gecko) Chrome/145.0.0.0 Safari/537.36 (compatible; meta-externalagent/1.1 (+https://developers.facebook.com/docs/sharing/webmasters/crawler))"
2a03:2880:f800:3d:: - - [16/Jul/2026:20:05:43 +0000] "GET /2025/03/14/ampm-casino-no-deposit-bonus-codes-for-free-spins-2025/ HTTP/2" 200 15234 "-" "Mozilla/5.0 (Windows NT 10.0; Win64; x64) AppleWebKit/537.36 (KHTML, like Gecko) Chrome/145.0.0.0 Safari/537.36 (compatible; meta-externalagent/1.1 (+https://developers.facebook.com/docs/sharing/webmasters/crawler))"
2a03:2880:f800:2f:: - - [16/Jul/2026:19:56:06 +0000] "GET /2025/03/14/play-for-real-money-casino-slots/ HTTP/2" 200 14923 "-" "Mozilla/5.0 (Macintosh; Intel Mac OS X 10_15_7) AppleWebKit/537.36 (KHTML, like Gecko) Chrome/145.0.0.0 Safari/537.36 (compatible; meta-externalagent/1.1 (+https://developers.facebook.com/docs/sharing/webmasters/crawler))"
65.181.116.207 - - [16/Jul/2026:19:56:10 +0000] "POST /wp-cron.php?doing_wp_cron=1784231770.0027210712432861328125 HTTP/2" 200 0 "-" "WordPress/7.0.1; https://www.ampiwork.com"
40.77.167.55 - - [16/Jul/2026:19:56:07 +0000] "GET /2025/03/14/online-real-money-casino-free-spins-no-deposit-canada/ HTTP/2" 200 14910 "-" "Mozilla/5.0 AppleWebKit/537.36 (KHTML, like Gecko; compatible; bingbot/2.0; +http://www.bing.com/bingbot.htm) Chrome/116.0.1938.76 Safari/537.36"
2a03:2880:f800:b:: - - [16/Jul/2026:19:56:11 +0000] "GET /2025/03/14/casino-british-uk/ HTTP/2" 200 14899 "-" "Mozilla/5.0 (Windows NT 10.0; Win64; x64) AppleWebKit/537.36 (KHTML, like Gecko) Chrome/145.0.0.0 Safari/537.36 (compatible; meta-externalagent/1.1 (+https://developers.facebook.com/docs/sharing/webmasters/crawler))"
2a03:2880:f800:20:: - - [16/Jul/2026:19:56:18 +0000] "GET /2025/03/14/merkur-grantham/ HTTP/2" 200 14682 "-" "Mozilla/5.0 (Windows NT 10.0; Win64; x64) AppleWebKit/537.36 (KHTML, like Gecko) Chrome/145.0.0.0 Safari/537.36 (compatible; meta-externalagent/1.1 (+https://developers.facebook.com/docs/sharing/webmasters/crawler))"
2a03:2880:f800:25:: - - [16/Jul/2026:19:57:46 +0000] "GET /2025/03/14/evobet-casino-100-free-spins-bonus-2025/ HTTP/2" 200 14644 "-" "Mozilla/5.0 (Macintosh; Intel Mac OS X 10_15_7) AppleWebKit/537.36 (KHTML, like Gecko) Chrome/145.0.0.0 Safari/537.36 (compatible; meta-externalagent/1.1 (+https://developers.facebook.com/docs/sharing/webmasters/crawler))"
1.14.110.85 - - [16/Jul/2026:19:57:55 +0000] "GET / HTTP/2" 200 20767 "http://ampiwork.com" "Mozilla/5.0 (iPhone; CPU iPhone OS 13_2_3 like Mac OS X) AppleWebKit/605.1.15 (KHTML, like Gecko) Version/13.0.3 Mobile/15E148 Safari/604.1"
65.181.116.207 - - [16/Jul/2026:19:58:27 +0000] "POST /wp-cron.php?doing_wp_cron=1784231907.1148679256439208984375 HTTP/2" 200 0 "-" "WordPress/7.0.1; https://www.ampiwork.com"
185.223.152.114 - - [16/Jul/2026:19:58:24 +0000] "POST /wp-login.php HTTP/2" 200 2047 "-" "linux|Mozilla/5.0 (Linux; Linux x86_64) Gecko/20100101 Firefox/62.9"
65.181.116.207 - - [16/Jul/2026:19:59:16 +0000] "POST /wp-cron.php?doing_wp_cron=1784231956.4406030178070068359375 HTTP/2" 200 0 "-" "WordPress/7.0.1; https://www.ampiwork.com"
2a03:2880:f800:12:: - - [16/Jul/2026:19:59:11 +0000] "GET /2025/03/14/when-did-gambling-become-legal-in-canada/ HTTP/2" 200 14984 "-" "Mozilla/5.0 (X11; Linux x86_64) AppleWebKit/537.36 (KHTML, like Gecko) Chrome/145.0.0.0 Safari/537.36 (compatible; meta-externalagent/1.1 (+https://developers.facebook.com/docs/sharing/webmasters/crawler))"
65.181.116.207 - - [16/Jul/2026:20:00:39 +0000] "POST /wp-cron.php?doing_wp_cron=1784232038.9968678951263427734375 HTTP/2" 200 0 "-" "WordPress/7.0.1; https://www.ampiwork.com"
2a03:2880:f800:7:: - - [16/Jul/2026:20:00:33 +0000] "GET /2025/03/14/nine-casino-100-free-spins-bonus-2025/ HTTP/2" 200 14964 "-" "Mozilla/5.0 (Windows NT 10.0; Win64; x64) AppleWebKit/537.36 (KHTML, like Gecko) Chrome/145.0.0.0 Safari/537.36 Edg/145.0.0.0 (compatible; meta-externalagent/1.1 (+https://developers.facebook.com/docs/sharing/webmasters/crawler))"
2a03:2880:f800:31:: - - [16/Jul/2026:20:00:55 +0000] "GET /2025/03/14/can-you-win-online-blackjack/ HTTP/2" 200 15061 "-" "Mozilla/5.0 (Windows NT 10.0; Win64; x64) AppleWebKit/537.36 (KHTML, like Gecko) Chrome/145.0.0.0 Safari/537.36 (compatible; meta-externalagent/1.1 (+https://developers.facebook.com/docs/sharing/webmasters/crawler))"
2a03:2880:f800:16:: - - [16/Jul/2026:20:05:51 +0000] "GET /2025/03/14/dream-palace-casino-login-app/ HTTP/2" 200 14958 "-" "Mozilla/5.0 (Windows NT 10.0; Win64; x64) AppleWebKit/537.36 (KHTML, like Gecko) Chrome/145.0.0.0 Safari/537.36 (compatible; meta-externalagent/1.1 (+https://developers.facebook.com/docs/sharing/webmasters/crawler))"
65.181.116.207 - - [16/Jul/2026:20:06:07 +0000] "POST /wp-cron.php?doing_wp_cron=1784232367.3850390911102294921875 HTTP/2" 200 0 "-" "WordPress/7.0.1; https://www.ampiwork.com"
43.134.100.175 - - [16/Jul/2026:20:06:03 +0000] "GET /wp-json/oembed/1.0/embed?url=https%3A%2F%2Fwww.ampiwork.com%2F2025%2F03%2F14%2Fage-legal-casino-australia%2F&format=xml HTTP/2" 200 1065 "-" "Mozilla/5.0 (iPhone; CPU iPhone OS 13_2_3 like Mac OS X) AppleWebKit/605.1.15 (KHTML, like Gecko) Version/13.0.3 Mobile/15E148 Safari/604.1"
65.181.116.207 - - [16/Jul/2026:20:07:12 +0000] "POST /wp-cron.php?doing_wp_cron=1784232431.8397231101989746093750 HTTP/2" 200 0 "-" "WordPress/7.0.1; https://www.ampiwork.com"
2a03:2880:f800:45:: - - [16/Jul/2026:20:07:04 +0000] "GET /2025/03/14/new-no-deposit-casinos-united-kingdom/ HTTP/2" 200 14701 "-" "Mozilla/5.0 (Macintosh; Intel Mac OS X 10_15_7) AppleWebKit/537.36 (KHTML, like Gecko) Chrome/145.0.0.0 Safari/537.36 (compatible; meta-externalagent/1.1 (+https://developers.facebook.com/docs/sharing/webmasters/crawler))"
2a03:2880:f800:c:: - - [16/Jul/2026:20:07:42 +0000] "GET /2025/03/14/can-you-play-slots-on-your-phone-for-real-money/ HTTP/2" 200 14748 "-" "Mozilla/5.0 (Windows NT 10.0; Win64; x64) AppleWebKit/537.36 (KHTML, like Gecko) Chrome/145.0.0.0 Safari/537.36 (compatible; meta-externalagent/1.1 (+https://developers.facebook.com/docs/sharing/webmasters/crawler))"
65.181.116.207 - - [16/Jul/2026:20:08:07 +0000] "POST /wp-cron.php?doing_wp_cron=1784232487.6898629665374755859375 HTTP/2" 200 0 "-" "WordPress/7.0.1; https://www.ampiwork.com"
2a03:2880:f800:42:: - - [16/Jul/2026:20:08:01 +0000] "GET /2025/03/14/jackpot-mobile-casino-login/ HTTP/2" 200 15192 "-" "Mozilla/5.0 (Windows NT 10.0; Win64; x64) AppleWebKit/537.36 (KHTML, like Gecko) Chrome/145.0.0.0 Safari/537.36 (compatible; meta-externalagent/1.1 (+https://developers.facebook.com/docs/sharing/webmasters/crawler))"
65.181.116.207 - - [16/Jul/2026:20:09:14 +0000] "POST /wp-cron.php?doing_wp_cron=1784232554.6175060272216796875000 HTTP/2" 200 0 "-" "WordPress/7.0.1; https://www.ampiwork.com"
2a03:2880:f800:2f:: - - [16/Jul/2026:20:09:08 +0000] "GET /2025/03/14/free-casino-slots-games-with-bonus-rounds-uk/ HTTP/2" 200 14743 "-" "Mozilla/5.0 (Windows NT 10.0; Win64; x64) AppleWebKit/537.36 (KHTML, like Gecko) Chrome/145.0.0.0 Safari/537.36 (compatible; meta-externalagent/1.1 (+https://developers.facebook.com/docs/sharing/webmasters/crawler))"
2a03:2880:f800:21:: - - [16/Jul/2026:20:09:41 +0000] "GET /2025/03/14/best-slot-machines-to-play-in-united-kingdom-2025/ HTTP/2" 200 14538 "-" "Mozilla/5.0 (Macintosh; Intel Mac OS X 10_15_7) AppleWebKit/537.36 (KHTML, like Gecko) Chrome/145.0.0.0 Safari/537.36 (compatible; meta-externalagent/1.1 (+https://developers.facebook.com/docs/sharing/webmasters/crawler))"
2a03:2880:f800:: - - [16/Jul/2026:20:09:39 +0000] "GET /2025/03/14/how-many-decks-to-online-casinos-use/ HTTP/2" 200 14873 "-" "Mozilla/5.0 (Windows NT 10.0; Win64; x64) AppleWebKit/537.36 (KHTML, like Gecko) Chrome/145.0.0.0 Safari/537.36 (compatible; meta-externalagent/1.1 (+https://developers.facebook.com/docs/sharing/webmasters/crawler))"
65.181.116.207 - - [16/Jul/2026:20:10:34 +0000] "POST /wp-cron.php?doing_wp_cron=1784232634.5116589069366455078125 HTTP/2" 200 0 "-" "WordPress/7.0.1; https://www.ampiwork.com"
2a03:2880:f800:1d:: - - [16/Jul/2026:20:10:28 +0000] "GET /2025/03/14/free-spins-promotions/ HTTP/2" 200 14944 "-" "Mozilla/5.0 (Windows NT 10.0; Win64; x64) AppleWebKit/537.36 (KHTML, like Gecko) Chrome/145.0.0.0 Safari/537.36 (compatible; meta-externalagent/1.1 (+https://developers.facebook.com/docs/sharing/webmasters/crawler))"
2a03:2880:f800:10:: - - [16/Jul/2026:20:10:48 +0000] "GET /2025/03/14/canada-casino-not-on-gamestop/ HTTP/2" 200 14470 "-" "Mozilla/5.0 (Windows NT 10.0; Win64; x64) AppleWebKit/537.36 (KHTML, like Gecko) Chrome/145.0.0.0 Safari/537.36 (compatible; meta-externalagent/1.1 (+https://developers.facebook.com/docs/sharing/webmasters/crawler))"
65.181.116.207 - - [16/Jul/2026:20:11:08 +0000] "POST /wp-cron.php?doing_wp_cron=1784232668.7059519290924072265625 HTTP/2" 200 0 "-" "WordPress/7.0.1; https://www.ampiwork.com"
2a03:2880:f800:29:: - - [16/Jul/2026:20:11:02 +0000] "GET /2025/03/14/deposit-10-get-casino-bonus/ HTTP/2" 200 15144 "-" "Mozilla/5.0 (Macintosh; Intel Mac OS X 10_15_7) AppleWebKit/537.36 (KHTML, like Gecko) Chrome/145.0.0.0 Safari/537.36 (compatible; meta-externalagent/1.1 (+https://developers.facebook.com/docs/sharing/webmasters/crawler))"
2a03:2880:f800:2b:: - - [16/Jul/2026:20:11:41 +0000] "GET /2025/03/14/casino-cards-games-new-zealand/ HTTP/2" 200 15018 "-" "Mozilla/5.0 (Windows NT 10.0; Win64; x64) AppleWebKit/537.36 (KHTML, like Gecko) Chrome/145.0.0.0 Safari/537.36 (compatible; meta-externalagent/1.1 (+https://developers.facebook.com/docs/sharing/webmasters/crawler))"
2a03:2880:f800:1a:: - - [16/Jul/2026:20:12:35 +0000] "GET /2025/03/14/slot-gems-and-stones-by-wms-gaming-demo-free-play/ HTTP/2" 200 15045 "-" "Mozilla/5.0 (Windows NT 10.0; Win64; x64) AppleWebKit/537.36 (KHTML, like Gecko) Chrome/145.0.0.0 Safari/537.36 (compatible; meta-externalagent/1.1 (+https://developers.facebook.com/docs/sharing/webmasters/crawler))"
65.181.116.207 - - [16/Jul/2026:20:12:37 +0000] "POST /wp-cron.php?doing_wp_cron=1784232757.6128289699554443359375 HTTP/2" 200 0 "-" "WordPress/7.0.1; https://www.ampiwork.com"
2a03:2880:f800:12:: - - [16/Jul/2026:20:12:34 +0000] "GET /2025/03/14/free-spins-no-deposit-online-casino/ HTTP/2" 200 14973 "-" "Mozilla/5.0 (Windows NT 10.0; Win64; x64) AppleWebKit/537.36 (KHTML, like Gecko) Chrome/145.0.0.0 Safari/537.36 (compatible; meta-externalagent/1.1 (+https://developers.facebook.com/docs/sharing/webmasters/crawler))"
41.122.207.221 - - [16/Jul/2026:20:12:38 +0000] "GET /2025/03/14/-50p-deposit-casino/ HTTP/2" 404 0 "-" "Mozilla/5.0 (X11; Linux x86_64) AppleWebKit/537.36 (KHTML, like Gecko) Chrome/150.0.0.0 Safari/537.36"
65.181.116.207 - - [16/Jul/2026:20:13:09 +0000] "POST /wp-cron.php?doing_wp_cron=1784232789.5656459331512451171875 HTTP/2" 200 0 "-" "WordPress/7.0.1; https://www.ampiwork.com"
2a03:2880:f800:a:: - - [16/Jul/2026:20:12:46 +0000] "GET /post-sitemap5.xml HTTP/2" 200 13030 "-" "Mozilla/5.0 (Windows NT 10.0; Win64; x64) AppleWebKit/537.36 (KHTML, like Gecko) Chrome/145.0.0.0 Safari/537.36 (compatible; meta-externalagent/1.1 (+https://developers.facebook.com/docs/sharing/webmasters/crawler))"
65.181.116.207 - - [16/Jul/2026:20:14:22 +0000] "POST /wp-cron.php?doing_wp_cron=1784232861.9340419769287109375000 HTTP/2" 200 0 "-" "WordPress/7.0.1; https://www.ampiwork.com"
2a03:2880:f800:17:: - - [16/Jul/2026:20:14:16 +0000] "GET /2025/03/14/789bet-casino-no-deposit-bonus-100-free-spins/ HTTP/2" 200 14706 "-" "Mozilla/5.0 (Windows NT 10.0; Win64; x64) AppleWebKit/537.36 (KHTML, like Gecko) Chrome/145.0.0.0 Safari/537.36 (compatible; meta-externalagent/1.1 (+https://developers.facebook.com/docs/sharing/webmasters/crawler))"
187.245.101.213 - - [16/Jul/2026:20:14:39 +0000] "GET / HTTP/2" 301 0 "http://aio.online" "Mozilla/5.0 (Windows NT 6.1; Win64; x64) AppleWebKit/537.36 (KHTML, like Gecko) Chrome/97.0.4692.71 Safari/537.36"
2a03:2880:f800:11:: - - [16/Jul/2026:20:14:36 +0000] "GET /2025/03/14/best-strategy-for-free-bet-blackjack/ HTTP/2" 200 15146 "-" "Mozilla/5.0 (Windows NT 10.0; Win64; x64) AppleWebKit/537.36 (KHTML, like Gecko) Chrome/145.0.0.0 Safari/537.36 Edg/145.0.0.0 (compatible; meta-externalagent/1.1 (+https://developers.facebook.com/docs/sharing/webmasters/crawler))"
187.245.101.213 - - [16/Jul/2026:20:14:42 +0000] "GET / HTTP/2" 200 20767 "http://aio.online" "Mozilla/5.0 (Windows NT 6.1; Win64; x64) AppleWebKit/537.36 (KHTML, like Gecko) Chrome/97.0.4692.71 Safari/537.36"
187.245.101.213 - - [16/Jul/2026:20:14:44 +0000] "GET /wp-content/plugins/woocommerce/assets/client/blocks/wc-blocks.css?ver=wc-10.1.0 HTTP/2" 200 2357 "https://www.ampiwork.com/" "Mozilla/5.0 (Windows NT 6.1; Win64; x64) AppleWebKit/537.36 (KHTML, like Gecko) Chrome/97.0.4692.71 Safari/537.36"
187.245.101.213 - - [16/Jul/2026:20:14:44 +0000] "GET /wp-content/plugins/woocommerce/assets/css/woocommerce-smallscreen.css?ver=10.1.0 HTTP/2" 200 1165 "https://www.ampiwork.com/" "Mozilla/5.0 (Windows NT 6.1; Win64; x64) AppleWebKit/537.36 (KHTML, like Gecko) Chrome/97.0.4692.71 Safari/537.36"
187.245.101.213 - - [16/Jul/2026:20:14:44 +0000] "GET /wp-content/plugins/woocommerce/assets/css/woocommerce-layout.css?ver=10.1.0 HTTP/2" 200 3160 "https://www.ampiwork.com/" "Mozilla/5.0 (Windows NT 6.1; Win64; x64) AppleWebKit/537.36 (KHTML, like Gecko) Chrome/97.0.4692.71 Safari/537.36"
187.245.101.213 - - [16/Jul/2026:20:14:44 +0000] "GET /wp-content/plugins/woocommerce/assets/css/woocommerce.css?ver=10.1.0 HTTP/2" 200 10172 "https://www.ampiwork.com/" "Mozilla/5.0 (Windows NT 6.1; Win64; x64) AppleWebKit/537.36 (KHTML, like Gecko) Chrome/97.0.4692.71 Safari/537.36"
187.245.101.213 - - [16/Jul/2026:20:14:44 +0000] "GET /wp-content/plugins/woocommerce/assets/css/brands.css?ver=10.1.0 HTTP/2" 200 579 "https://www.ampiwork.com/" "Mozilla/5.0 (Windows NT 6.1; Win64; x64) AppleWebKit/537.36 (KHTML, like Gecko) Chrome/97.0.4692.71 Safari/537.36"
187.245.101.213 - - [16/Jul/2026:20:14:44 +0000] "GET /wp-content/themes/hello-elementor/style.min.css?ver=3.3.0 HTTP/2" 200 1591 "https://www.ampiwork.com/" "Mozilla/5.0 (Windows NT 6.1; Win64; x64) AppleWebKit/537.36 (KHTML, like Gecko) Chrome/97.0.4692.71 Safari/537.36"
187.245.101.213 - - [16/Jul/2026:20:14:44 +0000] "GET /wp-content/themes/hello-elementor/theme.min.css?ver=3.3.0 HTTP/2" 200 1131 "https://www.ampiwork.com/" "Mozilla/5.0 (Windows NT 6.1; Win64; x64) AppleWebKit/537.36 (KHTML, like Gecko) Chrome/97.0.4692.71 Safari/537.36"
187.245.101.213 - - [16/Jul/2026:20:14:44 +0000] "GET /wp-content/plugins/elementor/assets/css/frontend.min.css?ver=3.27.7 HTTP/2" 200 6463 "https://www.ampiwork.com/" "Mozilla/5.0 (Windows NT 6.1; Win64; x64) AppleWebKit/537.36 (KHTML, like Gecko) Chrome/97.0.4692.71 Safari/537.36"
187.245.101.213 - - [16/Jul/2026:20:14:44 +0000] "GET /wp-content/uploads/elementor/css/post-6.css?ver=1783290970 HTTP/2" 200 404 "https://www.ampiwork.com/" "Mozilla/5.0 (Windows NT 6.1; Win64; x64) AppleWebKit/537.36 (KHTML, like Gecko) Chrome/97.0.4692.71 Safari/537.36"
187.245.101.213 - - [16/Jul/2026:20:14:44 +0000] "GET /wp-content/themes/hello-elementor/header-footer.min.css?ver=3.3.0 HTTP/2" 200 1292 "https://www.ampiwork.com/" "Mozilla/5.0 (Windows NT 6.1; Win64; x64) AppleWebKit/537.36 (KHTML, like Gecko) Chrome/97.0.4692.71 Safari/537.36"
187.245.101.213 - - [16/Jul/2026:20:14:44 +0000] "GET /wp-content/plugins/elementor-pro/assets/css/frontend.min.css?ver=3.20.1 HTTP/2" 200 41218 "https://www.ampiwork.com/" "Mozilla/5.0 (Windows NT 6.1; Win64; x64) AppleWebKit/537.36 (KHTML, like Gecko) Chrome/97.0.4692.71 Safari/537.36"
187.245.101.213 - - [16/Jul/2026:20:14:44 +0000] "GET /wp-content/plugins/elementor/assets/css/widget-heading.min.css?ver=3.27.7 HTTP/2" 200 154 "https://www.ampiwork.com/" "Mozilla/5.0 (Windows NT 6.1; Win64; x64) AppleWebKit/537.36 (KHTML, like Gecko) Chrome/97.0.4692.71 Safari/537.36"
187.245.101.213 - - [16/Jul/2026:20:14:44 +0000] "GET /wp-content/plugins/elementor/assets/css/widget-text-editor.min.css?ver=3.27.7 HTTP/2" 200 197 "https://www.ampiwork.com/" "Mozilla/5.0 (Windows NT 6.1; Win64; x64) AppleWebKit/537.36 (KHTML, like Gecko) Chrome/97.0.4692.71 Safari/537.36"
187.245.101.213 - - [16/Jul/2026:20:14:44 +0000] "GET /wp-content/plugins/elementor/assets/lib/animations/styles/slideInDown.min.css?ver=3.27.7 HTTP/2" 200 153 "https://www.ampiwork.com/" "Mozilla/5.0 (Windows NT 6.1; Win64; x64) AppleWebKit/537.36 (KHTML, like Gecko) Chrome/97.0.4692.71 Safari/537.36"
187.245.101.213 - - [16/Jul/2026:20:14:44 +0000] "GET /wp-content/plugins/elementor/assets/lib/animations/styles/e-animation-sink.min.css?ver=3.27.7 HTTP/2" 200 112 "https://www.ampiwork.com/" "Mozilla/5.0 (Windows NT 6.1; Win64; x64) AppleWebKit/537.36 (KHTML, like Gecko) Chrome/97.0.4692.71 Safari/537.36"
187.245.101.213 - - [16/Jul/2026:20:14:44 +0000] "GET /wp-content/plugins/elementor/assets/lib/animations/styles/fadeInRight.min.css?ver=3.27.7 HTTP/2" 200 139 "https://www.ampiwork.com/" "Mozilla/5.0 (Windows NT 6.1; Win64; x64) AppleWebKit/537.36 (KHTML, like Gecko) Chrome/97.0.4692.71 Safari/537.36"
187.245.101.213 - - [16/Jul/2026:20:14:44 +0000] "GET /wp-content/plugins/elementor/assets/css/widget-icon-box.min.css?ver=3.27.7 HTTP/2" 200 656 "https://www.ampiwork.com/" "Mozilla/5.0 (Windows NT 6.1; Win64; x64) AppleWebKit/537.36 (KHTML, like Gecko) Chrome/97.0.4692.71 Safari/537.36"
187.245.101.213 - - [16/Jul/2026:20:14:44 +0000] "GET /wp-content/plugins/elementor/assets/lib/animations/styles/fadeInDown.min.css?ver=3.27.7 HTTP/2" 200 137 "https://www.ampiwork.com/" "Mozilla/5.0 (Windows NT 6.1; Win64; x64) AppleWebKit/537.36 (KHTML, like Gecko) Chrome/97.0.4692.71 Safari/537.36"
187.245.101.213 - - [16/Jul/2026:20:14:44 +0000] "GET /wp-content/plugins/elementor/assets/css/widget-image-box.min.css?ver=3.27.7 HTTP/2" 200 289 "https://www.ampiwork.com/" "Mozilla/5.0 (Windows NT 6.1; Win64; x64) AppleWebKit/537.36 (KHTML, like Gecko) Chrome/97.0.4692.71 Safari/537.36"
187.245.101.213 - - [16/Jul/2026:20:14:44 +0000] "GET /wp-content/plugins/elementor/assets/css/widget-image.min.css?ver=3.27.7 HTTP/2" 200 119 "https://www.ampiwork.com/" "Mozilla/5.0 (Windows NT 6.1; Win64; x64) AppleWebKit/537.36 (KHTML, like Gecko) Chrome/97.0.4692.71 Safari/537.36"
187.245.101.213 - - [16/Jul/2026:20:14:44 +0000] "GET /wp-content/plugins/elementor/assets/lib/swiper/v8/css/swiper.min.css?ver=8.4.5 HTTP/2" 200 4248 "https://www.ampiwork.com/" "Mozilla/5.0 (Windows NT 6.1; Win64; x64) AppleWebKit/537.36 (KHTML, like Gecko) Chrome/97.0.4692.71 Safari/537.36"
187.245.101.213 - - [16/Jul/2026:20:14:44 +0000] "GET /wp-content/plugins/elementor/assets/css/widget-toggle.min.css?ver=3.27.7 HTTP/2" 200 351 "https://www.ampiwork.com/" "Mozilla/5.0 (Windows NT 6.1; Win64; x64) AppleWebKit/537.36 (KHTML, like Gecko) Chrome/97.0.4692.71 Safari/537.36"
187.245.101.213 - - [16/Jul/2026:20:14:44 +0000] "GET /wp-content/plugins/elementor/assets/css/conditionals/e-swiper.min.css?ver=3.27.7 HTTP/2" 200 699 "https://www.ampiwork.com/" "Mozilla/5.0 (Windows NT 6.1; Win64; x64) AppleWebKit/537.36 (KHTML, like Gecko) Chrome/97.0.4692.71 Safari/537.36"
187.245.101.213 - - [16/Jul/2026:20:14:44 +0000] "GET /wp-content/plugins/elementor/assets/css/widget-star-rating.min.css?ver=3.27.7 HTTP/2" 200 472 "https://www.ampiwork.com/" "Mozilla/5.0 (Windows NT 6.1; Win64; x64) AppleWebKit/537.36 (KHTML, like Gecko) Chrome/97.0.4692.71 Safari/537.36"
187.245.101.213 - - [16/Jul/2026:20:14:44 +0000] "GET /wp-content/uploads/elementor/css/post-8.css?ver=1783292997 HTTP/2" 200 4266 "https://www.ampiwork.com/" "Mozilla/5.0 (Windows NT 6.1; Win64; x64) AppleWebKit/537.36 (KHTML, like Gecko) Chrome/97.0.4692.71 Safari/537.36"
187.245.101.213 - - [16/Jul/2026:20:14:44 +0000] "GET /wp-content/plugins/elementor/assets/css/widget-testimonial.min.css?ver=3.27.7 HTTP/2" 200 296 "https://www.ampiwork.com/" "Mozilla/5.0 (Windows NT 6.1; Win64; x64) AppleWebKit/537.36 (KHTML, like Gecko) Chrome/97.0.4692.71 Safari/537.36"
187.245.101.213 - - [16/Jul/2026:20:14:44 +0000] "GET /wp-content/uploads/elementor/css/post-96.css?ver=1783290970 HTTP/2" 200 1417 "https://www.ampiwork.com/" "Mozilla/5.0 (Windows NT 6.1; Win64; x64) AppleWebKit/537.36 (KHTML, like Gecko) Chrome/97.0.4692.71 Safari/537.36"
187.245.101.213 - - [16/Jul/2026:20:14:45 +0000] "GET /wp-content/uploads/elementor/css/post-102.css?ver=1783290970 HTTP/2" 200 1403 "https://www.ampiwork.com/" "Mozilla/5.0 (Windows NT 6.1; Win64; x64) AppleWebKit/537.36 (KHTML, like Gecko) Chrome/97.0.4692.71 Safari/537.36"
187.245.101.213 - - [16/Jul/2026:20:14:45 +0000] "GET /wp-includes/js/jquery/jquery.min.js?ver=3.7.1 HTTP/2" 200 29744 "https://www.ampiwork.com/" "Mozilla/5.0 (Windows NT 6.1; Win64; x64) AppleWebKit/537.36 (KHTML, like Gecko) Chrome/97.0.4692.71 Safari/537.36"
187.245.101.213 - - [16/Jul/2026:20:14:45 +0000] "GET /wp-includes/js/jquery/jquery-migrate.min.js?ver=3.4.1 HTTP/2" 200 4678 "https://www.ampiwork.com/" "Mozilla/5.0 (Windows NT 6.1; Win64; x64) AppleWebKit/537.36 (KHTML, like Gecko) Chrome/97.0.4692.71 Safari/537.36"
187.245.101.213 - - [16/Jul/2026:20:14:45 +0000] "GET /wp-content/plugins/woocommerce/assets/js/jquery-blockui/jquery.blockUI.min.js?ver=2.7.0-wc.10.1.0 HTTP/2" 200 3277 "https://www.ampiwork.com/" "Mozilla/5.0 (Windows NT 6.1; Win64; x64) AppleWebKit/537.36 (KHTML, like Gecko) Chrome/97.0.4692.71 Safari/537.36"
187.245.101.213 - - [16/Jul/2026:20:14:45 +0000] "GET /wp-content/plugins/woocommerce/assets/js/frontend/add-to-cart.min.js?ver=10.1.0 HTTP/2" 200 1225 "https://www.ampiwork.com/" "Mozilla/5.0 (Windows NT 6.1; Win64; x64) AppleWebKit/537.36 (KHTML, like Gecko) Chrome/97.0.4692.71 Safari/537.36"
187.245.101.213 - - [16/Jul/2026:20:14:45 +0000] "GET /wp-content/plugins/woocommerce/assets/js/js-cookie/js.cookie.min.js?ver=2.1.4-wc.10.1.0 HTTP/2" 200 760 "https://www.ampiwork.com/" "Mozilla/5.0 (Windows NT 6.1; Win64; x64) AppleWebKit/537.36 (KHTML, like Gecko) Chrome/97.0.4692.71 Safari/537.36"
187.245.101.213 - - [16/Jul/2026:20:14:45 +0000] "GET /wp-content/plugins/woocommerce/assets/js/frontend/woocommerce.min.js?ver=10.1.0 HTTP/2" 200 1275 "https://www.ampiwork.com/" "Mozilla/5.0 (Windows NT 6.1; Win64; x64) AppleWebKit/537.36 (KHTML, like Gecko) Chrome/97.0.4692.71 Safari/537.36"
187.245.101.213 - - [16/Jul/2026:20:14:45 +0000] "GET /wp-content/plugins/elementor/assets/css/widget-icon-list.min.css?ver=3.27.7 HTTP/2" 200 958 "https://www.ampiwork.com/" "Mozilla/5.0 (Windows NT 6.1; Win64; x64) AppleWebKit/537.36 (KHTML, like Gecko) Chrome/97.0.4692.71 Safari/537.36"
187.245.101.213 - - [16/Jul/2026:20:14:45 +0000] "GET /wp-content/plugins/elementor-pro/assets/lib/smartmenus/jquery.smartmenus.min.js?ver=1.2.1 HTTP/2" 200 6867 "https://www.ampiwork.com/" "Mozilla/5.0 (Windows NT 6.1; Win64; x64) AppleWebKit/537.36 (KHTML, like Gecko) Chrome/97.0.4692.71 Safari/537.36"
187.245.101.213 - - [16/Jul/2026:20:14:45 +0000] "GET /wp-content/themes/hello-elementor/assets/js/hello-frontend.min.js?ver=3.3.0 HTTP/2" 200 548 "https://www.ampiwork.com/" "Mozilla/5.0 (Windows NT 6.1; Win64; x64) AppleWebKit/537.36 (KHTML, like Gecko) Chrome/97.0.4692.71 Safari/537.36"
187.245.101.213 - - [16/Jul/2026:20:14:45 +0000] "GET /wp-content/plugins/elementor/assets/lib/swiper/v8/swiper.min.js?ver=8.4.5 HTTP/2" 200 38152 "https://www.ampiwork.com/" "Mozilla/5.0 (Windows NT 6.1; Win64; x64) AppleWebKit/537.36 (KHTML, like Gecko) Chrome/97.0.4692.71 Safari/537.36"
187.245.101.213 - - [16/Jul/2026:20:14:45 +0000] "GET /wp-content/plugins/woocommerce/assets/js/frontend/order-attribution.min.js?ver=10.1.0 HTTP/2" 200 998 "https://www.ampiwork.com/" "Mozilla/5.0 (Windows NT 6.1; Win64; x64) AppleWebKit/537.36 (KHTML, like Gecko) Chrome/97.0.4692.71 Safari/537.36"
187.245.101.213 - - [16/Jul/2026:20:14:45 +0000] "GET /wp-content/plugins/woocommerce/assets/js/sourcebuster/sourcebuster.min.js?ver=10.1.0 HTTP/2" 200 4609 "https://www.ampiwork.com/" "Mozilla/5.0 (Windows NT 6.1; Win64; x64) AppleWebKit/537.36 (KHTML, like Gecko) Chrome/97.0.4692.71 Safari/537.36"
187.245.101.213 - - [16/Jul/2026:20:14:45 +0000] "GET /wp-content/plugins/elementor-pro/assets/js/webpack-pro.runtime.min.js?ver=3.20.1 HTTP/2" 200 2468 "https://www.ampiwork.com/" "Mozilla/5.0 (Windows NT 6.1; Win64; x64) AppleWebKit/537.36 (KHTML, like Gecko) Chrome/97.0.4692.71 Safari/537.36"
