2a03:2880:f800:14:: - - [16/Jul/2026:21:53:08 +0000] "GET /2025/03/14/new-online-canada-casinos-no-deposit-bonus/ HTTP/2" 200 15047 "-" "Mozilla/5.0 (Windows NT 10.0; Win64; x64) AppleWebKit/537.36 (KHTML, like Gecko) Chrome/145.0.0.0 Safari/537.36 (compatible; meta-externalagent/1.1 (+https://developers.facebook.com/docs/sharing/webmasters/crawler))"
185.242.3.234 - - [16/Jul/2026:21:53:54 +0000] "GET /wp-content/themes/seotheme/db.php?u HTTP/2" 404 1251 "www.google.com" "Mozlila/5.0 (Linux; Android 7.0; SM-G892A Bulid/NRD90M; wv) AppleWebKit/537.36 (KHTML, like Gecko) Version/4.0 Chrome/60.0.3112.107 Moblie Safari/537.36"
185.242.3.234 - - [16/Jul/2026:21:53:57 +0000] "GET / HTTP/2" 200 20767 "-" "Mozlila/5.0 (Linux; Android 7.0; SM-G892A Bulid/NRD90M; wv) AppleWebKit/537.36 (KHTML, like Gecko) Version/4.0 Chrome/60.0.3112.107 Moblie Safari/537.36"
185.242.3.234 - - [16/Jul/2026:21:54:01 +0000] "GET /wp-content/plugins/apikey/apikey.php?test=hello HTTP/2" 404 1251 "-" "Mozlila/5.0 (Linux; Android 7.0; SM-G892A Bulid/NRD90M; wv) AppleWebKit/537.36 (KHTML, like Gecko) Version/4.0 Chrome/60.0.3112.107 Moblie Safari/537.36"
65.181.116.207 - - [16/Jul/2026:21:54:04 +0000] "POST /wp-cron.php?doing_wp_cron=1784238844.7163441181182861328125 HTTP/2" 200 0 "-" "WordPress/7.0.1; https://www.ampiwork.com"
185.242.3.234 - - [16/Jul/2026:21:54:01 +0000] "GET /plugins/content/apismtp/apismtp.php?test=hello HTTP/2" 404 0 "-" "Mozlila/5.0 (Linux; Android 7.0; SM-G892A Bulid/NRD90M; wv) AppleWebKit/537.36 (KHTML, like Gecko) Version/4.0 Chrome/60.0.3112.107 Moblie Safari/537.36"
185.242.3.234 - - [16/Jul/2026:21:54:02 +0000] "POST /wp-plain.php HTTP/2" 404 0 "www.google.com" "Mozilla/5.0 (Linux; Android 7.0; SM-G892A Bulid/NRD90M; wv) AppleWebKit/537.36 (KHTML, like Gecko) Version/4.0 Chrome/60.0.3112.107 Moblie Safari/537.36"
185.242.3.234 - - [16/Jul/2026:21:54:05 +0000] "GET /lronyibw.php?Fox=d3wL7 HTTP/2" 301 0 "www.google.com" "Mozilla/5.0 (Linux; Android 7.0; SM-G892A Bulid/NRD90M; wv) AppleWebKit/537.36 (KHTML, like Gecko) Version/4.0 Chrome/60.0.3112.107 Moblie Safari/537.36"
185.242.3.234 - - [16/Jul/2026:21:54:05 +0000] "GET /wp-content/plugins/apikey/apikey.php.suspected?test=hello HTTP/2" 404 0 "-" "Mozlila/5.0 (Linux; Android 7.0; SM-G892A Bulid/NRD90M; wv) AppleWebKit/537.36 (KHTML, like Gecko) Version/4.0 Chrome/60.0.3112.107 Moblie Safari/537.36"
185.242.3.234 - - [16/Jul/2026:21:54:08 +0000] "GET /lronyibw.php?Fox=d3wL7 HTTP/2" 404 0 "www.google.com" "Mozilla/5.0 (Linux; Android 7.0; SM-G892A Bulid/NRD90M; wv) AppleWebKit/537.36 (KHTML, like Gecko) Version/4.0 Chrome/60.0.3112.107 Moblie Safari/537.36"
185.242.3.234 - - [16/Jul/2026:21:54:07 +0000] "GET /plugins/content/apismtp/apismtp.php.suspected?test=hello HTTP/2" 404 0 "-" "Mozlila/5.0 (Linux; Android 7.0; SM-G892A Bulid/NRD90M; wv) AppleWebKit/537.36 (KHTML, like Gecko) Version/4.0 Chrome/60.0.3112.107 Moblie Safari/537.36"
2a03:2880:f800:c:: - - [16/Jul/2026:21:54:35 +0000] "GET /2025/03/14/european-roulette-games-ireland/ HTTP/2" 200 14869 "-" "Mozilla/5.0 (Windows NT 10.0; Win64; x64) AppleWebKit/537.36 (KHTML, like Gecko) Chrome/145.0.0.0 Safari/537.36 (compatible; meta-externalagent/1.1 (+https://developers.facebook.com/docs/sharing/webmasters/crawler))"
65.181.116.207 - - [16/Jul/2026:21:56:02 +0000] "POST /wp-cron.php?doing_wp_cron=1784238962.2133328914642333984375 HTTP/2" 200 0 "-" "WordPress/7.0.1; https://www.ampiwork.com"
2a03:2880:f800:2e:: - - [16/Jul/2026:21:55:56 +0000] "GET /2025/03/14/vegas-slot-casino-review-and-free-chips-bonus/ HTTP/2" 200 14602 "-" "Mozilla/5.0 (Macintosh; Intel Mac OS X 10_15_7) AppleWebKit/537.36 (KHTML, like Gecko) Chrome/145.0.0.0 Safari/537.36 (compatible; meta-externalagent/1.1 (+https://developers.facebook.com/docs/sharing/webmasters/crawler))"
2a03:2880:f800:2e:: - - [16/Jul/2026:21:56:30 +0000] "GET /2025/03/14/vegas-kings-casino-review-and-free-chips-bonus/ HTTP/2" 200 15065 "-" "Mozilla/5.0 (Macintosh; Intel Mac OS X 10_15_7) AppleWebKit/537.36 (KHTML, like Gecko) Chrome/145.0.0.0 Safari/537.36 (compatible; meta-externalagent/1.1 (+https://developers.facebook.com/docs/sharing/webmasters/crawler))"
65.181.116.207 - - [16/Jul/2026:21:57:31 +0000] "POST /wp-cron.php?doing_wp_cron=1784239051.1954379081726074218750 HTTP/2" 200 0 "-" "WordPress/7.0.1; https://www.ampiwork.com"
49.51.195.195 - - [16/Jul/2026:21:57:27 +0000] "GET /?p=7311 HTTP/2" 301 0 "-" "Mozilla/5.0 (iPhone; CPU iPhone OS 13_2_3 like Mac OS X) AppleWebKit/605.1.15 (KHTML, like Gecko) Version/13.0.3 Mobile/15E148 Safari/604.1"
49.51.195.195 - - [16/Jul/2026:21:57:34 +0000] "GET /2025/03/14/jack998-casino-100-free-spins-bonus-2025/ HTTP/2" 200 14582 "https://www.ampiwork.com/?p=7311" "Mozilla/5.0 (iPhone; CPU iPhone OS 13_2_3 like Mac OS X) AppleWebKit/605.1.15 (KHTML, like Gecko) Version/13.0.3 Mobile/15E148 Safari/604.1"
2a03:2880:f800:29:: - - [16/Jul/2026:21:58:09 +0000] "GET /2025/03/14/blackjack-sites-uk/ HTTP/2" 200 15109 "-" "Mozilla/5.0 (Macintosh; Intel Mac OS X 10_15_7) AppleWebKit/537.36 (KHTML, like Gecko) Chrome/145.0.0.0 Safari/537.36 (compatible; meta-externalagent/1.1 (+https://developers.facebook.com/docs/sharing/webmasters/crawler))"
65.181.116.207 - - [16/Jul/2026:21:58:17 +0000] "POST /wp-cron.php?doing_wp_cron=1784239097.1803948879241943359375 HTTP/2" 200 0 "-" "WordPress/7.0.1; https://www.ampiwork.com"
2a03:2880:f800:22:: - - [16/Jul/2026:21:58:10 +0000] "GET /2025/03/14/casino-co-australia/ HTTP/2" 200 14803 "-" "Mozilla/5.0 (Macintosh; Intel Mac OS X 10_15_7) AppleWebKit/537.36 (KHTML, like Gecko) Chrome/145.0.0.0 Safari/537.36 (compatible; meta-externalagent/1.1 (+https://developers.facebook.com/docs/sharing/webmasters/crawler))"
2a03:2880:f800:1f:: - - [16/Jul/2026:21:59:17 +0000] "GET /2025/03/14/new-paypal-deposit-casino/ HTTP/2" 200 14673 "-" "Mozilla/5.0 (Macintosh; Intel Mac OS X 10_15_7) AppleWebKit/537.36 (KHTML, like Gecko) Chrome/145.0.0.0 Safari/537.36 (compatible; meta-externalagent/1.1 (+https://developers.facebook.com/docs/sharing/webmasters/crawler))"
65.181.116.207 - - [16/Jul/2026:21:59:21 +0000] "POST /wp-cron.php?doing_wp_cron=1784239161.6623380184173583984375 HTTP/2" 200 0 "-" "WordPress/7.0.1; https://www.ampiwork.com"
2a03:2880:f800:3c:: - - [16/Jul/2026:21:59:13 +0000] "GET /2025/03/14/how-many-canada-people-play-online-casino-games/ HTTP/2" 200 14585 "-" "Mozilla/5.0 (Macintosh; Intel Mac OS X 10_15_7) AppleWebKit/537.36 (KHTML, like Gecko) Chrome/145.0.0.0 Safari/537.36 (compatible; meta-externalagent/1.1 (+https://developers.facebook.com/docs/sharing/webmasters/crawler))"
65.181.116.207 - - [16/Jul/2026:21:59:21 +0000] "POST /wp-cron.php?doing_wp_cron=1784239161.6385879516601562500000 HTTP/2" 200 0 "-" "WordPress/7.0.1; https://www.ampiwork.com"
192.42.116.44 - - [16/Jul/2026:21:59:24 +0000] "GET / HTTP/2" 301 0 "-" "Mozilla/5.0 (Windows NT 10.0; Win64; x64; rv:126.0) Gecko/20100101 Firefox/126.0"
192.42.116.44 - - [16/Jul/2026:21:59:27 +0000] "GET / HTTP/2" 200 20767 "-" "Mozilla/5.0 (Windows NT 10.0; Win64; x64; rv:126.0) Gecko/20100101 Firefox/126.0"
65.181.116.207 - - [16/Jul/2026:22:00:58 +0000] "POST /wp-cron.php?doing_wp_cron=1784239258.0532140731811523437500 HTTP/2" 200 0 "-" "WordPress/7.0.1; https://www.ampiwork.com"
2a03:2880:f800:27:: - - [16/Jul/2026:22:00:51 +0000] "GET /2025/03/14/uk-free-no-deposit-bonus-codes/ HTTP/2" 200 14946 "-" "Mozilla/5.0 (Windows NT 10.0; Win64; x64) AppleWebKit/537.36 (KHTML, like Gecko) Chrome/145.0.0.0 Safari/537.36 (compatible; meta-externalagent/1.1 (+https://developers.facebook.com/docs/sharing/webmasters/crawler))"
65.181.116.207 - - [16/Jul/2026:22:03:09 +0000] "POST /wp-cron.php?doing_wp_cron=1784239389.7803928852081298828125 HTTP/2" 200 0 "-" "WordPress/7.0.1; https://www.ampiwork.com"
2a03:2880:f800:1b:: - - [16/Jul/2026:22:03:04 +0000] "GET /2025/03/14/high-limit-slots-best-casinos-for-online-slot-machines/ HTTP/2" 200 15127 "-" "Mozilla/5.0 (Windows NT 10.0; Win64; x64) AppleWebKit/537.36 (KHTML, like Gecko) Chrome/145.0.0.0 Safari/537.36 (compatible; meta-externalagent/1.1 (+https://developers.facebook.com/docs/sharing/webmasters/crawler))"
185.223.152.99 - - [16/Jul/2026:22:03:11 +0000] "POST /wp-login.php HTTP/2" 200 2047 "-" "firefox|Mozilla/5.0 (Macintosh; Intel Mac OS X 10_2_9) Gecko/20100101 Firefox/58.4"
2a03:2880:f800:7:: - - [16/Jul/2026:22:03:31 +0000] "GET /2025/03/14/why-is-online-gambling-illegal-in-united-kingdom/ HTTP/2" 200 15179 "-" "Mozilla/5.0 (Windows NT 10.0; Win64; x64) AppleWebKit/537.36 (KHTML, like Gecko) Chrome/145.0.0.0 Safari/537.36 (compatible; meta-externalagent/1.1 (+https://developers.facebook.com/docs/sharing/webmasters/crawler))"
2a03:2880:f800:32:: - - [16/Jul/2026:22:05:09 +0000] "GET /2025/03/14/slot-first-person-lightning-blackjack-by-evolution-gaming-demo-free-play/ HTTP/2" 200 15194 "-" "Mozilla/5.0 (Macintosh; Intel Mac OS X 10_15_7) AppleWebKit/537.36 (KHTML, like Gecko) Chrome/145.0.0.0 Safari/537.36 (compatible; meta-externalagent/1.1 (+https://developers.facebook.com/docs/sharing/webmasters/crawler))"
65.181.116.207 - - [16/Jul/2026:22:05:22 +0000] "POST /wp-cron.php?doing_wp_cron=1784239522.0850551128387451171875 HTTP/2" 200 0 "-" "WordPress/7.0.1; https://www.ampiwork.com"
2a03:2880:f800:11:: - - [16/Jul/2026:22:05:31 +0000] "GET /2025/03/14/do-estoril-casino-login-app-sign-up/ HTTP/2" 200 14663 "-" "Mozilla/5.0 (Windows NT 10.0; Win64; x64) AppleWebKit/537.36 (KHTML, like Gecko) Chrome/145.0.0.0 Safari/537.36 (compatible; meta-externalagent/1.1 (+https://developers.facebook.com/docs/sharing/webmasters/crawler))"
65.181.116.207 - - [16/Jul/2026:22:06:32 +0000] "POST /wp-cron.php?doing_wp_cron=1784239591.9838640689849853515625 HTTP/2" 200 0 "-" "WordPress/7.0.1; https://www.ampiwork.com"
43.153.107.22 - - [16/Jul/2026:22:06:27 +0000] "GET /wp-json/oembed/1.0/embed?url=https%3A%2F%2Fwww.ampiwork.com%2F HTTP/2" 200 1014 "-" "Mozilla/5.0 (iPhone; CPU iPhone OS 13_2_3 like Mac OS X) AppleWebKit/605.1.15 (KHTML, like Gecko) Version/13.0.3 Mobile/15E148 Safari/604.1"
2a03:2880:f800:2b:: - - [16/Jul/2026:22:06:35 +0000] "GET /2025/03/14/where-to-watch-casino-royale-canada/ HTTP/2" 200 15113 "-" "Mozilla/5.0 (Windows NT 10.0; Win64; x64) AppleWebKit/537.36 (KHTML, like Gecko) Chrome/145.0.0.0 Safari/537.36 (compatible; meta-externalagent/1.1 (+https://developers.facebook.com/docs/sharing/webmasters/crawler))"
65.181.116.207 - - [16/Jul/2026:22:07:17 +0000] "POST /wp-cron.php?doing_wp_cron=1784239636.9987299442291259765625 HTTP/2" 200 0 "-" "WordPress/7.0.1; https://www.ampiwork.com"
17.241.75.211 - - [16/Jul/2026:22:07:09 +0000] "GET /2025/03/14/queen777-casino-review-and-free-chips-bonus/ HTTP/2" 200 14990 "-" "Mozilla/5.0 (Macintosh; Intel Mac OS X 10_15_7) AppleWebKit/605.1.15 (KHTML, like Gecko) Version/17.4 Safari/605.1.15 (Applebot/0.1; +http://www.apple.com/go/applebot)"
65.181.116.207 - - [16/Jul/2026:22:08:08 +0000] "POST /wp-cron.php?doing_wp_cron=1784239688.2198369503021240234375 HTTP/2" 200 0 "-" "WordPress/7.0.1; https://www.ampiwork.com"
2a03:2880:f800:: - - [16/Jul/2026:22:08:00 +0000] "GET /2025/03/14/free-spins-casino-no-deposit-bonus-codes-united-kingdom/ HTTP/2" 200 14904 "-" "Mozilla/5.0 (Windows NT 10.0; Win64; x64) AppleWebKit/537.36 (KHTML, like Gecko) Chrome/145.0.0.0 Safari/537.36 (compatible; meta-externalagent/1.1 (+https://developers.facebook.com/docs/sharing/webmasters/crawler))"
65.181.116.207 - - [16/Jul/2026:22:10:02 +0000] "POST /wp-cron.php?doing_wp_cron=1784239801.9035859107971191406250 HTTP/2" 200 0 "-" "WordPress/7.0.1; https://www.ampiwork.com"
2a03:2880:f800:30:: - - [16/Jul/2026:22:09:52 +0000] "GET /2025/03/14/casino-in-hastings-quebec/ HTTP/2" 200 15137 "-" "Mozilla/5.0 (X11; Linux x86_64) AppleWebKit/537.36 (KHTML, like Gecko) Chrome/145.0.0.0 Safari/537.36 (compatible; meta-externalagent/1.1 (+https://developers.facebook.com/docs/sharing/webmasters/crawler))"
65.181.116.207 - - [16/Jul/2026:22:11:09 +0000] "POST /wp-cron.php?doing_wp_cron=1784239869.1391100883483886718750 HTTP/2" 200 0 "-" "WordPress/7.0.1; https://www.ampiwork.com"
2a03:2880:f800:29:: - - [16/Jul/2026:22:10:58 +0000] "GET /2025/03/14/roulette-with-names/ HTTP/2" 200 14758 "-" "Mozilla/5.0 (Windows NT 10.0; Win64; x64) AppleWebKit/537.36 (KHTML, like Gecko) Chrome/145.0.0.0 Safari/537.36 (compatible; meta-externalagent/1.1 (+https://developers.facebook.com/docs/sharing/webmasters/crawler))"
2a03:2880:f800:29:: - - [16/Jul/2026:22:11:12 +0000] "GET /2025/03/14/best-netent-casino-uk/ HTTP/2" 200 14522 "-" "Mozilla/5.0 (Macintosh; Intel Mac OS X 10_15_7) AppleWebKit/537.36 (KHTML, like Gecko) Chrome/145.0.0.0 Safari/537.36 (compatible; meta-externalagent/1.1 (+https://developers.facebook.com/docs/sharing/webmasters/crawler))"
2a03:2880:f800:16:: - - [16/Jul/2026:22:11:33 +0000] "GET /2025/03/14/casino-slot-online-free-new-zealand/ HTTP/2" 200 15044 "-" "Mozilla/5.0 (Windows NT 10.0; Win64; x64) AppleWebKit/537.36 (KHTML, like Gecko) Chrome/145.0.0.0 Safari/537.36 (compatible; meta-externalagent/1.1 (+https://developers.facebook.com/docs/sharing/webmasters/crawler))"
65.181.116.207 - - [16/Jul/2026:22:12:08 +0000] "POST /wp-cron.php?doing_wp_cron=1784239928.4986920356750488281250 HTTP/2" 200 0 "-" "WordPress/7.0.1; https://www.ampiwork.com"
2a03:2880:f800:44:: - - [16/Jul/2026:22:12:00 +0000] "GET /2025/03/14/online-casino-australia-paypal-deposit/ HTTP/2" 200 14790 "-" "Mozilla/5.0 (X11; Linux x86_64) AppleWebKit/537.36 (KHTML, like Gecko) Chrome/145.0.0.0 Safari/537.36 (compatible; meta-externalagent/1.1 (+https://developers.facebook.com/docs/sharing/webmasters/crawler))"
65.181.116.207 - - [16/Jul/2026:22:12:08 +0000] "POST /wp-cron.php?doing_wp_cron=1784239928.4790029525756835937500 HTTP/2" 200 0 "-" "WordPress/7.0.1; https://www.ampiwork.com"
2a03:2880:f800:1d:: - - [16/Jul/2026:22:12:01 +0000] "GET /2025/03/14/how-to-hack-online-slots/ HTTP/2" 200 14791 "-" "Mozilla/5.0 (Macintosh; Intel Mac OS X 10_15_7) AppleWebKit/537.36 (KHTML, like Gecko) Chrome/145.0.0.0 Safari/537.36 (compatible; meta-externalagent/1.1 (+https://developers.facebook.com/docs/sharing/webmasters/crawler))"
65.181.116.207 - - [16/Jul/2026:22:12:14 +0000] "POST /wp-cron.php?doing_wp_cron=1784239934.5767900943756103515625 HTTP/2" 200 0 "-" "WordPress/7.0.1; https://www.ampiwork.com"
2a03:2880:f800:34:: - - [16/Jul/2026:22:12:06 +0000] "GET /2025/03/14/bingo-free-play-win-real-cash-new-zealand/ HTTP/2" 200 14736 "-" "Mozilla/5.0 (Macintosh; Intel Mac OS X 10_15_7) AppleWebKit/537.36 (KHTML, like Gecko) Chrome/145.0.0.0 Safari/537.36 (compatible; meta-externalagent/1.1 (+https://developers.facebook.com/docs/sharing/webmasters/crawler))"
37.59.204.148 - - [16/Jul/2026:22:12:30 +0000] "GET /robots.txt HTTP/2" 200 151 "-" "Mozilla/5.0 (compatible; AhrefsBot/7.0; +http://ahrefs.com/robot/)"
51.161.37.165 - - [16/Jul/2026:22:12:36 +0000] "GET /sitemap.rss HTTP/2" 200 2338 "-" "Mozilla/5.0 (compatible; AhrefsBot/7.0; +http://ahrefs.com/robot/)"
65.181.116.207 - - [16/Jul/2026:22:13:15 +0000] "POST /wp-cron.php?doing_wp_cron=1784239995.2250449657440185546875 HTTP/2" 200 0 "-" "WordPress/7.0.1; https://www.ampiwork.com"
2a03:2880:f800:20:: - - [16/Jul/2026:22:13:04 +0000] "GET /2025/03/14/casino-slot-machine-free-online/ HTTP/2" 200 14980 "-" "Mozilla/5.0 (Windows NT 10.0; Win64; x64) AppleWebKit/537.36 (KHTML, like Gecko) Chrome/145.0.0.0 Safari/537.36 (compatible; meta-externalagent/1.1 (+https://developers.facebook.com/docs/sharing/webmasters/crawler))"
65.181.116.207 - - [16/Jul/2026:22:14:14 +0000] "POST /wp-cron.php?doing_wp_cron=1784240054.1103069782257080078125 HTTP/2" 200 0 "-" "WordPress/7.0.1; https://www.ampiwork.com"
124.156.204.51 - - [16/Jul/2026:22:14:05 +0000] "GET /2025/03/14/bet-slot-australia/ HTTP/2" 200 14926 "-" "Mozilla/5.0 (iPhone; CPU iPhone OS 13_2_3 like Mac OS X) AppleWebKit/605.1.15 (KHTML, like Gecko) Version/13.0.3 Mobile/15E148 Safari/604.1"
65.181.116.207 - - [16/Jul/2026:22:16:28 +0000] "POST /wp-cron.php?doing_wp_cron=1784240188.8344919681549072265625 HTTP/2" 200 0 "-" "WordPress/7.0.1; https://www.ampiwork.com"
2a03:2880:f800:1a:: - - [16/Jul/2026:22:16:20 +0000] "GET /2025/03/14/win-real-money-online-casino-uk/ HTTP/2" 200 14747 "-" "Mozilla/5.0 (Windows NT 10.0; Win64; x64) AppleWebKit/537.36 (KHTML, like Gecko) Chrome/145.0.0.0 Safari/537.36 (compatible; meta-externalagent/1.1 (+https://developers.facebook.com/docs/sharing/webmasters/crawler))"
65.181.116.207 - - [16/Jul/2026:22:17:53 +0000] "POST /wp-cron.php?doing_wp_cron=1784240273.5420858860015869140625 HTTP/2" 200 0 "-" "WordPress/7.0.1; https://www.ampiwork.com"
125.212.243.131 - - [16/Jul/2026:22:17:48 +0000] "GET /wp-login.php HTTP/2" 200 1914 "-" "Mozilla/5.0 (iPhone; CPU iPhone OS 18_0 like Mac OS X) AppleWebKit/605.1.15 (KHTML, like Gecko) Version/18.0 Mobile/15E148 Safari/604.1"
65.181.116.207 - - [16/Jul/2026:22:18:31 +0000] "POST /wp-cron.php?doing_wp_cron=1784240311.7072091102600097656250 HTTP/2" 200 0 "-" "WordPress/7.0.1; https://www.ampiwork.com"
2a03:2880:f800:f:: - - [16/Jul/2026:22:18:24 +0000] "GET /2025/03/14/genting-casino-birmingham-nec/ HTTP/2" 200 14634 "-" "Mozilla/5.0 (Windows NT 10.0; Win64; x64) AppleWebKit/537.36 (KHTML, like Gecko) Chrome/145.0.0.0 Safari/537.36 (compatible; meta-externalagent/1.1 (+https://developers.facebook.com/docs/sharing/webmasters/crawler))"
2a03:2880:f800:45:: - - [16/Jul/2026:22:18:34 +0000] "GET /2025/03/14/slot-no-deposit-bonus-2025/ HTTP/2" 200 14793 "-" "Mozilla/5.0 (Macintosh; Intel Mac OS X 10_15_7) AppleWebKit/537.36 (KHTML, like Gecko) Chrome/145.0.0.0 Safari/537.36 (compatible; meta-externalagent/1.1 (+https://developers.facebook.com/docs/sharing/webmasters/crawler))"
2a03:2880:f800:28:: - - [16/Jul/2026:22:18:36 +0000] "GET /2025/03/14/merkur-dover/ HTTP/2" 200 14822 "-" "Mozilla/5.0 (Windows NT 10.0; Win64; x64) AppleWebKit/537.36 (KHTML, like Gecko) Chrome/145.0.0.0 Safari/537.36 (compatible; meta-externalagent/1.1 (+https://developers.facebook.com/docs/sharing/webmasters/crawler))"
2a03:2880:f800:e:: - - [16/Jul/2026:22:18:49 +0000] "GET /2025/03/14/online-casino-uk-echeck/ HTTP/2" 200 14803 "-" "Mozilla/5.0 (X11; Linux x86_64) AppleWebKit/537.36 (KHTML, like Gecko) Chrome/145.0.0.0 Safari/537.36 (compatible; meta-externalagent/1.1 (+https://developers.facebook.com/docs/sharing/webmasters/crawler))"
2a03:2880:f800:2b:: - - [16/Jul/2026:22:18:51 +0000] "GET /2025/03/14/canada-online-mobile-casino/ HTTP/2" 200 14921 "-" "Mozilla/5.0 (Windows NT 10.0; Win64; x64) AppleWebKit/537.36 (KHTML, like Gecko) Chrome/145.0.0.0 Safari/537.36 (compatible; meta-externalagent/1.1 (+https://developers.facebook.com/docs/sharing/webmasters/crawler))"
2a03:2880:f800:44:: - - [16/Jul/2026:22:19:02 +0000] "GET /2025/03/14/gambling-without-real-money/ HTTP/2" 200 15065 "-" "Mozilla/5.0 (Windows NT 10.0; Win64; x64) AppleWebKit/537.36 (KHTML, like Gecko) Chrome/145.0.0.0 Safari/537.36 (compatible; meta-externalagent/1.1 (+https://developers.facebook.com/docs/sharing/webmasters/crawler))"
65.181.116.207 - - [16/Jul/2026:22:19:13 +0000] "POST /wp-cron.php?doing_wp_cron=1784240353.1401770114898681640625 HTTP/2" 200 0 "-" "WordPress/7.0.1; https://www.ampiwork.com"
2a03:2880:f800:1d:: - - [16/Jul/2026:22:19:11 +0000] "GET /2025/03/14/win-a-day-casino-no-deposit-bonus-100-free-spins/ HTTP/2" 200 14872 "-" "Mozilla/5.0 (Windows NT 10.0; Win64; x64) AppleWebKit/537.36 (KHTML, like Gecko) Chrome/145.0.0.0 Safari/537.36 (compatible; meta-externalagent/1.1 (+https://developers.facebook.com/docs/sharing/webmasters/crawler))"
2a03:2880:f800:1a:: - - [16/Jul/2026:22:19:33 +0000] "GET /2025/03/14/south-beach-bingo-casino-login-app-sign-up/ HTTP/2" 200 15124 "-" "Mozilla/5.0 (X11; Linux x86_64) AppleWebKit/537.36 (KHTML, like Gecko) Chrome/145.0.0.0 Safari/537.36 (compatible; meta-externalagent/1.1 (+https://developers.facebook.com/docs/sharing/webmasters/crawler))"
65.181.116.207 - - [16/Jul/2026:22:22:33 +0000] "POST /wp-cron.php?doing_wp_cron=1784240553.5749599933624267578125 HTTP/2" 200 0 "-" "WordPress/7.0.1; https://www.ampiwork.com"
2a03:2880:f800:47:: - - [16/Jul/2026:22:22:22 +0000] "GET /2025/03/14/craps-dice-ireland/ HTTP/2" 200 15035 "-" "Mozilla/5.0 (Macintosh; Intel Mac OS X 10_15_7) AppleWebKit/537.36 (KHTML, like Gecko) Chrome/145.0.0.0 Safari/537.36 (compatible; meta-externalagent/1.1 (+https://developers.facebook.com/docs/sharing/webmasters/crawler))"
2a03:2880:f800:2e:: - - [16/Jul/2026:22:22:34 +0000] "GET /2025/03/14/betboo-casino-bonus-codes-2025/ HTTP/2" 200 14391 "-" "Mozilla/5.0 (Windows NT 10.0; Win64; x64) AppleWebKit/537.36 (KHTML, like Gecko) Chrome/145.0.0.0 Safari/537.36 (compatible; meta-externalagent/1.1 (+https://developers.facebook.com/docs/sharing/webmasters/crawler))"
54.39.0.35 - - [16/Jul/2026:22:22:48 +0000] "GET /sitemap.xml HTTP/2" 200 456 "-" "Mozilla/5.0 (compatible; AhrefsBot/7.0; +http://ahrefs.com/robot/)"
65.181.116.207 - - [16/Jul/2026:22:23:22 +0000] "POST /wp-cron.php?doing_wp_cron=1784240602.4177269935607910156250 HTTP/2" 200 0 "-" "WordPress/7.0.1; https://www.ampiwork.com"
2a03:2880:f800:14:: - - [16/Jul/2026:22:23:15 +0000] "GET /2025/03/14/swiss-casino-review-and-free-chips-bonus/ HTTP/2" 200 14845 "-" "Mozilla/5.0 (Windows NT 10.0; Win64; x64) AppleWebKit/537.36 (KHTML, like Gecko) Chrome/145.0.0.0 Safari/537.36 (compatible; meta-externalagent/1.1 (+https://developers.facebook.com/docs/sharing/webmasters/crawler))"
54.39.210.3 - - [16/Jul/2026:22:22:56 +0000] "GET /post-sitemap.xml HTTP/2" 200 13258 "-" "Mozilla/5.0 (compatible; AhrefsBot/7.0; +http://ahrefs.com/robot/)"
65.181.116.207 - - [16/Jul/2026:22:23:42 +0000] "POST /wp-cron.php?doing_wp_cron=1784240622.8690700531005859375000 HTTP/2" 200 0 "-" "WordPress/7.0.1; https://www.ampiwork.com"
142.44.225.86 - - [16/Jul/2026:22:23:27 +0000] "GET /post-sitemap2.xml HTTP/2" 200 13204 "-" "Mozilla/5.0 (compatible; AhrefsBot/7.0; +http://ahrefs.com/robot/)"
2a03:2880:f800:44:: - - [16/Jul/2026:22:24:10 +0000] "GET /2025/03/14/free-play-slots-demo-new-zealand/ HTTP/2" 200 15249 "-" "Mozilla/5.0 (Windows NT 10.0; Win64; x64) AppleWebKit/537.36 (KHTML, like Gecko) Chrome/145.0.0.0 Safari/537.36 (compatible; meta-externalagent/1.1 (+https://developers.facebook.com/docs/sharing/webmasters/crawler))"
142.44.220.143 - - [16/Jul/2026:22:23:58 +0000] "GET /post-sitemap3.xml HTTP/2" 200 12935 "-" "Mozilla/5.0 (compatible; AhrefsBot/7.0; +http://ahrefs.com/robot/)"
51.222.168.82 - - [16/Jul/2026:22:24:30 +0000] "GET /post-sitemap4.xml HTTP/2" 200 11934 "-" "Mozilla/5.0 (compatible; AhrefsBot/7.0; +http://ahrefs.com/robot/)"
65.181.116.207 - - [16/Jul/2026:22:25:02 +0000] "POST /wp-cron.php?doing_wp_cron=1784240702.2524359226226806640625 HTTP/2" 200 0 "-" "WordPress/7.0.1; https://www.ampiwork.com"
15.235.98.162 - - [16/Jul/2026:22:25:01 +0000] "GET /post-sitemap5.xml HTTP/2" 200 13338 "-" "Mozilla/5.0 (compatible; AhrefsBot/7.0; +http://ahrefs.com/robot/)"
65.181.116.207 - - [16/Jul/2026:22:25:40 +0000] "POST /wp-cron.php?doing_wp_cron=1784240740.4050929546356201171875 HTTP/2" 200 0 "-" "WordPress/7.0.1; https://www.ampiwork.com"
142.44.225.48 - - [16/Jul/2026:22:25:32 +0000] "GET /post-sitemap6.xml HTTP/2" 200 12060 "-" "Mozilla/5.0 (compatible; AhrefsBot/7.0; +http://ahrefs.com/robot/)"
65.181.116.207 - - [16/Jul/2026:22:26:10 +0000] "POST /wp-cron.php?doing_wp_cron=1784240770.6244800090789794921875 HTTP/2" 200 0 "-" "WordPress/7.0.1; https://www.ampiwork.com"
65.181.116.207 - - [16/Jul/2026:22:26:40 +0000] "POST /wp-cron.php?doing_wp_cron=1784240800.2859570980072021484375 HTTP/2" 200 0 "-" "WordPress/7.0.1; https://www.ampiwork.com"
2a03:2880:f800:2c:: - - [16/Jul/2026:22:26:32 +0000] "GET /2025/03/14/free-play-slots-online-uk/ HTTP/2" 200 14936 "-" "Mozilla/5.0 (Windows NT 10.0; Win64; x64) AppleWebKit/537.36 (KHTML, like Gecko) Chrome/145.0.0.0 Safari/537.36 (compatible; meta-externalagent/1.1 (+https://developers.facebook.com/docs/sharing/webmasters/crawler))"
142.44.220.49 - - [16/Jul/2026:22:26:03 +0000] "GET /post-sitemap7.xml HTTP/2" 200 12590 "-" "Mozilla/5.0 (compatible; AhrefsBot/7.0; +http://ahrefs.com/robot/)"
65.181.116.207 - - [16/Jul/2026:22:26:44 +0000] "POST /wp-cron.php?doing_wp_cron=1784240803.9973111152648925781250 HTTP/2" 200 0 "-" "WordPress/7.0.1; https://www.ampiwork.com"
2a03:2880:f800:25:: - - [16/Jul/2026:22:26:51 +0000] "GET /2025/03/14/fever-slots-casino-no-deposit-bonus-100-free-spins/ HTTP/2" 200 15001 "-" "Mozilla/5.0 (Windows NT 10.0; Win64; x64) AppleWebKit/537.36 (KHTML, like Gecko) Chrome/145.0.0.0 Safari/537.36 (compatible; meta-externalagent/1.1 (+https://developers.facebook.com/docs/sharing/webmasters/crawler))"
142.44.220.242 - - [16/Jul/2026:22:26:34 +0000] "GET /post-sitemap8.xml HTTP/2" 200 13365 "-" "Mozilla/5.0 (compatible; AhrefsBot/7.0; +http://ahrefs.com/robot/)"
65.181.116.207 - - [16/Jul/2026:22:27:16 +0000] "POST /wp-cron.php?doing_wp_cron=1784240836.4182291030883789062500 HTTP/2" 200 0 "-" "WordPress/7.0.1; https://www.ampiwork.com"
65.181.116.207 - - [16/Jul/2026:22:27:18 +0000] "POST /wp-cron.php?doing_wp_cron=1784240838.6149940490722656250000 HTTP/2" 200 0 "-" "WordPress/7.0.1; https://www.ampiwork.com"
52.203.79.108 - - [16/Jul/2026:22:27:14 +0000] "GET /robots.txt HTTP/2" 301 0 "-" "Mozilla/5.0 (Macintosh; Intel Mac OS X 10_10_1) AppleWebKit/600.2.5 (KHTML, like Gecko) Version/8.0.2 Safari/600.2.5 (Gort)"
2a03:2880:f800:29:: - - [16/Jul/2026:22:27:29 +0000] "GET /2025/03/14/biggest-gambling-casino-in-australia/ HTTP/2" 200 14822 "-" "Mozilla/5.0 (Windows NT 10.0; Win64; x64) AppleWebKit/537.36 (KHTML, like Gecko) Chrome/145.0.0.0 Safari/537.36 (compatible; meta-externalagent/1.1 (+https://developers.facebook.com/docs/sharing/webmasters/crawler))"
142.44.233.196 - - [16/Jul/2026:22:27:05 +0000] "GET /post-sitemap9.xml HTTP/2" 200 12722 "-" "Mozilla/5.0 (compatible; AhrefsBot/7.0; +http://ahrefs.com/robot/)"
65.181.116.207 - - [16/Jul/2026:22:27:41 +0000] "POST /wp-cron.php?doing_wp_cron=1784240861.5462839603424072265625 HTTP/2" 200 0 "-" "WordPress/7.0.1; https://www.ampiwork.com"
51.161.37.223 - - [16/Jul/2026:22:27:39 +0000] "GET /post-sitemap10.xml HTTP/2" 200 3268 "-" "Mozilla/5.0 (compatible; AhrefsBot/7.0; +http://ahrefs.com/robot/)"
51.161.65.133 - - [16/Jul/2026:22:27:50 +0000] "GET /page-sitemap.xml HTTP/2" 200 832 "-" "Mozilla/5.0 (compatible; AhrefsBot/7.0; +http://ahrefs.com/robot/)"
65.181.116.207 - - [16/Jul/2026:22:28:04 +0000] "POST /wp-cron.php?doing_wp_cron=1784240884.3328690528869628906250 HTTP/2" 200 0 "-" "WordPress/7.0.1; https://www.ampiwork.com"
148.113.130.60 - - [16/Jul/2026:22:27:59 +0000] "GET /product-sitemap.xml HTTP/2" 200 388 "-" "Mozilla/5.0 (compatible; AhrefsBot/7.0; +http://ahrefs.com/robot/)"
2a03:2880:f800:36:: - - [16/Jul/2026:22:28:00 +0000] "GET /2025/03/14/best-free-bingo-sites-uk/ HTTP/2" 200 14950 "-" "Mozilla/5.0 (Macintosh; Intel Mac OS X 10_15_7) AppleWebKit/537.36 (KHTML, like Gecko) Chrome/145.0.0.0 Safari/537.36 (compatible; meta-externalagent/1.1 (+https://developers.facebook.com/docs/sharing/webmasters/crawler))"
54.39.89.132 - - [16/Jul/2026:22:28:05 +0000] "GET /cartflows_flow-sitemap.xml HTTP/2" 200 404 "-" "Mozilla/5.0 (compatible; AhrefsBot/7.0; +http://ahrefs.com/robot/)"
167.114.139.40 - - [16/Jul/2026:22:28:10 +0000] "GET /cartflows_step-sitemap.xml HTTP/2" 200 429 "-" "Mozilla/5.0 (compatible; AhrefsBot/7.0; +http://ahrefs.com/robot/)"
2a03:2880:f800:28:: - - [16/Jul/2026:22:28:09 +0000] "GET /2025/03/14/free-roulette-casino-guru/ HTTP/2" 200 15039 "-" "Mozilla/5.0 (Windows NT 10.0; Win64; x64) AppleWebKit/537.36 (KHTML, like Gecko) Chrome/145.0.0.0 Safari/537.36 (compatible; meta-externalagent/1.1 (+https://developers.facebook.com/docs/sharing/webmasters/crawler))"
51.161.37.229 - - [16/Jul/2026:22:28:14 +0000] "GET /category-sitemap.xml HTTP/2" 200 390 "-" "Mozilla/5.0 (compatible; AhrefsBot/7.0; +http://ahrefs.com/robot/)"
142.44.233.60 - - [16/Jul/2026:22:28:17 +0000] "GET /product_cat-sitemap.xml HTTP/2" 200 396 "-" "Mozilla/5.0 (compatible; AhrefsBot/7.0; +http://ahrefs.com/robot/)"
65.181.116.207 - - [16/Jul/2026:22:28:26 +0000] "POST /wp-cron.php?doing_wp_cron=1784240906.5856320858001708984375 HTTP/2" 200 0 "-" "WordPress/7.0.1; https://www.ampiwork.com"
52.167.144.217 - - [16/Jul/2026:22:27:51 +0000] "GET /post-sitemap7.xml HTTP/2" 200 12804 "-" "Mozilla/5.0 AppleWebKit/537.36 (KHTML, like Gecko; compatible; bingbot/2.0; +http://www.bing.com/bingbot.htm) Chrome/116.0.1938.76 Safari/537.36"
43.135.185.59 - - [16/Jul/2026:22:28:23 +0000] "GET /2025/03/14/casino-free-slots-games-online/ HTTP/2" 200 14433 "-" "Mozilla/5.0 (iPhone; CPU iPhone OS 13_2_3 like Mac OS X) AppleWebKit/605.1.15 (KHTML, like Gecko) Version/13.0.3 Mobile/15E148 Safari/604.1"
2a03:2880:f800:12:: - - [16/Jul/2026:22:28:56 +0000] "GET /2025/03/14/100-free-spins-united-kingdom/ HTTP/2" 200 15025 "-" "Mozilla/5.0 (Windows NT 10.0; Win64; x64) AppleWebKit/537.36 (KHTML, like Gecko) Chrome/145.0.0.0 Safari/537.36 (compatible; meta-externalagent/1.1 (+https://developers.facebook.com/docs/sharing/webmasters/crawler))"
65.181.116.207 - - [16/Jul/2026:22:31:26 +0000] "POST /wp-cron.php?doing_wp_cron=1784241085.8161098957061767578125 HTTP/2" 200 0 "-" "WordPress/7.0.1; https://www.ampiwork.com"
2a03:2880:f800:4:: - - [16/Jul/2026:22:31:19 +0000] "GET /2025/03/14/21-blackjack-rules-new-zealand/ HTTP/2" 200 14789 "-" "Mozilla/5.0 (Macintosh; Intel Mac OS X 10_15_7) AppleWebKit/537.36 (KHTML, like Gecko) Chrome/145.0.0.0 Safari/537.36 (compatible; meta-externalagent/1.1 (+https://developers.facebook.com/docs/sharing/webmasters/crawler))"
65.181.116.207 - - [16/Jul/2026:22:31:46 +0000] "POST /wp-cron.php?doing_wp_cron=1784241105.8461089134216308593750 HTTP/2" 200 0 "-" "WordPress/7.0.1; https://www.ampiwork.com"
40.77.167.159 - - [16/Jul/2026:22:31:08 +0000] "GET /post-sitemap5.xml HTTP/2" 200 13426 "-" "Mozilla/5.0 AppleWebKit/537.36 (KHTML, like Gecko; compatible; bingbot/2.0; +http://www.bing.com/bingbot.htm) Chrome/116.0.1938.76 Safari/537.36"
186.176.62.95 - - [16/Jul/2026:22:31:49 +0000] "GET / HTTP/2" 200 20767 "-" "Mozilla/5.0 (X11; Linux x86_64) AppleWebKit/537.36 (KHTML, like Gecko) Chrome/150.0.0.0 Safari/537.36"
186.176.62.95 - - [16/Jul/2026:22:32:02 +0000] "GET /wp-includes/js/jquery/jquery.min.js?ver=3.7.1 HTTP/2" 304 0 "https://www.ampiwork.com/" "Mozilla/5.0 (X11; Linux x86_64) AppleWebKit/537.36 (KHTML, like Gecko) Chrome/150.0.0.0 Safari/537.36"
186.176.62.95 - - [16/Jul/2026:22:32:02 +0000] "GET /wp-includes/js/jquery/jquery-migrate.min.js?ver=3.4.1 HTTP/2" 304 0 "https://www.ampiwork.com/" "Mozilla/5.0 (X11; Linux x86_64) AppleWebKit/537.36 (KHTML, like Gecko) Chrome/150.0.0.0 Safari/537.36"
186.176.62.95 - - [16/Jul/2026:22:32:05 +0000] "GET /wp-content/themes/hello-elementor/assets/js/hello-frontend.min.js?ver=3.3.0 HTTP/2" 304 0 "https://www.ampiwork.com/" "Mozilla/5.0 (X11; Linux x86_64) AppleWebKit/537.36 (KHTML, like Gecko) Chrome/150.0.0.0 Safari/537.36"
65.181.116.207 - - [16/Jul/2026:22:32:07 +0000] "POST /wp-cron.php?doing_wp_cron=1784241127.0201311111450195312500 HTTP/2" 200 0 "-" "WordPress/7.0.1; https://www.ampiwork.com"
2a03:2880:f800:18:: - - [16/Jul/2026:22:31:59 +0000] "GET /2025/03/14/1st-class-slots/ HTTP/2" 200 14881 "-" "Mozilla/5.0 (Windows NT 10.0; Win64; x64) AppleWebKit/537.36 (KHTML, like Gecko) Chrome/145.0.0.0 Safari/537.36 (compatible; meta-externalagent/1.1 (+https://developers.facebook.com/docs/sharing/webmasters/crawler))"
186.176.62.95 - - [16/Jul/2026:22:32:08 +0000] "GET /wp-content/plugins/elementor/assets/lib/swiper/v8/swiper.min.js?ver=8.4.5 HTTP/2" 304 0 "https://www.ampiwork.com/" "Mozilla/5.0 (X11; Linux x86_64) AppleWebKit/537.36 (KHTML, like Gecko) Chrome/150.0.0.0 Safari/537.36"
186.176.62.95 - - [16/Jul/2026:22:32:08 +0000] "GET /wp-content/plugins/woocommerce/assets/js/sourcebuster/sourcebuster.min.js?ver=10.1.0 HTTP/2" 304 0 "https://www.ampiwork.com/" "Mozilla/5.0 (X11; Linux x86_64) AppleWebKit/537.36 (KHTML, like Gecko) Chrome/150.0.0.0 Safari/537.36"
186.176.62.95 - - [16/Jul/2026:22:32:08 +0000] "GET /wp-content/plugins/woocommerce/assets/js/frontend/order-attribution.min.js?ver=10.1.0 HTTP/2" 304 0 "https://www.ampiwork.com/" "Mozilla/5.0 (X11; Linux x86_64) AppleWebKit/537.36 (KHTML, like Gecko) Chrome/150.0.0.0 Safari/537.36"
186.176.62.95 - - [16/Jul/2026:22:32:08 +0000] "GET /wp-content/plugins/elementor-pro/assets/lib/smartmenus/jquery.smartmenus.min.js?ver=1.2.1 HTTP/2" 304 0 "https://www.ampiwork.com/" "Mozilla/5.0 (X11; Linux x86_64) AppleWebKit/537.36 (KHTML, like Gecko) Chrome/150.0.0.0 Safari/537.36"
186.176.62.95 - - [16/Jul/2026:22:32:08 +0000] "GET /wp-content/plugins/elementor/assets/js/frontend-modules.min.js?ver=3.27.7 HTTP/2" 304 0 "https://www.ampiwork.com/" "Mozilla/5.0 (X11; Linux x86_64) AppleWebKit/537.36 (KHTML, like Gecko) Chrome/150.0.0.0 Safari/537.36"
186.176.62.95 - - [16/Jul/2026:22:32:08 +0000] "GET /wp-content/plugins/elementor/assets/js/webpack.runtime.min.js?ver=3.27.7 HTTP/2" 304 0 "https://www.ampiwork.com/" "Mozilla/5.0 (X11; Linux x86_64) AppleWebKit/537.36 (KHTML, like Gecko) Chrome/150.0.0.0 Safari/537.36"
186.176.62.95 - - [16/Jul/2026:22:32:08 +0000] "GET /wp-content/plugins/elementor-pro/assets/js/webpack-pro.runtime.min.js?ver=3.20.1 HTTP/2" 304 0 "https://www.ampiwork.com/" "Mozilla/5.0 (X11; Linux x86_64) AppleWebKit/537.36 (KHTML, like Gecko) Chrome/150.0.0.0 Safari/537.36"
186.176.62.95 - - [16/Jul/2026:22:32:12 +0000] "GET /wp-includes/js/dist/hooks.min.js?ver=7496969728ca0f95732d HTTP/2" 304 0 "https://www.ampiwork.com/" "Mozilla/5.0 (X11; Linux x86_64) AppleWebKit/537.36 (KHTML, like Gecko) Chrome/150.0.0.0 Safari/537.36"
186.176.62.95 - - [16/Jul/2026:22:32:14 +0000] "GET /wp-includes/js/dist/i18n.min.js?ver=781d11515ad3d91786ec HTTP/2" 304 0 "https://www.ampiwork.com/" "Mozilla/5.0 (X11; Linux x86_64) AppleWebKit/537.36 (KHTML, like Gecko) Chrome/150.0.0.0 Safari/537.36"
186.176.62.95 - - [16/Jul/2026:22:32:14 +0000] "GET /wp-content/plugins/elementor-pro/assets/js/frontend.min.js?ver=3.20.1 HTTP/2" 304 0 "https://www.ampiwork.com/" "Mozilla/5.0 (X11; Linux x86_64) AppleWebKit/537.36 (KHTML, like Gecko) Chrome/150.0.0.0 Safari/537.36"
186.176.62.95 - - [16/Jul/2026:22:32:14 +0000] "GET /wp-content/plugins/woocommerce/assets/js/jquery-blockui/jquery.blockUI.min.js?ver=2.7.0-wc.10.1.0 HTTP/2" 304 0 "https://www.ampiwork.com/" "Mozilla/5.0 (X11; Linux x86_64) AppleWebKit/537.36 (KHTML, like Gecko) Chrome/150.0.0.0 Safari/537.36"
186.176.62.95 - - [16/Jul/2026:22:32:14 +0000] "GET /wp-content/plugins/elementor-pro/assets/js/preloaded-elements-handlers.min.js?ver=3.20.1 HTTP/2" 304 0 "https://www.ampiwork.com/" "Mozilla/5.0 (X11; Linux x86_64) AppleWebKit/537.36 (KHTML, like Gecko) Chrome/150.0.0.0 Safari/537.36"
186.176.62.95 - - [16/Jul/2026:22:32:14 +0000] "GET /wp-includes/js/jquery/ui/core.min.js?ver=1.13.3 HTTP/2" 304 0 "https://www.ampiwork.com/" "Mozilla/5.0 (X11; Linux x86_64) AppleWebKit/537.36 (KHTML, like Gecko) Chrome/150.0.0.0 Safari/537.36"
186.176.62.95 - - [16/Jul/2026:22:32:14 +0000] "GET /wp-content/plugins/elementor/assets/js/frontend.min.js?ver=3.27.7 HTTP/2" 304 0 "https://www.ampiwork.com/" "Mozilla/5.0 (X11; Linux x86_64) AppleWebKit/537.36 (KHTML, like Gecko) Chrome/150.0.0.0 Safari/537.36"
186.176.62.95 - - [16/Jul/2026:22:32:14 +0000] "GET /wp-content/plugins/woocommerce/assets/js/js-cookie/js.cookie.min.js?ver=2.1.4-wc.10.1.0 HTTP/2" 304 0 "https://www.ampiwork.com/" "Mozilla/5.0 (X11; Linux x86_64) AppleWebKit/537.36 (KHTML, like Gecko) Chrome/150.0.0.0 Safari/537.36"
186.176.62.95 - - [16/Jul/2026:22:32:14 +0000] "GET /wp-content/plugins/woocommerce/assets/js/frontend/add-to-cart.min.js?ver=10.1.0 HTTP/2" 304 0 "https://www.ampiwork.com/" "Mozilla/5.0 (X11; Linux x86_64) AppleWebKit/537.36 (KHTML, like Gecko) Chrome/150.0.0.0 Safari/537.36"
186.176.62.95 - - [16/Jul/2026:22:32:16 +0000] "GET /wp-content/plugins/woocommerce/assets/js/frontend/woocommerce.min.js?ver=10.1.0 HTTP/2" 304 0 "https://www.ampiwork.com/" "Mozilla/5.0 (X11; Linux x86_64) AppleWebKit/537.36 (KHTML, like Gecko) Chrome/150.0.0.0 Safari/537.36"
186.176.62.95 - - [16/Jul/2026:22:32:23 +0000] "GET /wp-content/plugins/elementor/assets/js/text-editor.c084ef86600b6f11690d.bundle.min.js HTTP/2" 304 0 "https://www.ampiwork.com/" "Mozilla/5.0 (X11; Linux x86_64) AppleWebKit/537.36 (KHTML, like Gecko) Chrome/150.0.0.0 Safari/537.36"
186.176.62.95 - - [16/Jul/2026:22:32:23 +0000] "GET /wp-content/plugins/elementor/assets/js/toggle.a6177e2e3c2bc8864bef.bundle.min.js HTTP/2" 200 1327 "https://www.ampiwork.com/" "Mozilla/5.0 (X11; Linux x86_64) AppleWebKit/537.36 (KHTML, like Gecko) Chrome/150.0.0.0 Safari/537.36"
2a03:2880:f800:f:: - - [16/Jul/2026:22:32:35 +0000] "GET /2025/03/14/free-online-roulette-simulator/ HTTP/2" 200 14566 "-" "Mozilla/5.0 (Windows NT 10.0; Win64; x64) AppleWebKit/537.36 (KHTML, like Gecko) Chrome/145.0.0.0 Safari/537.36 (compatible; meta-externalagent/1.1 (+https://developers.facebook.com/docs/sharing/webmasters/crawler))"
65.181.116.207 - - [16/Jul/2026:22:33:24 +0000] "POST /wp-cron.php?doing_wp_cron=1784241204.2233159542083740234375 HTTP/2" 200 0 "-" "WordPress/7.0.1; https://www.ampiwork.com"
2a03:2880:f800:34:: - - [16/Jul/2026:22:33:16 +0000] "GET /2025/03/14/new-casino-no-deposit-bonus-codes-united-kingdom-2025/ HTTP/2" 200 14893 "-" "Mozilla/5.0 (Macintosh; Intel Mac OS X 10_15_7) AppleWebKit/537.36 (KHTML, like Gecko) Chrome/145.0.0.0 Safari/537.36 (compatible; meta-externalagent/1.1 (+https://developers.facebook.com/docs/sharing/webmasters/crawler))"
65.181.116.207 - - [16/Jul/2026:22:34:13 +0000] "POST /wp-cron.php?doing_wp_cron=1784241253.6047029495239257812500 HTTP/2" 200 0 "-" "WordPress/7.0.1; https://www.ampiwork.com"
2a03:2880:f800:13:: - - [16/Jul/2026:22:34:05 +0000] "GET /2025/03/14/squad-casino-no-deposit-bonus-codes-for-free-spins-2025/ HTTP/2" 200 15072 "-" "Mozilla/5.0 (Windows NT 10.0; Win64; x64) AppleWebKit/537.36 (KHTML, like Gecko) Chrome/145.0.0.0 Safari/537.36 (compatible; meta-externalagent/1.1 (+https://developers.facebook.com/docs/sharing/webmasters/crawler))"
65.181.116.207 - - [16/Jul/2026:22:34:21 +0000] "POST /wp-cron.php?doing_wp_cron=1784241260.9243590831756591796875 HTTP/2" 200 0 "-" "WordPress/7.0.1; https://www.ampiwork.com"
2a03:2880:f800:35:: - - [16/Jul/2026:22:34:12 +0000] "GET /2025/03/14/play-free-slots-online-without-registration/ HTTP/2" 200 15070 "-" "Mozilla/5.0 (Windows NT 10.0; Win64; x64) AppleWebKit/537.36 (KHTML, like Gecko) Chrome/145.0.0.0 Safari/537.36 (compatible; meta-externalagent/1.1 (+https://developers.facebook.com/docs/sharing/webmasters/crawler))"
2a03:2880:f800:36:: - - [16/Jul/2026:22:34:29 +0000] "GET /2025/03/14/top-uk-online-casinos-2025/ HTTP/2" 200 14859 "-" "Mozilla/5.0 (Windows NT 10.0; Win64; x64) AppleWebKit/537.36 (KHTML, like Gecko) Chrome/145.0.0.0 Safari/537.36 (compatible; meta-externalagent/1.1 (+https://developers.facebook.com/docs/sharing/webmasters/crawler))"
2a03:2880:f800:42:: - - [16/Jul/2026:22:34:43 +0000] "GET /2025/03/14/slot-blood-and-shadow-by-nolimit-city-demo-free-play/ HTTP/2" 200 14906 "-" "Mozilla/5.0 (X11; Linux x86_64) AppleWebKit/537.36 (KHTML, like Gecko) Chrome/145.0.0.0 Safari/537.36 (compatible; meta-externalagent/1.1 (+https://developers.facebook.com/docs/sharing/webmasters/crawler))"
2a03:2880:f800:27:: - - [16/Jul/2026:22:34:55 +0000] "GET /2025/03/14/canada-orginal-slot-games/ HTTP/2" 200 14899 "-" "Mozilla/5.0 (Macintosh; Intel Mac OS X 10_15_7) AppleWebKit/537.36 (KHTML, like Gecko) Chrome/145.0.0.0 Safari/537.36 (compatible; meta-externalagent/1.1 (+https://developers.facebook.com/docs/sharing/webmasters/crawler))"
2a03:2880:f800:17:: - - [16/Jul/2026:22:34:55 +0000] "GET /2025/03/14/aztec-riches-casino-100-free-spins-bonus-2025/ HTTP/2" 200 15096 "-" "Mozilla/5.0 (Windows NT 10.0; Win64; x64) AppleWebKit/537.36 (KHTML, like Gecko) Chrome/145.0.0.0 Safari/537.36 (compatible; meta-externalagent/1.1 (+https://developers.facebook.com/docs/sharing/webmasters/crawler))"
65.181.116.207 - - [16/Jul/2026:22:36:43 +0000] "POST /wp-cron.php?doing_wp_cron=1784241403.5283949375152587890625 HTTP/2" 200 0 "-" "WordPress/7.0.1; https://www.ampiwork.com"
2a03:2880:f800:23:: - - [16/Jul/2026:22:36:35 +0000] "GET /2025/03/14/online-cash-slots/ HTTP/2" 200 14576 "-" "Mozilla/5.0 (Windows NT 10.0; Win64; x64) AppleWebKit/537.36 (KHTML, like Gecko) Chrome/144.0.0.0 Safari/537.36 Edg/144.0.0.0 (compatible; meta-externalagent/1.1 (+https://developers.facebook.com/docs/sharing/webmasters/crawler))"
65.181.116.207 - - [16/Jul/2026:22:37:14 +0000] "POST /wp-cron.php?doing_wp_cron=1784241434.5751779079437255859375 HTTP/2" 200 0 "-" "WordPress/7.0.1; https://www.ampiwork.com"
2a03:2880:f800:2d:: - - [16/Jul/2026:22:37:05 +0000] "GET /2025/03/14/privewin-casino-review-and-free-chips-bonus/ HTTP/2" 200 15049 "-" "Mozilla/5.0 (Windows NT 10.0; Win64; x64) AppleWebKit/537.36 (KHTML, like Gecko) Chrome/145.0.0.0 Safari/537.36 (compatible; meta-externalagent/1.1 (+https://developers.facebook.com/docs/sharing/webmasters/crawler))"
43.153.27.244 - - [16/Jul/2026:22:37:21 +0000] "GET /2025/03/14/united-kingdom-casinos-online-2025/ HTTP/2" 200 14869 "-" "Mozilla/5.0 (iPhone; CPU iPhone OS 13_2_3 like Mac OS X) AppleWebKit/605.1.15 (KHTML, like Gecko) Version/13.0.3 Mobile/15E148 Safari/604.1"
65.181.116.207 - - [16/Jul/2026:22:39:33 +0000] "POST /wp-cron.php?doing_wp_cron=1784241573.2156751155853271484375 HTTP/2" 200 0 "-" "WordPress/7.0.1; https://www.ampiwork.com"
2a03:2880:f800:: - - [16/Jul/2026:22:39:25 +0000] "GET /2025/03/14/gambling-offers-canada/ HTTP/2" 200 14812 "-" "Mozilla/5.0 (Macintosh; Intel Mac OS X 10_15_7) AppleWebKit/537.36 (KHTML, like Gecko) Chrome/145.0.0.0 Safari/537.36 (compatible; meta-externalagent/1.1 (+https://developers.facebook.com/docs/sharing/webmasters/crawler))"
65.181.116.207 - - [16/Jul/2026:22:40:17 +0000] "POST /wp-cron.php?doing_wp_cron=1784241617.0468990802764892578125 HTTP/2" 200 0 "-" "WordPress/7.0.1; https://www.ampiwork.com"
2a03:2880:f800:1f:: - - [16/Jul/2026:22:40:07 +0000] "GET /2025/03/14/free-bonus-slot-machines-canada/ HTTP/2" 200 15025 "-" "Mozilla/5.0 (Windows NT 10.0; Win64; x64) AppleWebKit/537.36 (KHTML, like Gecko) Chrome/145.0.0.0 Safari/537.36 (compatible; meta-externalagent/1.1 (+https://developers.facebook.com/docs/sharing/webmasters/crawler))"
65.181.116.207 - - [16/Jul/2026:22:40:23 +0000] "POST /wp-cron.php?doing_wp_cron=1784241623.5510020256042480468750 HTTP/2" 200 0 "-" "WordPress/7.0.1; https://www.ampiwork.com"
2a03:2880:f800:16:: - - [16/Jul/2026:22:40:13 +0000] "GET /2025/03/14/tetraplay-casino-no-deposit-bonus-100-free-spins/ HTTP/2" 200 15030 "-" "Mozilla/5.0 (Macintosh; Intel Mac OS X 10_15_7) AppleWebKit/537.36 (KHTML, like Gecko) Chrome/145.0.0.0 Safari/537.36 (compatible; meta-externalagent/1.1 (+https://developers.facebook.com/docs/sharing/webmasters/crawler))"
2a03:2880:f800:b:: - - [16/Jul/2026:22:40:35 +0000] "GET /2025/03/14/united-kingdom-slots-online/ HTTP/2" 200 14917 "-" "Mozilla/5.0 (Macintosh; Intel Mac OS X 10_15_7) AppleWebKit/537.36 (KHTML, like Gecko) Chrome/145.0.0.0 Safari/537.36 (compatible; meta-externalagent/1.1 (+https://developers.facebook.com/docs/sharing/webmasters/crawler))"
2a03:2880:f800:42:: - - [16/Jul/2026:22:41:03 +0000] "GET /2025/03/14/fdj-casino-100-free-spins-bonus-2025/ HTTP/2" 200 15144 "-" "Mozilla/5.0 (Windows NT 10.0; Win64; x64) AppleWebKit/537.36 (KHTML, like Gecko) Chrome/145.0.0.0 Safari/537.36 (compatible; meta-externalagent/1.1 (+https://developers.facebook.com/docs/sharing/webmasters/crawler))"
65.181.116.207 - - [16/Jul/2026:22:41:25 +0000] "POST /wp-cron.php?doing_wp_cron=1784241684.9267759323120117187500 HTTP/2" 200 0 "-" "WordPress/7.0.1; https://www.ampiwork.com"
2a03:2880:f800:26:: - - [16/Jul/2026:22:41:17 +0000] "GET /2025/03/14/sin88-casino-no-deposit-bonus-codes-for-free-spins-2025/ HTTP/2" 200 14980 "-" "Mozilla/5.0 (Windows NT 10.0; Win64; x64) AppleWebKit/537.36 (KHTML, like Gecko) Chrome/145.0.0.0 Safari/537.36 (compatible; meta-externalagent/1.1 (+https://developers.facebook.com/docs/sharing/webmasters/crawler))"
2a03:2880:f800:a:: - - [16/Jul/2026:22:41:35 +0000] "GET /2025/03/14/loose-online-slot-machines/ HTTP/2" 200 14916 "-" "Mozilla/5.0 (Macintosh; Intel Mac OS X 10_15_7) AppleWebKit/537.36 (KHTML, like Gecko) Chrome/145.0.0.0 Safari/537.36 (compatible; meta-externalagent/1.1 (+https://developers.facebook.com/docs/sharing/webmasters/crawler))"
20.63.63.128 - - [16/Jul/2026:22:42:06 +0000] "GET /wp-content/plugins/hellopress/wp_filemanager.php HTTP/2" 404 3415 "-" "-"
20.63.63.128 - - [16/Jul/2026:22:42:06 +0000] "GET /this_is_a_new_hello_world.php HTTP/2" 404 3415 "-" "-"
20.63.63.128 - - [16/Jul/2026:22:42:06 +0000] "GET /wp-der.php HTTP/2" 404 3415 "-" "-"
20.63.63.128 - - [16/Jul/2026:22:42:06 +0000] "GET /wp-slss.php HTTP/2" 404 3415 "-" "-"
20.63.63.128 - - [16/Jul/2026:22:42:06 +0000] "GET /min.php HTTP/2" 404 3415 "-" "-"
20.63.63.128 - - [16/Jul/2026:22:42:06 +0000] "GET /wp-thi.php HTTP/2" 404 3415 "-" "-"
20.63.63.128 - - [16/Jul/2026:22:42:06 +0000] "GET /noe.php HTTP/2" 404 3415 "-" "-"
20.63.63.128 - - [16/Jul/2026:22:42:06 +0000] "GET /wp-file.php HTTP/2" 404 3415 "-" "-"
20.63.63.128 - - [16/Jul/2026:22:42:07 +0000] "GET /edit-tags.php HTTP/2" 404 3415 "-" "-"
20.63.63.128 - - [16/Jul/2026:22:42:07 +0000] "GET /wp-b0rk5oy.php HTTP/2" 404 3415 "-" "-"
20.63.63.128 - - [16/Jul/2026:22:42:07 +0000] "GET /bless24.php HTTP/2" 404 3415 "-" "-"
20.63.63.128 - - [16/Jul/2026:22:42:07 +0000] "GET /punah.php HTTP/2" 404 3415 "-" "-"
20.63.63.128 - - [16/Jul/2026:22:42:07 +0000] "GET /min.php HTTP/2" 404 3415 "-" "-"
20.63.63.128 - - [16/Jul/2026:22:42:07 +0000] "GET /dass.php HTTP/2" 404 3415 "-" "-"
20.63.63.128 - - [16/Jul/2026:22:42:07 +0000] "GET /wander.php HTTP/2" 404 3415 "-" "-"
20.63.63.128 - - [16/Jul/2026:22:42:07 +0000] "GET /cc13.php HTTP/2" 404 3415 "-" "-"
20.63.63.128 - - [16/Jul/2026:22:42:07 +0000] "GET /des.php HTTP/2" 404 3415 "-" "-"
20.63.63.128 - - [16/Jul/2026:22:42:08 +0000] "GET /avcqlevnbk.php HTTP/2" 404 3415 "-" "-"
20.63.63.128 - - [16/Jul/2026:22:42:08 +0000] "GET /wp-ppoxua4.php HTTP/2" 404 3415 "-" "-"
20.63.63.128 - - [16/Jul/2026:22:42:08 +0000] "GET /drykl.php HTTP/2" 404 3415 "-" "-"
20.63.63.128 - - [16/Jul/2026:22:42:08 +0000] "GET /f35.php HTTP/2" 404 3415 "-" "-"
20.63.63.128 - - [16/Jul/2026:22:42:08 +0000] "GET /wp-link-szoppm.php HTTP/2" 404 3415 "-" "-"
20.63.63.128 - - [16/Jul/2026:22:42:08 +0000] "GET /x.php HTTP/2" 404 3415 "-" "-"
20.63.63.128 - - [16/Jul/2026:22:42:08 +0000] "GET /xa.php HTTP/2" 404 3415 "-" "-"
20.63.63.128 - - [16/Jul/2026:22:42:08 +0000] "GET /ms-edit.php HTTP/2" 404 3415 "-" "-"
20.63.63.128 - - [16/Jul/2026:22:42:08 +0000] "GET /as.php HTTP/2" 404 3415 "-" "-"
20.63.63.128 - - [16/Jul/2026:22:42:09 +0000] "GET /wen.php HTTP/2" 404 3415 "-" "-"
20.63.63.128 - - [16/Jul/2026:22:42:09 +0000] "GET /dex.php HTTP/2" 404 3415 "-" "-"
20.63.63.128 - - [16/Jul/2026:22:42:09 +0000] "GET /f.php HTTP/2" 404 3415 "-" "-"
20.63.63.128 - - [16/Jul/2026:22:42:09 +0000] "GET /333.php HTTP/2" 404 3415 "-" "-"
20.63.63.128 - - [16/Jul/2026:22:42:09 +0000] "GET /a4.php HTTP/2" 404 3415 "-" "-"
20.63.63.128 - - [16/Jul/2026:22:42:09 +0000] "GET /wp-the.php HTTP/2" 404 3415 "-" "-"
20.63.63.128 - - [16/Jul/2026:22:42:09 +0000] "GET /classwithtostring.php HTTP/2" 404 3415 "-" "-"
20.63.63.128 - - [16/Jul/2026:22:42:09 +0000] "GET /fun.php HTTP/2" 404 3415 "-" "-"
20.63.63.128 - - [16/Jul/2026:22:42:09 +0000] "GET /wp-content/languages/index.php HTTP/2" 404 3415 "-" "-"
20.63.63.128 - - [16/Jul/2026:22:42:09 +0000] "GET /file.php HTTP/2" 404 3415 "-" "-"
20.63.63.128 - - [16/Jul/2026:22:42:10 +0000] "GET /pass4.php HTTP/2" 404 3415 "-" "-"
20.63.63.128 - - [16/Jul/2026:22:42:10 +0000] "GET /666.php HTTP/2" 404 3415 "-" "-"
20.63.63.128 - - [16/Jul/2026:22:42:10 +0000] "GET /wp-access.php HTTP/2" 404 3415 "-" "-"
20.63.63.128 - - [16/Jul/2026:22:42:10 +0000] "GET /jj.php HTTP/2" 404 3415 "-" "-"
20.63.63.128 - - [16/Jul/2026:22:42:10 +0000] "GET /wp-x7.php HTTP/2" 404 3415 "-" "-"
20.63.63.128 - - [16/Jul/2026:22:42:10 +0000] "GET /wpxml.php HTTP/2" 404 3415 "-" "-"
20.63.63.128 - - [16/Jul/2026:22:42:10 +0000] "GET /inputs.php HTTP/2" 404 3415 "-" "-"
20.63.63.128 - - [16/Jul/2026:22:42:10 +0000] "GET /file4.php HTTP/2" 404 3415 "-" "-"
20.63.63.128 - - [16/Jul/2026:22:42:10 +0000] "GET /wp-firewall.php HTTP/2" 404 3415 "-" "-"
20.63.63.128 - - [16/Jul/2026:22:42:11 +0000] "GET /data.php HTTP/2" 404 3415 "-" "-"
20.63.63.128 - - [16/Jul/2026:22:42:11 +0000] "GET /wp-wpbak.php HTTP/2" 404 3415 "-" "-"
20.63.63.128 - - [16/Jul/2026:22:42:11 +0000] "GET /002.php HTTP/2" 404 3415 "-" "-"
20.63.63.128 - - [16/Jul/2026:22:42:11 +0000] "GET /class-t.api.php HTTP/2" 404 3415 "-" "-"
20.63.63.128 - - [16/Jul/2026:22:42:11 +0000] "GET /file5.php HTTP/2" 404 3415 "-" "-"
20.63.63.128 - - [16/Jul/2026:22:42:11 +0000] "GET /cache.php HTTP/2" 404 3415 "-" "-"
20.63.63.128 - - [16/Jul/2026:22:42:11 +0000] "GET /error.php HTTP/2" 404 3415 "-" "-"
20.63.63.128 - - [16/Jul/2026:22:42:11 +0000] "GET /wp-content/themes/about.php HTTP/2" 404 3415 "-" "-"
20.63.63.128 - - [16/Jul/2026:22:42:11 +0000] "GET /wp-conflg.php HTTP/2" 404 3415 "-" "-"
20.63.63.128 - - [16/Jul/2026:22:42:12 +0000] "GET /f35.php HTTP/2" 404 3415 "-" "-"
20.63.63.128 - - [16/Jul/2026:22:42:12 +0000] "GET /plugins.php HTTP/2" 404 3415 "-" "-"
20.63.63.128 - - [16/Jul/2026:22:42:12 +0000] "GET /wp-signup.php HTTP/2" 404 3415 "-" "-"
20.63.63.128 - - [16/Jul/2026:22:42:12 +0000] "GET /la.php HTTP/2" 404 3415 "-" "-"
20.63.63.128 - - [16/Jul/2026:22:42:12 +0000] "GET /yas.php HTTP/2" 404 3415 "-" "-"
20.63.63.128 - - [16/Jul/2026:22:42:12 +0000] "GET /system.php HTTP/2" 404 3415 "-" "-"
