2a03:2880:f800:1a:: - - [16/Jul/2026:20:48:08 +0000] "GET /2025/03/14/goldenlion-bet-casino-no-deposit-bonus-100-free-spins/ HTTP/2" 200 14984 "-" "Mozilla/5.0 (Macintosh; Intel Mac OS X 10_15_7) AppleWebKit/537.36 (KHTML, like Gecko) Chrome/145.0.0.0 Safari/537.36 (compatible; meta-externalagent/1.1 (+https://developers.facebook.com/docs/sharing/webmasters/crawler))"
2a03:2880:f800:1a:: - - [16/Jul/2026:20:48:22 +0000] "GET /2025/03/14/spades-how-to-play-card-game/ HTTP/2" 200 14822 "-" "Mozilla/5.0 (Windows NT 10.0; Win64; x64) AppleWebKit/537.36 (KHTML, like Gecko) Chrome/145.0.0.0 Safari/537.36 (compatible; meta-externalagent/1.1 (+https://developers.facebook.com/docs/sharing/webmasters/crawler))"
2a03:2880:f800:30:: - - [16/Jul/2026:20:48:33 +0000] "GET /2025/03/14/fun-casino-bonus-codes-2025/ HTTP/2" 200 14808 "-" "Mozilla/5.0 (Windows NT 10.0; Win64; x64) AppleWebKit/537.36 (KHTML, like Gecko) Chrome/145.0.0.0 Safari/537.36 (compatible; meta-externalagent/1.1 (+https://developers.facebook.com/docs/sharing/webmasters/crawler))"
37.59.204.129 - - [16/Jul/2026:20:48:12 +0000] "GET /post-sitemap3.xml HTTP/2" 200 13252 "-" "Mozilla/5.0 (compatible; AhrefsBot/7.0; +http://ahrefs.com/robot/)"
2a03:2880:f800:22:: - - [16/Jul/2026:20:49:01 +0000] "GET /2025/03/14/fastwin-casino-no-deposit-bonus-100-free-spins/ HTTP/2" 200 15208 "-" "Mozilla/5.0 (Windows NT 10.0; Win64; x64) AppleWebKit/537.36 (KHTML, like Gecko) Chrome/145.0.0.0 Safari/537.36 (compatible; meta-externalagent/1.1 (+https://developers.facebook.com/docs/sharing/webmasters/crawler))"
43.130.78.203 - - [16/Jul/2026:20:49:02 +0000] "GET /2025/03/14/best-uk-license-casinos/ HTTP/2" 200 14813 "-" "Mozilla/5.0 (iPhone; CPU iPhone OS 13_2_3 like Mac OS X) AppleWebKit/605.1.15 (KHTML, like Gecko) Version/13.0.3 Mobile/15E148 Safari/604.1"
54.37.118.81 - - [16/Jul/2026:20:48:42 +0000] "GET /post-sitemap4.xml HTTP/2" 200 13264 "-" "Mozilla/5.0 (compatible; AhrefsBot/7.0; +http://ahrefs.com/robot/)"
65.181.116.207 - - [16/Jul/2026:20:49:39 +0000] "POST /wp-cron.php?doing_wp_cron=1784234979.5254180431365966796875 HTTP/2" 200 0 "-" "WordPress/7.0.1; https://www.ampiwork.com"
2a03:2880:f800:16:: - - [16/Jul/2026:20:49:34 +0000] "GET /2025/03/14/slot-machine-games-online-free-no-downloads/ HTTP/2" 200 14686 "-" "Mozilla/5.0 (Windows NT 10.0; Win64; x64) AppleWebKit/537.36 (KHTML, like Gecko) Chrome/145.0.0.0 Safari/537.36 (compatible; meta-externalagent/1.1 (+https://developers.facebook.com/docs/sharing/webmasters/crawler))"
65.181.116.207 - - [16/Jul/2026:20:49:42 +0000] "POST /wp-cron.php?doing_wp_cron=1784234982.7531809806823730468750 HTTP/2" 200 0 "-" "WordPress/7.0.1; https://www.ampiwork.com"
51.68.247.223 - - [16/Jul/2026:20:49:14 +0000] "GET /post-sitemap5.xml HTTP/2" 200 13554 "-" "Mozilla/5.0 (compatible; AhrefsBot/7.0; +http://ahrefs.com/robot/)"
17.246.23.28 - - [16/Jul/2026:20:49:51 +0000] "GET /2025/03/14/casino-coupon-no-deposit-new-zealand/ HTTP/2" 200 14960 "-" "Mozilla/5.0 (Macintosh; Intel Mac OS X 10_15_7) AppleWebKit/605.1.15 (KHTML, like Gecko) Version/17.4 Safari/605.1.15 (Applebot/0.1; +http://www.apple.com/go/applebot)"
37.59.204.153 - - [16/Jul/2026:20:49:44 +0000] "GET /post-sitemap6.xml HTTP/2" 200 13004 "-" "Mozilla/5.0 (compatible; AhrefsBot/7.0; +http://ahrefs.com/robot/)"
65.181.116.207 - - [16/Jul/2026:20:50:43 +0000] "POST /wp-cron.php?doing_wp_cron=1784235043.3507199287414550781250 HTTP/2" 200 0 "-" "WordPress/7.0.1; https://www.ampiwork.com"
176.31.139.20 - - [16/Jul/2026:20:50:14 +0000] "GET /post-sitemap7.xml HTTP/2" 200 13095 "-" "Mozilla/5.0 (compatible; AhrefsBot/7.0; +http://ahrefs.com/robot/)"
2a03:2880:f800:21:: - - [16/Jul/2026:20:50:54 +0000] "GET /2025/03/14/free-daily-spin-casino-new-zealand/ HTTP/2" 200 14640 "-" "Mozilla/5.0 (Windows NT 10.0; Win64; x64) AppleWebKit/537.36 (KHTML, like Gecko) Chrome/145.0.0.0 Safari/537.36 (compatible; meta-externalagent/1.1 (+https://developers.facebook.com/docs/sharing/webmasters/crawler))"
54.37.118.76 - - [16/Jul/2026:20:50:45 +0000] "GET /post-sitemap8.xml HTTP/2" 200 13489 "-" "Mozilla/5.0 (compatible; AhrefsBot/7.0; +http://ahrefs.com/robot/)"
65.181.116.207 - - [16/Jul/2026:20:51:37 +0000] "POST /wp-cron.php?doing_wp_cron=1784235097.4561889171600341796875 HTTP/2" 200 0 "-" "WordPress/7.0.1; https://www.ampiwork.com"
37.59.204.130 - - [16/Jul/2026:20:51:13 +0000] "GET /post-sitemap9.xml HTTP/2" 200 12898 "-" "Mozilla/5.0 (compatible; AhrefsBot/7.0; +http://ahrefs.com/robot/)"
37.59.204.134 - - [16/Jul/2026:20:51:39 +0000] "GET /post-sitemap10.xml HTTP/2" 200 3186 "-" "Mozilla/5.0 (compatible; AhrefsBot/7.0; +http://ahrefs.com/robot/)"
92.222.104.202 - - [16/Jul/2026:20:51:46 +0000] "GET /page-sitemap.xml HTTP/2" 200 834 "-" "Mozilla/5.0 (compatible; AhrefsBot/7.0; +http://ahrefs.com/robot/)"
17.246.23.120 - - [16/Jul/2026:20:51:44 +0000] "GET /2025/03/14/deposit-free-bets/ HTTP/2" 200 15087 "-" "Mozilla/5.0 (Macintosh; Intel Mac OS X 10_15_7) AppleWebKit/605.1.15 (KHTML, like Gecko) Version/17.4 Safari/605.1.15 (Applebot/0.1; +http://www.apple.com/go/applebot)"
2a03:2880:f800:7:: - - [16/Jul/2026:20:51:44 +0000] "GET /2025/03/14/coupon-code-free-spin-casino/ HTTP/2" 200 14914 "-" "Mozilla/5.0 (Macintosh; Intel Mac OS X 10_15_7) AppleWebKit/537.36 (KHTML, like Gecko) Chrome/145.0.0.0 Safari/537.36 (compatible; meta-externalagent/1.1 (+https://developers.facebook.com/docs/sharing/webmasters/crawler))"
92.222.104.201 - - [16/Jul/2026:20:51:49 +0000] "GET /product-sitemap.xml HTTP/2" 200 386 "-" "Mozilla/5.0 (compatible; AhrefsBot/7.0; +http://ahrefs.com/robot/)"
2a03:2880:f800:c:: - - [16/Jul/2026:20:51:49 +0000] "GET /2025/03/14/bspin-casino-no-deposit-bonus-codes-for-free-spins-2025/ HTTP/2" 200 15137 "-" "Mozilla/5.0 (Windows NT 10.0; Win64; x64) AppleWebKit/537.36 (KHTML, like Gecko) Chrome/144.0.0.0 Safari/537.36 Edg/144.0.0.0 (compatible; meta-externalagent/1.1 (+https://developers.facebook.com/docs/sharing/webmasters/crawler))"
92.222.104.207 - - [16/Jul/2026:20:51:52 +0000] "GET /cartflows_flow-sitemap.xml HTTP/2" 200 403 "-" "Mozilla/5.0 (compatible; AhrefsBot/7.0; +http://ahrefs.com/robot/)"
54.37.118.69 - - [16/Jul/2026:20:51:55 +0000] "GET /cartflows_step-sitemap.xml HTTP/2" 200 429 "-" "Mozilla/5.0 (compatible; AhrefsBot/7.0; +http://ahrefs.com/robot/)"
94.23.188.212 - - [16/Jul/2026:20:51:58 +0000] "GET /category-sitemap.xml HTTP/2" 200 389 "-" "Mozilla/5.0 (compatible; AhrefsBot/7.0; +http://ahrefs.com/robot/)"
65.181.116.207 - - [16/Jul/2026:20:52:03 +0000] "POST /wp-cron.php?doing_wp_cron=1784235123.1700279712677001953125 HTTP/2" 200 0 "-" "WordPress/7.0.1; https://www.ampiwork.com"
51.75.236.134 - - [16/Jul/2026:20:52:00 +0000] "GET /product_cat-sitemap.xml HTTP/2" 200 396 "-" "Mozilla/5.0 (compatible; AhrefsBot/7.0; +http://ahrefs.com/robot/)"
65.181.116.207 - - [16/Jul/2026:20:53:12 +0000] "POST /wp-cron.php?doing_wp_cron=1784235191.8999860286712646484375 HTTP/2" 200 0 "-" "WordPress/7.0.1; https://www.ampiwork.com"
2a03:2880:f800:25:: - - [16/Jul/2026:20:53:05 +0000] "GET /2025/03/14/patience-card-game/ HTTP/2" 200 14705 "-" "Mozilla/5.0 (Macintosh; Intel Mac OS X 10_15_7) AppleWebKit/537.36 (KHTML, like Gecko) Chrome/145.0.0.0 Safari/537.36 (compatible; meta-externalagent/1.1 (+https://developers.facebook.com/docs/sharing/webmasters/crawler))"
2a03:2880:f800:36:: - - [16/Jul/2026:20:53:13 +0000] "GET /2025/03/14/andar-bahar-real-cash-app/ HTTP/2" 200 14715 "-" "Mozilla/5.0 (Windows NT 10.0; Win64; x64) AppleWebKit/537.36 (KHTML, like Gecko) Chrome/145.0.0.0 Safari/537.36 (compatible; meta-externalagent/1.1 (+https://developers.facebook.com/docs/sharing/webmasters/crawler))"
65.181.116.207 - - [16/Jul/2026:20:54:08 +0000] "POST /wp-cron.php?doing_wp_cron=1784235248.5183830261230468750000 HTTP/2" 200 0 "-" "WordPress/7.0.1; https://www.ampiwork.com"
2a03:2880:f800:30:: - - [16/Jul/2026:20:54:02 +0000] "GET /2025/03/14/lopebet-casino-no-deposit-bonus-100-free-spins/ HTTP/2" 200 14918 "-" "Mozilla/5.0 (Macintosh; Intel Mac OS X 10_15_7) AppleWebKit/537.36 (KHTML, like Gecko) Chrome/145.0.0.0 Safari/537.36 (compatible; meta-externalagent/1.1 (+https://developers.facebook.com/docs/sharing/webmasters/crawler))"
2a03:2880:f800:a:: - - [16/Jul/2026:20:54:37 +0000] "GET /2025/03/14/3-deposit-bingo-ireland/ HTTP/2" 200 14997 "-" "Mozilla/5.0 (Windows NT 10.0; Win64; x64) AppleWebKit/537.36 (KHTML, like Gecko) Chrome/145.0.0.0 Safari/537.36 (compatible; meta-externalagent/1.1 (+https://developers.facebook.com/docs/sharing/webmasters/crawler))"
17.246.23.178 - - [16/Jul/2026:20:55:03 +0000] "GET /2025/03/14/slot-golden-lotus-by-realtime-gaming-demo-free-play/ HTTP/2" 200 15256 "-" "Mozilla/5.0 (Macintosh; Intel Mac OS X 10_15_7) AppleWebKit/605.1.15 (KHTML, like Gecko) Version/17.4 Safari/605.1.15 (Applebot/0.1; +http://www.apple.com/go/applebot)"
65.181.116.207 - - [16/Jul/2026:20:55:13 +0000] "POST /wp-cron.php?doing_wp_cron=1784235312.8607769012451171875000 HTTP/2" 200 0 "-" "WordPress/7.0.1; https://www.ampiwork.com"
2a03:2880:f800:28:: - - [16/Jul/2026:20:55:08 +0000] "GET /2025/03/14/slot-san-quentin-by-nolimit-city-demo-free-play/ HTTP/2" 200 14941 "-" "Mozilla/5.0 (Windows NT 10.0; Win64; x64) AppleWebKit/537.36 (KHTML, like Gecko) Chrome/145.0.0.0 Safari/537.36 (compatible; meta-externalagent/1.1 (+https://developers.facebook.com/docs/sharing/webmasters/crawler))"
44.204.69.131 - - [16/Jul/2026:20:55:14 +0000] "GET /contact-us/ HTTP/2" 200 15902 "-" "Mozilla/5.0 (X11; Linux x86_64) AppleWebKit/537.36 (KHTML, like Gecko) Chrome/114.0.0.0 Safari/537.36 Vivaldi/5.3.2679.68"
44.204.69.131 - - [16/Jul/2026:20:55:22 +0000] "POST /wp-admin/admin-ajax.php HTTP/2" 400 5 "https://www.ampiwork.com/contact-us/" "Mozilla/5.0 (X11; Linux x86_64) AppleWebKit/537.36 (KHTML, like Gecko) Chrome/114.0.0.0 Safari/537.36 Vivaldi/5.3.2679.68"
65.181.116.207 - - [16/Jul/2026:20:56:06 +0000] "POST /wp-cron.php?doing_wp_cron=1784235365.8656089305877685546875 HTTP/2" 200 0 "-" "WordPress/7.0.1; https://www.ampiwork.com"
132.251.193.15 - - [16/Jul/2026:20:56:02 +0000] "GET / HTTP/2" 301 0 "http://aio.online" "Mozilla/5.0 (Windows NT 6.1; Win64; x64) AppleWebKit/537.36 (KHTML, like Gecko) Chrome/97.0.4692.71 Safari/537.36"
2a03:2880:f800:2:: - - [16/Jul/2026:20:56:00 +0000] "GET /2025/03/14/booming-games-reviews/ HTTP/2" 200 14923 "-" "Mozilla/5.0 (Windows NT 10.0; Win64; x64) AppleWebKit/537.36 (KHTML, like Gecko) Chrome/145.0.0.0 Safari/537.36 (compatible; meta-externalagent/1.1 (+https://developers.facebook.com/docs/sharing/webmasters/crawler))"
132.251.193.15 - - [16/Jul/2026:20:56:06 +0000] "GET / HTTP/2" 200 20767 "http://aio.online" "Mozilla/5.0 (Windows NT 6.1; Win64; x64) AppleWebKit/537.36 (KHTML, like Gecko) Chrome/97.0.4692.71 Safari/537.36"
2a03:2880:f800:10:: - - [16/Jul/2026:20:56:34 +0000] "GET /2025/03/14/mini-roulette-wheels/ HTTP/2" 200 15017 "-" "Mozilla/5.0 (Macintosh; Intel Mac OS X 10_15_7) AppleWebKit/537.36 (KHTML, like Gecko) Chrome/145.0.0.0 Safari/537.36 (compatible; meta-externalagent/1.1 (+https://developers.facebook.com/docs/sharing/webmasters/crawler))"
2a03:2880:f800:21:: - - [16/Jul/2026:20:56:41 +0000] "GET /2025/03/14/casino-bingo-games-australia/ HTTP/2" 200 15074 "-" "Mozilla/5.0 (Macintosh; Intel Mac OS X 10_15_7) AppleWebKit/537.36 (KHTML, like Gecko) Chrome/145.0.0.0 Safari/537.36 (compatible; meta-externalagent/1.1 (+https://developers.facebook.com/docs/sharing/webmasters/crawler))"
65.181.116.207 - - [16/Jul/2026:20:57:05 +0000] "POST /wp-cron.php?doing_wp_cron=1784235425.4664390087127685546875 HTTP/2" 200 0 "-" "WordPress/7.0.1; https://www.ampiwork.com"
2a03:2880:f800:34:: - - [16/Jul/2026:20:56:58 +0000] "GET /2025/03/14/spildansknu-casino-no-deposit-bonus-100-free-spins/ HTTP/2" 200 15024 "-" "Mozilla/5.0 (Macintosh; Intel Mac OS X 10_15_7) AppleWebKit/537.36 (KHTML, like Gecko) Chrome/145.0.0.0 Safari/537.36 (compatible; meta-externalagent/1.1 (+https://developers.facebook.com/docs/sharing/webmasters/crawler))"
43.167.241.46 - - [16/Jul/2026:20:57:20 +0000] "GET /2025/03/14/jack998-casino-100-free-spins-bonus-2025/ HTTP/2" 200 14582 "-" "Mozilla/5.0 (iPhone; CPU iPhone OS 13_2_3 like Mac OS X) AppleWebKit/605.1.15 (KHTML, like Gecko) Version/13.0.3 Mobile/15E148 Safari/604.1"
65.181.116.207 - - [16/Jul/2026:20:58:52 +0000] "POST /wp-cron.php?doing_wp_cron=1784235532.1746659278869628906250 HTTP/2" 200 0 "-" "WordPress/7.0.1; https://www.ampiwork.com"
2a03:2880:f800:28:: - - [16/Jul/2026:20:58:47 +0000] "GET /2025/03/14/2025-casino/ HTTP/2" 200 15069 "-" "Mozilla/5.0 (Windows NT 10.0; Win64; x64) AppleWebKit/537.36 (KHTML, like Gecko) Chrome/145.0.0.0 Safari/537.36 (compatible; meta-externalagent/1.1 (+https://developers.facebook.com/docs/sharing/webmasters/crawler))"
65.181.116.207 - - [16/Jul/2026:21:01:20 +0000] "POST /wp-cron.php?doing_wp_cron=1784235680.1362459659576416015625 HTTP/2" 200 0 "-" "WordPress/7.0.1; https://www.ampiwork.com"
2a03:2880:f800:2:: - - [16/Jul/2026:21:01:12 +0000] "GET /2025/03/14/no-deposit-mobile-casinos-with-bonus-united-kingdom/ HTTP/2" 200 15103 "-" "Mozilla/5.0 (Windows NT 10.0; Win64; x64) AppleWebKit/537.36 (KHTML, like Gecko) Chrome/145.0.0.0 Safari/537.36 (compatible; meta-externalagent/1.1 (+https://developers.facebook.com/docs/sharing/webmasters/crawler))"
2a03:2880:f800:2c:: - - [16/Jul/2026:21:01:33 +0000] "GET /2025/03/14/free-cash-no-deposit-slots-canada/ HTTP/2" 200 14874 "-" "Mozilla/5.0 (Windows NT 10.0; Win64; x64) AppleWebKit/537.36 (KHTML, like Gecko) Chrome/145.0.0.0 Safari/537.36 (compatible; meta-externalagent/1.1 (+https://developers.facebook.com/docs/sharing/webmasters/crawler))"
185.223.152.103 - - [16/Jul/2026:21:01:35 +0000] "POST /wp-login.php HTTP/2" 200 2047 "-" "Mozilla/5.0 (Linux; U; Android 9; en-US; LLD-AL10 Build/HONORLLD-AL10) AppleWebKit/534.30 (KHTML, like Gecko) Version/4.0 UCBrowser/13.2.0.1296 (SpeedMode) U4/1.0 UCWEB/2.0 Mobile Safari/534.30"
65.181.116.207 - - [16/Jul/2026:21:02:10 +0000] "POST /wp-cron.php?doing_wp_cron=1784235730.0307679176330566406250 HTTP/2" 200 0 "-" "WordPress/7.0.1; https://www.ampiwork.com"
2a03:2880:f800:1a:: - - [16/Jul/2026:21:02:04 +0000] "GET /2025/03/14/amusnet/ HTTP/2" 200 14583 "-" "Mozilla/5.0 (Macintosh; Intel Mac OS X 10_15_7) AppleWebKit/537.36 (KHTML, like Gecko) Chrome/145.0.0.0 Safari/537.36 (compatible; meta-externalagent/1.1 (+https://developers.facebook.com/docs/sharing/webmasters/crawler))"
2a03:2880:f800:42:: - - [16/Jul/2026:21:02:50 +0000] "GET /2025/03/14/200-free-chip-casino/ HTTP/2" 200 14978 "-" "Mozilla/5.0 (Windows NT 10.0; Win64; x64) AppleWebKit/537.36 (KHTML, like Gecko) Chrome/145.0.0.0 Safari/537.36 (compatible; meta-externalagent/1.1 (+https://developers.facebook.com/docs/sharing/webmasters/crawler))"
65.181.116.207 - - [16/Jul/2026:21:03:03 +0000] "POST /wp-cron.php?doing_wp_cron=1784235783.3728830814361572265625 HTTP/2" 200 0 "-" "WordPress/7.0.1; https://www.ampiwork.com"
2a03:2880:f800:34:: - - [16/Jul/2026:21:02:57 +0000] "GET /2025/03/14/online-casino-5-euro-no-deposit-bonus/ HTTP/2" 200 14858 "-" "Mozilla/5.0 (Macintosh; Intel Mac OS X 10_15_7) AppleWebKit/537.36 (KHTML, like Gecko) Chrome/145.0.0.0 Safari/537.36 (compatible; meta-externalagent/1.1 (+https://developers.facebook.com/docs/sharing/webmasters/crawler))"
2a03:2880:f800:2e:: - - [16/Jul/2026:21:03:20 +0000] "GET /2025/03/14/top-free-spins-casino/ HTTP/2" 200 15007 "-" "Mozilla/5.0 (Windows NT 10.0; Win64; x64) AppleWebKit/537.36 (KHTML, like Gecko) Chrome/145.0.0.0 Safari/537.36 (compatible; meta-externalagent/1.1 (+https://developers.facebook.com/docs/sharing/webmasters/crawler))"
65.181.116.207 - - [16/Jul/2026:21:04:11 +0000] "POST /wp-cron.php?doing_wp_cron=1784235851.0552461147308349609375 HTTP/2" 200 0 "-" "WordPress/7.0.1; https://www.ampiwork.com"
2a03:2880:f800:7:: - - [16/Jul/2026:21:04:06 +0000] "GET /2025/03/14/online-casinos-that-accept-flexepin-deposits/ HTTP/2" 200 14688 "-" "Mozilla/5.0 (Macintosh; Intel Mac OS X 10_15_7) AppleWebKit/537.36 (KHTML, like Gecko) Chrome/145.0.0.0 Safari/537.36 (compatible; meta-externalagent/1.1 (+https://developers.facebook.com/docs/sharing/webmasters/crawler))"
93.123.109.10 - - [16/Jul/2026:21:04:44 +0000] "GET / HTTP/2" 200 12495 "-" "Mozilla/5.0 (iPod; U; CPU iPhone OS 3_1_1 like Mac OS X; en-us) AppleWebKit/528.18 (KHTML, like Gecko) Mobile/7C145"
93.123.109.10 - - [16/Jul/2026:21:04:44 +0000] "GET / HTTP/2" 200 12492 "-" "Mozilla/5.0 (X11; CentOS; Linux x86_64; rv:36.0) Gecko/20100101 Firefox/36.0"
2a03:2880:f800:14:: - - [16/Jul/2026:21:04:53 +0000] "GET /2025/03/14/ibiza-casino-no-deposit-bonus-codes-for-free-spins-2025/ HTTP/2" 200 14976 "-" "Mozilla/5.0 (X11; Linux x86_64) AppleWebKit/537.36 (KHTML, like Gecko) Chrome/145.0.0.0 Safari/537.36 (compatible; meta-externalagent/1.1 (+https://developers.facebook.com/docs/sharing/webmasters/crawler))"
93.123.109.10 - - [16/Jul/2026:21:05:22 +0000] "GET //cptimezone_optimized.js HTTP/2" 404 3418 "-" "Mozilla/5.0 (X11; OpenBSD amd64; rv:30.0) Gecko/20100101 Firefox/30.0"
93.123.109.10 - - [16/Jul/2026:21:05:22 +0000] "GET //submit_post.js HTTP/2" 404 3415 "-" "Mozilla/5.0 (X11; Linux x86_64; rv:38.0) Gecko/20100101 Firefox/38.0 Iceweasel/38.2.1"
93.123.109.10 - - [16/Jul/2026:21:05:22 +0000] "GET /jstz.min.js HTTP/2" 404 3418 "-" "Mozilla/5.0 (Macintosh; U; PPC Mac OS X; en) AppleWebKit/125.2 (KHTML, like Gecko) Safari/85.8"
93.123.109.10 - - [16/Jul/2026:21:05:22 +0000] "GET //login.js HTTP/2" 404 3415 "-" "Mozilla/5.0 (X11; Linux i686; rv:32.0) Gecko/20100101 Firefox/32.0"
93.123.109.10 - - [16/Jul/2026:21:05:22 +0000] "GET //cptimezone_optimized.js HTTP/2" 404 3415 "-" "Mozilla/5.0 (Linux; Android 7.0; HUAWEI CAN-L11) AppleWebKit/537.36 (KHTML, like Gecko) Chrome/101.0.4951.41 Mobile Safari/537.36"
93.123.109.10 - - [16/Jul/2026:21:05:22 +0000] "GET //jstz.min.js HTTP/2" 404 3415 "-" "Mozilla/5.0 (Windows NT 6.1) AppleWebKit/535.2 (KHTML, like Gecko) Chrome/18.6.872.0 Safari/535.2 UNTRUSTED/1.0 3gpp-gba UNTRUSTED/1.0"
93.123.109.10 - - [16/Jul/2026:21:05:22 +0000] "GET /jstz.min.js HTTP/2" 404 3415 "-" "Mozilla/5.0 (iPad; CPU OS 15_3_1 like Mac OS X) AppleWebKit/605.1.15 (KHTML, like Gecko) Version/15.3 Mobile/15E148 Safari/604.1"
93.123.109.10 - - [16/Jul/2026:21:05:22 +0000] "GET //jstz.min.js HTTP/2" 404 3418 "-" "Mozilla/5.0 (Windows; U; Windows NT 6.0; en-US; rv:1.9.1.6) Gecko/20091201 Firefox/3.5.6 GTB5"
93.123.109.10 - - [16/Jul/2026:21:05:22 +0000] "GET //submit_post.js HTTP/2" 404 3418 "-" "Mozilla/5.0 (Windows NT 5.2; rv:10.0.1) Gecko/20100101 Firefox/10.0.1 SeaMonkey/2.7.1"
93.123.109.10 - - [16/Jul/2026:21:05:22 +0000] "GET /unprotected/json-minified.js HTTP/2" 200 843 "-" "Mozilla/5.0 (Windows NT 10.0; Win64; x64) AppleWebKit/537.36 (KHTML, like Gecko) Chrome/99.0.4844.74 Safari/537.36"
93.123.109.10 - - [16/Jul/2026:21:05:22 +0000] "GET //login.js HTTP/2" 404 3418 "-" "Mozilla/5.0 (Windows; U; Windows NT 6.0; en-US) AppleWebKit/534.14 (KHTML, like Gecko) Chrome/9.0.601.0 Safari/534.14"
93.123.109.10 - - [16/Jul/2026:21:06:30 +0000] "GET //cptimezone_optimized.js HTTP/2" 404 3418 "-" "BlackBerry8330/4.3.0 Profile/MIDP-2.0 Configuration/CLDC-1.1 VendorID/105"
93.123.109.10 - - [16/Jul/2026:21:06:30 +0000] "GET /jstz.min.js HTTP/2" 404 3418 "-" "MobileSafari/600.1.4 CFNetwork/711.1.12 Darwin/14.0.0"
93.123.109.10 - - [16/Jul/2026:21:06:30 +0000] "GET //submit_post.js HTTP/2" 404 3418 "-" "Mozilla/5.0 (Windows NT 10.0; Win64; x64) AppleWebKit/537.36 (KHTML, like Gecko) Chrome/80.0.3987.149  Safari/537.36"
93.123.109.10 - - [16/Jul/2026:21:06:30 +0000] "GET //submit_post.js HTTP/2" 404 3415 "-" "Mozilla/5.0 (Windows NT 10.0; Win64; x64) AppleWebKit/537.36 (KHTML, like Gecko) Chrome/101.0.4951.54 Safari/537.36"
93.123.109.10 - - [16/Jul/2026:21:06:30 +0000] "GET //login.js HTTP/2" 404 3418 "-" "Mozilla/5.0 (iPad; U; CPU OS 4_3 like Mac OS X; en-us) AppleWebKit/533.17.9 (KHTML, like Gecko) Version/5.0.2 Mobile/8F190 Safari/6533.18.5"
93.123.109.10 - - [16/Jul/2026:21:06:30 +0000] "GET /jstz.min.js HTTP/2" 404 3415 "-" "Mozilla/5.0 (Linux; Android 8.0.0; LG-US998) AppleWebKit/537.36 (KHTML, like Gecko) Chrome/99.0.4844.88 Mobile Safari/537.36 OPR/68.3.3557.64528"
93.123.109.10 - - [16/Jul/2026:21:06:30 +0000] "GET //login.js HTTP/2" 404 3415 "-" "Mozilla/5.0 (Linux; Android 10; DL1036) AppleWebKit/537.36 (KHTML, like Gecko) Chrome/81.0.4044.138 Safari/537.36"
93.123.109.10 - - [16/Jul/2026:21:06:30 +0000] "GET //jstz.min.js HTTP/2" 404 3418 "-" "Web Downloader/6.9"
93.123.109.10 - - [16/Jul/2026:21:06:30 +0000] "GET //cptimezone_optimized.js HTTP/2" 404 3415 "-" "Mozilla/5.0 (Linux; U; Android 11; zh-CN; M2012K11AC Build/RKQ1.200826.002) AppleWebKit/537.36 (KHTML, like Gecko) Version/4.0 Chrome/78.0.3904.108 Quark/5.4.8.200 Mobile Safari/537.36"
93.123.109.10 - - [16/Jul/2026:21:06:31 +0000] "GET //jstz.min.js HTTP/2" 404 3415 "-" "Mozilla/5.0 (SymbianOS 9.4; Series60/5.0 NokiaN97-1/10.0.012; Profile/MIDP-2.1 Configuration/CLDC-1.1; en-us) AppleWebKit/525 (KHTML, like Gecko) WicKed/7.1.12344"
65.181.116.207 - - [16/Jul/2026:21:07:12 +0000] "POST /wp-cron.php?doing_wp_cron=1784236032.0217220783233642578125 HTTP/2" 200 0 "-" "WordPress/7.0.1; https://www.ampiwork.com"
170.106.73.216 - - [16/Jul/2026:21:07:08 +0000] "GET /2025/03/14/age-legal-casino-australia/embed/ HTTP/2" 200 6332 "-" "Mozilla/5.0 (iPhone; CPU iPhone OS 13_2_3 like Mac OS X) AppleWebKit/605.1.15 (KHTML, like Gecko) Version/13.0.3 Mobile/15E148 Safari/604.1"
2a03:2880:f800:35:: - - [16/Jul/2026:21:07:29 +0000] "GET /2025/03/14/mu88-casino-no-deposit-bonus-codes-for-free-spins-2025/ HTTP/2" 200 14930 "-" "Mozilla/5.0 (X11; Linux x86_64) AppleWebKit/537.36 (KHTML, like Gecko) Chrome/145.0.0.0 Safari/537.36 (compatible; meta-externalagent/1.1 (+https://developers.facebook.com/docs/sharing/webmasters/crawler))"
93.123.109.10 - - [16/Jul/2026:21:07:39 +0000] "GET //login.js HTTP/2" 404 3418 "-" "Mozilla/5.0 (Windows NT 10.0; WOW64) AppleWebKit/537.36 (KHTML, like Gecko) Chrome/101.0.4951.41 Safari/537.36"
93.123.109.10 - - [16/Jul/2026:21:07:39 +0000] "GET /jstz.min.js HTTP/2" 404 3415 "-" "Mozilla/5.0 (Windows NT 10.0; WOW64) AppleWebKit/537.36 (KHTML, like Gecko) Chrome/99.0.4844.51 Safari/537.36"
93.123.109.10 - - [16/Jul/2026:21:07:39 +0000] "GET //jstz.min.js HTTP/2" 404 3418 "-" "SonyEricssonW810i/R4EA Browser/NetFront/3.3 Profile/MIDP-2.0 Configuration/CLDC-1.1 UP.Link/6.3.0.0.0"
93.123.109.10 - - [16/Jul/2026:21:07:39 +0000] "GET //jstz.min.js HTTP/2" 404 3415 "-" "Mozilla/5.0 (Macintosh; Intel Mac OS X 10_15_7) AppleWebKit/537.36 (KHTML, like Gecko) Chrome/103.0.0.0 Safari/537.36"
93.123.109.10 - - [16/Jul/2026:21:07:39 +0000] "GET //submit_post.js HTTP/2" 404 3418 "-" "Mozilla/5.0 (iPhone; CPU iPhone OS 6_0 like Mac OS X) AppleWebKit/536.26 (KHTML, like Gecko) Version/6.0 Mobile/10A403 Safari/8536.25"
93.123.109.10 - - [16/Jul/2026:21:07:39 +0000] "GET //cptimezone_optimized.js HTTP/2" 404 3418 "-" "Mozilla/5.0 (Linux; Android 11; Pixel 5) AppleWebKit/537.36 (KHTML, like Gecko) Chrome/99.0.4812.0 Mobile Safari/537.36"
93.123.109.10 - - [16/Jul/2026:21:07:39 +0000] "GET /jstz.min.js HTTP/2" 404 3418 "-" "Mozilla/5.0 (Linux; Android 9; SAMSUNG SM-G955F) AppleWebKit/537.36 (KHTML, like Gecko) SamsungBrowser/16.2 Chrome/92.0.4515.166 Mobile Safari/537.36"
93.123.109.10 - - [16/Jul/2026:21:07:39 +0000] "GET //login.js HTTP/2" 404 3415 "-" "Mozilla/5.0 (iPad; CPU OS 8_4_1 like Mac OS X) AppleWebKit/600.1.4 (KHTML, like Gecko) Version/8.0 Mobile/12H321 Safari/600.1.4"
93.123.109.10 - - [16/Jul/2026:21:07:39 +0000] "GET //cptimezone_optimized.js HTTP/2" 404 3415 "-" "Mozilla/5.0 (Windows NT 10.0; Win64; x64) AppleWebKit/537.36 (KHTML, like Gecko) Chrome/95.0.846.563 Safari/537.36"
93.123.109.10 - - [16/Jul/2026:21:07:39 +0000] "GET //submit_post.js HTTP/2" 404 3415 "-" "Mozilla/5.0 (Macintosh; U; PPC Mac OS X; en-US) AppleWebKit/125.4 (KHTML, like Gecko, Safari) OmniWeb/v563.15"
65.181.116.207 - - [16/Jul/2026:21:08:05 +0000] "POST /wp-cron.php?doing_wp_cron=1784236085.4283440113067626953125 HTTP/2" 200 0 "-" "WordPress/7.0.1; https://www.ampiwork.com"
185.191.171.6 - - [16/Jul/2026:21:08:00 +0000] "GET /robots.txt HTTP/2" 200 151 "-" "Mozilla/5.0 (compatible; SemrushBot/7~bl; +http://www.semrush.com/bot.html)"
85.208.96.210 - - [16/Jul/2026:21:08:06 +0000] "GET /2025/03/14/-10-free-no-deposit/ HTTP/2" 301 0 "-" "Mozilla/5.0 (compatible; SemrushBot/7~bl; +http://www.semrush.com/bot.html)"
185.191.171.19 - - [16/Jul/2026:21:08:09 +0000] "GET /2025/03/14/10-free-no-deposit-bingo/ HTTP/2" 200 14880 "-" "Mozilla/5.0 (compatible; SemrushBot/7~bl; +http://www.semrush.com/bot.html)"
221.214.145.62 - - [16/Jul/2026:21:08:36 +0000] "GET / HTTP/2" 301 0 "https://ampiwork.com/" "Mozilla/5.0 (Windows NT 6.1; WOW64) AppleWebKit/537.36 (KHTML, like Gecko) Chrome/50.0.2661.102 Safari/537.36"
58.209.158.206 - - [16/Jul/2026:21:08:42 +0000] "GET / HTTP/2" 200 20767 "https://www.ampiwork.com/" "Mozilla/5.0 (Windows NT 6.1; WOW64) AppleWebKit/537.36 (KHTML, like Gecko) Chrome/50.0.2661.102 Safari/537.36"
93.123.109.10 - - [16/Jul/2026:21:08:50 +0000] "GET / HTTP/2" 400 52 "-" "Mozilla/5.0 (Linux; Android 12; Pixel 4a) AppleWebKit/537.36 (KHTML, like Gecko) Chrome/101.0.4951.61 Mobile Safari/537.36"
93.123.109.10 - - [16/Jul/2026:21:08:50 +0000] "GET / HTTP/2" 401 53 "-" "Mozilla/5.0 (iPad; CPU OS 5_1 like Mac OS X) AppleWebKit/534.46 (KHTML, like Gecko ) Version/5.1 Mobile/9B176 Safari/7534.48.3"
93.123.109.10 - - [16/Jul/2026:21:08:50 +0000] "GET / HTTP/2" 401 53 "-" "Mozilla/5.0 (Windows NT 5.1) AppleWebKit/537.36 (KHTML, like Gecko) Chrome/56.0.2924.87 YaBrowser/17.3.0.1785 Yowser/2.5 Safari/537.36"
93.123.109.10 - - [16/Jul/2026:21:08:50 +0000] "GET / HTTP/2" 301 0 "-" "Mozilla/5.0 (Linux; Android 12; SAMSUNG SM-G991B) AppleWebKit/537.36 (KHTML, like Gecko) SamsungBrowser/16.2 Chrome/92.0.4515.166 Mobile Safari/537.36"
2a03:2880:f800:14:: - - [16/Jul/2026:21:08:52 +0000] "GET /2025/03/14/play-slots-for-real-money-no-deposit-new-zealand/ HTTP/2" 200 15099 "-" "Mozilla/5.0 (Macintosh; Intel Mac OS X 10_15_7) AppleWebKit/537.36 (KHTML, like Gecko) Chrome/145.0.0.0 Safari/537.36 (compatible; meta-externalagent/1.1 (+https://developers.facebook.com/docs/sharing/webmasters/crawler))"
93.123.109.10 - - [16/Jul/2026:21:08:50 +0000] "GET / HTTP/2" 200 20767 "-" "Mozilla/5.0 (iPhone; CPU iPhone OS 9_2 like Mac OS X) AppleWebKit/601.1.46 (KHTML, like Gecko) Version/9.0 Mobile/13C75 Safari/601.1"
2a03:2880:f800:3:: - - [16/Jul/2026:21:08:50 +0000] "GET /2025/03/14/no-wagering-casino-australia/ HTTP/2" 200 14814 "-" "Mozilla/5.0 (Windows NT 10.0; Win64; x64) AppleWebKit/537.36 (KHTML, like Gecko) Chrome/145.0.0.0 Safari/537.36 (compatible; meta-externalagent/1.1 (+https://developers.facebook.com/docs/sharing/webmasters/crawler))"
65.181.116.207 - - [16/Jul/2026:21:09:07 +0000] "POST /wp-cron.php?doing_wp_cron=1784236147.4358370304107666015625 HTTP/2" 200 0 "-" "WordPress/7.0.1; https://www.ampiwork.com"
2a03:2880:f800:4:: - - [16/Jul/2026:21:08:59 +0000] "GET /2025/03/14/betfair-casino-australia/ HTTP/2" 200 14947 "-" "Mozilla/5.0 (Macintosh; Intel Mac OS X 10_15_7) AppleWebKit/537.36 (KHTML, like Gecko) Chrome/145.0.0.0 Safari/537.36 (compatible; meta-externalagent/1.1 (+https://developers.facebook.com/docs/sharing/webmasters/crawler))"
2a03:2880:f800:32:: - - [16/Jul/2026:21:09:09 +0000] "GET /2025/03/14/casino-free-spins-no-wagering/ HTTP/2" 200 14901 "-" "Mozilla/5.0 (Windows NT 10.0; Win64; x64) AppleWebKit/537.36 (KHTML, like Gecko) Chrome/145.0.0.0 Safari/537.36 (compatible; meta-externalagent/1.1 (+https://developers.facebook.com/docs/sharing/webmasters/crawler))"
93.123.109.10 - - [16/Jul/2026:21:09:31 +0000] "GET //www.ampiwork.com/wp-admin/admin-ajax.php HTTP/2" 301 0 "-" "Mozilla/4.0 (PDA; PalmOS/sony/model prmr/Revision:1.1.54 (en)) NetFront/3.0"
93.123.109.10 - - [16/Jul/2026:21:09:31 +0000] "GET //www.ampiwork.com/wp-includes/js/dist/i18n.min.js HTTP/2" 301 0 "-" "Mozilla/5.0 (Windows NT 6.1) AppleWebKit/537.36 (KHTML, like Gecko) Chrome/98.0.4758.141 YaBrowser/22.3.3.855 Yowser/2.5 Safari/537.36"
93.123.109.10 - - [16/Jul/2026:21:09:31 +0000] "GET //www.ampiwork.com/wp-content/plugins/elementor-pro/assets/lib/smartmenus/jquery.smartmenus.min.js HTTP/2" 301 0 "-" "Mozilla/5.0 (Windows NT 6.1; WOW64) AppleWebKit/536.6 (KHTML, like Gecko) Chrome/20.0.1092.0 Safari/536.6"
93.123.109.10 - - [16/Jul/2026:21:09:31 +0000] "GET //www.ampiwork.com/wp-includes/js/wp-emoji-loader.min.js HTTP/2" 301 0 "-" "Mozilla/5.0 (X11; Linux x86_64; rv:38.0) Gecko/20100101 Firefox/38.0"
93.123.109.10 - - [16/Jul/2026:21:09:31 +0000] "GET //www.ampiwork.com/wp-content/plugins/elementor-pro/assets/js/webpack-pro.runtime.min.js HTTP/2" 301 0 "-" "SonyEricssonT100/R101"
93.123.109.10 - - [16/Jul/2026:21:09:31 +0000] "GET //www.ampiwork.com/xmlrpc.php HTTP/2" 301 0 "-" "Mozilla/5.0 Slackware/13.37 (X11; U; Linux x86_64; en-US) AppleWebKit/535.1 (KHTML, like Gecko) Chrome/13.0.782.41"
93.123.109.10 - - [16/Jul/2026:21:09:31 +0000] "GET /admin-ajax.php HTTP/2" 404 0 "-" "Mozilla/5.0 (Macintosh; Intel Mac OS X 10_13_6) AppleWebKit/537.36 (KHTML, like Gecko) Chrome/101.0.4951.64 Safari/537.36"
93.123.109.10 - - [16/Jul/2026:21:09:31 +0000] "GET //www.ampiwork.com/wp-includes/js/dist/hooks.min.js HTTP/2" 301 0 "-" "Mozilla/5.0 (Windows NT 6.2; WOW64; rv:39.0) Gecko/20100101 Firefox/39.0"
93.123.109.10 - - [16/Jul/2026:21:09:31 +0000] "GET /wp-admin/admin-ajax.php HTTP/2" 400 5 "-" "Mozilla/5.0 (Macintosh; Intel Mac OS X 10_8_4) AppleWebKit/537.31 (KHTML like Gecko) Chrome/26.0.1410.63 Safari/537.31"
93.123.109.10 - - [16/Jul/2026:21:09:31 +0000] "GET /default.json HTTP/2" 404 0 "-" "Mozilla/5.0 (Windows; U; Windows NT 6.1; en-GB; rv:1.9.1.17) Gecko/20110123 (like Firefox/3.x) SeaMonkey/2.0.12"
93.123.109.10 - - [16/Jul/2026:21:09:31 +0000] "GET //www.ampiwork.com/wp-includes/js/jquery/jquery.min.js HTTP/2" 301 0 "-" "Mozilla/5.0 (X11; Linux i686) AppleWebKit/537.36 (KHTML, like Gecko) Chrome/53.0.2785.101 Safari/537.36 OPR/40.0.2308.62"
93.123.109.10 - - [16/Jul/2026:21:09:31 +0000] "GET //www.ampiwork.com/xmlrpc.php HTTP/2" 301 0 "-" "Mozilla/5.0 (Windows; U; Windows NT 6.1; en-US) AppleWebKit/534.14 (KHTML, like Gecko) Chrome/10.0.601.0 Safari/534.14"
93.123.109.10 - - [16/Jul/2026:21:09:31 +0000] "GET //www.ampiwork.com/wp-content/plugins/woocommerce/assets/js/sourcebuster/sourcebuster.min.js HTTP/2" 301 0 "-" "Mozilla/5.0 (Linux; Android 10; ONEPLUS A5010) AppleWebKit/537.36 (KHTML, like Gecko) Chrome/101.0.4951.41 Mobile Safari/537.36"
93.123.109.10 - - [16/Jul/2026:21:09:31 +0000] "GET //www.ampiwork.com/wp-content/themes/hello-elementor/assets/js/hello-frontend.min.js HTTP/2" 301 0 "-" "Mozilla/5.0 (Windows NT 10.0; Win64; x64) AppleWebKit/537.36 (KHTML, like Gecko) Chrome/81.0.4044.92 Safari/537.36"
93.123.109.10 - - [16/Jul/2026:21:09:31 +0000] "GET //www.ampiwork.com/wp-content/plugins/woocommerce/assets/js/frontend/order-attribution.min.js HTTP/2" 301 0 "-" "Mozilla/5.0 (Windows NT 6.2; Win64; x64; rv:16.0) Gecko/16.0 Firefox/16.0"
93.123.109.10 - - [16/Jul/2026:21:09:31 +0000] "GET //www.ampiwork.com/wp-content/plugins/woocommerce/assets/js/frontend/woocommerce.min.js HTTP/2" 301 0 "-" "Peach/1.01 (Ubuntu 8.04 LTS; U; en)"
93.123.109.10 - - [16/Jul/2026:21:09:31 +0000] "GET //www.ampiwork.com/wp-includes/js/wp-emoji-release.min.js HTTP/2" 301 0 "-" "Mozilla/5.0 (Windows; U; Windows NT 5.1; en-US) AppleWebKit/531.21.8 (KHTML, like Gecko) Version/4.0.4 Safari/531.21.10"
93.123.109.10 - - [16/Jul/2026:21:09:31 +0000] "GET //www.ampiwork.com/wp-content/plugins/elementor-pro/assets/js/preloaded-elements-handlers.min.js HTTP/2" 301 0 "-" "Mozilla/5.0 (Macintosh; U; Intel Mac OS X 10_6_5; de-de) AppleWebKit/534.15  (KHTML, like Gecko) Version/5.0.3 Safari/533.19.4"
93.123.109.10 - - [16/Jul/2026:21:09:31 +0000] "GET //www.ampiwork.com/wp-content/plugins/elementor/assets/js/frontend-modules.min.js HTTP/2" 301 0 "-" "Mozilla/5.0 (Linux; U; Android 7.1.1; en-us; CPH1801 Build/NMF26F) AppleWebKit/537.36 (KHTML, like Gecko) Chrome/91.0.4472.88 Mobile Safari/537.36 HeyTapBrowser/15.8.4.1"
93.123.109.10 - - [16/Jul/2026:21:09:31 +0000] "GET //www.ampiwork.com/wp-content/plugins/elementor/assets/js/frontend.min.js HTTP/2" 301 0 "-" "Mozilla/5.0 (Macintosh; Intel Mac OS X 10_15_7) AppleWebKit/537.36 (KHTML, like Gecko) Chrome/103.0.5056.0 Safari/537.36"
93.123.109.10 - - [16/Jul/2026:21:09:31 +0000] "GET //www.ampiwork.com/wp-includes/js/jquery/jquery-migrate.min.js HTTP/2" 301 0 "-" "Mozilla/5.0 (X11; Linux i686) AppleWebKit/537.36 (KHTML, like Gecko) Chrome/53.0.2785.101 Safari/537.36 OPR/40.0.2308.62"
93.123.109.10 - - [16/Jul/2026:21:09:31 +0000] "GET //www.ampiwork.com/wp-content/plugins/elementor-pro/assets/js/frontend.min.js HTTP/2" 301 0 "-" "Mozilla/5.0 (Linux; Android 8.0.0; LG-US998) AppleWebKit/537.36 (KHTML, like Gecko) Chrome/99.0.4844.88 Mobile Safari/537.36 OPR/68.3.3557.64528"
93.123.109.10 - - [16/Jul/2026:21:09:31 +0000] "GET //www.ampiwork.com/wp-content/plugins/woocommerce/assets/js/jquery-blockui/jquery.blockUI.min.js HTTP/2" 301 0 "-" "Mozilla/5.0 (Macintosh; Intel Mac OS X 10.6; rv:2.0.1) Gecko/20100101 Firefox/4.0.1"
93.123.109.10 - - [16/Jul/2026:21:09:31 +0000] "GET //www.ampiwork.com/wp-content/plugins/woocommerce/assets/js/frontend/add-to-cart.min.js HTTP/2" 301 0 "-" "Lynx/2.8.7dev.4 libwww-FM/2.14 SSL-MM/1.4.1 OpenSSL/0.9.8d"
93.123.109.10 - - [16/Jul/2026:21:09:31 +0000] "GET //www.ampiwork.com/wp-content/plugins/elementor/assets/js/webpack.runtime.min.js HTTP/2" 301 0 "-" "Mozilla/5.0 (Linux; Android 11; Pixel 5) AppleWebKit/537.36 (KHTML, like Gecko) Chrome/99.0.4812.0 Mobile Safari/537.36"
93.123.109.10 - - [16/Jul/2026:21:09:31 +0000] "GET //www.ampiwork.com/wp-content/plugins/elementor/assets/lib/swiper/v8/swiper.min.js HTTP/2" 301 0 "-" "Mozilla/5.0 (Windows NT 10.0; WOW64) AppleWebKit/537.36 (KHTML, like Gecko) Chrome/51.0.2704.103 Safari/537.36"
93.123.109.10 - - [16/Jul/2026:21:09:31 +0000] "GET //www.ampiwork.com/wp-content/plugins/woocommerce/assets/js/js-cookie/js.cookie.min.js HTTP/2" 301 0 "-" "Mozilla/5.0 (X11; Linux i686) AppleWebKit/537.36 (KHTML, like Gecko) Chrome/53.0.2785.101 Safari/537.36 OPR/40.0.2308.62"
93.123.109.10 - - [16/Jul/2026:21:09:31 +0000] "GET //www.ampiwork.com/wp-includes/js/jquery/ui/core.min.js HTTP/2" 301 0 "-" "Mozilla/5.0 (X11; Linux x86_64) AppleWebKit/537.36 (KHTML, like Gecko) Chrome/98.0.4758.80 Safari/537.36"
93.123.109.10 - - [16/Jul/2026:21:10:41 +0000] "GET //www.ampiwork.com/wp-includes/js/dist/i18n.min.js HTTP/2" 301 0 "-" "Mozilla/5.0 (X11; Linux x86_64) AppleWebKit/537.36 (KHTML, like Gecko) Chrome/103.0.9999.0 Safari/537.36"
93.123.109.10 - - [16/Jul/2026:21:10:41 +0000] "GET //www.ampiwork.com/wp-content/plugins/elementor-pro/assets/lib/smartmenus/jquery.smartmenus.min.js HTTP/2" 301 0 "-" "Mozilla/5.0 (X11; Linux x86_64) AppleWebKit/537.36 (KHTML, like Gecko) Chrome/86.0.4240.198 Safari/537.36"
93.123.109.10 - - [16/Jul/2026:21:10:41 +0000] "GET //www.ampiwork.com/wp-content/plugins/elementor-pro/assets/js/webpack-pro.runtime.min.js HTTP/2" 301 0 "-" "Mozilla/4.0 (compatible; MSIE 7.0; Windows NT 6.3; Trident/7.0; .NET4.0E; .NET4.0C)"
93.123.109.10 - - [16/Jul/2026:21:10:41 +0000] "GET //www.ampiwork.com/xmlrpc.php HTTP/2" 301 0 "-" "Mozilla/5.0 (compatible; archive.org_bot; Wayback Machine Live Record; +http://archive.org/details/archive.org_bot)"
93.123.109.10 - - [16/Jul/2026:21:10:40 +0000] "GET //www.ampiwork.com/xmlrpc.php HTTP/2" 301 0 "-" "Mozilla/5.0 (Linux; Android 4.3; SPH-L710 Build/JSS15J) AppleWebKit/537.36 (KHTML, like Gecko) Chrome/32.0.1700.99 Mobile Safari/537.36"
93.123.109.10 - - [16/Jul/2026:21:10:41 +0000] "GET //www.ampiwork.com/wp-content/plugins/woocommerce/assets/js/frontend/order-attribution.min.js HTTP/2" 301 0 "-" "Mozilla/5.0 (compatible; Konqueror/3.5; Linux; en_US) KHTML/3.5.6 (like Gecko) (Kubuntu)"
93.123.109.10 - - [16/Jul/2026:21:10:41 +0000] "GET //www.ampiwork.com/wp-content/plugins/elementor-pro/assets/js/frontend.min.js HTTP/2" 301 0 "-" "Mozilla/5.0 (X11; Linux x86_64) AppleWebKit/535.1 (KHTML, like Gecko) Chrome/13.0.782.20 Safari/535.1"
93.123.109.10 - - [16/Jul/2026:21:10:41 +0000] "GET //www.ampiwork.com/wp-includes/js/dist/hooks.min.js HTTP/2" 301 0 "-" "Mozilla/5.0 (Linux; Android 4.4; Nexus 5 Build/BuildID) AppleWebKit/537.36 (KHTML, like Gecko) Version/4.0 Chrome/30.0.0.0 Mobile Safari/537.36"
93.123.109.10 - - [16/Jul/2026:21:10:41 +0000] "GET //www.ampiwork.com/wp-content/plugins/elementor/assets/js/webpack.runtime.min.js HTTP/2" 301 0 "-" "Mozilla/5.0 (Linux; U; Android 10; zh-Hans-CN; SPN-AL00 Build/HUAWEISPN-AL00) AppleWebKit/537.36 (KHTML, like Gecko) Version/4.0 Chrome/78.0.3904.108 Quark/5.4.9.201 Mobile Safari/537.36"
93.123.109.10 - - [16/Jul/2026:21:10:41 +0000] "GET //www.ampiwork.com/wp-content/plugins/woocommerce/assets/js/jquery-blockui/jquery.blockUI.min.js HTTP/2" 301 0 "-" "Mozilla/5.0 (Windows; U; Windows NT 6.0; en-US) AppleWebKit/533.1 (KHTML, like Gecko) Maxthon/3.0.8.2 Safari/533.1"
93.123.109.10 - - [16/Jul/2026:21:10:41 +0000] "GET //www.ampiwork.com/wp-includes/js/jquery/ui/core.min.js HTTP/2" 301 0 "-" "LG-GC900/V10a Obigo/WAP2.0 Profile/MIDP-2.1 Configuration/CLDC-1.1"
93.123.109.10 - - [16/Jul/2026:21:10:41 +0000] "GET /admin-ajax.php HTTP/2" 404 0 "-" "Mozilla/5.0 (Windows NT 6.1; Win64; x64) AppleWebKit/537.36 (KHTML, like Gecko) Chrome/97.0.4692.71 Safari/537.36"
93.123.109.10 - - [16/Jul/2026:21:10:41 +0000] "GET //www.ampiwork.com/wp-includes/js/wp-emoji-release.min.js HTTP/2" 301 0 "-" "Mozilla/5.0 (Windows NT 5.1; rv:5.0) Gecko/20100101 Firefox/5.0"
93.123.109.10 - - [16/Jul/2026:21:10:41 +0000] "GET /default.json HTTP/2" 404 0 "-" "Mozilla/5.0 (Macintosh; Intel Mac OS X 10.9; rv:35.0) Gecko/20100101 Firefox/35.0"
93.123.109.10 - - [16/Jul/2026:21:10:41 +0000] "GET //www.ampiwork.com/wp-includes/js/wp-emoji-loader.min.js HTTP/2" 301 0 "-" "Mozilla/5.0 (Macintosh; U; PPC Mac OS X; en) AppleWebKit/125.2 (KHTML, like Gecko) Safari/85.8"
93.123.109.10 - - [16/Jul/2026:21:10:41 +0000] "GET //www.ampiwork.com/wp-content/plugins/elementor-pro/assets/js/preloaded-elements-handlers.min.js HTTP/2" 301 0 "-" "Mozilla/5.0 (iPhone; CPU iPhone OS 10_0 like Mac OS X) AppleWebKit/602.1.50 (KHTML, like Gecko) Version/10.0 Mobile/14A346 Safari/602.1"
93.123.109.10 - - [16/Jul/2026:21:10:41 +0000] "GET //www.ampiwork.com/wp-content/plugins/woocommerce/assets/js/frontend/woocommerce.min.js HTTP/2" 301 0 "-" "Mozilla/5.0 (Macintosh; Intel Mac OS X 10_15_5) AppleWebKit/537.36 (KHTML, like Gecko) Chrome/100.0.4896.127 Safari/537.36"
93.123.109.10 - - [16/Jul/2026:21:10:41 +0000] "GET //www.ampiwork.com/wp-content/plugins/elementor/assets/js/frontend-modules.min.js HTTP/2" 301 0 "-" "Mozilla/5.0 (Macintosh; U; Intel Mac OS X 10_6_2; en-us) AppleWebKit/531.21.8 (KHTML, like Gecko) Version/4.0.4 Safari/531.21.10"
93.123.109.10 - - [16/Jul/2026:21:10:41 +0000] "GET //www.ampiwork.com/wp-content/plugins/elementor/assets/js/frontend.min.js HTTP/2" 301 0 "-" "Mozilla/5.0 (MSIE 9.0; Windows NT 10.0; Win64; x64) AppleWebKit/537.36 (KHTML, like Gecko) Chrome/51.0.2704.79 Safari/537.36 Edge/14.14931"
93.123.109.10 - - [16/Jul/2026:21:10:41 +0000] "GET //www.ampiwork.com/wp-content/plugins/woocommerce/assets/js/js-cookie/js.cookie.min.js HTTP/2" 301 0 "-" "Mozilla/5.0 (Macintosh; Intel Mac OS X 10.6; rv:2.0.1) Gecko/20100101 Firefox/4.0.1 Camino/2.2.1"
93.123.109.10 - - [16/Jul/2026:21:10:41 +0000] "GET //www.ampiwork.com/wp-includes/js/jquery/jquery-migrate.min.js HTTP/2" 301 0 "-" "Mozilla/5.0 (Macintosh; Intel Mac OS X 10_15_6) AppleWebKit/537.36 (KHTML, like Gecko) Chrome/100.0.4896.127 Safari/537.36"
93.123.109.10 - - [16/Jul/2026:21:10:41 +0000] "GET //www.ampiwork.com/wp-content/plugins/elementor/assets/lib/swiper/v8/swiper.min.js HTTP/2" 301 0 "-" "Mozilla/5.0 (Macintosh; Intel Mac OS X 10_10_3) AppleWebKit/537.36 (KHTML, like Gecko) Chrome/41.0.2272.105 Safari/537.36 Vivaldi/1.0.162.9"
93.123.109.10 - - [16/Jul/2026:21:10:41 +0000] "GET //www.ampiwork.com/wp-content/plugins/woocommerce/assets/js/sourcebuster/sourcebuster.min.js HTTP/2" 301 0 "-" "Mozilla/5.0 (compatible; Exabot/3.0;  http://www.exabot.com/go/robot)"
65.181.116.207 - - [16/Jul/2026:21:10:43 +0000] "POST /wp-cron.php?doing_wp_cron=1784236243.0829799175262451171875 HTTP/2" 200 0 "-" "WordPress/7.0.1; https://www.ampiwork.com"
93.123.109.10 - - [16/Jul/2026:21:10:41 +0000] "GET //www.ampiwork.com/wp-content/plugins/woocommerce/assets/js/frontend/add-to-cart.min.js HTTP/2" 301 0 "-" "SonyEricssonT650i/R7AA Browser/NetFront/3.3 Profile/MIDP-2.0 Configuration/CLDC-1.1"
93.123.109.10 - - [16/Jul/2026:21:10:41 +0000] "GET //www.ampiwork.com/wp-includes/js/jquery/jquery.min.js HTTP/2" 301 0 "-" "Mozilla/5.0 (Linux; U; Android 2.3.3; en-us ; LS670 Build/GRI40) AppleWebKit/533.1 (KHTML, like Gecko) Version/4.0 Mobile Safari/533.1/UCBrowser/8.6.1.262/145/355"
93.123.109.10 - - [16/Jul/2026:21:10:41 +0000] "GET //www.ampiwork.com/wp-content/themes/hello-elementor/assets/js/hello-frontend.min.js HTTP/2" 301 0 "-" "Mozilla/5.0 (Macintosh; Intel Mac OS X 10_15_7) AppleWebKit/537.36 (KHTML, like Gecko) Chrome/98.0.4758.80 Safari/537.36"
93.123.109.10 - - [16/Jul/2026:21:10:41 +0000] "GET //www.ampiwork.com/wp-admin/admin-ajax.php HTTP/2" 301 0 "-" "Mozilla/5.0 (Windows NT 6.1; Win64; x64) AppleWebKit/537.36 (KHTML, like Gecko) Chrome/101.0.4951.64 Safari/537.36"
93.123.109.10 - - [16/Jul/2026:21:10:41 +0000] "GET /wp-admin/admin-ajax.php HTTP/2" 400 5 "-" "Mozilla/5.0 (Windows NT 6.0) AppleWebKit/537.36 (KHTML, like Gecko) Chrome/45.0.2454.93 Safari/537.36"
2a03:2880:f800:3c:: - - [16/Jul/2026:21:11:22 +0000] "GET /2025/03/14/btc-casino-login-app/ HTTP/2" 200 14909 "-" "Mozilla/5.0 (Windows NT 10.0; Win64; x64) AppleWebKit/537.36 (KHTML, like Gecko) Chrome/145.0.0.0 Safari/537.36 (compatible; meta-externalagent/1.1 (+https://developers.facebook.com/docs/sharing/webmasters/crawler))"
65.181.116.207 - - [16/Jul/2026:21:11:28 +0000] "POST /wp-cron.php?doing_wp_cron=1784236288.2478170394897460937500 HTTP/2" 200 0 "-" "WordPress/7.0.1; https://www.ampiwork.com"
2a03:2880:f800:2b:: - - [16/Jul/2026:21:11:25 +0000] "GET /2025/03/14/mayfair-casino-no-deposit-bonus-100-free-spins/ HTTP/2" 200 15093 "-" "Mozilla/5.0 (Windows NT 10.0; Win64; x64) AppleWebKit/537.36 (KHTML, like Gecko) Chrome/145.0.0.0 Safari/537.36 (compatible; meta-externalagent/1.1 (+https://developers.facebook.com/docs/sharing/webmasters/crawler))"
2a03:2880:f800:30:: - - [16/Jul/2026:21:11:39 +0000] "GET /2025/03/14/play-rummy-online-and-earn-money-uk/ HTTP/2" 200 14838 "-" "Mozilla/5.0 (Windows NT 10.0; Win64; x64) AppleWebKit/537.36 (KHTML, like Gecko) Chrome/145.0.0.0 Safari/537.36 (compatible; meta-externalagent/1.1 (+https://developers.facebook.com/docs/sharing/webmasters/crawler))"
93.123.109.10 - - [16/Jul/2026:21:11:52 +0000] "GET //www.ampiwork.com/wp-content/plugins/elementor-pro/assets/js/webpack-pro.runtime.min.js HTTP/2" 301 0 "-" "Mozilla/5.0 (X11; Linux x86_64) AppleWebKit/537.36 (KHTML, like Gecko) Chrome/89.0.4389.114 Safari/537.36"
93.123.109.10 - - [16/Jul/2026:21:11:52 +0000] "GET //www.ampiwork.com/wp-includes/js/jquery/jquery.min.js HTTP/2" 301 0 "-" "Mozilla/5.0 (Windows NT 10.0; Win64; x64) AppleWebKit/537.36 (KHTML, like Gecko) Chrome/39.0.2171.71 Safari/537.36 Edge/12.0"
93.123.109.10 - - [16/Jul/2026:21:11:52 +0000] "GET //www.ampiwork.com/wp-includes/js/dist/i18n.min.js HTTP/2" 301 0 "-" "Gaisbot/3.0 ([email protected]; http://gais.cs.ccu.edu.tw/robot.php)"
93.123.109.10 - - [16/Jul/2026:21:11:51 +0000] "GET //www.ampiwork.com/xmlrpc.php HTTP/2" 301 0 "-" "Mozilla/5.0 (Windows NT 10.0; WOW64) AppleWebKit/537.36 (KHTML, like Gecko) Chrome/49.0.2623.87 Safari/537.36 OPR/36.0.2130.46"
93.123.109.10 - - [16/Jul/2026:21:11:52 +0000] "GET //www.ampiwork.com/wp-content/plugins/woocommerce/assets/js/js-cookie/js.cookie.min.js HTTP/2" 301 0 "-" "Mozilla/5.0 (Linux; Android 11; moto e20) AppleWebKit/537.36 (KHTML, like Gecko) Chrome/101.0.4951.41 Mobile Safari/537.36"
93.123.109.10 - - [16/Jul/2026:21:11:52 +0000] "GET //www.ampiwork.com/wp-content/plugins/elementor-pro/assets/lib/smartmenus/jquery.smartmenus.min.js HTTP/2" 301 0 "-" "Mozilla/5.0 (Macintosh; Intel Mac OS X 10_15_6) AppleWebKit/605.1.15 (KHTML, like Gecko) Flipboard/4.2.142"
93.123.109.10 - - [16/Jul/2026:21:11:52 +0000] "GET /default.json HTTP/2" 404 0 "-" "Opera/9.60 (J2ME/MIDP; Opera Mini/4.2.14320/554; U; cs) Presto/2.2.0"
93.123.109.10 - - [16/Jul/2026:21:11:52 +0000] "GET //www.ampiwork.com/wp-content/plugins/elementor/assets/js/webpack.runtime.min.js HTTP/2" 301 0 "-" "HTMLParser/1.6"
93.123.109.10 - - [16/Jul/2026:21:11:52 +0000] "GET //www.ampiwork.com/wp-includes/js/wp-emoji-release.min.js HTTP/2" 301 0 "-" "Mozilla/5.0 (X11; FreeBSD i386; rv:28.0) Gecko/20100101 Firefox/28.0 SeaMonkey/2.25"
93.123.109.10 - - [16/Jul/2026:21:11:52 +0000] "GET //www.ampiwork.com/wp-content/plugins/elementor-pro/assets/js/preloaded-elements-handlers.min.js HTTP/2" 301 0 "-" "Mozilla/5.0 (Macintosh; Intel Mac OS X 10_15_4) AppleWebKit/537.36 (KHTML, like Gecko) Chrome/101.0.4951.54 Safari/537.36"
93.123.109.10 - - [16/Jul/2026:21:11:52 +0000] "GET //www.ampiwork.com/wp-content/plugins/woocommerce/assets/js/jquery-blockui/jquery.blockUI.min.js HTTP/2" 301 0 "-" "Mozilla/5.0 (Linux U; en-US)  AppleWebKit/528.5  (KHTML, like Gecko, Safari/528.5 ) Version/4.0 Kindle/3.0 (screen 600x800; rotate)"
93.123.109.10 - - [16/Jul/2026:21:11:52 +0000] "GET //www.ampiwork.com/wp-content/plugins/woocommerce/assets/js/frontend/order-attribution.min.js HTTP/2" 301 0 "-" "Mozilla/5.0 (X11; Linux x86_64; rv:2.0.1) Gecko/20100101 Firefox/4.0.1"
93.123.109.10 - - [16/Jul/2026:21:11:52 +0000] "GET //www.ampiwork.com/wp-includes/js/jquery/ui/core.min.js HTTP/2" 301 0 "-" "Xenu Link Sleuth/1.3.8"
93.123.109.10 - - [16/Jul/2026:21:11:52 +0000] "GET //www.ampiwork.com/wp-content/plugins/woocommerce/assets/js/frontend/add-to-cart.min.js HTTP/2" 301 0 "-" "Mozilla/5.0 (Linux; Android 5.0.2; SAMSUNG SM-T530NU Build/LRX22G) AppleWebKit/537.36 (KHTML, like Gecko) SamsungBrowser/3.2 Chrome/38.0.2125.102 Safari/537.36"
93.123.109.10 - - [16/Jul/2026:21:11:52 +0000] "GET //www.ampiwork.com/wp-content/plugins/elementor/assets/js/frontend-modules.min.js HTTP/2" 301 0 "-" "Mozilla/5.0 (X11; Linux i686 on x86_64; rv:2.0.1) Gecko/20100101 Firefox/4.0.1 Fennec/2.0.1"
93.123.109.10 - - [16/Jul/2026:21:11:52 +0000] "GET //www.ampiwork.com/wp-admin/admin-ajax.php HTTP/2" 301 0 "-" "Mozilla/5.0 (Windows NT 10.0; Win64; x64) AppleWebKit/537.36 (KHTML, like Gecko) Chrome/70.0.3538.102 Safari/537.36"
93.123.109.10 - - [16/Jul/2026:21:11:52 +0000] "GET //www.ampiwork.com/wp-content/plugins/woocommerce/assets/js/sourcebuster/sourcebuster.min.js HTTP/2" 301 0 "-" "Mozilla/5.0 (iPhone; CPU iPhone OS 15_1_1 like Mac OS X) AppleWebKit/605.1.15 (KHTML, like Gecko) Version/15.1 Mobile/15E148 Safari/604.1"
93.123.109.10 - - [16/Jul/2026:21:11:52 +0000] "GET //www.ampiwork.com/wp-includes/js/dist/hooks.min.js HTTP/2" 301 0 "-" "Mozilla/5.0 (Macintosh; Intel Mac OS X 10_15_7) AppleWebKit/605.1.15 (KHTML, like Gecko) Version/14.1 Safari/605.1.15"
93.123.109.10 - - [16/Jul/2026:21:11:52 +0000] "GET //www.ampiwork.com/xmlrpc.php HTTP/2" 301 0 "-" "Mozilla/5.0 (Windows NT 10.0; Win64; x64) AppleWebKit/537.36 (KHTML, like Gecko) Chrome/91.0.4472.114 Safari/537.36"
93.123.109.10 - - [16/Jul/2026:21:11:52 +0000] "GET //www.ampiwork.com/wp-content/plugins/elementor/assets/lib/swiper/v8/swiper.min.js HTTP/2" 301 0 "-" "msnbot-media/1.1 ( http://search.msn.com/msnbot.htm)"
93.123.109.10 - - [16/Jul/2026:21:11:52 +0000] "GET /admin-ajax.php HTTP/2" 404 0 "-" "Mozilla/5.0 (Windows NT 6.1; WOW64) AppleWebKit/537.36 (KHTML, like Gecko) Chrome/100.0.4896.60 Safari/537.36"
93.123.109.10 - - [16/Jul/2026:21:11:52 +0000] "GET //www.ampiwork.com/wp-content/plugins/woocommerce/assets/js/frontend/woocommerce.min.js HTTP/2" 301 0 "-" "Mozilla/5.0 (Linux; Android 10; SM-A315F) AppleWebKit/537.36 (KHTML, like Gecko) Chrome/100.0.4896.127 Mobile Safari/537.36"
93.123.109.10 - - [16/Jul/2026:21:11:52 +0000] "GET //www.ampiwork.com/wp-includes/js/jquery/jquery-migrate.min.js HTTP/2" 301 0 "-" "Mozilla/5.0 (Windows NT 6.1; WOW64) AppleWebKit/537.36 (KHTML like Gecko) Chrome/28.0.1469.0 Safari/537.36"
93.123.109.10 - - [16/Jul/2026:21:11:52 +0000] "GET //www.ampiwork.com/wp-includes/js/wp-emoji-loader.min.js HTTP/2" 301 0 "-" "Mozilla/5.0 (X11; Linux x86_64) AppleWebKit/537.36 (KHTML, like Gecko) Chrome/99.0.4844.51 Safari/537.36"
93.123.109.10 - - [16/Jul/2026:21:11:52 +0000] "GET //www.ampiwork.com/wp-content/plugins/elementor/assets/js/frontend.min.js HTTP/2" 301 0 "-" "Mozilla/5.0 (Macintosh; U; Intel Mac OS X 10_6_5; de-de) AppleWebKit/534.15  (KHTML, like Gecko) Version/5.0.3 Safari/533.19.4"
93.123.109.10 - - [16/Jul/2026:21:11:52 +0000] "GET /wp-admin/admin-ajax.php HTTP/2" 400 5 "-" "Mozilla/5.0 (Linux; Android 12; ASUS_I005DA) AppleWebKit/537.36 (KHTML, like Gecko) Chrome/100.0.4896.127 Mobile Safari/537.36 EdgA/100.0.1185.50"
93.123.109.10 - - [16/Jul/2026:21:11:52 +0000] "GET //www.ampiwork.com/wp-content/plugins/elementor-pro/assets/js/frontend.min.js HTTP/2" 301 0 "-" "Mozilla/5.0 (iPhone; CPU iPhone OS 15_4_1 like Mac OS X) AppleWebKit/605.1.15 (KHTML, like Gecko) Version/15.0 Mobile/15E148 Safari/605.1 NAVER(inapp; search; 1000; 11.5.7; XR)"
93.123.109.10 - - [16/Jul/2026:21:11:52 +0000] "GET //www.ampiwork.com/wp-content/themes/hello-elementor/assets/js/hello-frontend.min.js HTTP/2" 301 0 "-" "Mozilla/5.0 (compatible; Konqueror/4.5; Windows) KHTML/4.5.4 (like Gecko)"
65.181.116.207 - - [16/Jul/2026:21:12:05 +0000] "POST /wp-cron.php?doing_wp_cron=1784236325.5267839431762695312500 HTTP/2" 200 0 "-" "WordPress/7.0.1; https://www.ampiwork.com"
